This is the mail archive of the gcc-testresults@gcc.gnu.org mailing list for the GCC project.


Index Nav: [Date Index] [Subject Index] [Author Index] [Thread Index]
Message Nav: [Date Prev] [Date Next] [Thread Prev] [Thread Next]
Other format: [Raw text]

Results for 7.3.1 20180130 [gcc-7-branch revision 257180] (GCC) testsuite on powerpc64le-unknown-linux-gnu


Linux 4.4.0-102-generic ppc64le
GNU C Library (Ubuntu GLIBC 2.23-0ubuntu9) stable release version 2.23
GNU ld (GNU Binutils) 2.26.20160125
GNU assembler (GNU Binutils) 2.26.20160125
GNU Make 4.1

DejaGnu:
	DejaGnu version	1.6
	Expect version	5.45
	Tcl version	8.6

64-bit

LAST_UPDATED: Tue Jan 30 11:05:00 UTC 2018 (revision 257180)

Native configuration is powerpc64le-unknown-linux-gnu

		=== gcc tests ===


Running target unix
XPASS: gcc.dg/Wtrampolines.c standard descriptors (test for warnings, line 31)
FAIL: gcc.dg/sms-4.c scan-rtl-dump-times sms "SMS succeeded" 1
FAIL: gcc.dg/ipa/iinline-attr.c scan-ipa-dump inline "hooray[^\\\\n]*inline copy in test"
FAIL: gcc.dg/simulate-thread/atomic-other-short.c   -O0 -g  thread simulation test
FAIL: gcc.dg/simulate-thread/atomic-other-short.c   -O2 -g  thread simulation test
FAIL: gcc.dg/simulate-thread/atomic-other-short.c   -O3 -g  thread simulation test
XPASS: gcc.dg/tree-ssa/ssa-dom-cse-2.c scan-tree-dump optimized "return 28;"
XPASS: gcc.dg/vect/vect-24.c -flto -ffat-lto-objects  scan-tree-dump-times vect "vectorized 3 loops" 1
XPASS: gcc.dg/vect/vect-24.c scan-tree-dump-times vect "vectorized 3 loops" 1
XPASS: gcc.target/powerpc/20050603-3.c scan-assembler-not \\\\mrlwinm
XPASS: gcc.target/powerpc/20050603-3.c scan-assembler-times \\\\mrl[wd]imi 1
FAIL: gcc.target/powerpc/bool3-p7.c scan-assembler-not [ \\t]xxlnor 
FAIL: gcc.target/powerpc/bool3-p8.c scan-assembler-not [ \\t]xxlnor 
UNRESOLVED: gcc.target/powerpc/le-altivec-consts.c scan-assembler-not lvx

		=== gcc Summary ===

# of expected passes		111045
# of unexpected failures	7
# of unexpected successes	6
# of expected failures		360
# of unresolved testcases	1
# of unsupported tests		2300
/home/gccbuild/build/nightly/build-gcc-7/gcc/xgcc  version 7.3.1 20180130 [gcc-7-branch revision 257180] (GCC) 

		=== gfortran tests ===


Running target unix
FAIL: gfortran.dg/ieee/large_2.f90   -O0  execution test
FAIL: gfortran.dg/ieee/large_2.f90   -O1  execution test
FAIL: gfortran.dg/ieee/large_2.f90   -O2  execution test
FAIL: gfortran.dg/ieee/large_2.f90   -O3 -fomit-frame-pointer -funroll-loops -fpeel-loops -ftracer -finline-functions  execution test
FAIL: gfortran.dg/ieee/large_2.f90   -O3 -g  execution test
FAIL: gfortran.dg/ieee/large_2.f90   -Os  execution test

		=== gfortran Summary ===

# of expected passes		45211
# of unexpected failures	6
# of expected failures		95
# of unsupported tests		91
/home/gccbuild/build/nightly/build-gcc-7/gcc/gfortran  version 7.3.1 20180130 [gcc-7-branch revision 257180] (GCC) 

		=== g++ tests ===


Running target unix

		=== g++ Summary ===

# of expected passes		111275
# of expected failures		383
# of unsupported tests		4643
/home/gccbuild/build/nightly/build-gcc-7/gcc/xg++  version 7.3.1 20180130 [gcc-7-branch revision 257180] (GCC) 

		=== go tests ===


Running target unix
FAIL: go.test/test/ken/cplx2.go execution,  -O2 -g 

		=== go Summary ===

# of expected passes		7249
# of unexpected failures	1
# of expected failures		1
# of untested testcases		7
# of unsupported tests		3
/home/gccbuild/build/nightly/build-gcc-7/gcc/gccgo  version 7.3.1 20180130 [gcc-7-branch revision 257180] (GCC) 

		=== obj-c++ tests ===


Running target unix

		=== obj-c++ Summary ===

# of expected passes		1451
# of expected failures		10
# of unsupported tests		77
/home/gccbuild/build/nightly/build-gcc-7/gcc/xg++  version 7.3.1 20180130 [gcc-7-branch revision 257180] (GCC) 

		=== objc tests ===


Running target unix

		=== objc Summary ===

# of expected passes		2803
# of unsupported tests		68
/home/gccbuild/build/nightly/build-gcc-7/gcc/xgcc  version 7.3.1 20180130 [gcc-7-branch revision 257180] (GCC) 

		=== libatomic tests ===


Running target unix

		=== libatomic Summary ===

# of expected passes		54
		=== libffi tests ===


Running target unix

		=== libffi Summary ===

# of expected passes		1934
# of unsupported tests		28
		=== libgo tests ===


Running target unix

		=== libgo Summary ===

# of expected passes		145
/home/gccbuild/build/nightly/build-gcc-7/./gcc/gccgo version 7.3.1 20180130 [gcc-7-branch revision 257180] (GCC)

		=== libgomp tests ===


Running target unix

		=== libgomp Summary ===

# of expected passes		5069
# of unsupported tests		379
		=== libitm tests ===


Running target unix

		=== libitm Summary ===

# of expected passes		42
# of expected failures		3
# of unsupported tests		1
		=== libstdc++ tests ===


Running target unix

		=== libstdc++ Summary ===

# of expected passes		11924
# of expected failures		66
# of unsupported tests		396

Compiler version: 7.3.1 20180130 [gcc-7-branch revision 257180] (GCC) 
Platform: powerpc64le-unknown-linux-gnu
configure flags: --prefix=/opt/gcc-nightly/7 --with-as=/home/gccbuild/binutils/install/binutils-2.26/bin/as --with-ld=/home/gccbuild/binutils/install/binutils-2.26/bin/ld --enable-languages=c,c++,fortran,objc,obj-c++,go --with-cpu=power8


Index Nav: [Date Index] [Subject Index] [Author Index] [Thread Index]
Message Nav: [Date Prev] [Date Next] [Thread Prev] [Thread Next]