This is the mail archive of the gcc-testresults@gcc.gnu.org mailing list for the GCC project.


Index Nav: [Date Index] [Subject Index] [Author Index] [Thread Index]
Message Nav: [Date Prev] [Date Next] [Thread Prev] [Thread Next]
Other format: [Raw text]

Results for 6.4.1 20180126 [gcc-6-branch revision 257071] (GCC) testsuite on i386-pc-solaris2.11


LAST_UPDATED: Fri Jan 26 10:06:09 UTC 2018 (revision 257071)

		=== acats tests ===

		=== acats Summary ===
# of expected passes		2320
# of unexpected failures	0
Native configuration is i386-pc-solaris2.11

		=== g++ tests ===


Running target unix
FAIL: g++.dg/cilk-plus/CK/fib-tplt.cc  -O3 -fcilkplus execution test

		=== g++ Summary for unix ===

# of expected passes		97785
# of unexpected failures	1
# of expected failures		329
# of unsupported tests		3573

Running target unix/-m64

		=== g++ Summary for unix/-m64 ===

# of expected passes		99122
# of expected failures		329
# of unsupported tests		3828

		=== g++ Summary ===

# of expected passes		196907
# of unexpected failures	1
# of expected failures		658
# of unsupported tests		7401
/var/gcc/regression/gcc-6-branch/11-gcc-gas/build/gcc/testsuite/g++/../../xg++  version 6.4.1 20180126 [gcc-6-branch revision 257071] (GCC) 

		=== gcc tests ===


Running target unix
FAIL: gcc.dg/visibility-22.c execution test
FAIL: gcc.dg/torture/pr60092.c   -O0  execution test
WARNING: profopt.exp does not support dg-error
XPASS: gcc.target/i386/bmi-6.c (test for excess errors)
FAIL: gcc.target/i386/pr78419.c (test for excess errors)

		=== gcc Summary for unix ===

# of expected passes		108396
# of unexpected failures	3
# of unexpected successes	1
# of expected failures		322
# of unsupported tests		1618

Running target unix/-m64
FAIL: gcc.dg/visibility-22.c execution test
FAIL: gcc.dg/torture/pr60092.c   -O0  execution test
WARNING: profopt.exp does not support dg-error
XPASS: gcc.target/i386/bmi-6.c (test for excess errors)
FAIL: gcc.target/i386/pr78419.c (test for excess errors)
FAIL: gcc.target/i386/pr80569.c (test for excess errors)

		=== gcc Summary for unix/-m64 ===

# of expected passes		109511
# of unexpected failures	4
# of unexpected successes	1
# of expected failures		319
# of unsupported tests		1703

		=== gcc Summary ===

# of expected passes		217907
# of unexpected failures	7
# of unexpected successes	2
# of expected failures		641
# of unsupported tests		3321
/var/gcc/regression/gcc-6-branch/11-gcc-gas/build/gcc/xgcc  version 6.4.1 20180126 [gcc-6-branch revision 257071] (GCC) 

		=== gfortran tests ===


Running target unix

		=== gfortran Summary for unix ===

# of expected passes		42873
# of expected failures		78
# of unsupported tests		175

Running target unix/-m64

		=== gfortran Summary for unix/-m64 ===

# of expected passes		43090
# of expected failures		78
# of unsupported tests		72

		=== gfortran Summary ===

# of expected passes		85963
# of expected failures		156
# of unsupported tests		247
/var/gcc/regression/gcc-6-branch/11-gcc-gas/build/gcc/testsuite/gfortran/../../gfortran  version 6.4.1 20180126 [gcc-6-branch revision 257071] (GCC) 

		=== gnat tests ===


Running target unix

		=== gnat Summary for unix ===

# of expected passes		2534
# of expected failures		22
# of unsupported tests		5

Running target unix/-m64

		=== gnat Summary for unix/-m64 ===

# of expected passes		2534
# of expected failures		22
# of unsupported tests		5

		=== gnat Summary ===

# of expected passes		5068
# of expected failures		44
# of unsupported tests		10
/var/gcc/regression/gcc-6-branch/11-gcc-gas/build/gcc/gnatmake version 6.4.1 20180126 [gcc-6-branch revision 257071]

		=== go tests ===


Running target unix

		=== go Summary for unix ===

# of expected passes		7366
# of expected failures		1
# of untested testcases		10
# of unsupported tests		2

Running target unix/-m64

		=== go Summary for unix/-m64 ===

# of expected passes		7247
# of expected failures		1
# of untested testcases		10
# of unsupported tests		1

		=== go Summary ===

# of expected passes		14613
# of expected failures		2
# of untested testcases		20
# of unsupported tests		3
		=== obj-c++ tests ===


Running target unix

		=== obj-c++ Summary for unix ===

# of expected passes		1454
# of expected failures		2
# of unsupported tests		77

Running target unix/-m64

		=== obj-c++ Summary for unix/-m64 ===

# of expected passes		1446
# of expected failures		10
# of unsupported tests		77

		=== obj-c++ Summary ===

# of expected passes		2900
# of expected failures		12
# of unsupported tests		154
/var/gcc/regression/gcc-6-branch/11-gcc-gas/build/gcc/testsuite/obj-c++/../../xg++  version 6.4.1 20180126 [gcc-6-branch revision 257071] (GCC) 

		=== objc tests ===


Running target unix

		=== objc Summary for unix ===

# of expected passes		2783
# of expected failures		6
# of unsupported tests		68

Running target unix/-m64

		=== objc Summary for unix/-m64 ===

# of expected passes		2783
# of expected failures		6
# of unsupported tests		68

		=== objc Summary ===

# of expected passes		5566
# of expected failures		12
# of unsupported tests		136
/var/gcc/regression/gcc-6-branch/11-gcc-gas/build/gcc/xgcc  version 6.4.1 20180126 [gcc-6-branch revision 257071] (GCC) 

		=== boehm-gc tests ===


Running target unix

		=== boehm-gc Summary for unix ===

# of expected passes		12
# of unsupported tests		1

Running target unix/-m64

		=== boehm-gc Summary for unix/-m64 ===

# of expected passes		12
# of unsupported tests		1

		=== boehm-gc Summary ===

# of expected passes		24
# of unsupported tests		2
		=== libatomic tests ===


Running target unix

		=== libatomic Summary for unix ===

# of expected passes		44
# of unsupported tests		5

Running target unix/-m64

		=== libatomic Summary for unix/-m64 ===

# of expected passes		54

		=== libatomic Summary ===

# of expected passes		98
# of unsupported tests		5
		=== libffi tests ===


Running target unix

		=== libffi Summary for unix ===

# of expected passes		2799

Running target unix/-m64

		=== libffi Summary for unix/-m64 ===

# of expected passes		2214

		=== libffi Summary ===

# of expected passes		5013
		=== libgo tests ===


Running target unix
FAIL: time
FAIL: go/build

		=== libgo Summary for unix ===

# of expected passes		132
# of unexpected failures	2

Running target unix/-m64
FAIL: time
FAIL: go/build

		=== libgo Summary for unix/-m64 ===

# of expected passes		132
# of unexpected failures	2

		=== libgo Summary ===

# of expected passes		264
# of unexpected failures	4
/var/gcc/regression/gcc-6-branch/11-gcc-gas/build/./gcc/gccgo version 6.4.1 20180126 [gcc-6-branch revision 257071] (GCC)

		=== libgomp tests ===


Running target unix

		=== libgomp Summary for unix ===

# of expected passes		5171
# of unsupported tests		274

Running target unix/-m64

		=== libgomp Summary for unix/-m64 ===

# of expected passes		5171
# of unsupported tests		274

		=== libgomp Summary ===

# of expected passes		10342
# of unsupported tests		548
		=== libitm tests ===


Running target unix

		=== libitm Summary for unix ===

# of expected passes		42
# of expected failures		3
# of unsupported tests		1

Running target unix/-m64

		=== libitm Summary for unix/-m64 ===

# of expected passes		42
# of expected failures		3
# of unsupported tests		1

		=== libitm Summary ===

# of expected passes		84
# of expected failures		6
# of unsupported tests		2
		=== libjava tests ===


Running target unix

		=== libjava Summary for unix ===

# of expected passes		2582
# of expected failures		4

Running target unix/-m64

		=== libjava Summary for unix/-m64 ===

# of expected passes		2582
# of expected failures		4

		=== libjava Summary ===

# of expected passes		5164
# of expected failures		8
		=== libstdc++ tests ===


Running target unix

		=== libstdc++ Summary for unix ===

# of expected passes		10220
# of expected failures		67
# of unsupported tests		615

Running target unix/-m64

		=== libstdc++ Summary for unix/-m64 ===

# of expected passes		10220
# of expected failures		67
# of unsupported tests		615

		=== libstdc++ Summary ===

# of expected passes		20440
# of expected failures		134
# of unsupported tests		1230

Compiler version: 6.4.1 20180126 [gcc-6-branch revision 257071] (GCC) 
Platform: i386-pc-solaris2.11
configure flags: --prefix=/vol/gcc --target=i386-pc-solaris2.11 --enable-objc-gc --enable-libmudflap --with-as=/vol/gcc/bin/gas-2.29 --with-gnu-as --with-gmp-include=/vol/gcc/include --with-gmp-lib=/vol/gcc/lib --with-mpfr-include=/vol/gcc/include --with-mpfr-lib=/vol/gcc/lib --with-mpc-include=/vol/gcc/include --with-mpc-lib=/vol/gcc/lib --enable-languages=all,ada,obj-c++,go --with-isl-include=/vol/gcc/include --with-isl-lib=/vol/gcc/lib --build=i386-pc-solaris2.11 --host=i386-pc-solaris2.11
BOOT_CFLAGS=-g -O2


Index Nav: [Date Index] [Subject Index] [Author Index] [Thread Index]
Message Nav: [Date Prev] [Date Next] [Thread Prev] [Thread Next]