This is the mail archive of the gcc-testresults@gcc.gnu.org mailing list for the GCC project.


Index Nav: [Date Index] [Subject Index] [Author Index] [Thread Index]
Message Nav: [Date Prev] [Date Next] [Thread Prev] [Thread Next]
Other format: [Raw text]

Results for 8.0.1 20180126 (experimental) [trunk revision 257076] (GCC) testsuite on i386-pc-solaris2.11


LAST_UPDATED: Fri Jan 26 09:59:19 UTC 2018 (revision 257076)

		=== acats tests ===
FAIL:	ae2113a

		=== acats Summary ===
# of expected passes		2319
# of unexpected failures	1
Native configuration is i386-pc-solaris2.11

		=== g++ tests ===


Running target unix
FAIL: g++.dg/vect/slp-pr56812.cc  -std=c++11  scan-tree-dump-times slp1 "basic block vectorized" 1 (found 0 times)
FAIL: g++.dg/vect/slp-pr56812.cc  -std=c++14  scan-tree-dump-times slp1 "basic block vectorized" 1 (found 0 times)
FAIL: g++.dg/vect/slp-pr56812.cc  -std=c++98  scan-tree-dump-times slp1 "basic block vectorized" 1 (found 0 times)

		=== g++ Summary for unix ===

# of expected passes		111274
# of unexpected failures	3
# of expected failures		490
# of unsupported tests		4359

Running target unix/-m64
FAIL: g++.dg/pr80481.C  -std=gnu++11  scan-assembler-not vmovaps
FAIL: g++.dg/pr80481.C  -std=gnu++14  scan-assembler-not vmovaps
FAIL: g++.dg/pr80481.C  -std=gnu++98  scan-assembler-not vmovaps
FAIL: g++.dg/vect/slp-pr56812.cc  -std=c++11  scan-tree-dump-times slp1 "basic block vectorized" 1 (found 0 times)
FAIL: g++.dg/vect/slp-pr56812.cc  -std=c++14  scan-tree-dump-times slp1 "basic block vectorized" 1 (found 0 times)
FAIL: g++.dg/vect/slp-pr56812.cc  -std=c++98  scan-tree-dump-times slp1 "basic block vectorized" 1 (found 0 times)

		=== g++ Summary for unix/-m64 ===

# of expected passes		112793
# of unexpected failures	6
# of expected failures		493
# of unsupported tests		4545

		=== g++ Summary ===

# of expected passes		224067
# of unexpected failures	9
# of expected failures		983
# of unsupported tests		8904
/var/gcc/regression/trunk/11-gcc-gas/build/gcc/testsuite/g++/../../xg++  version 8.0.1 20180126 (experimental) [trunk revision 257076] (GCC) 

		=== gcc tests ===


Running target unix
FAIL: gcc.dg/debug/pr41893-1.c -gdwarf-2 -g3 (test for excess errors)
FAIL: gcc.dg/debug/pr41893-1.c -gdwarf-2 -g3 -O (test for excess errors)
FAIL: gcc.dg/debug/pr41893-1.c -gdwarf-2 -g3 -O3 (test for excess errors)
FAIL: gcc.dg/visibility-22.c execution test
FAIL: gcc.dg/ipa/inline-2.c scan-ipa-dump inline "op2 change 10.000000. of time"
FAIL: gcc.dg/ipa/inline-3.c scan-ipa-dump inline "Scaling time by probability:0.100000"
FAIL: gcc.dg/torture/pr60092.c   -O0  execution test
XPASS: gcc.dg/vect/vect-95.c -flto -ffat-lto-objects  scan-tree-dump-times vect "Alignment of access forced using peeling" 0
XPASS: gcc.dg/vect/vect-95.c scan-tree-dump-times vect "Alignment of access forced using peeling" 0

		=== gcc Summary for unix ===

# of expected passes		120400
# of unexpected failures	7
# of unexpected successes	2
# of expected failures		398
# of unsupported tests		2220

Running target unix/-m64
FAIL: gcc.dg/debug/pr41893-1.c -gdwarf-2 -g3 (test for excess errors)
FAIL: gcc.dg/debug/pr41893-1.c -gdwarf-2 -g3 -O (test for excess errors)
FAIL: gcc.dg/debug/pr41893-1.c -gdwarf-2 -g3 -O3 (test for excess errors)
FAIL: gcc.dg/visibility-22.c execution test
FAIL: gcc.dg/ipa/inline-2.c scan-ipa-dump inline "op2 change 10.000000. of time"
FAIL: gcc.dg/ipa/inline-3.c scan-ipa-dump inline "Scaling time by probability:0.100000"
FAIL: gcc.dg/torture/pr60092.c   -O0  execution test
XPASS: gcc.dg/vect/vect-95.c -flto -ffat-lto-objects  scan-tree-dump-times vect "Alignment of access forced using peeling" 0
XPASS: gcc.dg/vect/vect-95.c scan-tree-dump-times vect "Alignment of access forced using peeling" 0
FAIL: gcc.target/i386/pr80569.c (test for excess errors)

		=== gcc Summary for unix/-m64 ===

# of expected passes		122084
# of unexpected failures	8
# of unexpected successes	2
# of expected failures		387
# of unsupported tests		2153

		=== gcc Summary ===

# of expected passes		242484
# of unexpected failures	15
# of unexpected successes	4
# of expected failures		785
# of unsupported tests		4373
/var/gcc/regression/trunk/11-gcc-gas/build/gcc/xgcc  version 8.0.1 20180126 (experimental) [trunk revision 257076] (GCC) 

		=== gfortran tests ===


Running target unix

		=== gfortran Summary for unix ===

# of expected passes		46459
# of expected failures		92
# of unsupported tests		193

Running target unix/-m64

		=== gfortran Summary for unix/-m64 ===

# of expected passes		46676
# of expected failures		92
# of unsupported tests		90

		=== gfortran Summary ===

# of expected passes		93135
# of expected failures		184
# of unsupported tests		283
/var/gcc/regression/trunk/11-gcc-gas/build/gcc/testsuite/gfortran/../../gfortran  version 8.0.1 20180126 (experimental) [trunk revision 257076] (GCC) 

		=== gnat tests ===


Running target unix
FAIL: gnat.dg/missing_acc_check.adb (test for excess errors)
WARNING: gnat.dg/missing_acc_check.adb compilation failed to produce executable

		=== gnat Summary for unix ===

# of expected passes		2686
# of unexpected failures	1
# of expected failures		24
# of unsupported tests		7

Running target unix/-m64

		=== gnat Summary for unix/-m64 ===

# of expected passes		2688
# of expected failures		24
# of unsupported tests		7

		=== gnat Summary ===

# of expected passes		5374
# of unexpected failures	1
# of expected failures		48
# of unsupported tests		14
/var/gcc/regression/trunk/11-gcc-gas/build/gcc/gnatmake version 8.0.1 20180126 (experimental) [trunk revision 257076]

		=== go tests ===


Running target unix
FAIL: ./index0-out.go execution,  -O0 -g -fno-var-tracking-assignments 

		=== go Summary for unix ===

# of expected passes		7380
# of unexpected failures	1
# of expected failures		1
# of untested testcases		10
# of unsupported tests		2

Running target unix/-m64
FAIL: ./index0-out.go execution,  -O0 -g -fno-var-tracking-assignments 

		=== go Summary for unix/-m64 ===

# of expected passes		7261
# of unexpected failures	1
# of expected failures		1
# of untested testcases		10
# of unsupported tests		1

		=== go Summary ===

# of expected passes		14641
# of unexpected failures	2
# of expected failures		2
# of untested testcases		20
# of unsupported tests		3
		=== obj-c++ tests ===


Running target unix

		=== obj-c++ Summary for unix ===

# of expected passes		1464
# of expected failures		2
# of unsupported tests		77

Running target unix/-m64

		=== obj-c++ Summary for unix/-m64 ===

# of expected passes		1456
# of expected failures		10
# of unsupported tests		77

		=== obj-c++ Summary ===

# of expected passes		2920
# of expected failures		12
# of unsupported tests		154
/var/gcc/regression/trunk/11-gcc-gas/build/gcc/testsuite/obj-c++/../../xg++  version 8.0.1 20180126 (experimental) [trunk revision 257076] (GCC) 

		=== objc tests ===


Running target unix

		=== objc Summary for unix ===

# of expected passes		2797
# of expected failures		6
# of unsupported tests		68

Running target unix/-m64

		=== objc Summary for unix/-m64 ===

# of expected passes		2797
# of expected failures		6
# of unsupported tests		68

		=== objc Summary ===

# of expected passes		5594
# of expected failures		12
# of unsupported tests		136
/var/gcc/regression/trunk/11-gcc-gas/build/gcc/xgcc  version 8.0.1 20180126 (experimental) [trunk revision 257076] (GCC) 

		=== gotools tests ===

FAIL: go test cmd/go
FAIL: TestCgoSignalDeadlock
FAIL: TestSelectStackAdjust
FAIL: go test runtime
FAIL: Test18146
FAIL: go test misc/cgo/test
FAIL: TestCompileWithoutShared
FAIL: TestEarlySignalHandler
FAIL: TestInstall
FAIL: TestOsSignal
FAIL: TestPIE
FAIL: TestSIGPROF
FAIL: TestSigaltstack
FAIL: TestSignalForwarding
FAIL: TestSignalForwardingExternal
FAIL: go test misc/cgo/testcarchive

		=== gotools Summary ===
# of expected passes		236
# of unexpected failures	16
# of untested testcases		68
/var/gcc/regression/trunk/11-gcc-gas/build/./gcc/gccgo version 8.0.1 20180126 (experimental) [trunk revision 257076] (GCC)

		=== libatomic tests ===


Running target unix

		=== libatomic Summary for unix ===

# of expected passes		44
# of unsupported tests		5

Running target unix/-m64

		=== libatomic Summary for unix/-m64 ===

# of expected passes		54

		=== libatomic Summary ===

# of expected passes		98
# of unsupported tests		5
		=== libffi tests ===


Running target unix

		=== libffi Summary for unix ===

# of expected passes		2799

Running target unix/-m64

		=== libffi Summary for unix/-m64 ===

# of expected passes		2214

		=== libffi Summary ===

# of expected passes		5013
		=== libgo tests ===


Running target unix
FAIL: runtime
FAIL: go/build
FAIL: runtime/pprof

		=== libgo Summary for unix ===

# of expected passes		160
# of unexpected failures	3

Running target unix/-m64
FAIL: go/build

		=== libgo Summary for unix/-m64 ===

# of expected passes		162
# of unexpected failures	1

		=== libgo Summary ===

# of expected passes		322
# of unexpected failures	4
/var/gcc/regression/trunk/11-gcc-gas/build/./gcc/gccgo version 8.0.1 20180126 (experimental) [trunk revision 257076] (GCC)

		=== libgomp tests ===


Running target unix

		=== libgomp Summary for unix ===

# of expected passes		5397
# of unsupported tests		304

Running target unix/-m64
FAIL: libgomp.fortran/examples-4/simd-2.f90   -O1  (internal compiler error)
FAIL: libgomp.fortran/examples-4/simd-2.f90   -O1  (test for excess errors)
WARNING: libgomp.fortran/examples-4/simd-2.f90   -O1  compilation failed to produce executable

		=== libgomp Summary for unix/-m64 ===

# of expected passes		5395
# of unexpected failures	2
# of unsupported tests		304

		=== libgomp Summary ===

# of expected passes		10792
# of unexpected failures	2
# of unsupported tests		608
		=== libitm tests ===


Running target unix

		=== libitm Summary for unix ===

# of expected passes		42
# of expected failures		3
# of unsupported tests		1

Running target unix/-m64

		=== libitm Summary for unix/-m64 ===

# of expected passes		42
# of expected failures		3
# of unsupported tests		1

		=== libitm Summary ===

# of expected passes		84
# of expected failures		6
# of unsupported tests		2
		=== libstdc++ tests ===


Running target unix
FAIL: 20_util/optional/relops/2.cc (test for excess errors)
WARNING: 20_util/optional/relops/2.cc compilation failed to produce executable
FAIL: 20_util/owner_less/cmp.cc (test for excess errors)
WARNING: 20_util/owner_less/cmp.cc compilation failed to produce executable
FAIL: 20_util/ratio/comparisons/comp3.cc (test for excess errors)
WARNING: 20_util/ratio/comparisons/comp3.cc compilation failed to produce executable
FAIL: 26_numerics/random/chi_squared_distribution/83833.cc execution test
FAIL: experimental/memory_resource/resource_adaptor.cc execution test

		=== libstdc++ Summary for unix ===

# of expected passes		11283
# of unexpected failures	5
# of expected failures		71
# of unsupported tests		631

Running target unix/-m64

		=== libstdc++ Summary for unix/-m64 ===

# of expected passes		11283
# of expected failures		71
# of unsupported tests		635

		=== libstdc++ Summary ===

# of expected passes		22566
# of unexpected failures	5
# of expected failures		142
# of unsupported tests		1266

Compiler version: 8.0.1 20180126 (experimental) [trunk revision 257076] (GCC) 
Platform: i386-pc-solaris2.11
configure flags: --prefix=/vol/gcc --target=i386-pc-solaris2.11 --enable-objc-gc --with-target-bdw-gc-include=/vol/gcc/include --with-target-bdw-gc-lib=/vol/gcc/lib,amd64=/vol/gcc/lib/amd64 --enable-libmudflap --with-as=/vol/gcc/bin/gas-2.29 --with-gnu-as --with-gmp-include=/vol/gcc/include --with-gmp-lib=/vol/gcc/lib --with-mpfr-include=/vol/gcc/include --with-mpfr-lib=/vol/gcc/lib --with-mpc-include=/vol/gcc/include --with-mpc-lib=/vol/gcc/lib --enable-languages=all,ada,obj-c++,go --with-isl-include=/vol/gcc/include --with-isl-lib=/vol/gcc/lib --build=i386-pc-solaris2.11 --host=i386-pc-solaris2.11
BOOT_CFLAGS=-g -O2


Index Nav: [Date Index] [Subject Index] [Author Index] [Thread Index]
Message Nav: [Date Prev] [Date Next] [Thread Prev] [Thread Next]