This is the mail archive of the gcc-testresults@gcc.gnu.org mailing list for the GCC project.


Index Nav: [Date Index] [Subject Index] [Author Index] [Thread Index]
Message Nav: [Date Prev] [Date Next] [Thread Prev] [Thread Next]
Other format: [Raw text]

Results for 5.5.0 20171010 (Debian 5.5.0-7) testsuite on powerpc64le-unknown-linux-gnu


LAST_UPDATED: Obtained from SVN: tags/gcc_5_5_0_release revision 253577

Target: powerpc64le-linux-gnu
gcc version 5.5.0 20171010 (Debian 5.5.0-7) 

		=== acats tests ===

		=== acats Summary ===
# of expected passes		2320
# of unexpected failures	0
Native configuration is powerpc64le-unknown-linux-gnu

		=== g++ tests ===


Running target unix
FAIL: c-c++-common/asan/null-deref-1.c   -O2  output pattern test
FAIL: c-c++-common/asan/null-deref-1.c   -O2 -flto -fno-use-linker-plugin -flto-partition=none  output pattern test
FAIL: c-c++-common/asan/null-deref-1.c   -O2 -flto -fuse-linker-plugin -fno-fat-lto-objects  output pattern test
FAIL: c-c++-common/asan/null-deref-1.c   -O3 -fomit-frame-pointer  output pattern test
FAIL: c-c++-common/asan/null-deref-1.c   -O3 -g  output pattern test
FAIL: c-c++-common/asan/swapcontext-test-1.c   -O2 -flto -fno-use-linker-plugin -flto-partition=none  (test for excess errors)
FAIL: c-c++-common/asan/swapcontext-test-1.c   -O2 -flto -fuse-linker-plugin -fno-fat-lto-objects  (test for excess errors)
FAIL: g++.dg/abi/abi-tag19.C  -std=c++11  scan-assembler _ZN1YIiE1fB1aEv
FAIL: g++.dg/abi/abi-tag19.C  -std=c++14  scan-assembler _ZN1YIiE1fB1aEv
FAIL: g++.dg/abi/abi-tag19.C  -std=c++98  scan-assembler _ZN1YIiE1fB1aEv
FAIL: g++.dg/cpp0x/lambda/lambda-70218.C  -std=c++11  (test for errors, line 16)
FAIL: g++.dg/cpp0x/lambda/lambda-70218.C  -std=c++11 (test for excess errors)
FAIL: g++.dg/cpp0x/lambda/lambda-70218.C  -std=c++14  (test for errors, line 16)
FAIL: g++.dg/cpp0x/lambda/lambda-70218.C  -std=c++14 (test for excess errors)
FAIL: g++.dg/cpp1y/vla-initlist1.C  -std=gnu++11 execution test
FAIL: g++.dg/cpp1y/vla-initlist1.C  -std=gnu++14 execution test
XPASS: g++.dg/tls/thread_local-order2.C  -std=c++11 execution test
XPASS: g++.dg/tls/thread_local-order2.C  -std=c++14 execution test
FAIL: c-c++-common/ubsan/float-cast-overflow-8.c   -O2  output pattern test
FAIL: c-c++-common/ubsan/float-cast-overflow-8.c   -O2 -flto -fno-use-linker-plugin -flto-partition=none  output pattern test
FAIL: c-c++-common/ubsan/float-cast-overflow-8.c   -O2 -flto -fuse-linker-plugin -fno-fat-lto-objects  output pattern test

		=== g++ Summary for unix ===

# of expected passes		90736
# of unexpected failures	19
# of unexpected successes	2
# of expected failures		351
# of unsupported tests		4089

Running target unix/-fstack-protector
FAIL: c-c++-common/asan/null-deref-1.c   -O2  output pattern test
FAIL: c-c++-common/asan/null-deref-1.c   -O2 -flto -fno-use-linker-plugin -flto-partition=none  output pattern test
FAIL: c-c++-common/asan/null-deref-1.c   -O2 -flto -fuse-linker-plugin -fno-fat-lto-objects  output pattern test
FAIL: c-c++-common/asan/null-deref-1.c   -O3 -fomit-frame-pointer  output pattern test
FAIL: c-c++-common/asan/null-deref-1.c   -O3 -g  output pattern test
FAIL: c-c++-common/asan/swapcontext-test-1.c   -O2 -flto -fno-use-linker-plugin -flto-partition=none  (test for excess errors)
FAIL: c-c++-common/asan/swapcontext-test-1.c   -O2 -flto -fuse-linker-plugin -fno-fat-lto-objects  (test for excess errors)
FAIL: g++.dg/abi/abi-tag19.C  -std=c++11  scan-assembler _ZN1YIiE1fB1aEv
FAIL: g++.dg/abi/abi-tag19.C  -std=c++14  scan-assembler _ZN1YIiE1fB1aEv
FAIL: g++.dg/abi/abi-tag19.C  -std=c++98  scan-assembler _ZN1YIiE1fB1aEv
FAIL: g++.dg/cpp0x/lambda/lambda-70218.C  -std=c++11  (test for errors, line 16)
FAIL: g++.dg/cpp0x/lambda/lambda-70218.C  -std=c++11 (test for excess errors)
FAIL: g++.dg/cpp0x/lambda/lambda-70218.C  -std=c++14  (test for errors, line 16)
FAIL: g++.dg/cpp0x/lambda/lambda-70218.C  -std=c++14 (test for excess errors)
FAIL: g++.dg/cpp1y/vla-initlist1.C  -std=gnu++11 execution test
FAIL: g++.dg/cpp1y/vla-initlist1.C  -std=gnu++14 execution test
XPASS: g++.dg/tls/thread_local-order2.C  -std=c++11 execution test
XPASS: g++.dg/tls/thread_local-order2.C  -std=c++14 execution test
FAIL: c-c++-common/ubsan/float-cast-overflow-8.c   -O2  output pattern test
FAIL: c-c++-common/ubsan/float-cast-overflow-8.c   -O2 -flto -fno-use-linker-plugin -flto-partition=none  output pattern test
FAIL: c-c++-common/ubsan/float-cast-overflow-8.c   -O2 -flto -fuse-linker-plugin -fno-fat-lto-objects  output pattern test

		=== g++ Summary for unix/-fstack-protector ===

# of expected passes		90736
# of unexpected failures	19
# of unexpected successes	2
# of expected failures		351
# of unsupported tests		4089

		=== g++ Summary ===

# of expected passes		181472
# of unexpected failures	38
# of unexpected successes	4
# of expected failures		702
# of unsupported tests		8178
/build/gcc-5-swoWo9/gcc-5-5.5.0/build/gcc/xg++  version 5.5.0 20171010 (Debian 5.5.0-7) 

		=== gcc tests ===


Running target unix
FAIL: c-c++-common/asan/null-deref-1.c   -O2  output pattern test
FAIL: c-c++-common/asan/null-deref-1.c   -O2 -flto -fno-use-linker-plugin -flto-partition=none  output pattern test
FAIL: c-c++-common/asan/null-deref-1.c   -O2 -flto -fuse-linker-plugin -fno-fat-lto-objects  output pattern test
FAIL: c-c++-common/asan/null-deref-1.c   -O3 -fomit-frame-pointer  output pattern test
FAIL: c-c++-common/asan/null-deref-1.c   -O3 -g  output pattern test
FAIL: gcc.dg/cpp/trad/include.c (test for excess errors)
FAIL: gcc.dg/sms-4.c scan-rtl-dump-times sms "SMS succeeded" 1
XPASS: gcc.dg/guality/example.c   -O0  execution test
XPASS: gcc.dg/guality/example.c   -O1  execution test
XPASS: gcc.dg/guality/guality.c   -O0  execution test
XPASS: gcc.dg/guality/guality.c   -O1  execution test
XPASS: gcc.dg/guality/guality.c   -O2  execution test
XPASS: gcc.dg/guality/guality.c   -O2 -flto -fno-use-linker-plugin -flto-partition=none  execution test
XPASS: gcc.dg/guality/guality.c   -O2 -flto -fuse-linker-plugin -fno-fat-lto-objects  execution test
XPASS: gcc.dg/guality/guality.c   -O3 -fomit-frame-pointer  execution test
XPASS: gcc.dg/guality/guality.c   -O3 -g  execution test
XPASS: gcc.dg/guality/guality.c   -Os  execution test
XPASS: gcc.dg/guality/inline-params.c   -O2  execution test
XPASS: gcc.dg/guality/inline-params.c   -O2 -flto -fno-use-linker-plugin -flto-partition=none  execution test
XPASS: gcc.dg/guality/inline-params.c   -O3 -fomit-frame-pointer  execution test
XPASS: gcc.dg/guality/inline-params.c   -O3 -g  execution test
XPASS: gcc.dg/guality/inline-params.c   -Os  execution test
FAIL: gcc.dg/guality/param-3.c   -O1  line 20 str.pa == 31415927
FAIL: gcc.dg/guality/param-3.c   -O1  line 20 str.pb == 27182818
FAIL: gcc.dg/guality/pr36728-1.c   -O2  line 16 y == 2
FAIL: gcc.dg/guality/pr36728-1.c   -O2  line 18 y == 2
FAIL: gcc.dg/guality/pr36728-1.c   -O2 -flto -fno-use-linker-plugin -flto-partition=none  line 16 y == 2
FAIL: gcc.dg/guality/pr36728-1.c   -O2 -flto -fno-use-linker-plugin -flto-partition=none  line 18 y == 2
FAIL: gcc.dg/guality/pr36728-1.c   -O2 -flto -fuse-linker-plugin -fno-fat-lto-objects  line 16 y == 2
FAIL: gcc.dg/guality/pr36728-1.c   -O3 -fomit-frame-pointer  line 16 y == 2
FAIL: gcc.dg/guality/pr36728-1.c   -O3 -fomit-frame-pointer  line 18 y == 2
FAIL: gcc.dg/guality/pr36728-1.c   -O3 -g  line 16 y == 2
FAIL: gcc.dg/guality/pr36728-1.c   -O3 -g  line 18 y == 2
FAIL: gcc.dg/guality/pr36728-2.c   -O2  line 18 *x == (char) 25
FAIL: gcc.dg/guality/pr36728-2.c   -O2 -flto -fno-use-linker-plugin -flto-partition=none  line 18 *x == (char) 25
FAIL: gcc.dg/guality/pr36728-2.c   -O3 -fomit-frame-pointer  line 18 *x == (char) 25
FAIL: gcc.dg/guality/pr36728-2.c   -O3 -g  line 18 *x == (char) 25
FAIL: gcc.dg/guality/pr36728-2.c   -Os  line 18 y == 2
XPASS: gcc.dg/guality/pr41353-1.c   -O0  line 28 j == 28 + 37
FAIL: gcc.dg/guality/pr41616-1.c   -O2 -flto -fuse-linker-plugin -fno-fat-lto-objects  execution test
FAIL: gcc.dg/guality/pr43051-1.c   -O1  line 40 v == 1
FAIL: gcc.dg/guality/pr43051-1.c   -O2  line 40 v == 1
FAIL: gcc.dg/guality/pr43051-1.c   -O2 -flto -fno-use-linker-plugin -flto-partition=none  line 40 v == 1
FAIL: gcc.dg/guality/pr43051-1.c   -O2 -flto -fuse-linker-plugin -fno-fat-lto-objects  line 40 v == 1
FAIL: gcc.dg/guality/pr43051-1.c   -O3 -fomit-frame-pointer  line 35 v == 1
FAIL: gcc.dg/guality/pr43051-1.c   -O3 -fomit-frame-pointer  line 40 v == 1
FAIL: gcc.dg/guality/pr43051-1.c   -O3 -fomit-frame-pointer -funroll-all-loops -finline-functions  line 35 v == 1
FAIL: gcc.dg/guality/pr43051-1.c   -O3 -fomit-frame-pointer -funroll-all-loops -finline-functions  line 40 v == 1
FAIL: gcc.dg/guality/pr43051-1.c   -O3 -fomit-frame-pointer -funroll-loops  line 35 v == 1
FAIL: gcc.dg/guality/pr43051-1.c   -O3 -fomit-frame-pointer -funroll-loops  line 40 v == 1
FAIL: gcc.dg/guality/pr43051-1.c   -O3 -g  line 35 v == 1
FAIL: gcc.dg/guality/pr43051-1.c   -O3 -g  line 40 v == 1
FAIL: gcc.dg/guality/pr43051-1.c   -Os  line 40 v == 1
FAIL: gcc.dg/guality/pr43479.c   -O1  line 13 h == 9
FAIL: gcc.dg/guality/pr43479.c   -O1  line 18 h == 9
FAIL: gcc.dg/guality/pr43479.c   -O2  line 13 h == 9
FAIL: gcc.dg/guality/pr43479.c   -O2  line 18 h == 9
FAIL: gcc.dg/guality/pr43479.c   -O2 -flto -fno-use-linker-plugin -flto-partition=none  line 13 h == 9
FAIL: gcc.dg/guality/pr43479.c   -O2 -flto -fno-use-linker-plugin -flto-partition=none  line 18 h == 9
FAIL: gcc.dg/guality/pr43479.c   -O2 -flto -fuse-linker-plugin -fno-fat-lto-objects  line 13 h == 9
FAIL: gcc.dg/guality/pr43479.c   -O2 -flto -fuse-linker-plugin -fno-fat-lto-objects  line 18 h == 9
FAIL: gcc.dg/guality/pr43479.c   -O3 -fomit-frame-pointer  line 13 h == 9
FAIL: gcc.dg/guality/pr43479.c   -O3 -fomit-frame-pointer  line 18 h == 9
FAIL: gcc.dg/guality/pr43479.c   -O3 -g  line 13 h == 9
FAIL: gcc.dg/guality/pr43479.c   -O3 -g  line 18 h == 9
FAIL: gcc.dg/guality/pr43479.c   -Os  line 13 h == 9
FAIL: gcc.dg/guality/pr43479.c   -Os  line 18 h == 9
FAIL: gcc.dg/guality/pr45882.c   -O2 -flto -fuse-linker-plugin -fno-fat-lto-objects  line 16 d == 112
FAIL: gcc.dg/guality/pr45882.c   -O2 -flto -fuse-linker-plugin -fno-fat-lto-objects  line 16 e == 142
FAIL: gcc.dg/guality/pr54200.c   -O1  line 20 z == 3
FAIL: gcc.dg/guality/pr54200.c   -O2  line 20 z == 3
FAIL: gcc.dg/guality/pr54200.c   -O2 -flto -fno-use-linker-plugin -flto-partition=none  line 20 z == 3
FAIL: gcc.dg/guality/pr54200.c   -O2 -flto -fuse-linker-plugin -fno-fat-lto-objects  line 20 z == 3
FAIL: gcc.dg/guality/pr54200.c   -O3 -fomit-frame-pointer  line 20 z == 3
FAIL: gcc.dg/guality/pr54200.c   -O3 -g  line 20 z == 3
FAIL: gcc.dg/guality/pr54200.c   -Os  line 20 z == 3
FAIL: gcc.dg/guality/pr54519-1.c   -O1  line 20 x == 36
FAIL: gcc.dg/guality/pr54519-1.c   -O1  line 20 y == 25
FAIL: gcc.dg/guality/pr54519-1.c   -O1  line 23 x == 98
FAIL: gcc.dg/guality/pr54519-1.c   -O1  line 23 y == 117
FAIL: gcc.dg/guality/pr54519-1.c   -O2  line 20 x == 36
FAIL: gcc.dg/guality/pr54519-1.c   -O2  line 23 x == 98
FAIL: gcc.dg/guality/pr54519-1.c   -O2 -flto -fno-use-linker-plugin -flto-partition=none  line 20 x == 36
FAIL: gcc.dg/guality/pr54519-1.c   -O2 -flto -fno-use-linker-plugin -flto-partition=none  line 20 y == 25
FAIL: gcc.dg/guality/pr54519-1.c   -O2 -flto -fno-use-linker-plugin -flto-partition=none  line 20 z == 6
FAIL: gcc.dg/guality/pr54519-1.c   -O2 -flto -fno-use-linker-plugin -flto-partition=none  line 23 x == 98
FAIL: gcc.dg/guality/pr54519-1.c   -O2 -flto -fno-use-linker-plugin -flto-partition=none  line 23 y == 117
FAIL: gcc.dg/guality/pr54519-1.c   -O2 -flto -fno-use-linker-plugin -flto-partition=none  line 23 z == 8
FAIL: gcc.dg/guality/pr54519-1.c   -Os  line 20 x == 36
FAIL: gcc.dg/guality/pr54519-1.c   -Os  line 23 x == 98
FAIL: gcc.dg/guality/pr54519-2.c   -O1  line 17 x == 6
FAIL: gcc.dg/guality/pr54519-2.c   -O2 -flto -fno-use-linker-plugin -flto-partition=none  line 17 y == 25
FAIL: gcc.dg/guality/pr54519-2.c   -O2 -flto -fuse-linker-plugin -fno-fat-lto-objects  line 17 y == 25
FAIL: gcc.dg/guality/pr54519-3.c   -O1  line 20 x == 36
FAIL: gcc.dg/guality/pr54519-3.c   -O1  line 20 y == 25
FAIL: gcc.dg/guality/pr54519-3.c   -O1  line 20 z == 6
FAIL: gcc.dg/guality/pr54519-3.c   -O1  line 23 x == 98
FAIL: gcc.dg/guality/pr54519-3.c   -O1  line 23 y == 117
FAIL: gcc.dg/guality/pr54519-3.c   -O1  line 23 z == 8
FAIL: gcc.dg/guality/pr54519-3.c   -O2  line 20 z == 6
FAIL: gcc.dg/guality/pr54519-3.c   -O2  line 23 z == 8
FAIL: gcc.dg/guality/pr54519-3.c   -O2 -flto -fno-use-linker-plugin -flto-partition=none  line 20 y == 25
FAIL: gcc.dg/guality/pr54519-3.c   -O2 -flto -fno-use-linker-plugin -flto-partition=none  line 20 z == 6
FAIL: gcc.dg/guality/pr54519-3.c   -O2 -flto -fno-use-linker-plugin -flto-partition=none  line 23 y == 117
FAIL: gcc.dg/guality/pr54519-3.c   -O2 -flto -fno-use-linker-plugin -flto-partition=none  line 23 z == 8
FAIL: gcc.dg/guality/pr54519-3.c   -O2 -flto -fuse-linker-plugin -fno-fat-lto-objects  line 20 y == 25
FAIL: gcc.dg/guality/pr54519-3.c   -O2 -flto -fuse-linker-plugin -fno-fat-lto-objects  line 20 z == 6
FAIL: gcc.dg/guality/pr54519-3.c   -O2 -flto -fuse-linker-plugin -fno-fat-lto-objects  line 23 y == 117
FAIL: gcc.dg/guality/pr54519-3.c   -O2 -flto -fuse-linker-plugin -fno-fat-lto-objects  line 23 z == 8
FAIL: gcc.dg/guality/pr54519-3.c   -O3 -fomit-frame-pointer  line 20 z == 6
FAIL: gcc.dg/guality/pr54519-3.c   -O3 -fomit-frame-pointer  line 23 z == 8
FAIL: gcc.dg/guality/pr54519-3.c   -O3 -g  line 20 z == 6
FAIL: gcc.dg/guality/pr54519-3.c   -O3 -g  line 23 z == 8
FAIL: gcc.dg/guality/pr54519-3.c   -Os  line 20 z == 6
FAIL: gcc.dg/guality/pr54519-3.c   -Os  line 23 z == 8
FAIL: gcc.dg/guality/pr54519-4.c   -O1  line 17 x == 6
FAIL: gcc.dg/guality/pr54519-4.c   -O1  line 17 y == 25
FAIL: gcc.dg/guality/pr54519-4.c   -O2  line 17 y == 25
FAIL: gcc.dg/guality/pr54519-4.c   -O2 -flto -fno-use-linker-plugin -flto-partition=none  line 17 y == 25
FAIL: gcc.dg/guality/pr54519-4.c   -O2 -flto -fuse-linker-plugin -fno-fat-lto-objects  line 17 y == 25
FAIL: gcc.dg/guality/pr54519-4.c   -O3 -fomit-frame-pointer  line 17 y == 25
FAIL: gcc.dg/guality/pr54519-4.c   -O3 -g  line 17 y == 25
FAIL: gcc.dg/guality/pr54519-4.c   -Os  line 17 y == 25
FAIL: gcc.dg/guality/pr54519-5.c   -O1  line 17 x == 6
FAIL: gcc.dg/guality/pr54519-5.c   -O1  line 17 y == 25
FAIL: gcc.dg/guality/pr54519-5.c   -O2  line 17 y == 25
FAIL: gcc.dg/guality/pr54519-5.c   -O2 -flto -fno-use-linker-plugin -flto-partition=none  line 17 y == 25
FAIL: gcc.dg/guality/pr54519-5.c   -O2 -flto -fuse-linker-plugin -fno-fat-lto-objects  line 17 y == 25
FAIL: gcc.dg/guality/pr54519-5.c   -O3 -fomit-frame-pointer  line 17 y == 25
FAIL: gcc.dg/guality/pr54519-5.c   -O3 -g  line 17 y == 25
FAIL: gcc.dg/guality/pr54519-5.c   -Os  line 17 y == 25
FAIL: gcc.dg/guality/pr54551.c   -O1  line 18 a == 4
FAIL: gcc.dg/guality/pr54551.c   -O2  line 18 a == 4
FAIL: gcc.dg/guality/pr54551.c   -O2 -flto -fno-use-linker-plugin -flto-partition=none  line 18 a == 4
FAIL: gcc.dg/guality/pr54551.c   -O3 -fomit-frame-pointer  line 18 a == 4
FAIL: gcc.dg/guality/pr54551.c   -O3 -g  line 18 a == 4
FAIL: gcc.dg/guality/pr54551.c   -Os  line 18 a == 4
FAIL: gcc.dg/guality/pr54693-2.c   -O1  line 21 x == 10 - i
FAIL: gcc.dg/guality/pr54693-2.c   -O2  line 21 x == 10 - i
FAIL: gcc.dg/guality/pr54693-2.c   -O2 -flto -fno-use-linker-plugin -flto-partition=none  line 21 x == 10 - i
FAIL: gcc.dg/guality/pr54693-2.c   -O2 -flto -fuse-linker-plugin -fno-fat-lto-objects  line 21 x == 10 - i
FAIL: gcc.dg/guality/pr54693-2.c   -O3 -fomit-frame-pointer  line 21 x == 10 - i
FAIL: gcc.dg/guality/pr54693-2.c   -O3 -fomit-frame-pointer -funroll-all-loops -finline-functions  line 21 x == 10 - i
FAIL: gcc.dg/guality/pr54693-2.c   -O3 -fomit-frame-pointer -funroll-loops  line 21 x == 10 - i
FAIL: gcc.dg/guality/pr54693-2.c   -O3 -g  line 21 x == 10 - i
FAIL: gcc.dg/guality/pr54693-2.c   -Os  line 21 y == 20 - 2 * i
FAIL: gcc.dg/guality/pr54693-2.c   -Os  line 21 z == 30 - 3 * i
FAIL: gcc.dg/guality/pr54693.c   -O1  line 22 i == c - 48
FAIL: gcc.dg/guality/pr54693.c   -O2  line 22 i == c - 48
FAIL: gcc.dg/guality/pr54693.c   -O2 -flto -fno-use-linker-plugin -flto-partition=none  line 22 i == c - 48
FAIL: gcc.dg/guality/pr54693.c   -O2 -flto -fuse-linker-plugin -fno-fat-lto-objects  line 22 i == c - 48
FAIL: gcc.dg/guality/pr54693.c   -O3 -fomit-frame-pointer  line 22 i == c - 48
FAIL: gcc.dg/guality/pr54693.c   -O3 -fomit-frame-pointer -funroll-all-loops -finline-functions  line 22 i == c - 48
FAIL: gcc.dg/guality/pr54693.c   -O3 -fomit-frame-pointer -funroll-loops  line 22 i == c - 48
FAIL: gcc.dg/guality/pr54693.c   -O3 -g  line 22 i == c - 48
FAIL: gcc.dg/guality/pr54693.c   -Os  line 22 i == c - 48
FAIL: gcc.dg/guality/pr54970.c   -O1  line 15 a[0] == 1
FAIL: gcc.dg/guality/pr54970.c   -O1  line 20 a[0] == 1
FAIL: gcc.dg/guality/pr54970.c   -O1  line 25 a[0] == 1
FAIL: gcc.dg/guality/pr54970.c   -O1  line 31 a[0] == 4
FAIL: gcc.dg/guality/pr54970.c   -O1  line 36 a[0] == 4
FAIL: gcc.dg/guality/pr54970.c   -O1  line 45 a[0] == 4
FAIL: gcc.dg/guality/pr54970.c   -O1  line 45 p[-2] == 4
FAIL: gcc.dg/guality/pr54970.c   -O1  line 45 q[-1] == 4
FAIL: gcc.dg/guality/pr54970.c   -O2  line 15 a[0] == 1
FAIL: gcc.dg/guality/pr54970.c   -O2  line 20 a[0] == 1
FAIL: gcc.dg/guality/pr54970.c   -O2  line 25 a[0] == 1
FAIL: gcc.dg/guality/pr54970.c   -O2  line 31 a[0] == 4
FAIL: gcc.dg/guality/pr54970.c   -O2  line 36 a[0] == 4
FAIL: gcc.dg/guality/pr54970.c   -O2  line 45 a[0] == 4
FAIL: gcc.dg/guality/pr54970.c   -O2  line 45 p[-2] == 4
FAIL: gcc.dg/guality/pr54970.c   -O2  line 45 q[-1] == 4
FAIL: gcc.dg/guality/pr54970.c   -O2 -flto -fno-use-linker-plugin -flto-partition=none  line 15 a[0] == 1
FAIL: gcc.dg/guality/pr54970.c   -O2 -flto -fno-use-linker-plugin -flto-partition=none  line 20 a[0] == 1
FAIL: gcc.dg/guality/pr54970.c   -O2 -flto -fno-use-linker-plugin -flto-partition=none  line 25 a[0] == 1
FAIL: gcc.dg/guality/pr54970.c   -O2 -flto -fno-use-linker-plugin -flto-partition=none  line 31 a[0] == 4
FAIL: gcc.dg/guality/pr54970.c   -O2 -flto -fno-use-linker-plugin -flto-partition=none  line 36 a[0] == 4
FAIL: gcc.dg/guality/pr54970.c   -O2 -flto -fno-use-linker-plugin -flto-partition=none  line 45 a[0] == 4
FAIL: gcc.dg/guality/pr54970.c   -O2 -flto -fno-use-linker-plugin -flto-partition=none  line 45 p[-2] == 4
FAIL: gcc.dg/guality/pr54970.c   -O2 -flto -fno-use-linker-plugin -flto-partition=none  line 45 q[-1] == 4
FAIL: gcc.dg/guality/pr54970.c   -O2 -flto -fuse-linker-plugin -fno-fat-lto-objects  line 15 a[0] == 1
FAIL: gcc.dg/guality/pr54970.c   -O2 -flto -fuse-linker-plugin -fno-fat-lto-objects  line 20 a[0] == 1
FAIL: gcc.dg/guality/pr54970.c   -O2 -flto -fuse-linker-plugin -fno-fat-lto-objects  line 25 a[0] == 1
FAIL: gcc.dg/guality/pr54970.c   -O2 -flto -fuse-linker-plugin -fno-fat-lto-objects  line 31 a[0] == 4
FAIL: gcc.dg/guality/pr54970.c   -O2 -flto -fuse-linker-plugin -fno-fat-lto-objects  line 36 a[0] == 4
FAIL: gcc.dg/guality/pr54970.c   -O2 -flto -fuse-linker-plugin -fno-fat-lto-objects  line 45 a[0] == 4
FAIL: gcc.dg/guality/pr54970.c   -O2 -flto -fuse-linker-plugin -fno-fat-lto-objects  line 45 p[-2] == 4
FAIL: gcc.dg/guality/pr54970.c   -O2 -flto -fuse-linker-plugin -fno-fat-lto-objects  line 45 q[-1] == 4
FAIL: gcc.dg/guality/pr54970.c   -O3 -fomit-frame-pointer  line 15 a[0] == 1
FAIL: gcc.dg/guality/pr54970.c   -O3 -fomit-frame-pointer  line 20 a[0] == 1
FAIL: gcc.dg/guality/pr54970.c   -O3 -fomit-frame-pointer  line 25 a[0] == 1
FAIL: gcc.dg/guality/pr54970.c   -O3 -fomit-frame-pointer  line 31 a[0] == 4
FAIL: gcc.dg/guality/pr54970.c   -O3 -fomit-frame-pointer  line 36 a[0] == 4
FAIL: gcc.dg/guality/pr54970.c   -O3 -fomit-frame-pointer  line 45 a[0] == 4
FAIL: gcc.dg/guality/pr54970.c   -O3 -fomit-frame-pointer  line 45 p[-2] == 4
FAIL: gcc.dg/guality/pr54970.c   -O3 -fomit-frame-pointer  line 45 q[-1] == 4
FAIL: gcc.dg/guality/pr54970.c   -O3 -g  line 15 a[0] == 1
FAIL: gcc.dg/guality/pr54970.c   -O3 -g  line 20 a[0] == 1
FAIL: gcc.dg/guality/pr54970.c   -O3 -g  line 25 a[0] == 1
FAIL: gcc.dg/guality/pr54970.c   -O3 -g  line 31 a[0] == 4
FAIL: gcc.dg/guality/pr54970.c   -O3 -g  line 36 a[0] == 4
FAIL: gcc.dg/guality/pr54970.c   -O3 -g  line 45 a[0] == 4
FAIL: gcc.dg/guality/pr54970.c   -O3 -g  line 45 p[-2] == 4
FAIL: gcc.dg/guality/pr54970.c   -O3 -g  line 45 q[-1] == 4
FAIL: gcc.dg/guality/pr54970.c   -Os  line 15 a[0] == 1
FAIL: gcc.dg/guality/pr54970.c   -Os  line 20 a[0] == 1
FAIL: gcc.dg/guality/pr54970.c   -Os  line 25 a[0] == 1
FAIL: gcc.dg/guality/pr54970.c   -Os  line 31 a[0] == 4
FAIL: gcc.dg/guality/pr54970.c   -Os  line 36 a[0] == 4
FAIL: gcc.dg/guality/pr54970.c   -Os  line 45 a[0] == 4
FAIL: gcc.dg/guality/pr54970.c   -Os  line 45 p[-2] == 4
FAIL: gcc.dg/guality/pr54970.c   -Os  line 45 q[-1] == 4
FAIL: gcc.dg/guality/vla-1.c   -O1  line 17 sizeof (a) == 6
FAIL: gcc.dg/guality/vla-1.c   -O2  line 17 sizeof (a) == 6
FAIL: gcc.dg/guality/vla-1.c   -O2 -flto -fno-use-linker-plugin -flto-partition=none  line 17 sizeof (a) == 6
FAIL: gcc.dg/guality/vla-1.c   -O2 -flto -fuse-linker-plugin -fno-fat-lto-objects  line 17 sizeof (a) == 6
FAIL: gcc.dg/guality/vla-1.c   -O3 -fomit-frame-pointer  line 17 sizeof (a) == 6
FAIL: gcc.dg/guality/vla-1.c   -O3 -g  line 17 sizeof (a) == 6
FAIL: gcc.dg/guality/vla-1.c   -Os  line 17 sizeof (a) == 6
FAIL: gcc.dg/simulate-thread/atomic-other-short.c   -O0 -g  thread simulation test
FAIL: gcc.dg/simulate-thread/atomic-other-short.c   -O2 -g  thread simulation test
FAIL: gcc.dg/simulate-thread/atomic-other-short.c   -O3 -g  thread simulation test
FAIL: gcc.dg/tree-ssa/ivopts-lt-2.c scan-tree-dump-times ivopts "PHI <p_" 1
FAIL: gcc.dg/tree-ssa/ivopts-lt-2.c scan-tree-dump-times ivopts "PHI" 1
FAIL: gcc.dg/tree-ssa/ivopts-lt-2.c scan-tree-dump-times ivopts "p_[0-9]* <" 1
FAIL: c-c++-common/ubsan/float-cast-overflow-8.c   -O2  output pattern test
FAIL: c-c++-common/ubsan/float-cast-overflow-8.c   -O2 -flto -fno-use-linker-plugin -flto-partition=none  output pattern test
FAIL: c-c++-common/ubsan/float-cast-overflow-8.c   -O2 -flto -fuse-linker-plugin -fno-fat-lto-objects  output pattern test
FAIL: gcc.dg/vect/costmodel/ppc/costmodel-vect-33.c scan-tree-dump-times vect "vectorization not profitable" 1
UNRESOLVED: gcc.target/powerpc/le-altivec-consts.c scan-assembler-not lvx
FAIL: gcc.target/powerpc/pr58673-2.c (test for excess errors)

		=== gcc Summary for unix ===

# of expected passes		106154
# of unexpected failures	214
# of unexpected successes	16
# of expected failures		307
# of unresolved testcases	1
# of unsupported tests		2241

Running target unix/-fstack-protector
FAIL: c-c++-common/asan/null-deref-1.c   -O2  output pattern test
FAIL: c-c++-common/asan/null-deref-1.c   -O2 -flto -fno-use-linker-plugin -flto-partition=none  output pattern test
FAIL: c-c++-common/asan/null-deref-1.c   -O2 -flto -fuse-linker-plugin -fno-fat-lto-objects  output pattern test
FAIL: c-c++-common/asan/null-deref-1.c   -O3 -fomit-frame-pointer  output pattern test
FAIL: c-c++-common/asan/null-deref-1.c   -O3 -g  output pattern test
FAIL: gcc.dg/cpp/trad/include.c (test for excess errors)
FAIL: gcc.dg/sms-4.c scan-rtl-dump-times sms "SMS succeeded" 1
FAIL: gcc.dg/stack-usage-1.c scan-file foo\\t(256|264)\\tstatic
FAIL: gcc.dg/superblock.c scan-rtl-dump-times sched2 "ADVANCING TO" 2
XPASS: gcc.dg/guality/example.c   -O0  execution test
XPASS: gcc.dg/guality/example.c   -O1  execution test
XPASS: gcc.dg/guality/guality.c   -O0  execution test
XPASS: gcc.dg/guality/guality.c   -O1  execution test
XPASS: gcc.dg/guality/guality.c   -O2  execution test
XPASS: gcc.dg/guality/guality.c   -O2 -flto -fno-use-linker-plugin -flto-partition=none  execution test
XPASS: gcc.dg/guality/guality.c   -O2 -flto -fuse-linker-plugin -fno-fat-lto-objects  execution test
XPASS: gcc.dg/guality/guality.c   -O3 -fomit-frame-pointer  execution test
XPASS: gcc.dg/guality/guality.c   -O3 -g  execution test
XPASS: gcc.dg/guality/guality.c   -Os  execution test
XPASS: gcc.dg/guality/inline-params.c   -O2  execution test
XPASS: gcc.dg/guality/inline-params.c   -O2 -flto -fno-use-linker-plugin -flto-partition=none  execution test
XPASS: gcc.dg/guality/inline-params.c   -O3 -fomit-frame-pointer  execution test
XPASS: gcc.dg/guality/inline-params.c   -O3 -g  execution test
XPASS: gcc.dg/guality/inline-params.c   -Os  execution test
FAIL: gcc.dg/guality/param-3.c   -O1  line 20 str.pa == 31415927
FAIL: gcc.dg/guality/param-3.c   -O1  line 20 str.pb == 27182818
FAIL: gcc.dg/guality/pr36728-1.c   -O2  line 18 y == 2
FAIL: gcc.dg/guality/pr36728-1.c   -O2 -flto -fno-use-linker-plugin -flto-partition=none  line 18 y == 2
FAIL: gcc.dg/guality/pr36728-1.c   -O2 -flto -fuse-linker-plugin -fno-fat-lto-objects  line 16 y == 2
FAIL: gcc.dg/guality/pr36728-1.c   -O2 -flto -fuse-linker-plugin -fno-fat-lto-objects  line 18 y == 2
FAIL: gcc.dg/guality/pr36728-1.c   -O3 -fomit-frame-pointer  line 18 y == 2
FAIL: gcc.dg/guality/pr36728-1.c   -O3 -g  line 18 y == 2
FAIL: gcc.dg/guality/pr36728-2.c   -O2  line 18 *x == (char) 25
FAIL: gcc.dg/guality/pr36728-2.c   -O2 -flto -fno-use-linker-plugin -flto-partition=none  line 18 *x == (char) 25
FAIL: gcc.dg/guality/pr36728-2.c   -O3 -fomit-frame-pointer  line 18 *x == (char) 25
FAIL: gcc.dg/guality/pr36728-2.c   -O3 -g  line 18 *x == (char) 25
FAIL: gcc.dg/guality/pr36728-2.c   -Os  line 18 y == 2
XPASS: gcc.dg/guality/pr41353-1.c   -O0  line 28 j == 28 + 37
FAIL: gcc.dg/guality/pr41616-1.c   -O2 -flto -fuse-linker-plugin -fno-fat-lto-objects  execution test
FAIL: gcc.dg/guality/pr43051-1.c   -O1  line 40 v == 1
FAIL: gcc.dg/guality/pr43051-1.c   -O2  line 40 v == 1
FAIL: gcc.dg/guality/pr43051-1.c   -O2 -flto -fno-use-linker-plugin -flto-partition=none  line 40 v == 1
FAIL: gcc.dg/guality/pr43051-1.c   -O2 -flto -fuse-linker-plugin -fno-fat-lto-objects  line 40 v == 1
FAIL: gcc.dg/guality/pr43051-1.c   -O3 -fomit-frame-pointer  line 35 v == 1
FAIL: gcc.dg/guality/pr43051-1.c   -O3 -fomit-frame-pointer  line 40 v == 1
FAIL: gcc.dg/guality/pr43051-1.c   -O3 -fomit-frame-pointer -funroll-all-loops -finline-functions  line 35 v == 1
FAIL: gcc.dg/guality/pr43051-1.c   -O3 -fomit-frame-pointer -funroll-all-loops -finline-functions  line 40 v == 1
FAIL: gcc.dg/guality/pr43051-1.c   -O3 -fomit-frame-pointer -funroll-loops  line 35 v == 1
FAIL: gcc.dg/guality/pr43051-1.c   -O3 -fomit-frame-pointer -funroll-loops  line 40 v == 1
FAIL: gcc.dg/guality/pr43051-1.c   -O3 -g  line 35 v == 1
FAIL: gcc.dg/guality/pr43051-1.c   -O3 -g  line 40 v == 1
FAIL: gcc.dg/guality/pr43051-1.c   -Os  line 40 v == 1
FAIL: gcc.dg/guality/pr43479.c   -O1  line 13 h == 9
FAIL: gcc.dg/guality/pr43479.c   -O1  line 18 h == 9
FAIL: gcc.dg/guality/pr43479.c   -O2  line 13 h == 9
FAIL: gcc.dg/guality/pr43479.c   -O2  line 18 h == 9
FAIL: gcc.dg/guality/pr43479.c   -O2 -flto -fno-use-linker-plugin -flto-partition=none  line 13 h == 9
FAIL: gcc.dg/guality/pr43479.c   -O2 -flto -fno-use-linker-plugin -flto-partition=none  line 18 h == 9
FAIL: gcc.dg/guality/pr43479.c   -O2 -flto -fuse-linker-plugin -fno-fat-lto-objects  line 13 h == 9
FAIL: gcc.dg/guality/pr43479.c   -O2 -flto -fuse-linker-plugin -fno-fat-lto-objects  line 18 h == 9
FAIL: gcc.dg/guality/pr43479.c   -O3 -fomit-frame-pointer  line 13 h == 9
FAIL: gcc.dg/guality/pr43479.c   -O3 -fomit-frame-pointer  line 18 h == 9
FAIL: gcc.dg/guality/pr43479.c   -O3 -g  line 13 h == 9
FAIL: gcc.dg/guality/pr43479.c   -O3 -g  line 18 h == 9
FAIL: gcc.dg/guality/pr43479.c   -Os  line 13 h == 9
FAIL: gcc.dg/guality/pr43479.c   -Os  line 18 h == 9
FAIL: gcc.dg/guality/pr45882.c   -O2 -flto -fuse-linker-plugin -fno-fat-lto-objects  line 16 d == 112
FAIL: gcc.dg/guality/pr45882.c   -O2 -flto -fuse-linker-plugin -fno-fat-lto-objects  line 16 e == 142
FAIL: gcc.dg/guality/pr54200.c   -O1  line 20 z == 3
FAIL: gcc.dg/guality/pr54200.c   -O2  line 20 z == 3
FAIL: gcc.dg/guality/pr54200.c   -O2 -flto -fno-use-linker-plugin -flto-partition=none  line 20 z == 3
FAIL: gcc.dg/guality/pr54200.c   -O2 -flto -fuse-linker-plugin -fno-fat-lto-objects  line 20 z == 3
FAIL: gcc.dg/guality/pr54200.c   -O3 -fomit-frame-pointer  line 20 z == 3
FAIL: gcc.dg/guality/pr54200.c   -O3 -g  line 20 z == 3
FAIL: gcc.dg/guality/pr54200.c   -Os  line 20 z == 3
FAIL: gcc.dg/guality/pr54519-1.c   -O1  line 20 x == 36
FAIL: gcc.dg/guality/pr54519-1.c   -O1  line 20 y == 25
FAIL: gcc.dg/guality/pr54519-1.c   -O1  line 23 x == 98
FAIL: gcc.dg/guality/pr54519-1.c   -O1  line 23 y == 117
FAIL: gcc.dg/guality/pr54519-1.c   -O2  line 20 x == 36
FAIL: gcc.dg/guality/pr54519-1.c   -O2  line 23 x == 98
FAIL: gcc.dg/guality/pr54519-1.c   -O2 -flto -fno-use-linker-plugin -flto-partition=none  line 20 x == 36
FAIL: gcc.dg/guality/pr54519-1.c   -O2 -flto -fno-use-linker-plugin -flto-partition=none  line 20 y == 25
FAIL: gcc.dg/guality/pr54519-1.c   -O2 -flto -fno-use-linker-plugin -flto-partition=none  line 20 z == 6
FAIL: gcc.dg/guality/pr54519-1.c   -O2 -flto -fno-use-linker-plugin -flto-partition=none  line 23 x == 98
FAIL: gcc.dg/guality/pr54519-1.c   -O2 -flto -fno-use-linker-plugin -flto-partition=none  line 23 y == 117
FAIL: gcc.dg/guality/pr54519-1.c   -O2 -flto -fno-use-linker-plugin -flto-partition=none  line 23 z == 8
FAIL: gcc.dg/guality/pr54519-1.c   -Os  line 20 x == 36
FAIL: gcc.dg/guality/pr54519-1.c   -Os  line 23 x == 98
FAIL: gcc.dg/guality/pr54519-2.c   -O1  line 17 x == 6
FAIL: gcc.dg/guality/pr54519-2.c   -O2 -flto -fno-use-linker-plugin -flto-partition=none  line 17 y == 25
FAIL: gcc.dg/guality/pr54519-2.c   -O2 -flto -fuse-linker-plugin -fno-fat-lto-objects  line 17 y == 25
FAIL: gcc.dg/guality/pr54519-3.c   -O1  line 20 x == 36
FAIL: gcc.dg/guality/pr54519-3.c   -O1  line 20 y == 25
FAIL: gcc.dg/guality/pr54519-3.c   -O1  line 20 z == 6
FAIL: gcc.dg/guality/pr54519-3.c   -O1  line 23 x == 98
FAIL: gcc.dg/guality/pr54519-3.c   -O1  line 23 y == 117
FAIL: gcc.dg/guality/pr54519-3.c   -O1  line 23 z == 8
FAIL: gcc.dg/guality/pr54519-3.c   -O2  line 20 z == 6
FAIL: gcc.dg/guality/pr54519-3.c   -O2  line 23 z == 8
FAIL: gcc.dg/guality/pr54519-3.c   -O2 -flto -fno-use-linker-plugin -flto-partition=none  line 20 y == 25
FAIL: gcc.dg/guality/pr54519-3.c   -O2 -flto -fno-use-linker-plugin -flto-partition=none  line 20 z == 6
FAIL: gcc.dg/guality/pr54519-3.c   -O2 -flto -fno-use-linker-plugin -flto-partition=none  line 23 y == 117
FAIL: gcc.dg/guality/pr54519-3.c   -O2 -flto -fno-use-linker-plugin -flto-partition=none  line 23 z == 8
FAIL: gcc.dg/guality/pr54519-3.c   -O2 -flto -fuse-linker-plugin -fno-fat-lto-objects  line 20 y == 25
FAIL: gcc.dg/guality/pr54519-3.c   -O2 -flto -fuse-linker-plugin -fno-fat-lto-objects  line 20 z == 6
FAIL: gcc.dg/guality/pr54519-3.c   -O2 -flto -fuse-linker-plugin -fno-fat-lto-objects  line 23 y == 117
FAIL: gcc.dg/guality/pr54519-3.c   -O2 -flto -fuse-linker-plugin -fno-fat-lto-objects  line 23 z == 8
FAIL: gcc.dg/guality/pr54519-3.c   -O3 -fomit-frame-pointer  line 20 z == 6
FAIL: gcc.dg/guality/pr54519-3.c   -O3 -fomit-frame-pointer  line 23 z == 8
FAIL: gcc.dg/guality/pr54519-3.c   -O3 -g  line 20 z == 6
FAIL: gcc.dg/guality/pr54519-3.c   -O3 -g  line 23 z == 8
FAIL: gcc.dg/guality/pr54519-3.c   -Os  line 20 z == 6
FAIL: gcc.dg/guality/pr54519-3.c   -Os  line 23 z == 8
FAIL: gcc.dg/guality/pr54519-4.c   -O1  line 17 x == 6
FAIL: gcc.dg/guality/pr54519-4.c   -O1  line 17 y == 25
FAIL: gcc.dg/guality/pr54519-4.c   -O2  line 17 y == 25
FAIL: gcc.dg/guality/pr54519-4.c   -O2 -flto -fno-use-linker-plugin -flto-partition=none  line 17 y == 25
FAIL: gcc.dg/guality/pr54519-4.c   -O2 -flto -fuse-linker-plugin -fno-fat-lto-objects  line 17 y == 25
FAIL: gcc.dg/guality/pr54519-4.c   -O3 -fomit-frame-pointer  line 17 y == 25
FAIL: gcc.dg/guality/pr54519-4.c   -O3 -g  line 17 y == 25
FAIL: gcc.dg/guality/pr54519-4.c   -Os  line 17 y == 25
FAIL: gcc.dg/guality/pr54519-5.c   -O1  line 17 x == 6
FAIL: gcc.dg/guality/pr54519-5.c   -O1  line 17 y == 25
FAIL: gcc.dg/guality/pr54519-5.c   -O2  line 17 y == 25
FAIL: gcc.dg/guality/pr54519-5.c   -O2 -flto -fno-use-linker-plugin -flto-partition=none  line 17 y == 25
FAIL: gcc.dg/guality/pr54519-5.c   -O2 -flto -fuse-linker-plugin -fno-fat-lto-objects  line 17 y == 25
FAIL: gcc.dg/guality/pr54519-5.c   -O3 -fomit-frame-pointer  line 17 y == 25
FAIL: gcc.dg/guality/pr54519-5.c   -O3 -g  line 17 y == 25
FAIL: gcc.dg/guality/pr54519-5.c   -Os  line 17 y == 25
FAIL: gcc.dg/guality/pr54551.c   -O1  line 18 a == 4
FAIL: gcc.dg/guality/pr54551.c   -O2  line 18 a == 4
FAIL: gcc.dg/guality/pr54551.c   -O2 -flto -fno-use-linker-plugin -flto-partition=none  line 18 a == 4
FAIL: gcc.dg/guality/pr54551.c   -O3 -fomit-frame-pointer  line 18 a == 4
FAIL: gcc.dg/guality/pr54551.c   -O3 -g  line 18 a == 4
FAIL: gcc.dg/guality/pr54551.c   -Os  line 18 a == 4
FAIL: gcc.dg/guality/pr54693-2.c   -O1  line 21 x == 10 - i
FAIL: gcc.dg/guality/pr54693-2.c   -O2  line 21 x == 10 - i
FAIL: gcc.dg/guality/pr54693-2.c   -O2 -flto -fno-use-linker-plugin -flto-partition=none  line 21 x == 10 - i
FAIL: gcc.dg/guality/pr54693-2.c   -O2 -flto -fuse-linker-plugin -fno-fat-lto-objects  line 21 x == 10 - i
FAIL: gcc.dg/guality/pr54693-2.c   -O3 -fomit-frame-pointer  line 21 x == 10 - i
FAIL: gcc.dg/guality/pr54693-2.c   -O3 -fomit-frame-pointer -funroll-all-loops -finline-functions  line 21 x == 10 - i
FAIL: gcc.dg/guality/pr54693-2.c   -O3 -fomit-frame-pointer -funroll-loops  line 21 x == 10 - i
FAIL: gcc.dg/guality/pr54693-2.c   -O3 -g  line 21 x == 10 - i
FAIL: gcc.dg/guality/pr54693-2.c   -Os  line 21 y == 20 - 2 * i
FAIL: gcc.dg/guality/pr54693-2.c   -Os  line 21 z == 30 - 3 * i
FAIL: gcc.dg/guality/pr54693.c   -O1  line 22 i == c - 48
FAIL: gcc.dg/guality/pr54693.c   -O2  line 22 i == c - 48
FAIL: gcc.dg/guality/pr54693.c   -O2 -flto -fno-use-linker-plugin -flto-partition=none  line 22 i == c - 48
FAIL: gcc.dg/guality/pr54693.c   -O2 -flto -fuse-linker-plugin -fno-fat-lto-objects  line 22 i == c - 48
FAIL: gcc.dg/guality/pr54693.c   -O3 -fomit-frame-pointer  line 22 i == c - 48
FAIL: gcc.dg/guality/pr54693.c   -O3 -fomit-frame-pointer -funroll-all-loops -finline-functions  line 22 i == c - 48
FAIL: gcc.dg/guality/pr54693.c   -O3 -fomit-frame-pointer -funroll-loops  line 22 i == c - 48
FAIL: gcc.dg/guality/pr54693.c   -O3 -g  line 22 i == c - 48
FAIL: gcc.dg/guality/pr54693.c   -Os  line 22 i == c - 48
FAIL: gcc.dg/guality/pr54970.c   -O1  line 15 a[0] == 1
FAIL: gcc.dg/guality/pr54970.c   -O1  line 20 a[0] == 1
FAIL: gcc.dg/guality/pr54970.c   -O1  line 25 a[0] == 1
FAIL: gcc.dg/guality/pr54970.c   -O1  line 31 a[0] == 4
FAIL: gcc.dg/guality/pr54970.c   -O1  line 36 a[0] == 4
FAIL: gcc.dg/guality/pr54970.c   -O1  line 45 a[0] == 4
FAIL: gcc.dg/guality/pr54970.c   -O1  line 45 p[-2] == 4
FAIL: gcc.dg/guality/pr54970.c   -O1  line 45 q[-1] == 4
FAIL: gcc.dg/guality/pr54970.c   -O2  line 15 a[0] == 1
FAIL: gcc.dg/guality/pr54970.c   -O2  line 20 a[0] == 1
FAIL: gcc.dg/guality/pr54970.c   -O2  line 25 a[0] == 1
FAIL: gcc.dg/guality/pr54970.c   -O2  line 31 a[0] == 4
FAIL: gcc.dg/guality/pr54970.c   -O2  line 36 a[0] == 4
FAIL: gcc.dg/guality/pr54970.c   -O2  line 45 a[0] == 4
FAIL: gcc.dg/guality/pr54970.c   -O2  line 45 p[-2] == 4
FAIL: gcc.dg/guality/pr54970.c   -O2  line 45 q[-1] == 4
FAIL: gcc.dg/guality/pr54970.c   -O2 -flto -fno-use-linker-plugin -flto-partition=none  line 15 a[0] == 1
FAIL: gcc.dg/guality/pr54970.c   -O2 -flto -fno-use-linker-plugin -flto-partition=none  line 20 a[0] == 1
FAIL: gcc.dg/guality/pr54970.c   -O2 -flto -fno-use-linker-plugin -flto-partition=none  line 25 a[0] == 1
FAIL: gcc.dg/guality/pr54970.c   -O2 -flto -fno-use-linker-plugin -flto-partition=none  line 31 a[0] == 4
FAIL: gcc.dg/guality/pr54970.c   -O2 -flto -fno-use-linker-plugin -flto-partition=none  line 36 a[0] == 4
FAIL: gcc.dg/guality/pr54970.c   -O2 -flto -fno-use-linker-plugin -flto-partition=none  line 45 a[0] == 4
FAIL: gcc.dg/guality/pr54970.c   -O2 -flto -fno-use-linker-plugin -flto-partition=none  line 45 p[-2] == 4
FAIL: gcc.dg/guality/pr54970.c   -O2 -flto -fno-use-linker-plugin -flto-partition=none  line 45 q[-1] == 4
FAIL: gcc.dg/guality/pr54970.c   -O2 -flto -fuse-linker-plugin -fno-fat-lto-objects  line 15 a[0] == 1
FAIL: gcc.dg/guality/pr54970.c   -O2 -flto -fuse-linker-plugin -fno-fat-lto-objects  line 20 a[0] == 1
FAIL: gcc.dg/guality/pr54970.c   -O2 -flto -fuse-linker-plugin -fno-fat-lto-objects  line 25 a[0] == 1
FAIL: gcc.dg/guality/pr54970.c   -O2 -flto -fuse-linker-plugin -fno-fat-lto-objects  line 31 a[0] == 4
FAIL: gcc.dg/guality/pr54970.c   -O2 -flto -fuse-linker-plugin -fno-fat-lto-objects  line 36 a[0] == 4
FAIL: gcc.dg/guality/pr54970.c   -O2 -flto -fuse-linker-plugin -fno-fat-lto-objects  line 45 a[0] == 4
FAIL: gcc.dg/guality/pr54970.c   -O2 -flto -fuse-linker-plugin -fno-fat-lto-objects  line 45 p[-2] == 4
FAIL: gcc.dg/guality/pr54970.c   -O2 -flto -fuse-linker-plugin -fno-fat-lto-objects  line 45 q[-1] == 4
FAIL: gcc.dg/guality/pr54970.c   -O3 -fomit-frame-pointer  line 15 a[0] == 1
FAIL: gcc.dg/guality/pr54970.c   -O3 -fomit-frame-pointer  line 20 a[0] == 1
FAIL: gcc.dg/guality/pr54970.c   -O3 -fomit-frame-pointer  line 25 a[0] == 1
FAIL: gcc.dg/guality/pr54970.c   -O3 -fomit-frame-pointer  line 31 a[0] == 4
FAIL: gcc.dg/guality/pr54970.c   -O3 -fomit-frame-pointer  line 36 a[0] == 4
FAIL: gcc.dg/guality/pr54970.c   -O3 -fomit-frame-pointer  line 45 a[0] == 4
FAIL: gcc.dg/guality/pr54970.c   -O3 -fomit-frame-pointer  line 45 p[-2] == 4
FAIL: gcc.dg/guality/pr54970.c   -O3 -fomit-frame-pointer  line 45 q[-1] == 4
FAIL: gcc.dg/guality/pr54970.c   -O3 -g  line 15 a[0] == 1
FAIL: gcc.dg/guality/pr54970.c   -O3 -g  line 20 a[0] == 1
FAIL: gcc.dg/guality/pr54970.c   -O3 -g  line 25 a[0] == 1
FAIL: gcc.dg/guality/pr54970.c   -O3 -g  line 31 a[0] == 4
FAIL: gcc.dg/guality/pr54970.c   -O3 -g  line 36 a[0] == 4
FAIL: gcc.dg/guality/pr54970.c   -O3 -g  line 45 a[0] == 4
FAIL: gcc.dg/guality/pr54970.c   -O3 -g  line 45 p[-2] == 4
FAIL: gcc.dg/guality/pr54970.c   -O3 -g  line 45 q[-1] == 4
FAIL: gcc.dg/guality/pr54970.c   -Os  line 15 a[0] == 1
FAIL: gcc.dg/guality/pr54970.c   -Os  line 20 a[0] == 1
FAIL: gcc.dg/guality/pr54970.c   -Os  line 25 a[0] == 1
FAIL: gcc.dg/guality/pr54970.c   -Os  line 31 a[0] == 4
FAIL: gcc.dg/guality/pr54970.c   -Os  line 36 a[0] == 4
FAIL: gcc.dg/guality/pr54970.c   -Os  line 45 a[0] == 4
FAIL: gcc.dg/guality/pr54970.c   -Os  line 45 p[-2] == 4
FAIL: gcc.dg/guality/pr54970.c   -Os  line 45 q[-1] == 4
FAIL: gcc.dg/guality/vla-1.c   -O1  line 17 sizeof (a) == 6
FAIL: gcc.dg/guality/vla-1.c   -O2  line 17 sizeof (a) == 6
FAIL: gcc.dg/guality/vla-1.c   -O2  line 24 sizeof (a) == 17 * sizeof (short)
FAIL: gcc.dg/guality/vla-1.c   -O2 -flto -fno-use-linker-plugin -flto-partition=none  line 17 sizeof (a) == 6
FAIL: gcc.dg/guality/vla-1.c   -O2 -flto -fno-use-linker-plugin -flto-partition=none  line 24 sizeof (a) == 17 * sizeof (short)
FAIL: gcc.dg/guality/vla-1.c   -O2 -flto -fuse-linker-plugin -fno-fat-lto-objects  line 17 sizeof (a) == 6
FAIL: gcc.dg/guality/vla-1.c   -O2 -flto -fuse-linker-plugin -fno-fat-lto-objects  line 24 sizeof (a) == 17 * sizeof (short)
FAIL: gcc.dg/guality/vla-1.c   -O3 -fomit-frame-pointer  line 17 sizeof (a) == 6
FAIL: gcc.dg/guality/vla-1.c   -O3 -fomit-frame-pointer  line 24 sizeof (a) == 17 * sizeof (short)
FAIL: gcc.dg/guality/vla-1.c   -O3 -g  line 17 sizeof (a) == 6
FAIL: gcc.dg/guality/vla-1.c   -O3 -g  line 24 sizeof (a) == 17 * sizeof (short)
FAIL: gcc.dg/guality/vla-1.c   -Os  line 17 sizeof (a) == 6
FAIL: gcc.dg/simulate-thread/atomic-other-short.c   -O0 -g  thread simulation test
FAIL: gcc.dg/simulate-thread/atomic-other-short.c   -O2 -g  thread simulation test
FAIL: gcc.dg/simulate-thread/atomic-other-short.c   -O3 -g  thread simulation test
FAIL: gcc.dg/tree-ssa/ivopts-lt-2.c scan-tree-dump-times ivopts "PHI <p_" 1
FAIL: gcc.dg/tree-ssa/ivopts-lt-2.c scan-tree-dump-times ivopts "PHI" 1
FAIL: gcc.dg/tree-ssa/ivopts-lt-2.c scan-tree-dump-times ivopts "p_[0-9]* <" 1
FAIL: c-c++-common/ubsan/float-cast-overflow-8.c   -O2  output pattern test
FAIL: c-c++-common/ubsan/float-cast-overflow-8.c   -O2 -flto -fno-use-linker-plugin -flto-partition=none  output pattern test
FAIL: c-c++-common/ubsan/float-cast-overflow-8.c   -O2 -flto -fuse-linker-plugin -fno-fat-lto-objects  output pattern test
FAIL: gcc.dg/vect/costmodel/ppc/costmodel-vect-33.c scan-tree-dump-times vect "vectorization not profitable" 1
UNRESOLVED: gcc.target/powerpc/le-altivec-consts.c scan-assembler-not lvx
FAIL: gcc.target/powerpc/pr58673-2.c (test for excess errors)

		=== gcc Summary for unix/-fstack-protector ===

# of expected passes		106146
# of unexpected failures	218
# of unexpected successes	16
# of expected failures		307
# of unresolved testcases	1
# of unsupported tests		2245

		=== gcc Summary ===

# of expected passes		212300
# of unexpected failures	432
# of unexpected successes	32
# of expected failures		614
# of unresolved testcases	2
# of unsupported tests		4486
/build/gcc-5-swoWo9/gcc-5-5.5.0/build/gcc/xgcc  version 5.5.0 20171010 (Debian 5.5.0-7) 

		=== gfortran tests ===


Running target unix
XPASS: gfortran.dg/default_format_2.f90   -O0  execution test
XPASS: gfortran.dg/default_format_2.f90   -O1  execution test
XPASS: gfortran.dg/default_format_2.f90   -O2  execution test
XPASS: gfortran.dg/default_format_2.f90   -O3 -fomit-frame-pointer  execution test
XPASS: gfortran.dg/default_format_2.f90   -O3 -fomit-frame-pointer -funroll-all-loops -finline-functions  execution test
XPASS: gfortran.dg/default_format_2.f90   -O3 -fomit-frame-pointer -funroll-loops  execution test
XPASS: gfortran.dg/default_format_2.f90   -O3 -g  execution test
XPASS: gfortran.dg/default_format_2.f90   -Os  execution test
XPASS: gfortran.dg/large_real_kind_form_io_2.f90   -O0  execution test
XPASS: gfortran.dg/large_real_kind_form_io_2.f90   -O1  execution test
XPASS: gfortran.dg/large_real_kind_form_io_2.f90   -O2  execution test
XPASS: gfortran.dg/large_real_kind_form_io_2.f90   -O3 -fomit-frame-pointer  execution test
XPASS: gfortran.dg/large_real_kind_form_io_2.f90   -O3 -fomit-frame-pointer -funroll-all-loops -finline-functions  execution test
XPASS: gfortran.dg/large_real_kind_form_io_2.f90   -O3 -fomit-frame-pointer -funroll-loops  execution test
XPASS: gfortran.dg/large_real_kind_form_io_2.f90   -O3 -g  execution test
XPASS: gfortran.dg/large_real_kind_form_io_2.f90   -Os  execution test

		=== gfortran Summary for unix ===

# of expected passes		50021
# of unexpected successes	16
# of expected failures		79
# of unsupported tests		104

Running target unix/-fstack-protector
XPASS: gfortran.dg/default_format_2.f90   -O0  execution test
XPASS: gfortran.dg/default_format_2.f90   -O1  execution test
XPASS: gfortran.dg/default_format_2.f90   -O2  execution test
XPASS: gfortran.dg/default_format_2.f90   -O3 -fomit-frame-pointer  execution test
XPASS: gfortran.dg/default_format_2.f90   -O3 -fomit-frame-pointer -funroll-all-loops -finline-functions  execution test
XPASS: gfortran.dg/default_format_2.f90   -O3 -fomit-frame-pointer -funroll-loops  execution test
XPASS: gfortran.dg/default_format_2.f90   -O3 -g  execution test
XPASS: gfortran.dg/default_format_2.f90   -Os  execution test
XPASS: gfortran.dg/large_real_kind_form_io_2.f90   -O0  execution test
XPASS: gfortran.dg/large_real_kind_form_io_2.f90   -O1  execution test
XPASS: gfortran.dg/large_real_kind_form_io_2.f90   -O2  execution test
XPASS: gfortran.dg/large_real_kind_form_io_2.f90   -O3 -fomit-frame-pointer  execution test
XPASS: gfortran.dg/large_real_kind_form_io_2.f90   -O3 -fomit-frame-pointer -funroll-all-loops -finline-functions  execution test
XPASS: gfortran.dg/large_real_kind_form_io_2.f90   -O3 -fomit-frame-pointer -funroll-loops  execution test
XPASS: gfortran.dg/large_real_kind_form_io_2.f90   -O3 -g  execution test
XPASS: gfortran.dg/large_real_kind_form_io_2.f90   -Os  execution test

		=== gfortran Summary for unix/-fstack-protector ===

# of expected passes		50021
# of unexpected successes	16
# of expected failures		79
# of unsupported tests		104

		=== gfortran Summary ===

# of expected passes		100042
# of unexpected successes	32
# of expected failures		158
# of unsupported tests		208
/build/gcc-5-swoWo9/gcc-5-5.5.0/build/gcc/gfortran  version 5.5.0 20171010 (Debian 5.5.0-7) 

		=== gnat tests ===


Running target unix
FAIL: gnat.dg/blkextract_from_reg.adb execution test
FAIL: gnat.dg/md5_test.adb execution test
FAIL: gnat.dg/unchecked_convert5.adb execution test
FAIL: gnat.dg/unchecked_convert6.adb execution test

		=== gnat Summary for unix ===

# of expected passes		1319
# of unexpected failures	4
# of expected failures		20
# of unsupported tests		15

Running target unix/-fstack-protector
FAIL: gnat.dg/blkextract_from_reg.adb execution test
FAIL: gnat.dg/md5_test.adb execution test
FAIL: gnat.dg/unchecked_convert5.adb execution test
FAIL: gnat.dg/unchecked_convert6.adb execution test

		=== gnat Summary for unix/-fstack-protector ===

# of expected passes		1319
# of unexpected failures	4
# of expected failures		20
# of unsupported tests		15

		=== gnat Summary ===

# of expected passes		2638
# of unexpected failures	8
# of expected failures		40
# of unsupported tests		30
/build/gcc-5-swoWo9/gcc-5-5.5.0/build/gnattools/gnatmake version 5.5.0

		=== go tests ===


Running target unix
FAIL: go.test/test/235.go execution,  -O2 -g 
FAIL: go.test/test/ken/cplx2.go execution,  -O2 -g 

		=== go Summary for unix ===

# of expected passes		7238
# of unexpected failures	2
# of expected failures		1
# of untested testcases		11
# of unsupported tests		3

Running target unix/-fstack-protector
FAIL: go.test/test/235.go execution,  -O2 -g 
FAIL: go.test/test/ken/cplx2.go execution,  -O2 -g 

		=== go Summary for unix/-fstack-protector ===

# of expected passes		7238
# of unexpected failures	2
# of expected failures		1
# of untested testcases		11
# of unsupported tests		3

		=== go Summary ===

# of expected passes		14476
# of unexpected failures	4
# of expected failures		2
# of untested testcases		22
# of unsupported tests		6
/build/gcc-5-swoWo9/gcc-5-5.5.0/build/gcc/gccgo  version 5.5.0 20171010 (Debian 5.5.0-7) 

		=== obj-c++ tests ===


Running target unix

		=== obj-c++ Summary for unix ===

# of expected passes		1445
# of expected failures		10
# of unsupported tests		86

Running target unix/-fstack-protector

		=== obj-c++ Summary for unix/-fstack-protector ===

# of expected passes		1445
# of expected failures		10
# of unsupported tests		86

		=== obj-c++ Summary ===

# of expected passes		2890
# of expected failures		20
# of unsupported tests		172
/build/gcc-5-swoWo9/gcc-5-5.5.0/build/gcc/xg++  version 5.5.0 20171010 (Debian 5.5.0-7) 

		=== objc tests ===


Running target unix

		=== objc Summary for unix ===

# of expected passes		3016
# of unsupported tests		74

Running target unix/-fstack-protector

		=== objc Summary for unix/-fstack-protector ===

# of expected passes		3016
# of unsupported tests		74

		=== objc Summary ===

# of expected passes		6032
# of unsupported tests		148
/build/gcc-5-swoWo9/gcc-5-5.5.0/build/gcc/xgcc  version 5.5.0 20171010 (Debian 5.5.0-7) 

		=== boehm-gc tests ===


Running target unix

		=== boehm-gc Summary for unix ===

# of expected passes		12
# of unsupported tests		1

Running target unix/-fstack-protector

		=== boehm-gc Summary for unix/-fstack-protector ===

# of expected passes		12
# of unsupported tests		1

		=== boehm-gc Summary ===

# of expected passes		24
# of unsupported tests		2
		=== libatomic tests ===


Running target unix

		=== libatomic Summary for unix ===

# of expected passes		54

Running target unix/-fstack-protector

		=== libatomic Summary for unix/-fstack-protector ===

# of expected passes		54

		=== libatomic Summary ===

# of expected passes		108
		=== libffi tests ===


Running target unix

		=== libffi Summary for unix ===

# of expected passes		1934
# of unsupported tests		28

Running target unix/-fstack-protector

		=== libffi Summary for unix/-fstack-protector ===

# of expected passes		1934
# of unsupported tests		28

		=== libffi Summary ===

# of expected passes		3868
# of unsupported tests		56
		=== libgo tests ===


Running target unix
FAIL: math
FAIL: net
FAIL: time

		=== libgo Summary ===

# of expected passes		121
# of unexpected failures	3
/build/gcc-5-swoWo9/gcc-5-5.5.0/build/./gcc/gccgo version 5.5.0 20171010 (Debian 5.5.0-7)

		=== libgomp tests ===


Running target unix

		=== libgomp Summary for unix ===

# of expected passes		5883
# of unsupported tests		296

Running target unix/-fstack-protector

		=== libgomp Summary for unix/-fstack-protector ===

# of expected passes		5883
# of unsupported tests		296

		=== libgomp Summary ===

# of expected passes		11766
# of unsupported tests		592
		=== libitm tests ===


Running target unix

		=== libitm Summary for unix ===

# of expected passes		26
# of expected failures		3
# of unsupported tests		1

Running target unix/-fstack-protector

		=== libitm Summary for unix/-fstack-protector ===

# of expected passes		26
# of expected failures		3
# of unsupported tests		1

		=== libitm Summary ===

# of expected passes		52
# of expected failures		6
# of unsupported tests		2
		=== libjava tests ===


Running target unix

		=== libjava Summary for unix ===

# of expected passes		2582
# of expected failures		4

Running target unix/-fstack-protector

		=== libjava Summary for unix/-fstack-protector ===

# of expected passes		2582
# of expected failures		4

		=== libjava Summary ===

# of expected passes		5164
# of expected failures		8
		=== libstdc++ tests ===


Running target unix
FAIL: 22_locale/numpunct/members/char/3.cc execution test
FAIL: 22_locale/time_get/get_date/wchar_t/4.cc execution test
FAIL: 27_io/basic_ios/copyfmt/char/1.cc execution test
FAIL: 27_io/basic_ios/exceptions/char/1.cc execution test
FAIL: 27_io/basic_istream/extractors_arithmetic/char/exceptions_failbit.cc execution test
FAIL: 27_io/basic_istream/extractors_arithmetic/wchar_t/exceptions_failbit.cc execution test
FAIL: 27_io/basic_istream/extractors_other/char/exceptions_null.cc execution test
FAIL: 27_io/basic_istream/extractors_other/wchar_t/exceptions_null.cc execution test
FAIL: 27_io/basic_istream/sentry/char/12297.cc execution test
FAIL: 27_io/basic_istream/sentry/wchar_t/12297.cc execution test
FAIL: 27_io/basic_ostream/inserters_other/char/exceptions_null.cc execution test
FAIL: 27_io/basic_ostream/inserters_other/wchar_t/exceptions_null.cc execution test
FAIL: 27_io/ios_base/storage/2.cc execution test

		=== libstdc++ Summary for unix ===

# of expected passes		10882
# of unexpected failures	13
# of expected failures		65
# of unsupported tests		242

Running target unix/-fstack-protector
FAIL: 22_locale/numpunct/members/char/3.cc execution test
FAIL: 22_locale/time_get/get_date/wchar_t/4.cc execution test
XPASS: 26_numerics/headers/cmath/c_math.cc execution test
FAIL: 27_io/basic_ios/copyfmt/char/1.cc execution test
FAIL: 27_io/basic_ios/exceptions/char/1.cc execution test
FAIL: 27_io/basic_istream/extractors_arithmetic/char/exceptions_failbit.cc execution test
FAIL: 27_io/basic_istream/extractors_arithmetic/wchar_t/exceptions_failbit.cc execution test
FAIL: 27_io/basic_istream/extractors_other/char/exceptions_null.cc execution test
FAIL: 27_io/basic_istream/extractors_other/wchar_t/exceptions_null.cc execution test
FAIL: 27_io/basic_istream/sentry/char/12297.cc execution test
FAIL: 27_io/basic_istream/sentry/wchar_t/12297.cc execution test
FAIL: 27_io/basic_ostream/inserters_other/char/exceptions_null.cc execution test
FAIL: 27_io/basic_ostream/inserters_other/wchar_t/exceptions_null.cc execution test
FAIL: 27_io/ios_base/storage/2.cc execution test

		=== libstdc++ Summary for unix/-fstack-protector ===

# of expected passes		4818
# of unexpected failures	13
# of unexpected successes	1
# of expected failures		61
# of unsupported tests		242

		=== libstdc++ Summary ===

# of expected passes		15700
# of unexpected failures	26
# of unexpected successes	1
# of expected failures		126
# of unsupported tests		484

Compiler version: 5.5.0 20171010 (Debian 5.5.0-7) 
Platform: powerpc64le-unknown-linux-gnu
configure flags: -v --with-pkgversion='Debian 5.5.0-7' --with-bugurl=file:///usr/share/doc/gcc-5/README.Bugs --enable-languages=c,ada,c++,java,go,d,fortran,objc,obj-c++ --prefix=/usr --program-suffix=-5 --enable-shared --enable-linker-build-id --libexecdir=/usr/lib --without-included-gettext --enable-threads=posix --libdir=/usr/lib --enable-nls --with-sysroot=/ --enable-clocale=gnu --enable-libstdcxx-debug --enable-libstdcxx-time=yes --with-default-libstdcxx-abi=new --enable-gnu-unique-object --disable-libquadmath --enable-plugin --with-system-zlib --disable-browser-plugin --enable-java-awt=gtk --enable-gtk-cairo --with-java-home=/usr/lib/jvm/java-1.5.0-gcj-5-ppc64el/jre --enable-java-home --with-jvm-root-dir=/usr/lib/jvm/java-1.5.0-gcj-5-ppc64el --with-jvm-jar-dir=/usr/lib/jvm-exports/java-1.5.0-gcj-5-ppc64el --with-arch-directory=ppc64le --with-ecj-jar=/usr/share/java/eclipse-ecj.jar --enable-objc-gc --enable-secureplt --with-cpu=power8 --enable-targets=powerpcle-linux --disable-multilib --enable-multiarch --with-long-double-128 --enable-checking=release --build=powerpc64le-linux-gnu --host=powerpc64le-linux-gnu --target=powerpc64le-linux-gnu
BOOT_CFLAGS=


Build Dependencies:
Desired=Unknown/Install/Remove/Purge/Hold
| Status=Not/Inst/Conf-files/Unpacked/halF-conf/Half-inst/trig-aWait/Trig-pend
|/ Err?=(none)/Reinst-required (Status,Err: uppercase=bad)
||/ Name                           Version            Architecture Description
+++-==============================-==================-============-===============================================================================
ii  binutils                       2.29.90.20180122-1 ppc64el      GNU assembler, linker and binary utilities
ii  binutils-common:ppc64el        2.29.90.20180122-1 ppc64el      Common files for the GNU assembler, linker and binary utilities
ii  binutils-powerpc64le-linux-gnu 2.29.90.20180122-1 ppc64el      GNU binary utilities, for powerpc64le-linux-gnu target
ii  g++-5                          5.5.0-6+b1         ppc64el      GNU C++ compiler
ii  g++-7                          7.2.0-20           ppc64el      GNU C++ compiler
ii  libc6:ppc64el                  2.26-5             ppc64el      GNU C Library: Shared libraries
ii  libgmp-dev:ppc64el             2:6.1.2+dfsg-2     ppc64el      Multiprecision arithmetic library developers tools
ii  libisl-dev:ppc64el             0.18-1             ppc64el      manipulating sets and relations of integer points bounded by linear constraints
ii  libmpc-dev:ppc64el             1.1.0-1            ppc64el      multiple precision complex floating-point library development package
ii  libmpfr-dev:ppc64el            4.0.0-5            ppc64el      multiple precision floating-point computation developers tools


gcc-gfdl-build:
  Build a dummy s-tm-texi without access to the texinfo sources

gcc-textdomain:
  Set gettext's domain and textdomain to the versioned package name.

gcc-driver-extra-langs:
  Add options and specs for languages that are not built from a source
  (but built from separate sources).

gcc-hash-style-gnu:
  Link using --hash-style=gnu (aarch64, alpha, amd64, armel, armhf, ia64,
  i386, powerpc, ppc64, s390, sparc)

gcc-abi_tag-backport:
  C++ PATCH for implicit abi_tag on template member function

libstdc++-pic:
  Build and install libstdc++_pic.a library.

libstdc++-doclink:
  adjust hrefs to point to the local documentation

libstdc++-man-3cxx:
  Install libstdc++ man pages with suffix .3cxx instead of .3

libstdc++-test-installed:
  Add support to run the libstdc++-v3 testsuite using the
  installed shared libraries.

libjava-stacktrace:
  libgcj: Lookup source file name and line number in separated
  debug files found in /usr/lib/debug

libjava-jnipath:
  - Add /usr/lib/jni and /usr/lib/<multiarch>/jni to java.library.path.
  - When running the i386 binaries on amd64, look in
  - /usr/lib32/gcj-x.y and /usr/lib32/jni instead.

libjava-sjlj:
  Don't try to use _Unwind_Backtrace on SJLJ targets.
  See bug #387875, #388505, GCC PR 29206.

libjava-disable-plugin:
  Don't build the gcjwebplugin, even when configured with --enable-plugin

alpha-no-ev4-directive:
  never emit .ev4 directive.

boehm-gc-getnprocs:
  boehm-gc/pthread_support.c (GC_get_nprocs): Use sysconf as fallback.

note-gnu-stack:
  Add .note.GNU-stack sections for gcc's crt files, libffi and boehm-gc
  Taken from FC.

libgomp-omp_h-multilib:
  Fix up omp.h for multilibs.

gccgo-version:
  Omit the subminor number from the go libdir

pr47818:
  Fix PR ada/47818: Pragma Assert is rejected with No_Implementation_Pragmas restriction.

gcc-base-version:
  Set base version to 5, introduce full version 5.x.y.

libgo-testsuite:
  Only run the libgo testsuite for flags configured in RUNTESTFLAGS

gcc-target-include-asm:
  Search \$(builddir)/sys-include for the asm header files

libgo-revert-timeout-exp:

libgo-setcontext-config:
  libgo: Overwrite the setcontext_clobbers_tls check on mips*

gcc-auto-build:
  Fix cross building a native compiler.

kfreebsd-unwind:
  DWARF2 EH unwinding support for AMD x86-64 and x86 KFreeBSD.

kfreebsd-boehm-gc:
  boehm-gc: use mmap instead of brk also on kfreebsd-*.

hurd-boehm-gc:

hurd-gprof:

libitm-no-fortify-source:
  Build libitm with -U_FORTIFY_SOURCE on x86 and x86_64.

sparc64-biarch-long-double-128:
  Fix --with-long-double-128 for sparc32 when defaulting to 64-bit.

gcc-ia64-bootstrap-ignore:
  Ignore bootstrap comparison failure on ia64. Filed upstream as
  PR middle-end/65874.

gotools-configury:
  Fix gotools cross build.

pr66368:
  PR go/66368, build libgo with -fno-stack-protector

pr67508:
  libgo: Fix PR go/67508, rewrite lfstack packing/unpacking
  to look more like that in Go

pr67590:
  Fix PR67590, setting objdump macro.

gcc-configure-pie:
  Add --enable-default-pie option to GCC configure

ada-gnattools-ldflags:
  Link gnat tools with the defaults LDFLAGS

libjit-ldflags:

pr69144:

pr66904:
  PR go/66904, pass linker flags from "#cgo pkg-config:" directives.

pr68273:

pr70218:
  Fix PR c++/70218 (illegal access to private field succeeds)

pr69148:
  Fix PR target/69148 (s390x), taken from the trunk

gcc-SOURCE_DATE_EPOCH:
  Allow embedded timestamps by C/C++ macros to be set externally

gcc-SOURCE_DATE_EPOCH-2:

pr70192:
  Fix PR driver/70192, taken from the trunk

gcc-ignore-fdebug-prefix-map-in-producer-string:
  Ignore -fdebug-prefix-map in producer string (taken from the trunk)

sparc64-cpu32-support:

libjava-mips64el:

libffi-pax:

libffi-race-condition:

pr77267:
  Fix PR target/77267 (x86), taken from the trunk.

pr71183:
  Fix PR preprocessor/71183, taken from the trunk

sanitizer-Fix-a-crash-in-SizeClassAllocator32-with-a:

asan-Enable-48-bit-VMA-support-on-aarch64:

libstdc++-functexcept:
  PR libstdc++/66145, std::ios_base::failure objects thrown from libstdc++.so use old ABI
  Just build src/c++11/functexcept.cc using the new ABI. It will break
  code, which will be handled in the archive by adding Breaks for the
  affected packages.  Third party code using such code will need a rebuild.

ada-arm:

ada-hurd:

ada-kfreebsd:
  add support for GNU/kFreeBSD.

ada-revert-pr63225:
  Revert the changes made to allow bootstrapping with -fno-inline.
  We allow inlining during bootstrap and this change breaks aliversion compatibility
  with earlier uploads of libgnatvsn5.  This patch shall be removed in the next
  major version of GNAT.

ada-driver-check:
  Simplify Ada driver check (we always build using the required
  Ada version. Needed for warnings on alpha.

ada-gcc-name:
  use gcc-5 instead of gcc as the command name.

ada-default-project-path:
  - Change the default search path for project files to the one specified
  by the Debian Policy for Ada: /usr/share/ada/adainclude.

ada-library-project-files-soname:
  - in project files, use the exact Library_Version provided, if any, as
  the soname of libraries; do not strip minor version numbers
  (PR ada/40025).

ada-link-lib:
  - Install the shared Ada libraries as '.so.1', not '.so' to conform
  to the Debian policy.
  - Don't include a runtime link path (-rpath), when linking binaries.
  - Build the shared libraries on hppa-linux.
  - Instead of building libada as a target library only, build it as
  both a host and, if different, target library.
  - Build the GNAT tools in their top-level directory; do not use
  recursive makefiles.
  - Link the GNAT tools dynamically.

ada-libgnatvsn:
  - Introduce a new shared library named libgnatvsn, containing
  common components of GNAT under the GNAT-Modified GPL, for
  use in GNAT tools, ASIS, GLADE and GPS.   Link the gnat tools
  against this new library.

ada-libgnatprj:
  - Introduce a new shared library named libgnatprj, containing
  the GNAT project file manager licensed under the pure GPL, for
  use in GNAT tools, GLADE and GPS.  Link the GNAT tools against
  this new library.

ada-gnattools-cross:
  - When building the native gnat, link the gnat tools against
  the build tree (build/\$(host_alias)/{libgnatvsn,libgnatprj}.)
  - When building a cross gnat, link against the libgnatvsn-5-dev
  and libgnatprj-5-dev packages.
  This link will be done by /usr/bin/\$(host_alias)-gnat*, thus
  the native gnat with the same major version will be required.

ada-acats:
  - When running the ACATS, look for the gnat tools in their new
  directory (build/gnattools), and for the shared libraries in
  build/gcc/ada/rts, build/libgnatvsn and build/libgnatprj.

libgnatprj-cross-hack:

ada-sjlj:

ada-link-shlib:
  In gnatlink, pass the options and libraries after objects to the
  linker to avoid link failures with --as-needed. Closes: #680292.

gdc-5:
  This implements D language support in the GCC back end, and adds
  relevant documentation about the GDC front end (code part).

gdc-versym-cpu:
  Implements D CPU version conditions.

gdc-versym-os:
  Implements D OS version conditions.

gdc-frontend-posix:
  Fix build of the D frontend on the Hurd and KFreeBSD.

gdc-base-version:
  Use the GCC base version for the D include dir name

gdc-profiledbuild:
  Don't build gdc build tools idgen and impcnvgen with profiling flags

gdc-libphobos-link:
  gdc: Always link with -ldl when linking with -lgphobos.

gdc-texinfo:
  Add macros for the gdc texinfo documentation.

gdc-driver-nophobos:
  Modify gdc driver to have no libphobos by default.

disable-gdc-tests:
  Disable D tests, hang on many buildds

gcc-sysroot:
  Allow building --with-sysroot=/

sys-auxv-header:
  Check for the sys/auxv.h header file.

libcilkrts-targets:
  Disable libcilkrts on KFreeBSD and the Hurd. See #734973.

go-use-gold:
  Pass -fuse-ld=gold to gccgo on targets supporting -fsplit-stack

arm-multilib-defaults:
  Set MULTILIB_DEFAULTS for ARM multilib builds

gcc-ice-dump:
  For ICEs, dump the preprocessed source file to stderr
  when in a distro build environment.

gcc-ice-apport:
  Report an ICE to apport (if apport is available
  and the environment variable GCC_NOAPPORT is not set)

skip-bootstrap-multilib:
  Skip non-default multilib and libstdc++-v3 debug builds in bootstrap builds

libjava-fixed-symlinks:
  Remove unneed '..' elements from symlinks in JAVA_HOME

libffi-ro-eh_frame_sect:
  PR libffi/47248, force a read only eh frame section.

gcc-multiarch:
  - Remaining multiarch patches, not yet submitted upstream.
  - Add MULTIARCH_DIRNAME definitions for multilib configurations,
  which are used for the non-multilib builds.

libjava-multiarch:
  Install libjava libraries to multiarch location

libjava-nobiarch-check:
  For biarch builds, disable the testsuite for the non-default architecture
  for runtime libraries, which are not built by default (libjava).

config-ml:
  - Disable some biarch libraries for biarch builds.
  - Fix multilib builds on kernels which don't support all multilibs.

g++-multiarch-incdir:
  Use /usr/include/<multiarch>/c++/4.x as the include directory
  for host dependent c++ header files.

canonical-cpppath:
  Don't use any relative path names for the standard include paths.

gcc-multilib-multiarch:
  Don't auto-detect multilib osdirnames.

libgomp-kfreebsd-testsuite:
  Disable lock-2.c test on kfreebsd-*

go-testsuite:
  Skip Go testcase on AArch64 which hangs on the buildds.

ada-749574:

ada-mips:
  Improve support for mips.

ada-bootstrap-compare:
  For the bootstrap comparison, ignore gcc/ada/a-except.o on
  mips and mipsel. See PR ada/65618.


Index Nav: [Date Index] [Subject Index] [Author Index] [Thread Index]
Message Nav: [Date Prev] [Date Next] [Thread Prev] [Thread Next]