This is the mail archive of the gcc-testresults@gcc.gnu.org mailing list for the GCC project.


Index Nav: [Date Index] [Subject Index] [Author Index] [Thread Index]
Message Nav: [Date Prev] [Date Next] [Thread Prev] [Thread Next]
Other format: [Raw text]

Results for 8.0.1 20180121 (experimental) [trunk revision 256932] (GCC) testsuite on hppa-unknown-linux-gnu


LAST_UPDATED: Sun Jan 21 15:37:26 UTC 2018 (revision 256932)

		=== acats tests ===

		=== acats Summary ===
# of expected passes		2320
# of unexpected failures	0
Native configuration is hppa-unknown-linux-gnu

		=== g++ tests ===


Running target unix
FAIL: c-c++-common/Warray-bounds-4.c  -std=gnu++11 strcpy (test for warnings, line 67)
FAIL: c-c++-common/Warray-bounds-4.c  -std=gnu++14 strcpy (test for warnings, line 67)
FAIL: c-c++-common/Warray-bounds-4.c  -std=gnu++98 strcpy (test for warnings, line 67)
FAIL: g++.dg/guality/pr55665.C   -O2  line 23 p == 40
FAIL: g++.dg/lto/pr83121  (test for LTO warnings, pr83121_0.C line 8)
FAIL: g++.dg/lto/pr83121  (test for LTO warnings, pr83121_1.C line 2)
FAIL: g++.dg/lto/pr83121  (test for LTO warnings, pr83121_1.C line 3)
FAIL: g++.dg/lto/pr83121 cp_lto_pr83121_0.o-cp_lto_pr83121_1.o link, -O0 -flto

		=== g++ Summary ===

# of expected passes		109991
# of unexpected failures	8
# of expected failures		479
# of unsupported tests		4838
/home/dave/gnu/gcc/objdir/gcc/xg++  version 8.0.1 20180121 (experimental) [trunk revision 256932] (GCC) 

		=== gcc tests ===


Running target unix
FAIL: gcc.dg/atomic/c11-atomic-exec-5.c   -O0  execution test
FAIL: gcc.dg/atomic/c11-atomic-exec-5.c   -O1  execution test
FAIL: gcc.dg/atomic/c11-atomic-exec-5.c   -O2  execution test
FAIL: gcc.dg/atomic/c11-atomic-exec-5.c   -O2 -flto -fno-use-linker-plugin -flto-partition=none  execution test
FAIL: gcc.dg/atomic/c11-atomic-exec-5.c   -O2 -flto -fuse-linker-plugin -fno-fat-lto-objects  execution test
FAIL: gcc.dg/atomic/c11-atomic-exec-5.c   -O3 -fomit-frame-pointer -funroll-loops -fpeel-loops -ftracer -finline-functions  execution test
FAIL: gcc.dg/atomic/c11-atomic-exec-5.c   -O3 -g  execution test
FAIL: gcc.dg/atomic/c11-atomic-exec-5.c   -Os  execution test
FAIL: c-c++-common/Warray-bounds-4.c  -Wc++-compat  strcpy (test for warnings, line 67)
FAIL: gcc.dg/pr83480.c (internal compiler error)
FAIL: gcc.dg/pr83480.c (test for excess errors)
XPASS: gcc.dg/guality/example.c   -O0  execution test
XPASS: gcc.dg/guality/guality.c   -O0  execution test
XPASS: gcc.dg/guality/inline-params.c   -O2  execution test
XPASS: gcc.dg/guality/inline-params.c   -O2 -flto -fno-use-linker-plugin -flto-partition=none  execution test
XPASS: gcc.dg/guality/inline-params.c   -O2 -flto -fuse-linker-plugin -fno-fat-lto-objects  execution test
XPASS: gcc.dg/guality/inline-params.c   -O3 -g  execution test
XPASS: gcc.dg/guality/inline-params.c   -Os  execution test
FAIL: gcc.dg/guality/nrv-1.c   -O2  line 20 a2.i[0] == 42
FAIL: gcc.dg/guality/nrv-1.c   -O2 -flto -fno-use-linker-plugin -flto-partition=none  line 20 a2.i[0] == 42
FAIL: gcc.dg/guality/nrv-1.c   -O2 -flto -fuse-linker-plugin -fno-fat-lto-objects  line 20 a2.i[0] == 42
FAIL: gcc.dg/guality/nrv-1.c   -O3 -g  line 20 a2.i[0] == 42
FAIL: gcc.dg/guality/nrv-1.c   -Os  line 20 a2.i[0] == 42
FAIL: gcc.dg/guality/pr36728-1.c   -O1  line 16 arg5 == 5
FAIL: gcc.dg/guality/pr36728-1.c   -O1  line 16 arg6 == 6
FAIL: gcc.dg/guality/pr36728-1.c   -O1  line 16 arg7 == 30
FAIL: gcc.dg/guality/pr36728-1.c   -O1  line 18 arg5 == 5
FAIL: gcc.dg/guality/pr36728-1.c   -O1  line 18 arg6 == 6
FAIL: gcc.dg/guality/pr36728-1.c   -O1  line 18 arg7 == 30
FAIL: gcc.dg/guality/pr36728-1.c   -O2  line 16 arg5 == 5
FAIL: gcc.dg/guality/pr36728-1.c   -O2  line 16 arg6 == 6
FAIL: gcc.dg/guality/pr36728-1.c   -O2  line 16 arg7 == 30
FAIL: gcc.dg/guality/pr36728-1.c   -O2  line 18 arg5 == 5
FAIL: gcc.dg/guality/pr36728-1.c   -O2  line 18 arg6 == 6
FAIL: gcc.dg/guality/pr36728-1.c   -O2  line 18 arg7 == 30
FAIL: gcc.dg/guality/pr36728-1.c   -O2 -flto -fno-use-linker-plugin -flto-partition=none  line 16 arg5 == 5
FAIL: gcc.dg/guality/pr36728-1.c   -O2 -flto -fno-use-linker-plugin -flto-partition=none  line 16 arg6 == 6
FAIL: gcc.dg/guality/pr36728-1.c   -O2 -flto -fno-use-linker-plugin -flto-partition=none  line 16 arg7 == 30
FAIL: gcc.dg/guality/pr36728-1.c   -O2 -flto -fno-use-linker-plugin -flto-partition=none  line 18 arg5 == 5
FAIL: gcc.dg/guality/pr36728-1.c   -O2 -flto -fno-use-linker-plugin -flto-partition=none  line 18 arg6 == 6
FAIL: gcc.dg/guality/pr36728-1.c   -O2 -flto -fno-use-linker-plugin -flto-partition=none  line 18 arg7 == 30
FAIL: gcc.dg/guality/pr36728-1.c   -O2 -flto -fuse-linker-plugin -fno-fat-lto-objects  line 16 y == 2
FAIL: gcc.dg/guality/pr36728-1.c   -Os  line 16 arg5 == 5
FAIL: gcc.dg/guality/pr36728-1.c   -Os  line 16 arg6 == 6
FAIL: gcc.dg/guality/pr36728-1.c   -Os  line 16 arg7 == 30
FAIL: gcc.dg/guality/pr36728-1.c   -Os  line 18 arg5 == 5
FAIL: gcc.dg/guality/pr36728-1.c   -Os  line 18 arg6 == 6
FAIL: gcc.dg/guality/pr36728-1.c   -Os  line 18 arg7 == 30
FAIL: gcc.dg/guality/pr36728-2.c   -O1  line 16 arg5 == 5
FAIL: gcc.dg/guality/pr36728-2.c   -O1  line 16 arg6 == 6
FAIL: gcc.dg/guality/pr36728-2.c   -O1  line 16 arg7 == 30
FAIL: gcc.dg/guality/pr36728-2.c   -O1  line 18 arg5 == 5
FAIL: gcc.dg/guality/pr36728-2.c   -O1  line 18 arg6 == 6
FAIL: gcc.dg/guality/pr36728-2.c   -O1  line 18 arg7 == 30
FAIL: gcc.dg/guality/pr36728-2.c   -O2  line 16 arg5 == 5
FAIL: gcc.dg/guality/pr36728-2.c   -O2  line 16 arg6 == 6
FAIL: gcc.dg/guality/pr36728-2.c   -O2  line 16 arg7 == 30
FAIL: gcc.dg/guality/pr36728-2.c   -O2  line 18 arg5 == 5
FAIL: gcc.dg/guality/pr36728-2.c   -O2  line 18 arg6 == 6
FAIL: gcc.dg/guality/pr36728-2.c   -O2  line 18 arg7 == 30
FAIL: gcc.dg/guality/pr36728-2.c   -O2 -flto -fno-use-linker-plugin -flto-partition=none  line 16 arg5 == 5
FAIL: gcc.dg/guality/pr36728-2.c   -O2 -flto -fno-use-linker-plugin -flto-partition=none  line 16 arg6 == 6
FAIL: gcc.dg/guality/pr36728-2.c   -O2 -flto -fno-use-linker-plugin -flto-partition=none  line 16 arg7 == 30
FAIL: gcc.dg/guality/pr36728-2.c   -O2 -flto -fno-use-linker-plugin -flto-partition=none  line 18 arg5 == 5
FAIL: gcc.dg/guality/pr36728-2.c   -O2 -flto -fno-use-linker-plugin -flto-partition=none  line 18 arg6 == 6
FAIL: gcc.dg/guality/pr36728-2.c   -O2 -flto -fno-use-linker-plugin -flto-partition=none  line 18 arg7 == 30
FAIL: gcc.dg/guality/pr36728-2.c   -O2 -flto -fuse-linker-plugin -fno-fat-lto-objects  line 16 arg1 == 1
FAIL: gcc.dg/guality/pr36728-2.c   -O2 -flto -fuse-linker-plugin -fno-fat-lto-objects  line 16 arg2 == 2
FAIL: gcc.dg/guality/pr36728-2.c   -O2 -flto -fuse-linker-plugin -fno-fat-lto-objects  line 16 arg3 == 3
FAIL: gcc.dg/guality/pr36728-2.c   -O2 -flto -fuse-linker-plugin -fno-fat-lto-objects  line 16 arg4 == 4
FAIL: gcc.dg/guality/pr36728-2.c   -O2 -flto -fuse-linker-plugin -fno-fat-lto-objects  line 16 arg5 == 5
FAIL: gcc.dg/guality/pr36728-2.c   -O2 -flto -fuse-linker-plugin -fno-fat-lto-objects  line 16 arg6 == 6
FAIL: gcc.dg/guality/pr36728-2.c   -O2 -flto -fuse-linker-plugin -fno-fat-lto-objects  line 16 arg7 == 30
FAIL: gcc.dg/guality/pr36728-2.c   -O2 -flto -fuse-linker-plugin -fno-fat-lto-objects  line 18 arg1 == 1
FAIL: gcc.dg/guality/pr36728-2.c   -O2 -flto -fuse-linker-plugin -fno-fat-lto-objects  line 18 arg2 == 2
FAIL: gcc.dg/guality/pr36728-2.c   -O2 -flto -fuse-linker-plugin -fno-fat-lto-objects  line 18 arg3 == 3
FAIL: gcc.dg/guality/pr36728-2.c   -O2 -flto -fuse-linker-plugin -fno-fat-lto-objects  line 18 arg4 == 4
FAIL: gcc.dg/guality/pr36728-2.c   -O2 -flto -fuse-linker-plugin -fno-fat-lto-objects  line 18 arg5 == 5
FAIL: gcc.dg/guality/pr36728-2.c   -O2 -flto -fuse-linker-plugin -fno-fat-lto-objects  line 18 arg6 == 6
FAIL: gcc.dg/guality/pr36728-2.c   -O2 -flto -fuse-linker-plugin -fno-fat-lto-objects  line 18 arg7 == 30
FAIL: gcc.dg/guality/pr36728-2.c   -O3 -g  line 16 arg1 == 1
FAIL: gcc.dg/guality/pr36728-2.c   -O3 -g  line 16 arg2 == 2
FAIL: gcc.dg/guality/pr36728-2.c   -O3 -g  line 16 arg3 == 3
FAIL: gcc.dg/guality/pr36728-2.c   -O3 -g  line 16 arg4 == 4
FAIL: gcc.dg/guality/pr36728-2.c   -O3 -g  line 16 arg5 == 5
FAIL: gcc.dg/guality/pr36728-2.c   -O3 -g  line 16 arg6 == 6
FAIL: gcc.dg/guality/pr36728-2.c   -O3 -g  line 16 arg7 == 30
FAIL: gcc.dg/guality/pr36728-2.c   -O3 -g  line 18 arg1 == 1
FAIL: gcc.dg/guality/pr36728-2.c   -O3 -g  line 18 arg2 == 2
FAIL: gcc.dg/guality/pr36728-2.c   -O3 -g  line 18 arg3 == 3
FAIL: gcc.dg/guality/pr36728-2.c   -O3 -g  line 18 arg4 == 4
FAIL: gcc.dg/guality/pr36728-2.c   -O3 -g  line 18 arg5 == 5
FAIL: gcc.dg/guality/pr36728-2.c   -O3 -g  line 18 arg6 == 6
FAIL: gcc.dg/guality/pr36728-2.c   -O3 -g  line 18 arg7 == 30
FAIL: gcc.dg/guality/pr36728-2.c   -Os  line 16 arg5 == 5
FAIL: gcc.dg/guality/pr36728-2.c   -Os  line 16 arg6 == 6
FAIL: gcc.dg/guality/pr36728-2.c   -Os  line 16 arg7 == 30
FAIL: gcc.dg/guality/pr36728-2.c   -Os  line 18 arg5 == 5
FAIL: gcc.dg/guality/pr36728-2.c   -Os  line 18 arg6 == 6
FAIL: gcc.dg/guality/pr36728-2.c   -Os  line 18 arg7 == 30
FAIL: gcc.dg/guality/pr36728-3.c   -O1  line 14 arg5 == 5
FAIL: gcc.dg/guality/pr36728-3.c   -O1  line 14 arg6 == 6
FAIL: gcc.dg/guality/pr36728-3.c   -O1  line 14 arg7 == 30
FAIL: gcc.dg/guality/pr36728-3.c   -O1  line 16 arg5 == 5
FAIL: gcc.dg/guality/pr36728-3.c   -O1  line 16 arg6 == 6
FAIL: gcc.dg/guality/pr36728-3.c   -O1  line 16 arg7 == 30
FAIL: gcc.dg/guality/pr36728-3.c   -O2  line 14 arg5 == 5
FAIL: gcc.dg/guality/pr36728-3.c   -O2  line 14 arg6 == 6
FAIL: gcc.dg/guality/pr36728-3.c   -O2  line 14 arg7 == 30
FAIL: gcc.dg/guality/pr36728-3.c   -O2  line 16 arg5 == 5
FAIL: gcc.dg/guality/pr36728-3.c   -O2  line 16 arg6 == 6
FAIL: gcc.dg/guality/pr36728-3.c   -O2  line 16 arg7 == 30
FAIL: gcc.dg/guality/pr36728-3.c   -O2 -flto -fno-use-linker-plugin -flto-partition=none  line 14 arg5 == 5
FAIL: gcc.dg/guality/pr36728-3.c   -O2 -flto -fno-use-linker-plugin -flto-partition=none  line 14 arg6 == 6
FAIL: gcc.dg/guality/pr36728-3.c   -O2 -flto -fno-use-linker-plugin -flto-partition=none  line 14 arg7 == 30
FAIL: gcc.dg/guality/pr36728-3.c   -O2 -flto -fno-use-linker-plugin -flto-partition=none  line 16 arg5 == 5
FAIL: gcc.dg/guality/pr36728-3.c   -O2 -flto -fno-use-linker-plugin -flto-partition=none  line 16 arg6 == 6
FAIL: gcc.dg/guality/pr36728-3.c   -O2 -flto -fno-use-linker-plugin -flto-partition=none  line 16 arg7 == 30
FAIL: gcc.dg/guality/pr36728-3.c   -Os  line 14 arg5 == 5
FAIL: gcc.dg/guality/pr36728-3.c   -Os  line 14 arg6 == 6
FAIL: gcc.dg/guality/pr36728-3.c   -Os  line 14 arg7 == 30
FAIL: gcc.dg/guality/pr36728-3.c   -Os  line 16 arg5 == 5
FAIL: gcc.dg/guality/pr36728-3.c   -Os  line 16 arg6 == 6
FAIL: gcc.dg/guality/pr36728-3.c   -Os  line 16 arg7 == 30
FAIL: gcc.dg/guality/pr36728-4.c   -O1  line 14 arg5 == 5
FAIL: gcc.dg/guality/pr36728-4.c   -O1  line 14 arg6 == 6
FAIL: gcc.dg/guality/pr36728-4.c   -O1  line 14 arg7 == 30
FAIL: gcc.dg/guality/pr36728-4.c   -O1  line 16 arg5 == 5
FAIL: gcc.dg/guality/pr36728-4.c   -O1  line 16 arg6 == 6
FAIL: gcc.dg/guality/pr36728-4.c   -O1  line 16 arg7 == 30
FAIL: gcc.dg/guality/pr36728-4.c   -O2  line 14 arg5 == 5
FAIL: gcc.dg/guality/pr36728-4.c   -O2  line 14 arg6 == 6
FAIL: gcc.dg/guality/pr36728-4.c   -O2  line 14 arg7 == 30
FAIL: gcc.dg/guality/pr36728-4.c   -O2  line 16 arg5 == 5
FAIL: gcc.dg/guality/pr36728-4.c   -O2  line 16 arg6 == 6
FAIL: gcc.dg/guality/pr36728-4.c   -O2  line 16 arg7 == 30
FAIL: gcc.dg/guality/pr36728-4.c   -O2 -flto -fno-use-linker-plugin -flto-partition=none  line 14 arg5 == 5
FAIL: gcc.dg/guality/pr36728-4.c   -O2 -flto -fno-use-linker-plugin -flto-partition=none  line 14 arg6 == 6
FAIL: gcc.dg/guality/pr36728-4.c   -O2 -flto -fno-use-linker-plugin -flto-partition=none  line 14 arg7 == 30
FAIL: gcc.dg/guality/pr36728-4.c   -O2 -flto -fno-use-linker-plugin -flto-partition=none  line 16 arg5 == 5
FAIL: gcc.dg/guality/pr36728-4.c   -O2 -flto -fno-use-linker-plugin -flto-partition=none  line 16 arg6 == 6
FAIL: gcc.dg/guality/pr36728-4.c   -O2 -flto -fno-use-linker-plugin -flto-partition=none  line 16 arg7 == 30
FAIL: gcc.dg/guality/pr36728-4.c   -Os  line 14 arg5 == 5
FAIL: gcc.dg/guality/pr36728-4.c   -Os  line 14 arg6 == 6
FAIL: gcc.dg/guality/pr36728-4.c   -Os  line 14 arg7 == 30
FAIL: gcc.dg/guality/pr36728-4.c   -Os  line 16 arg5 == 5
FAIL: gcc.dg/guality/pr36728-4.c   -Os  line 16 arg6 == 6
FAIL: gcc.dg/guality/pr36728-4.c   -Os  line 16 arg7 == 30
XPASS: gcc.dg/guality/pr41353-1.c   -O0  line 28 j == 28 + 37
FAIL: gcc.dg/guality/pr41404-1.c   -O2 -flto -fuse-linker-plugin -fno-fat-lto-objects  line 10 *foo == 'f'
FAIL: gcc.dg/guality/pr41404-1.c   -O2 -flto -fuse-linker-plugin -fno-fat-lto-objects  line 14 *foo == 'b'
FAIL: gcc.dg/guality/pr41404-1.c   -O2 -flto -fuse-linker-plugin -fno-fat-lto-objects  line 24 *foo == 'f'
FAIL: gcc.dg/guality/pr41447-1.c   -O1  execution test
FAIL: gcc.dg/guality/pr41447-1.c   -O2  execution test
FAIL: gcc.dg/guality/pr41447-1.c   -O2 -flto -fno-use-linker-plugin -flto-partition=none  execution test
FAIL: gcc.dg/guality/pr41447-1.c   -Os  execution test
FAIL: gcc.dg/guality/pr41616-1.c   -O1  execution test
FAIL: gcc.dg/guality/pr41616-1.c   -O2  execution test
FAIL: gcc.dg/guality/pr41616-1.c   -O2 -flto -fno-use-linker-plugin -flto-partition=none  execution test
FAIL: gcc.dg/guality/pr41616-1.c   -O2 -flto -fuse-linker-plugin -fno-fat-lto-objects  execution test
FAIL: gcc.dg/guality/pr41616-1.c   -O3 -g  execution test
FAIL: gcc.dg/guality/pr41616-1.c   -Os  execution test
FAIL: gcc.dg/guality/pr45882.c   -O2 -flto -fuse-linker-plugin -fno-fat-lto-objects  line 16 d == 112
FAIL: gcc.dg/guality/pr45882.c   -O2 -flto -fuse-linker-plugin -fno-fat-lto-objects  line 16 e == 142
FAIL: gcc.dg/guality/pr54200.c   -O2  line 20 z == 3
FAIL: gcc.dg/guality/pr54200.c   -O2 -flto -fno-use-linker-plugin -flto-partition=none  line 20 z == 3
FAIL: gcc.dg/guality/pr54200.c   -O3 -g  line 20 z == 3
FAIL: gcc.dg/guality/pr54200.c   -Os  line 20 z == 3
FAIL: gcc.dg/guality/pr54519-1.c   -O2 -flto -fno-use-linker-plugin -flto-partition=none  line 20 y == 25
FAIL: gcc.dg/guality/pr54519-1.c   -O2 -flto -fno-use-linker-plugin -flto-partition=none  line 20 z == 6
FAIL: gcc.dg/guality/pr54519-1.c   -O2 -flto -fno-use-linker-plugin -flto-partition=none  line 23 y == 117
FAIL: gcc.dg/guality/pr54519-1.c   -O2 -flto -fno-use-linker-plugin -flto-partition=none  line 23 z == 8
FAIL: gcc.dg/guality/pr54519-1.c   -Os  line 20 y == 25
FAIL: gcc.dg/guality/pr54519-1.c   -Os  line 23 y == 117
FAIL: gcc.dg/guality/pr54519-2.c   -O1  line 17 y == 25
FAIL: gcc.dg/guality/pr54519-2.c   -O2  line 17 y == 25
FAIL: gcc.dg/guality/pr54519-2.c   -O2 -flto -fno-use-linker-plugin -flto-partition=none  line 17 y == 25
FAIL: gcc.dg/guality/pr54519-2.c   -O2 -flto -fuse-linker-plugin -fno-fat-lto-objects  line 17 y == 25
FAIL: gcc.dg/guality/pr54519-2.c   -Os  line 17 y == 25
FAIL: gcc.dg/guality/pr54519-3.c   -O1  line 20 z == 6
FAIL: gcc.dg/guality/pr54519-3.c   -O1  line 23 z == 8
FAIL: gcc.dg/guality/pr54519-3.c   -O2  line 20 z == 6
FAIL: gcc.dg/guality/pr54519-3.c   -O2  line 23 z == 8
FAIL: gcc.dg/guality/pr54519-3.c   -O2 -flto -fno-use-linker-plugin -flto-partition=none  line 20 y == 25
FAIL: gcc.dg/guality/pr54519-3.c   -O2 -flto -fno-use-linker-plugin -flto-partition=none  line 20 z == 6
FAIL: gcc.dg/guality/pr54519-3.c   -O2 -flto -fno-use-linker-plugin -flto-partition=none  line 23 y == 117
FAIL: gcc.dg/guality/pr54519-3.c   -O2 -flto -fno-use-linker-plugin -flto-partition=none  line 23 z == 8
FAIL: gcc.dg/guality/pr54519-3.c   -O2 -flto -fuse-linker-plugin -fno-fat-lto-objects  line 20 y == 25
FAIL: gcc.dg/guality/pr54519-3.c   -O2 -flto -fuse-linker-plugin -fno-fat-lto-objects  line 20 z == 6
FAIL: gcc.dg/guality/pr54519-3.c   -O2 -flto -fuse-linker-plugin -fno-fat-lto-objects  line 23 y == 117
FAIL: gcc.dg/guality/pr54519-3.c   -O2 -flto -fuse-linker-plugin -fno-fat-lto-objects  line 23 z == 8
FAIL: gcc.dg/guality/pr54519-3.c   -O3 -g  line 20 z == 6
FAIL: gcc.dg/guality/pr54519-3.c   -O3 -g  line 23 z == 8
FAIL: gcc.dg/guality/pr54519-3.c   -Os  line 20 z == 6
FAIL: gcc.dg/guality/pr54519-3.c   -Os  line 23 z == 8
FAIL: gcc.dg/guality/pr54519-4.c   -O1  line 17 y == 25
FAIL: gcc.dg/guality/pr54519-4.c   -O2  line 17 y == 25
FAIL: gcc.dg/guality/pr54519-4.c   -O2 -flto -fno-use-linker-plugin -flto-partition=none  line 17 y == 25
FAIL: gcc.dg/guality/pr54519-4.c   -O2 -flto -fuse-linker-plugin -fno-fat-lto-objects  line 17 y == 25
FAIL: gcc.dg/guality/pr54519-4.c   -O3 -g  line 17 y == 25
FAIL: gcc.dg/guality/pr54519-4.c   -Os  line 17 y == 25
FAIL: gcc.dg/guality/pr54519-5.c   -O2 -flto -fno-use-linker-plugin -flto-partition=none  line 17 y == 25
FAIL: gcc.dg/guality/pr54519-5.c   -O2 -flto -fuse-linker-plugin -fno-fat-lto-objects  line 17 y == 25
XPASS: gcc.dg/guality/pr54970.c   -O0  line 31 a[0] == 4
XPASS: gcc.dg/guality/pr54970.c   -O0  line 36 a[0] == 4
XPASS: gcc.dg/guality/pr54970.c   -O0  line 45 a[0] == 4
XPASS: gcc.dg/guality/pr54970.c   -O0  line 45 p[-2] == 4
XPASS: gcc.dg/guality/pr54970.c   -O0  line 45 q[-1] == 4
FAIL: gcc.dg/guality/pr68860-1.c   -O1  line 14 arg5 == 5
FAIL: gcc.dg/guality/pr68860-1.c   -O1  line 14 arg6 == 6
FAIL: gcc.dg/guality/pr68860-1.c   -O1  line 14 arg7 == 30
FAIL: gcc.dg/guality/pr68860-1.c   -O1  line 14 arg8 == 7
FAIL: gcc.dg/guality/pr68860-1.c   -O1  line 16 arg5 == 5
FAIL: gcc.dg/guality/pr68860-1.c   -O1  line 16 arg6 == 6
FAIL: gcc.dg/guality/pr68860-1.c   -O1  line 16 arg7 == 30
FAIL: gcc.dg/guality/pr68860-1.c   -O1  line 16 arg8 == 7
FAIL: gcc.dg/guality/pr68860-1.c   -O2 -flto -fno-use-linker-plugin -flto-partition=none  line 14 arg1 == 1
FAIL: gcc.dg/guality/pr68860-1.c   -O2 -flto -fno-use-linker-plugin -flto-partition=none  line 14 arg2 == 2
FAIL: gcc.dg/guality/pr68860-1.c   -O2 -flto -fno-use-linker-plugin -flto-partition=none  line 14 arg3 == 3
FAIL: gcc.dg/guality/pr68860-1.c   -O2 -flto -fno-use-linker-plugin -flto-partition=none  line 14 arg4 == 4
FAIL: gcc.dg/guality/pr68860-1.c   -O2 -flto -fno-use-linker-plugin -flto-partition=none  line 14 arg5 == 5
FAIL: gcc.dg/guality/pr68860-1.c   -O2 -flto -fno-use-linker-plugin -flto-partition=none  line 14 arg6 == 6
FAIL: gcc.dg/guality/pr68860-1.c   -O2 -flto -fno-use-linker-plugin -flto-partition=none  line 16 arg1 == 1
FAIL: gcc.dg/guality/pr68860-1.c   -O2 -flto -fno-use-linker-plugin -flto-partition=none  line 16 arg2 == 2
FAIL: gcc.dg/guality/pr68860-1.c   -O2 -flto -fno-use-linker-plugin -flto-partition=none  line 16 arg3 == 3
FAIL: gcc.dg/guality/pr68860-1.c   -O2 -flto -fno-use-linker-plugin -flto-partition=none  line 16 arg4 == 4
FAIL: gcc.dg/guality/pr68860-1.c   -O2 -flto -fno-use-linker-plugin -flto-partition=none  line 16 arg5 == 5
FAIL: gcc.dg/guality/pr68860-1.c   -O2 -flto -fno-use-linker-plugin -flto-partition=none  line 16 arg6 == 6
FAIL: gcc.dg/guality/pr68860-1.c   -O2 -flto -fuse-linker-plugin -fno-fat-lto-objects  line 14 arg1 == 1
FAIL: gcc.dg/guality/pr68860-1.c   -O2 -flto -fuse-linker-plugin -fno-fat-lto-objects  line 14 arg2 == 2
FAIL: gcc.dg/guality/pr68860-1.c   -O2 -flto -fuse-linker-plugin -fno-fat-lto-objects  line 14 arg3 == 3
FAIL: gcc.dg/guality/pr68860-1.c   -O2 -flto -fuse-linker-plugin -fno-fat-lto-objects  line 14 arg4 == 4
FAIL: gcc.dg/guality/pr68860-1.c   -O2 -flto -fuse-linker-plugin -fno-fat-lto-objects  line 14 arg5 == 5
FAIL: gcc.dg/guality/pr68860-1.c   -O2 -flto -fuse-linker-plugin -fno-fat-lto-objects  line 14 arg6 == 6
FAIL: gcc.dg/guality/pr68860-1.c   -O2 -flto -fuse-linker-plugin -fno-fat-lto-objects  line 16 arg1 == 1
FAIL: gcc.dg/guality/pr68860-1.c   -O2 -flto -fuse-linker-plugin -fno-fat-lto-objects  line 16 arg2 == 2
FAIL: gcc.dg/guality/pr68860-1.c   -O2 -flto -fuse-linker-plugin -fno-fat-lto-objects  line 16 arg3 == 3
FAIL: gcc.dg/guality/pr68860-1.c   -O2 -flto -fuse-linker-plugin -fno-fat-lto-objects  line 16 arg4 == 4
FAIL: gcc.dg/guality/pr68860-1.c   -O2 -flto -fuse-linker-plugin -fno-fat-lto-objects  line 16 arg5 == 5
FAIL: gcc.dg/guality/pr68860-1.c   -O2 -flto -fuse-linker-plugin -fno-fat-lto-objects  line 16 arg6 == 6
FAIL: gcc.dg/guality/pr68860-2.c   -O1  line 14 arg5 == 5
FAIL: gcc.dg/guality/pr68860-2.c   -O1  line 14 arg6 == 6
FAIL: gcc.dg/guality/pr68860-2.c   -O1  line 14 arg7 == 30
FAIL: gcc.dg/guality/pr68860-2.c   -O1  line 14 arg8 == 7
FAIL: gcc.dg/guality/pr68860-2.c   -O1  line 16 arg5 == 5
FAIL: gcc.dg/guality/pr68860-2.c   -O1  line 16 arg6 == 6
FAIL: gcc.dg/guality/pr68860-2.c   -O1  line 16 arg7 == 30
FAIL: gcc.dg/guality/pr68860-2.c   -O1  line 16 arg8 == 7
FAIL: gcc.dg/guality/pr68860-2.c   -O2  line 14 arg5 == 5
FAIL: gcc.dg/guality/pr68860-2.c   -O2  line 14 arg6 == 6
FAIL: gcc.dg/guality/pr68860-2.c   -O2  line 14 arg7 == 30
FAIL: gcc.dg/guality/pr68860-2.c   -O2  line 14 arg8 == 7
FAIL: gcc.dg/guality/pr68860-2.c   -O2  line 16 arg5 == 5
FAIL: gcc.dg/guality/pr68860-2.c   -O2  line 16 arg6 == 6
FAIL: gcc.dg/guality/pr68860-2.c   -O2  line 16 arg7 == 30
FAIL: gcc.dg/guality/pr68860-2.c   -O2  line 16 arg8 == 7
FAIL: gcc.dg/guality/pr68860-2.c   -O2 -flto -fno-use-linker-plugin -flto-partition=none  line 14 arg5 == 5
FAIL: gcc.dg/guality/pr68860-2.c   -O2 -flto -fno-use-linker-plugin -flto-partition=none  line 14 arg6 == 6
FAIL: gcc.dg/guality/pr68860-2.c   -O2 -flto -fno-use-linker-plugin -flto-partition=none  line 14 arg7 == 30
FAIL: gcc.dg/guality/pr68860-2.c   -O2 -flto -fno-use-linker-plugin -flto-partition=none  line 14 arg8 == 7
FAIL: gcc.dg/guality/pr68860-2.c   -O2 -flto -fno-use-linker-plugin -flto-partition=none  line 16 arg5 == 5
FAIL: gcc.dg/guality/pr68860-2.c   -O2 -flto -fno-use-linker-plugin -flto-partition=none  line 16 arg6 == 6
FAIL: gcc.dg/guality/pr68860-2.c   -O2 -flto -fno-use-linker-plugin -flto-partition=none  line 16 arg7 == 30
FAIL: gcc.dg/guality/pr68860-2.c   -O2 -flto -fno-use-linker-plugin -flto-partition=none  line 16 arg8 == 7
FAIL: gcc.dg/guality/pr68860-2.c   -Os  line 14 arg5 == 5
FAIL: gcc.dg/guality/pr68860-2.c   -Os  line 14 arg6 == 6
FAIL: gcc.dg/guality/pr68860-2.c   -Os  line 14 arg7 == 30
FAIL: gcc.dg/guality/pr68860-2.c   -Os  line 14 arg8 == 7
FAIL: gcc.dg/guality/pr68860-2.c   -Os  line 16 arg5 == 5
FAIL: gcc.dg/guality/pr68860-2.c   -Os  line 16 arg6 == 6
FAIL: gcc.dg/guality/pr68860-2.c   -Os  line 16 arg7 == 30
FAIL: gcc.dg/guality/pr68860-2.c   -Os  line 16 arg8 == 7
FAIL: gcc.dg/guality/pr69947.c   -O1  line 14 b[4] == 'e'
FAIL: gcc.dg/guality/pr69947.c   -O2  line 14 b[4] == 'e'
FAIL: gcc.dg/guality/pr69947.c   -O2 -flto -fno-use-linker-plugin -flto-partition=none  line 14 b[4] == 'e'
FAIL: gcc.dg/guality/pr69947.c   -O2 -flto -fuse-linker-plugin -fno-fat-lto-objects  line 14 b[4] == 'e'
FAIL: gcc.dg/guality/pr69947.c   -O3 -g  line 14 b[4] == 'e'
FAIL: gcc.dg/guality/pr69947.c   -Os  line 14 b[4] == 'e'
FAIL: gcc.dg/guality/sra-1.c   -O1  line 43 a.j == 14
FAIL: gcc.dg/guality/sra-1.c   -O2  line 43 a.j == 14
FAIL: gcc.dg/guality/sra-1.c   -O2 -flto -fno-use-linker-plugin -flto-partition=none  line 43 a.j == 14
FAIL: gcc.dg/guality/sra-1.c   -O2 -flto -fuse-linker-plugin -fno-fat-lto-objects  line 43 a.j == 14
FAIL: gcc.dg/guality/sra-1.c   -O3 -g  line 43 a.j == 14
FAIL: gcc.dg/guality/sra-1.c   -Os  line 43 a.j == 14
FAIL: gcc.dg/guality/vla-1.c   -O1  line 17 sizeof (a) == 6
FAIL: gcc.dg/guality/vla-1.c   -O2  line 17 sizeof (a) == 6
FAIL: gcc.dg/guality/vla-1.c   -O2 -flto -fno-use-linker-plugin -flto-partition=none  line 17 sizeof (a) == 6
FAIL: gcc.dg/guality/vla-1.c   -O2 -flto -fno-use-linker-plugin -flto-partition=none  line 24 sizeof (a) == 17 * sizeof (short)
FAIL: gcc.dg/guality/vla-1.c   -O2 -flto -fuse-linker-plugin -fno-fat-lto-objects  line 17 sizeof (a) == 6
FAIL: gcc.dg/guality/vla-1.c   -O2 -flto -fuse-linker-plugin -fno-fat-lto-objects  line 24 sizeof (a) == 17 * sizeof (short)
FAIL: gcc.dg/guality/vla-1.c   -O3 -g  line 17 sizeof (a) == 6
FAIL: gcc.dg/guality/vla-1.c   -Os  line 17 sizeof (a) == 6
XPASS: gcc.dg/ipa/iinline-4.c scan-ipa-dump inline "hooray4[^\\\\n]*inline copy in test4"
FAIL: gcc.dg/ipa/inline-2.c scan-ipa-dump inline "op2 change 10.000000. of time"
FAIL: gcc.dg/ipa/inline-3.c scan-ipa-dump inline "Scaling time by probability:0.100000"
XPASS: gcc.dg/ipa/inline-5.c scan-ipa-dump-times fnsummary "Will be eliminated" 4
XPASS: gcc.dg/ipa/ipcp-cstagg-7.c scan-ipa-dump-times cp "Discovered an indirect call to a known target" 3
FAIL: gcc.dg/tree-ssa/builtin-sprintf-warn-18.c  (test for warnings, line 119)
FAIL: gcc.dg/tree-ssa/builtin-sprintf-warn-18.c  (test for warnings, line 121)
XPASS: gcc.dg/tree-ssa/loop-1.c scan-assembler-times foo 5
XPASS: gcc.dg/tree-ssa/vector-4.c scan-tree-dump-times gimple "VEC_PERM_EXPR <a, b, { 0, 4, 1, 5 }>;" 1
FAIL: gcc.target/hppa/shadd-3.c scan-assembler-times sh.add 5 (found 6 times)

		=== gcc Summary ===

# of expected passes		100524
# of unexpected failures	284
# of unexpected successes	18
# of expected failures		317
# of unsupported tests		2425
/home/dave/gnu/gcc/objdir/gcc/xgcc  version 8.0.1 20180121 (experimental) [trunk revision 256932] (GCC) 

		=== gfortran tests ===


Running target unix
FAIL: gfortran.dg/elemental_subroutine_3.f90   -O1  (test for excess errors)
FAIL: gfortran.dg/elemental_subroutine_3.f90   -O2  (test for excess errors)
FAIL: gfortran.dg/elemental_subroutine_3.f90   -O3 -fomit-frame-pointer -funroll-loops -fpeel-loops -ftracer -finline-functions  (test for excess errors)
FAIL: gfortran.dg/elemental_subroutine_3.f90   -O3 -g  (test for excess errors)
FAIL: gfortran.dg/elemental_subroutine_3.f90   -Os  (test for excess errors)
XPASS: gfortran.dg/pr45636.f90   -O   scan-tree-dump-times forwprop2 "memset" 0

		=== gfortran Summary ===

# of expected passes		45485
# of unexpected failures	5
# of unexpected successes	1
# of expected failures		91
# of unsupported tests		355
/home/dave/gnu/gcc/objdir/gcc/gfortran  version 8.0.1 20180121 (experimental) [trunk revision 256932] (GCC) 

		=== gnat tests ===


Running target unix
FAIL: gnat.dg/trampoline3.adb scan-assembler-not GNU-stack.*x

		=== gnat Summary ===

# of expected passes		2658
# of unexpected failures	1
# of expected failures		24
# of unsupported tests		20
/home/dave/gnu/gcc/objdir/gcc/gnatmake version 8.0.1 20180121 (experimental) [trunk revision 256932]

		=== obj-c++ tests ===


Running target unix

		=== obj-c++ Summary ===

# of expected passes		1464
# of expected failures		2
# of unsupported tests		77
/home/dave/gnu/gcc/objdir/gcc/xg++  version 8.0.1 20180121 (experimental) [trunk revision 256932] (GCC) 

		=== objc tests ===


Running target unix

		=== objc Summary ===

# of expected passes		2803
# of unsupported tests		68
/home/dave/gnu/gcc/objdir/gcc/xgcc  version 8.0.1 20180121 (experimental) [trunk revision 256932] (GCC) 

		=== libatomic tests ===


Running target unix

		=== libatomic Summary ===

# of expected passes		44
# of unsupported tests		5
		=== libgomp tests ===


Running target unix
FAIL: libgomp.c++/member-5.C execution test

		=== libgomp Summary ===

# of expected passes		5274
# of unexpected failures	1
# of unsupported tests		351
		=== libstdc++ tests ===


Running target unix
FAIL: 20_util/common_type/requirements/typedefs-1.cc (test for excess errors)
FAIL: 20_util/common_type/requirements/typedefs-1.cc execution test
FAIL: 26_numerics/headers/cmath/hypot.cc execution test
FAIL: 30_threads/condition_variable/54185.cc execution test
FAIL: ext/rope/pthread7-rope.cc execution test
WARNING: program timed out.
WARNING: program timed out.
FAIL: libstdc++-prettyprinters/80276.cc whatis p4
FAIL: libstdc++-prettyprinters/80276.cc whatis p4
FAIL: libstdc++-prettyprinters/cxx17.cc print ab
FAIL: libstdc++-prettyprinters/cxx17.cc print ab
FAIL: libstdc++-prettyprinters/cxx17.cc print ai
FAIL: libstdc++-prettyprinters/cxx17.cc print ai
FAIL: libstdc++-prettyprinters/cxx17.cc print am
FAIL: libstdc++-prettyprinters/cxx17.cc print am
FAIL: libstdc++-prettyprinters/cxx17.cc print ap
FAIL: libstdc++-prettyprinters/cxx17.cc print ap
FAIL: libstdc++-prettyprinters/cxx17.cc print as
FAIL: libstdc++-prettyprinters/cxx17.cc print as
FAIL: libstdc++-prettyprinters/cxx17.cc print as2
FAIL: libstdc++-prettyprinters/cxx17.cc print as2
FAIL: libstdc++-prettyprinters/libfundts.cc print ab
FAIL: libstdc++-prettyprinters/libfundts.cc print ab
FAIL: libstdc++-prettyprinters/libfundts.cc print ai
FAIL: libstdc++-prettyprinters/libfundts.cc print ai
FAIL: libstdc++-prettyprinters/libfundts.cc print am
FAIL: libstdc++-prettyprinters/libfundts.cc print am
FAIL: libstdc++-prettyprinters/libfundts.cc print ap
FAIL: libstdc++-prettyprinters/libfundts.cc print ap
FAIL: libstdc++-prettyprinters/libfundts.cc print as
FAIL: libstdc++-prettyprinters/libfundts.cc print as
FAIL: libstdc++-prettyprinters/libfundts.cc print as2
FAIL: libstdc++-prettyprinters/libfundts.cc print as2

		=== libstdc++ Summary ===

# of expected passes		11952
# of unexpected failures	31
# of expected failures		71
# of unsupported tests		629

Compiler version: 8.0.1 20180121 (experimental) [trunk revision 256932] (GCC) 
Platform: hppa-unknown-linux-gnu
configure flags: --with-gnu-as --with-gnu-ld --enable-shared --enable-multiarch --enable-linker-build-id --build=hppa-linux-gnu --host=hppa-linux-gnu --target=hppa-linux-gnu --prefix=/home/dave/opt/gnu/gcc/gcc-8 --with-local-prefix=/home/dave/opt/gnu --enable-threads=posix --enable-__cxa_atexit --build=hppa-linux-gnu --enable-clocale=gnu --enable-java-gc=boehm --enable-checking=release --enable-languages=c,c++,objc,fortran,obj-c++,ada,lto


Index Nav: [Date Index] [Subject Index] [Author Index] [Thread Index]
Message Nav: [Date Prev] [Date Next] [Thread Prev] [Thread Next]