This is the mail archive of the gcc-testresults@gcc.gnu.org mailing list for the GCC project.


Index Nav: [Date Index] [Subject Index] [Author Index] [Thread Index]
Message Nav: [Date Prev] [Date Next] [Thread Prev] [Thread Next]
Other format: [Raw text]

Results for 8.0.1 20180120 (experimental) [trunk revision 256911] (GCC) testsuite on m68k-unknown-linux-gnu


LAST_UPDATED: Sat Jan 20 02:00:59 UTC 2018 (revision 256911)

Target is m68k-unknown-linux-gnu
Host   is x86_64-suse-linux-gnu

		=== g++ tests ===


Running target aranym
FAIL: g++.dg/cdce3.C  -std=gnu++98  scan-tree-dump cdce "cdce3.C:106: note: function call is shrink-wrapped into error conditions."
FAIL: g++.dg/cdce3.C  -std=gnu++11  scan-tree-dump cdce "cdce3.C:106: note: function call is shrink-wrapped into error conditions."
FAIL: g++.dg/cdce3.C  -std=gnu++14  scan-tree-dump cdce "cdce3.C:106: note: function call is shrink-wrapped into error conditions."
FAIL: g++.dg/pr53037-1.C  -std=gnu++98  (test for warnings, line 38)
FAIL: g++.dg/pr53037-1.C  -std=gnu++98  (test for warnings, line 71)
FAIL: g++.dg/pr53037-1.C  -std=gnu++98 (test for excess errors)
FAIL: g++.dg/pr53037-1.C  -std=gnu++11  (test for warnings, line 38)
FAIL: g++.dg/pr53037-1.C  -std=gnu++11  (test for warnings, line 71)
FAIL: g++.dg/pr53037-1.C  -std=gnu++11 (test for excess errors)
FAIL: g++.dg/pr53037-1.C  -std=gnu++14  (test for warnings, line 38)
FAIL: g++.dg/pr53037-1.C  -std=gnu++14  (test for warnings, line 71)
FAIL: g++.dg/pr53037-1.C  -std=gnu++14 (test for excess errors)
FAIL: c-c++-common/gomp/atomic-10.c  -std=gnu++98  scan-tree-dump-times ompexp "__atomic_fetch_add" 4 (found 0 times)
FAIL: c-c++-common/gomp/atomic-10.c  -std=gnu++11  scan-tree-dump-times ompexp "__atomic_fetch_add" 4 (found 0 times)
FAIL: c-c++-common/gomp/atomic-10.c  -std=gnu++14  scan-tree-dump-times ompexp "__atomic_fetch_add" 4 (found 0 times)
FAIL: c-c++-common/gomp/atomic-3.c  -std=gnu++98  scan-tree-dump-times ompexp "xyzzy, 4" 1 (found 0 times)
FAIL: c-c++-common/gomp/atomic-3.c  -std=gnu++11  scan-tree-dump-times ompexp "xyzzy, 4" 1 (found 0 times)
FAIL: c-c++-common/gomp/atomic-3.c  -std=gnu++14  scan-tree-dump-times ompexp "xyzzy, 4" 1 (found 0 times)
FAIL: c-c++-common/gomp/atomic-9.c  -std=gnu++98  scan-tree-dump-times ompexp "__atomic_fetch_add" 1 (found 0 times)
FAIL: c-c++-common/gomp/atomic-9.c  -std=gnu++11  scan-tree-dump-times ompexp "__atomic_fetch_add" 1 (found 0 times)
FAIL: c-c++-common/gomp/atomic-9.c  -std=gnu++14  scan-tree-dump-times ompexp "__atomic_fetch_add" 1 (found 0 times)
FAIL: c-c++-common/torture/builtin-arith-overflow-p-1.c   -O2  execution test
FAIL: c-c++-common/torture/builtin-arith-overflow-p-1.c   -O2 -flto -fno-use-linker-plugin -flto-partition=none  execution test
FAIL: c-c++-common/torture/builtin-arith-overflow-p-1.c   -O2 -flto -fuse-linker-plugin -fno-fat-lto-objects  execution test
FAIL: c-c++-common/torture/builtin-arith-overflow-p-12.c   -O2  execution test
FAIL: c-c++-common/torture/builtin-arith-overflow-p-12.c   -O2 -flto -fno-use-linker-plugin -flto-partition=none  execution test
FAIL: c-c++-common/torture/builtin-arith-overflow-p-12.c   -O2 -flto -fuse-linker-plugin -fno-fat-lto-objects  execution test
FAIL: c-c++-common/torture/builtin-arith-overflow-p-13.c   -O2  execution test
FAIL: c-c++-common/torture/builtin-arith-overflow-p-13.c   -O2 -flto -fno-use-linker-plugin -flto-partition=none  execution test
FAIL: c-c++-common/torture/builtin-arith-overflow-p-13.c   -O2 -flto -fuse-linker-plugin -fno-fat-lto-objects  execution test
FAIL: c-c++-common/torture/builtin-arith-overflow-p-2.c   -O2  execution test
FAIL: c-c++-common/torture/builtin-arith-overflow-p-2.c   -O2 -flto -fno-use-linker-plugin -flto-partition=none  execution test
FAIL: c-c++-common/torture/builtin-arith-overflow-p-2.c   -O2 -flto -fuse-linker-plugin -fno-fat-lto-objects  execution test
FAIL: g++.old-deja/g++.abi/cxa_vec.C  -std=gnu++98 execution test
FAIL: g++.old-deja/g++.abi/cxa_vec.C  -std=gnu++11 execution test
FAIL: g++.old-deja/g++.abi/cxa_vec.C  -std=gnu++14 execution test

		=== g++ Summary ===

# of expected passes		109320
# of unexpected failures	36
# of expected failures		476
# of unsupported tests		4848
/daten/aranym/gcc/gcc-20180120/Build/gcc/xg++  version 8.0.1 20180120 (experimental) [trunk revision 256911] (GCC) 

Host   is x86_64-suse-linux-gnu

		=== gcc tests ===


Running target aranym
WARNING: program timed out.
FAIL: gcc.c-torture/execute/20000808-1.c   -O2  execution test
WARNING: program timed out.
FAIL: gcc.c-torture/execute/20010717-1.c   -Os  execution test
WARNING: program timed out.
FAIL: gcc.c-torture/execute/20030916-1.c   -O3 -g  execution test
WARNING: program timed out.
FAIL: gcc.c-torture/execute/cvt-1.c   -O2  execution test
FAIL: gcc.dg/atomic/c11-atomic-exec-5.c   -O0  execution test
FAIL: gcc.dg/atomic/c11-atomic-exec-5.c   -O1  execution test
FAIL: gcc.dg/atomic/c11-atomic-exec-5.c   -O2  execution test
FAIL: gcc.dg/atomic/c11-atomic-exec-5.c   -O3 -fomit-frame-pointer -funroll-loops -fpeel-loops -ftracer -finline-functions  execution test
FAIL: gcc.dg/atomic/c11-atomic-exec-5.c   -O3 -g  execution test
FAIL: gcc.dg/atomic/c11-atomic-exec-5.c   -Os  execution test
FAIL: gcc.dg/atomic/c11-atomic-exec-5.c   -O2 -flto -fno-use-linker-plugin -flto-partition=none  execution test
FAIL: gcc.dg/atomic/c11-atomic-exec-5.c   -O2 -flto -fuse-linker-plugin -fno-fat-lto-objects  execution test
FAIL: gcc.dg/binop-xor1.c scan-tree-dump-times optimized "\\\\^" 1 (found 0 times)
WARNING: program timed out.
FAIL: gcc.dg/fold-cstring.c execution test
FAIL: gcc.dg/ifcvt-4.c scan-rtl-dump ce1 "2 true changes made"
FAIL: gcc.dg/loop-9.c scan-rtl-dump loop2_invariant "Decided"
FAIL: gcc.dg/loop-9.c scan-rtl-dump loop2_invariant "without introducing a new temporary register"
FAIL: gcc.dg/pr21643.c scan-tree-dump-times reassoc1 "Optimizing range tests c_[0-9]*.D. -.0, 31. and -.32, 32.[\\n\\r]* into" 6 (found 5 times)
FAIL: gcc.dg/pr46309.c scan-tree-dump-times reassoc2 "Optimizing range tests [^\\r\\n]*_[0-9]* -.0, 0. and -.128, 128.[\\n\\r]* into" 1 (found 0 times)
FAIL: gcc.dg/pr46647.c scan-tree-dump-not optimized "memset"
FAIL: gcc.dg/pr53037-1.c  (test for warnings, line 42)
FAIL: gcc.dg/pr53037-1.c  (test for warnings, line 75)
FAIL: gcc.dg/pr53037-1.c (test for excess errors)
FAIL: gcc.dg/store_merging_8.c scan-tree-dump-times store-merging "Merging successful" 2 (found 4 times)
UNRESOLVED: gcc.dg/superblock.c scan-rtl-dump-times sched2 "ADVANCING TO" 2
FAIL: c-c++-common/gomp/atomic-10.c scan-tree-dump-times ompexp "__atomic_fetch_add" 4 (found 0 times)
FAIL: c-c++-common/gomp/atomic-3.c scan-tree-dump-times ompexp "xyzzy, 4" 1 (found 0 times)
FAIL: c-c++-common/gomp/atomic-9.c scan-tree-dump-times ompexp "__atomic_fetch_add" 1 (found 0 times)
XPASS: gcc.dg/guality/example.c   -O0  execution test
XPASS: gcc.dg/guality/example.c   -O1  execution test
XPASS: gcc.dg/guality/example.c   -O2  execution test
XPASS: gcc.dg/guality/example.c   -O3 -g  execution test
XPASS: gcc.dg/guality/example.c   -O2 -flto -fno-use-linker-plugin -flto-partition=none  execution test
XPASS: gcc.dg/guality/guality.c   -O0  execution test
XPASS: gcc.dg/guality/guality.c   -O1  execution test
XPASS: gcc.dg/guality/guality.c   -O2  execution test
XPASS: gcc.dg/guality/guality.c   -O3 -g  execution test
XPASS: gcc.dg/guality/guality.c   -Os  execution test
XPASS: gcc.dg/guality/guality.c   -O2 -flto -fno-use-linker-plugin -flto-partition=none  execution test
XPASS: gcc.dg/guality/guality.c   -O2 -flto -fuse-linker-plugin -fno-fat-lto-objects  execution test
XPASS: gcc.dg/guality/inline-params.c   -O2  execution test
XPASS: gcc.dg/guality/inline-params.c   -O3 -g  execution test
XPASS: gcc.dg/guality/inline-params.c   -Os  execution test
XPASS: gcc.dg/guality/inline-params.c   -O2 -flto -fno-use-linker-plugin -flto-partition=none  execution test
XPASS: gcc.dg/guality/inline-params.c   -O2 -flto -fuse-linker-plugin -fno-fat-lto-objects  execution test
FAIL: gcc.dg/guality/pr41616-1.c   -O3 -g  execution test
FAIL: gcc.dg/guality/pr41616-1.c   -O2 -flto -fuse-linker-plugin -fno-fat-lto-objects  execution test
WARNING: program timed out.
FAIL: gcc.dg/guality/pr68860-2.c   -O2 -flto -fuse-linker-plugin -fno-fat-lto-objects  execution test
FAIL: gcc.dg/ipa/inline-2.c scan-ipa-dump inline "op2 change 10.000000. of time"
FAIL: gcc.dg/ipa/inline-3.c scan-ipa-dump inline "Scaling time by probability:0.100000"
FAIL: gcc.dg/ipa/propalign-1.c scan-tree-dump-not optimized "fail_the_test"
FAIL: gcc.dg/ipa/propalign-2.c scan-tree-dump-not optimized "fail_the_test"
FAIL: c-c++-common/torture/builtin-arith-overflow-p-1.c   -O2  execution test
FAIL: c-c++-common/torture/builtin-arith-overflow-p-1.c   -O2 -flto -fno-use-linker-plugin -flto-partition=none  execution test
FAIL: c-c++-common/torture/builtin-arith-overflow-p-1.c   -O2 -flto -fuse-linker-plugin -fno-fat-lto-objects  execution test
FAIL: c-c++-common/torture/builtin-arith-overflow-p-12.c   -O2  execution test
FAIL: c-c++-common/torture/builtin-arith-overflow-p-12.c   -O2 -flto -fno-use-linker-plugin -flto-partition=none  execution test
FAIL: c-c++-common/torture/builtin-arith-overflow-p-12.c   -O2 -flto -fuse-linker-plugin -fno-fat-lto-objects  execution test
FAIL: c-c++-common/torture/builtin-arith-overflow-p-13.c   -O2  execution test
FAIL: c-c++-common/torture/builtin-arith-overflow-p-13.c   -O2 -flto -fno-use-linker-plugin -flto-partition=none  execution test
FAIL: c-c++-common/torture/builtin-arith-overflow-p-13.c   -O2 -flto -fuse-linker-plugin -fno-fat-lto-objects  execution test
FAIL: c-c++-common/torture/builtin-arith-overflow-p-2.c   -O2  execution test
FAIL: c-c++-common/torture/builtin-arith-overflow-p-2.c   -O2 -flto -fno-use-linker-plugin -flto-partition=none  execution test
FAIL: c-c++-common/torture/builtin-arith-overflow-p-2.c   -O2 -flto -fuse-linker-plugin -fno-fat-lto-objects  execution test
WARNING: program timed out.
FAIL: c-c++-common/torture/pr83553.c   -O2 -flto -fuse-linker-plugin -fno-fat-lto-objects  execution test
WARNING: program timed out.
FAIL: c-c++-common/torture/vector-shift2.c   -O3 -g  execution test
WARNING: program timed out.
FAIL: gcc.dg/torture/float32-tg-2.c   -O1  execution test
FAIL: gcc.dg/torture/pr68264.c   -O1  execution test
FAIL: gcc.dg/torture/pr68264.c   -O2  execution test
FAIL: gcc.dg/torture/pr68264.c   -O3 -g  execution test
FAIL: gcc.dg/torture/pr68264.c   -O2 -flto -fno-use-linker-plugin -flto-partition=none  execution test
FAIL: gcc.dg/torture/pr68264.c   -O2 -flto -fuse-linker-plugin -fno-fat-lto-objects  execution test
WARNING: program timed out.
FAIL: gcc.dg/torture/stackalign/setjmp-3.c   -O2 -flto -fuse-linker-plugin -fno-fat-lto-objects  execution test
FAIL: gcc.dg/tree-prof/stringop-2.c scan-tree-dump optimized "MEM\\\\[\\\\(void .\\\\)&a\\\\] = 168430090"
FAIL: gcc.dg/tree-ssa/phi-opt-11.c scan-tree-dump-times optimized "if" 0 (found 2 times)
FAIL: gcc.dg/tree-ssa/ssa-dom-thread-11.c scan-tree-dump-times dom2 "Threaded" 1 (found 2 times)
FAIL: gcc.dg/tree-ssa/ssa-dom-thread-14.c scan-tree-dump-times dom2 "Threaded" 1 (found 8 times)
FAIL: gcc.dg/tree-ssa/ssa-dom-thread-16.c scan-tree-dump-times dom2 "Threaded" 1 (found 2 times)
FAIL: gcc.dg/tree-ssa/ssa-dom-thread-4.c scan-tree-dump-times vrp1 "Threaded" 3 (found 4 times)
FAIL: gcc.target/m68k/20100512-1.c scan-assembler-times __stack_chk_guard 4 (found 0 times)
FAIL: gcc.target/m68k/tls-gd-xgot.c scan-assembler #foo@TLSGD,%[ad][0-7]
FAIL: gcc.target/m68k/tls-ie-xgot.c scan-assembler #foo@TLSIE,%[ad][0-7]
FAIL: gcc.target/m68k/tls-ld-xgot-xtls.c scan-assembler #foo@TLSLDM,%[ad][0-7]
FAIL: gcc.target/m68k/tls-ld-xgot.c scan-assembler #foo@TLSLDM,%[ad][0-7]
FAIL: gcc.target/m68k/tls-ld-xgot.c scan-assembler lea \\\\(foo@TLSLDO,%a0\\\\)
FAIL: gcc.target/m68k/tls-ld.c scan-assembler lea \\\\(foo@TLSLDO,%a0\\\\)
FAIL: gcc.target/m68k/tls-le.c scan-assembler lea \\\\(foo@TLSLE,%a0\\\\)

		=== gcc Summary ===

# of expected passes		98412
# of unexpected failures	69
# of unexpected successes	17
# of expected failures		271
# of unresolved testcases	1
# of unsupported tests		2342
/daten/aranym/gcc/gcc-20180120/Build/gcc/xgcc  version 8.0.1 20180120 (experimental) [trunk revision 256911] (GCC) 

Host   is x86_64-suse-linux-gnu

		=== gfortran tests ===


Running target aranym
FAIL: gfortran.dg/alloc_comp_class_5.f03   -O1  execution test
FAIL: gfortran.dg/alloc_comp_class_5.f03   -O2  execution test
FAIL: gfortran.dg/alloc_comp_class_5.f03   -O3 -fomit-frame-pointer -funroll-loops -fpeel-loops -ftracer -finline-functions  execution test
FAIL: gfortran.dg/alloc_comp_class_5.f03   -O3 -g  execution test
FAIL: gfortran.dg/alloc_comp_class_5.f03   -Os  execution test
FAIL: gfortran.dg/allocate_class_3.f90   -O1  execution test
FAIL: gfortran.dg/allocate_class_3.f90   -O2  execution test
FAIL: gfortran.dg/allocate_class_3.f90   -O3 -fomit-frame-pointer -funroll-loops -fpeel-loops -ftracer -finline-functions  execution test
FAIL: gfortran.dg/allocate_class_3.f90   -O3 -g  execution test
FAIL: gfortran.dg/allocate_class_3.f90   -Os  execution test
FAIL: gfortran.dg/allocate_with_source_11.f08   -O1  execution test
FAIL: gfortran.dg/allocate_with_source_11.f08   -O2  execution test
FAIL: gfortran.dg/allocate_with_source_11.f08   -Os  execution test
FAIL: gfortran.dg/allocate_with_source_8.f08   -O1  execution test
FAIL: gfortran.dg/allocate_with_source_8.f08   -O2  execution test
FAIL: gfortran.dg/allocate_with_source_8.f08   -O3 -fomit-frame-pointer -funroll-loops -fpeel-loops -ftracer -finline-functions  execution test
FAIL: gfortran.dg/allocate_with_source_8.f08   -O3 -g  execution test
FAIL: gfortran.dg/allocate_with_source_8.f08   -Os  execution test
FAIL: gfortran.dg/bessel_6.f90   -O0  execution test
FAIL: gfortran.dg/bessel_6.f90   -O1  execution test
FAIL: gfortran.dg/bessel_6.f90   -O2  execution test
FAIL: gfortran.dg/bessel_6.f90   -O3 -fomit-frame-pointer -funroll-loops -fpeel-loops -ftracer -finline-functions  execution test
FAIL: gfortran.dg/bessel_6.f90   -O3 -g  execution test
FAIL: gfortran.dg/bessel_6.f90   -Os  execution test
FAIL: gfortran.dg/class_67.f90   -O1  execution test
FAIL: gfortran.dg/class_67.f90   -O2  execution test
FAIL: gfortran.dg/class_67.f90   -O3 -fomit-frame-pointer -funroll-loops -fpeel-loops -ftracer -finline-functions  execution test
FAIL: gfortran.dg/class_67.f90   -O3 -g  execution test
FAIL: gfortran.dg/class_67.f90   -Os  execution test
FAIL: gfortran.dg/class_allocate_19.f03   -O1  execution test
FAIL: gfortran.dg/class_allocate_19.f03   -O2  execution test
FAIL: gfortran.dg/class_allocate_19.f03   -O3 -fomit-frame-pointer -funroll-loops -fpeel-loops -ftracer -finline-functions  execution test
FAIL: gfortran.dg/class_allocate_19.f03   -O3 -g  execution test
FAIL: gfortran.dg/class_allocate_19.f03   -Os  execution test
FAIL: gfortran.dg/class_allocate_22.f90   -O1  execution test
FAIL: gfortran.dg/class_allocate_22.f90   -O2  execution test
FAIL: gfortran.dg/class_allocate_22.f90   -O3 -fomit-frame-pointer -funroll-loops -fpeel-loops -ftracer -finline-functions  execution test
FAIL: gfortran.dg/class_allocate_22.f90   -O3 -g  execution test
FAIL: gfortran.dg/class_allocate_22.f90   -Os  execution test
FAIL: gfortran.dg/class_array_3.f03   -O1  execution test
FAIL: gfortran.dg/class_array_3.f03   -O2  execution test
FAIL: gfortran.dg/class_array_3.f03   -O3 -fomit-frame-pointer -funroll-loops -fpeel-loops -ftracer -finline-functions  execution test
FAIL: gfortran.dg/class_array_3.f03   -O3 -g  execution test
FAIL: gfortran.dg/class_array_3.f03   -Os  execution test
FAIL: gfortran.dg/coarray_allocate_5.f08   -O1  execution test
FAIL: gfortran.dg/coarray_allocate_5.f08   -O2  execution test
FAIL: gfortran.dg/coarray_allocate_5.f08   -O3 -fomit-frame-pointer -funroll-loops -fpeel-loops -ftracer -finline-functions  execution test
FAIL: gfortran.dg/coarray_allocate_5.f08   -O3 -g  execution test
FAIL: gfortran.dg/coarray_allocate_5.f08   -Os  execution test
FAIL: gfortran.dg/common_14.f90   -O   (test for warnings, line 16)
FAIL: gfortran.dg/common_14.f90   -O   (test for warnings, line 22)
FAIL: gfortran.dg/common_14.f90   -O  (test for excess errors)
FAIL: gfortran.dg/common_16.f90   -O   (test for warnings, line 10)
FAIL: gfortran.dg/common_16.f90   -O  (test for excess errors)
FAIL: gfortran.dg/common_5.f   -O   (test for warnings, line 7)
FAIL: gfortran.dg/common_align_2.f90   -O0   (test for warnings, line 23)
FAIL: gfortran.dg/common_align_2.f90   -O0  execution test
FAIL: gfortran.dg/common_align_2.f90   -O1   (test for warnings, line 23)
FAIL: gfortran.dg/common_align_2.f90   -O1  execution test
FAIL: gfortran.dg/common_align_2.f90   -O2   (test for warnings, line 23)
FAIL: gfortran.dg/common_align_2.f90   -O2  execution test
FAIL: gfortran.dg/common_align_2.f90   -O3 -fomit-frame-pointer -funroll-loops -fpeel-loops -ftracer -finline-functions   (test for warnings, line 23)
FAIL: gfortran.dg/common_align_2.f90   -O3 -fomit-frame-pointer -funroll-loops -fpeel-loops -ftracer -finline-functions  execution test
FAIL: gfortran.dg/common_align_2.f90   -O3 -g   (test for warnings, line 23)
FAIL: gfortran.dg/common_align_2.f90   -O3 -g  execution test
FAIL: gfortran.dg/common_align_2.f90   -Os   (test for warnings, line 23)
FAIL: gfortran.dg/common_align_2.f90   -Os  execution test
WARNING: program timed out.
FAIL: gfortran.dg/common_equivalence_1.f   -Os  execution test
FAIL: gfortran.dg/dec_parameter_1.f   -O2  execution test
FAIL: gfortran.dg/dec_parameter_1.f   -O3 -fomit-frame-pointer -funroll-loops -fpeel-loops -ftracer -finline-functions  execution test
FAIL: gfortran.dg/dec_parameter_1.f   -O3 -g  execution test
FAIL: gfortran.dg/dec_parameter_2.f90   -O2  execution test
FAIL: gfortran.dg/dec_parameter_2.f90   -O3 -fomit-frame-pointer -funroll-loops -fpeel-loops -ftracer -finline-functions  execution test
FAIL: gfortran.dg/dec_parameter_2.f90   -O3 -g  execution test
FAIL: gfortran.dg/deferred_character_8.f90   -O1  execution test
FAIL: gfortran.dg/deferred_character_8.f90   -O2  execution test
FAIL: gfortran.dg/deferred_character_8.f90   -O3 -fomit-frame-pointer -funroll-loops -fpeel-loops -ftracer -finline-functions  execution test
FAIL: gfortran.dg/deferred_character_8.f90   -O3 -g  execution test
FAIL: gfortran.dg/deferred_character_8.f90   -Os  execution test
FAIL: gfortran.dg/elemental_subroutine_3.f90   -O1  (test for excess errors)
FAIL: gfortran.dg/elemental_subroutine_3.f90   -O2  (test for excess errors)
FAIL: gfortran.dg/elemental_subroutine_3.f90   -O3 -fomit-frame-pointer -funroll-loops -fpeel-loops -ftracer -finline-functions  (test for excess errors)
FAIL: gfortran.dg/elemental_subroutine_3.f90   -O3 -g  (test for excess errors)
FAIL: gfortran.dg/elemental_subroutine_3.f90   -Os  (test for excess errors)
FAIL: gfortran.dg/erf_3.F90   -O0  execution test
FAIL: gfortran.dg/erf_3.F90   -O1  execution test
FAIL: gfortran.dg/erf_3.F90   -O2  execution test
FAIL: gfortran.dg/erf_3.F90   -O3 -fomit-frame-pointer -funroll-loops -fpeel-loops -ftracer -finline-functions  execution test
FAIL: gfortran.dg/erf_3.F90   -O3 -g  execution test
FAIL: gfortran.dg/erf_3.F90   -Os  execution test
FAIL: gfortran.dg/integer_exponentiation_3.F90   -O2  execution test
FAIL: gfortran.dg/integer_exponentiation_3.F90   -O3 -fomit-frame-pointer -funroll-loops -fpeel-loops -ftracer -finline-functions  execution test
FAIL: gfortran.dg/integer_exponentiation_3.F90   -O3 -g  execution test
WARNING: program timed out.
FAIL: gfortran.dg/matmul_15.f90   -O  execution test
FAIL: gfortran.dg/pdt_5.f03   -O1  execution test
FAIL: gfortran.dg/pdt_5.f03   -O2  execution test
FAIL: gfortran.dg/pdt_5.f03   -O3 -fomit-frame-pointer -funroll-loops -fpeel-loops -ftracer -finline-functions  execution test
FAIL: gfortran.dg/pdt_5.f03   -O3 -g  execution test
FAIL: gfortran.dg/pdt_5.f03   -Os  execution test
FAIL: gfortran.dg/ieee/ieee_2.f90   -O1  execution test
FAIL: gfortran.dg/ieee/ieee_2.f90   -O2  execution test
FAIL: gfortran.dg/ieee/ieee_2.f90   -O3 -fomit-frame-pointer -funroll-loops -fpeel-loops -ftracer -finline-functions  execution test
FAIL: gfortran.dg/ieee/ieee_2.f90   -O3 -g  execution test
FAIL: gfortran.dg/ieee/ieee_2.f90   -Os  execution test
FAIL: gfortran.dg/ieee/large_2.f90   -O1  execution test
FAIL: gfortran.dg/ieee/large_2.f90   -O2  execution test
FAIL: gfortran.dg/ieee/large_2.f90   -O3 -fomit-frame-pointer -funroll-loops -fpeel-loops -ftracer -finline-functions  execution test
FAIL: gfortran.dg/ieee/large_2.f90   -O3 -g  execution test
FAIL: gfortran.dg/ieee/large_2.f90   -Os  execution test
FAIL: gfortran.dg/ieee/rounding_1.f90   -O1  execution test
FAIL: gfortran.dg/ieee/rounding_1.f90   -O2  execution test
FAIL: gfortran.dg/ieee/rounding_1.f90   -O3 -fomit-frame-pointer -funroll-loops -fpeel-loops -ftracer -finline-functions  execution test
FAIL: gfortran.dg/ieee/rounding_1.f90   -O3 -g  execution test
FAIL: gfortran.dg/ieee/rounding_1.f90   -Os  execution test

		=== gfortran Summary ===

# of expected passes		45576
# of unexpected failures	114
# of expected failures		91
# of unsupported tests		240
/daten/aranym/gcc/gcc-20180120/Build/gcc/gfortran  version 8.0.1 20180120 (experimental) [trunk revision 256911] (GCC) 

Host   is x86_64-suse-linux-gnu

		=== objc tests ===


Running target aranym

		=== objc Summary ===

# of expected passes		2803
# of unsupported tests		68
/daten/aranym/gcc/gcc-20180120/Build/gcc/xgcc  version 8.0.1 20180120 (experimental) [trunk revision 256911] (GCC) 

Host   is m68k-unknown-linux-gnu

		=== libatomic tests ===


Running target aranym

		=== libatomic Summary ===

# of expected passes		44
# of unsupported tests		5
Host   is m68k-unknown-linux-gnu

		=== libgomp tests ===


Running target aranym
WARNING: program timed out.
FAIL: libgomp.fortran/strassen.f90   -O  execution test
FAIL: libgomp.oacc-c/../libgomp.oacc-c-c++-common/atomic_update-1.c -DACC_DEVICE_TYPE_host=1 -DACC_MEM_SHARED=1  -O2  execution test
FAIL: libgomp.oacc-c++/../libgomp.oacc-c-c++-common/atomic_update-1.c -DACC_DEVICE_TYPE_host=1 -DACC_MEM_SHARED=1  -O2  execution test

		=== libgomp Summary ===

# of expected passes		5202
# of unexpected failures	3
# of unsupported tests		419
Host   is m68k-unknown-linux-gnu

		=== libstdc++ tests ===


Running target aranym
FAIL: 22_locale/time_get/get_date/wchar_t/4.cc execution test
FAIL: 23_containers/vector/debug/mutex_association.cc execution test

		=== libstdc++ Summary ===

# of expected passes		12008
# of unexpected failures	2
# of expected failures		71
# of unsupported tests		289

Compiler version: 8.0.1 20180120 (experimental) [trunk revision 256911] (GCC) 
Platform: m68k-unknown-linux-gnu
configure flags: --prefix=/daten/cross/m68k-linux --build=x86_64-suse-linux --enable-shared --with-system-zlib CFLAGS='-O2 -g' CXXFLAGS='-O2 -g' --target=m68k-linux --with-sysroot --disable-multilib --enable-clocale=gnu


Index Nav: [Date Index] [Subject Index] [Author Index] [Thread Index]
Message Nav: [Date Prev] [Date Next] [Thread Prev] [Thread Next]