This is the mail archive of the gcc-testresults@gcc.gnu.org mailing list for the GCC project.


Index Nav: [Date Index] [Subject Index] [Author Index] [Thread Index]
Message Nav: [Date Prev] [Date Next] [Thread Prev] [Thread Next]
Other format: [Raw text]

Results for 8.0.1 20180119 (experimental) [trunk revision 256877] (GCC) testsuite on i386-pc-solaris2.11


LAST_UPDATED: Fri Jan 19 09:44:13 UTC 2018 (revision 256877)

		=== acats tests ===

		=== acats Summary ===
# of expected passes		2320
# of unexpected failures	0
Native configuration is i386-pc-solaris2.11

		=== g++ tests ===


Running target unix
UNRESOLVED: tmpdir-g++.dg-struct-layout-1/t017 cp_compat_x_tst.o-cp_compat_y_tst.o execute 
UNRESOLVED: tmpdir-g++.dg-struct-layout-1/t017 cp_compat_x_tst.o-cp_compat_y_tst.o link 
FAIL: tmpdir-g++.dg-struct-layout-1/t017 cp_compat_y_tst.o compile
FAIL: g++.dg/init/cleanup3.C  -std=c++11  scan-assembler-not _tcf
FAIL: g++.dg/init/cleanup3.C  -std=c++14  scan-assembler-not _tcf
FAIL: g++.dg/init/cleanup3.C  -std=c++98  scan-assembler-not _tcf
FAIL: g++.dg/tls/thread_local-order1.C  -std=c++11 execution test
FAIL: g++.dg/tls/thread_local-order1.C  -std=c++14 execution test
FAIL: g++.dg/tls/thread_local3g.C  -std=gnu++11 execution test
FAIL: g++.dg/tls/thread_local3g.C  -std=gnu++14 execution test
FAIL: g++.dg/tls/thread_local4g.C  -std=gnu++11 execution test
FAIL: g++.dg/tls/thread_local4g.C  -std=gnu++14 execution test
FAIL: g++.dg/tls/thread_local5g.C  -std=gnu++11 execution test
FAIL: g++.dg/tls/thread_local5g.C  -std=gnu++14 execution test
FAIL: g++.dg/tls/thread_local6g.C  -std=c++11 execution test
FAIL: g++.dg/tls/thread_local6g.C  -std=c++14 execution test
FAIL: g++.dg/vect/slp-pr56812.cc  -std=c++11  scan-tree-dump-times slp1 "basic block vectorized" 1 (found 0 times)
FAIL: g++.dg/vect/slp-pr56812.cc  -std=c++14  scan-tree-dump-times slp1 "basic block vectorized" 1 (found 0 times)
FAIL: g++.dg/vect/slp-pr56812.cc  -std=c++98  scan-tree-dump-times slp1 "basic block vectorized" 1 (found 0 times)
FAIL: g++.old-deja/g++.other/init5.C  -std=c++11 execution test
FAIL: g++.old-deja/g++.other/init5.C  -std=c++14 execution test
FAIL: g++.old-deja/g++.other/init5.C  -std=c++98 execution test

		=== g++ Summary for unix ===

# of expected passes		111315
# of unexpected failures	20
# of expected failures		487
# of unresolved testcases	2
# of unsupported tests		4309

Running target unix/-m64
FAIL: g++.dg/init/cleanup3.C  -std=c++11  scan-assembler-not _tcf
FAIL: g++.dg/init/cleanup3.C  -std=c++14  scan-assembler-not _tcf
FAIL: g++.dg/init/cleanup3.C  -std=c++98  scan-assembler-not _tcf
FAIL: g++.dg/pr80481.C  -std=gnu++11  scan-assembler-not vmovaps
FAIL: g++.dg/pr80481.C  -std=gnu++14  scan-assembler-not vmovaps
FAIL: g++.dg/pr80481.C  -std=gnu++98  scan-assembler-not vmovaps
FAIL: g++.dg/tls/thread_local-order1.C  -std=c++11 execution test
FAIL: g++.dg/tls/thread_local-order1.C  -std=c++14 execution test
FAIL: g++.dg/tls/thread_local3g.C  -std=gnu++11 execution test
FAIL: g++.dg/tls/thread_local3g.C  -std=gnu++14 execution test
FAIL: g++.dg/tls/thread_local4g.C  -std=gnu++11 execution test
FAIL: g++.dg/tls/thread_local4g.C  -std=gnu++14 execution test
FAIL: g++.dg/tls/thread_local5g.C  -std=gnu++11 execution test
FAIL: g++.dg/tls/thread_local5g.C  -std=gnu++14 execution test
FAIL: g++.dg/tls/thread_local6g.C  -std=c++11 execution test
FAIL: g++.dg/tls/thread_local6g.C  -std=c++14 execution test
FAIL: g++.dg/vect/slp-pr56812.cc  -std=c++11  scan-tree-dump-times slp1 "basic block vectorized" 1 (found 0 times)
FAIL: g++.dg/vect/slp-pr56812.cc  -std=c++14  scan-tree-dump-times slp1 "basic block vectorized" 1 (found 0 times)
FAIL: g++.dg/vect/slp-pr56812.cc  -std=c++98  scan-tree-dump-times slp1 "basic block vectorized" 1 (found 0 times)
FAIL: g++.old-deja/g++.other/init5.C  -std=c++11 execution test
FAIL: g++.old-deja/g++.other/init5.C  -std=c++14 execution test
FAIL: g++.old-deja/g++.other/init5.C  -std=c++98 execution test

		=== g++ Summary for unix/-m64 ===

# of expected passes		112837
# of unexpected failures	22
# of expected failures		490
# of unsupported tests		4495

		=== g++ Summary ===

# of expected passes		224152
# of unexpected failures	42
# of expected failures		977
# of unresolved testcases	2
# of unsupported tests		8804
/var/gcc/regression/trunk/11-gcc-gas-gld/build/gcc/testsuite/g++/../../xg++  version 8.0.1 20180119 (experimental) [trunk revision 256877] (GCC) 

		=== gcc tests ===


Running target unix
FAIL: gcc.dg/ipa/inline-2.c scan-ipa-dump inline "op2 change 10.000000. of time"
FAIL: gcc.dg/ipa/inline-3.c scan-ipa-dump inline "Scaling time by probability:0.100000"
FAIL: gcc.dg/torture/pr60092.c   -O0  execution test
XPASS: gcc.dg/vect/vect-95.c -flto -ffat-lto-objects  scan-tree-dump-times vect "Alignment of access forced using peeling" 0
XPASS: gcc.dg/vect/vect-95.c scan-tree-dump-times vect "Alignment of access forced using peeling" 0

		=== gcc Summary for unix ===

# of expected passes		120238
# of unexpected failures	3
# of unexpected successes	2
# of expected failures		398
# of unsupported tests		2237

Running target unix/-m64
FAIL: gcc.dg/ipa/inline-2.c scan-ipa-dump inline "op2 change 10.000000. of time"
FAIL: gcc.dg/ipa/inline-3.c scan-ipa-dump inline "Scaling time by probability:0.100000"
FAIL: gcc.dg/torture/pr60092.c   -O0  execution test
XPASS: gcc.dg/vect/vect-95.c -flto -ffat-lto-objects  scan-tree-dump-times vect "Alignment of access forced using peeling" 0
XPASS: gcc.dg/vect/vect-95.c scan-tree-dump-times vect "Alignment of access forced using peeling" 0
FAIL: gcc.target/i386/pr80569.c (test for excess errors)

		=== gcc Summary for unix/-m64 ===

# of expected passes		121921
# of unexpected failures	4
# of unexpected successes	2
# of expected failures		387
# of unsupported tests		2169

		=== gcc Summary ===

# of expected passes		242159
# of unexpected failures	7
# of unexpected successes	4
# of expected failures		785
# of unsupported tests		4406
/var/gcc/regression/trunk/11-gcc-gas-gld/build/gcc/xgcc  version 8.0.1 20180119 (experimental) [trunk revision 256877] (GCC) 

		=== gfortran tests ===


Running target unix
FAIL: gfortran.dg/alloc_comp_assign_2.f90   -O2  (test for excess errors)
WARNING: gfortran.dg/alloc_comp_assign_2.f90   -O2  compilation failed to produce executable
FAIL: gfortran.dg/alloc_comp_assign_6.f90   -O2  (test for excess errors)
WARNING: gfortran.dg/alloc_comp_assign_6.f90   -O2  compilation failed to produce executable

		=== gfortran Summary for unix ===

# of expected passes		46419
# of unexpected failures	2
# of expected failures		92
# of unsupported tests		193

Running target unix/-m64

		=== gfortran Summary for unix/-m64 ===

# of expected passes		46640
# of expected failures		92
# of unsupported tests		90

		=== gfortran Summary ===

# of expected passes		93059
# of unexpected failures	2
# of expected failures		184
# of unsupported tests		283
/var/gcc/regression/trunk/11-gcc-gas-gld/build/gcc/testsuite/gfortran/../../gfortran  version 8.0.1 20180119 (experimental) [trunk revision 256877] (GCC) 

		=== gnat tests ===


Running target unix
FAIL: gnat.dg/opt13.adb (test for excess errors)
WARNING: gnat.dg/opt13.adb compilation failed to produce executable
FAIL: gnat.dg/opt2.adb (test for excess errors)
WARNING: gnat.dg/opt2.adb compilation failed to produce executable

		=== gnat Summary for unix ===

# of expected passes		2684
# of unexpected failures	2
# of expected failures		24
# of unsupported tests		7

Running target unix/-m64

		=== gnat Summary for unix/-m64 ===

# of expected passes		2688
# of expected failures		24
# of unsupported tests		7

		=== gnat Summary ===

# of expected passes		5372
# of unexpected failures	2
# of expected failures		48
# of unsupported tests		14
/var/gcc/regression/trunk/11-gcc-gas-gld/build/gcc/gnatmake version 8.0.1 20180119 (experimental) [trunk revision 256877]

		=== go tests ===


Running target unix
FAIL: ./index0-out.go execution,  -O0 -g -fno-var-tracking-assignments 

		=== go Summary for unix ===

# of expected passes		7364
# of unexpected failures	1
# of expected failures		1
# of untested testcases		10
# of unsupported tests		2

Running target unix/-m64
FAIL: ./index0-out.go execution,  -O0 -g -fno-var-tracking-assignments 

		=== go Summary for unix/-m64 ===

# of expected passes		7245
# of unexpected failures	1
# of expected failures		1
# of untested testcases		10
# of unsupported tests		1

		=== go Summary ===

# of expected passes		14609
# of unexpected failures	2
# of expected failures		2
# of untested testcases		20
# of unsupported tests		3
/var/gcc/regression/trunk/11-gcc-gas-gld/build/gcc/testsuite/go/../../gccgo  version 8.0.1 20180119 (experimental) [trunk revision 256877] (GCC) 

		=== obj-c++ tests ===


Running target unix
FAIL: obj-c++.dg/torture/strings/const-str-7.mm   -O1  -fgnu-runtime (test for excess errors)
WARNING: obj-c++.dg/torture/strings/const-str-7.mm   -O1  -fgnu-runtime compilation failed to produce executable

		=== obj-c++ Summary for unix ===

# of expected passes		1462
# of unexpected failures	1
# of expected failures		2
# of unsupported tests		77

Running target unix/-m64

		=== obj-c++ Summary for unix/-m64 ===

# of expected passes		1456
# of expected failures		10
# of unsupported tests		77

		=== obj-c++ Summary ===

# of expected passes		2918
# of unexpected failures	1
# of expected failures		12
# of unsupported tests		154
/var/gcc/regression/trunk/11-gcc-gas-gld/build/gcc/testsuite/obj-c++/../../xg++  version 8.0.1 20180119 (experimental) [trunk revision 256877] (GCC) 

		=== objc tests ===


Running target unix
FAIL: objc/execute/load.m compilation,  -O1 -fgnu-runtime
UNRESOLVED: objc/execute/load.m execution,  -O1 -fgnu-runtime
FAIL: objc/execute/np-1.m compilation,  -O2 -fgnu-runtime
UNRESOLVED: objc/execute/np-1.m execution,  -O2 -fgnu-runtime

		=== objc Summary for unix ===

# of expected passes		2793
# of unexpected failures	2
# of expected failures		6
# of unresolved testcases	2
# of unsupported tests		68

Running target unix/-m64

		=== objc Summary for unix/-m64 ===

# of expected passes		2797
# of expected failures		6
# of unsupported tests		68

		=== objc Summary ===

# of expected passes		5590
# of unexpected failures	2
# of expected failures		12
# of unresolved testcases	2
# of unsupported tests		136
/var/gcc/regression/trunk/11-gcc-gas-gld/build/gcc/xgcc  version 8.0.1 20180119 (experimental) [trunk revision 256877] (GCC) 

		=== gotools tests ===

FAIL: go test cmd/go
FAIL: go test runtime
FAIL: Test4029
FAIL: go test misc/cgo/test
FAIL: TestCompileWithoutShared
FAIL: TestEarlySignalHandler
FAIL: TestInstall
FAIL: TestOsSignal
FAIL: TestPIE
FAIL: TestSIGPROF
FAIL: TestSigaltstack
FAIL: TestSignalForwarding
FAIL: TestSignalForwardingExternal
FAIL: go test misc/cgo/testcarchive

		=== gotools Summary ===
# of expected passes		75
# of unexpected failures	14
# of untested testcases		10
/var/gcc/regression/trunk/11-gcc-gas-gld/build/./gcc/gccgo version 8.0.1 20180119 (experimental) [trunk revision 256877] (GCC)

		=== libatomic tests ===


Running target unix

		=== libatomic Summary for unix ===

# of expected passes		44
# of unsupported tests		5

Running target unix/-m64

		=== libatomic Summary for unix/-m64 ===

# of expected passes		54

		=== libatomic Summary ===

# of expected passes		98
# of unsupported tests		5
		=== libffi tests ===


Running target unix

		=== libffi Summary for unix ===

# of expected passes		2799

Running target unix/-m64

		=== libffi Summary for unix/-m64 ===

# of expected passes		2214

		=== libffi Summary ===

# of expected passes		5013
		=== libgo tests ===


Running target unix
FAIL: fmt
FAIL: runtime
FAIL: go/build
FAIL: runtime/pprof

		=== libgo Summary for unix ===

# of expected passes		159
# of unexpected failures	4

Running target unix/-m64
FAIL: fmt
FAIL: runtime
FAIL: go/build

		=== libgo Summary for unix/-m64 ===

# of expected passes		160
# of unexpected failures	3

		=== libgo Summary ===

# of expected passes		319
# of unexpected failures	7
/var/gcc/regression/trunk/11-gcc-gas-gld/build/./gcc/gccgo version 8.0.1 20180119 (experimental) [trunk revision 256877] (GCC)

		=== libgomp tests ===


Running target unix
FAIL: libgomp.c/for-4.c (test for excess errors)
WARNING: libgomp.c/for-4.c compilation failed to produce executable
FAIL: libgomp.graphite/force-parallel-1.c scan-tree-dump-times graphite "2 loops carried no dependency" 1 (found 0 times)
FAIL: libgomp.graphite/force-parallel-1.c scan-tree-dump-times optimized "loopfn" 8 (found 12 times)

		=== libgomp Summary for unix ===

# of expected passes		5349
# of unexpected failures	3
# of unsupported tests		304

Running target unix/-m64
FAIL: libgomp.graphite/force-parallel-1.c scan-tree-dump-times graphite "2 loops carried no dependency" 1 (found 0 times)
FAIL: libgomp.graphite/force-parallel-1.c scan-tree-dump-times optimized "loopfn" 8 (found 12 times)

		=== libgomp Summary for unix/-m64 ===

# of expected passes		5351
# of unexpected failures	2
# of unsupported tests		304

		=== libgomp Summary ===

# of expected passes		10700
# of unexpected failures	5
# of unsupported tests		608
		=== libitm tests ===


Running target unix

		=== libitm Summary for unix ===

# of expected passes		42
# of expected failures		3
# of unsupported tests		1

Running target unix/-m64

		=== libitm Summary for unix/-m64 ===

# of expected passes		42
# of expected failures		3
# of unsupported tests		1

		=== libitm Summary ===

# of expected passes		84
# of expected failures		6
# of unsupported tests		2
		=== libstdc++ tests ===


Running target unix
FAIL: 26_numerics/random/chi_squared_distribution/83833.cc execution test

		=== libstdc++ Summary for unix ===

# of expected passes		11301
# of unexpected failures	1
# of expected failures		71
# of unsupported tests		625

Running target unix/-m64

		=== libstdc++ Summary for unix/-m64 ===

# of expected passes		11294
# of expected failures		71
# of unsupported tests		629

		=== libstdc++ Summary ===

# of expected passes		22595
# of unexpected failures	1
# of expected failures		142
# of unsupported tests		1254

Compiler version: 8.0.1 20180119 (experimental) [trunk revision 256877] (GCC) 
Platform: i386-pc-solaris2.11
configure flags: --prefix=/vol/gcc --target=i386-pc-solaris2.11 --enable-objc-gc --with-target-bdw-gc-include=/vol/gcc/include --with-target-bdw-gc-lib=/vol/gcc/lib,amd64=/vol/gcc/lib/amd64 --enable-libmudflap --with-as=/vol/gcc/bin/gas-2.29 --with-gnu-as --with-ld=/vol/gcc/bin/gld-2.29 --with-gnu-ld --with-gmp-include=/vol/gcc/include --with-gmp-lib=/vol/gcc/lib --with-mpfr-include=/vol/gcc/include --with-mpfr-lib=/vol/gcc/lib --with-mpc-include=/vol/gcc/include --with-mpc-lib=/vol/gcc/lib --enable-languages=all,ada,obj-c++,go --with-isl-include=/vol/gcc/include --with-isl-lib=/vol/gcc/lib --build=i386-pc-solaris2.11 --host=i386-pc-solaris2.11
BOOT_CFLAGS=-g -O2


Index Nav: [Date Index] [Subject Index] [Author Index] [Thread Index]
Message Nav: [Date Prev] [Date Next] [Thread Prev] [Thread Next]