This is the mail archive of the
gcc-testresults@gcc.gnu.org
mailing list for the GCC project.
Results for 8.0.1 20180119 (experimental) [trunk revision 256877] (GCC) testsuite on x86_64-pc-solaris2.11
- From: Rainer Orth <ro at CeBiTec dot Uni-Bielefeld dot DE>
- To: gcc-testresults at gcc dot gnu dot org
- Date: Sat, 20 Jan 2018 10:42:05 +0100 (CET)
- Subject: Results for 8.0.1 20180119 (experimental) [trunk revision 256877] (GCC) testsuite on x86_64-pc-solaris2.11
- Authentication-results: sourceware.org; auth=none
LAST_UPDATED: Fri Jan 19 09:44:13 UTC 2018 (revision 256877)
Native configuration is x86_64-pc-solaris2.11
=== libatomic tests ===
Running target unix/-m32
=== libatomic Summary for unix/-m32 ===
# of expected passes 44
# of unsupported tests 5
Running target unix
=== libatomic Summary for unix ===
# of expected passes 54
=== libatomic Summary ===
# of expected passes 98
# of unsupported tests 5
=== libffi tests ===
Running target unix/-m32
=== libffi Summary for unix/-m32 ===
# of expected passes 2799
Running target unix
=== libffi Summary for unix ===
# of expected passes 2214
=== libffi Summary ===
# of expected passes 5013
=== libgo tests ===
Running target unix
FAIL: go/build
=== libgo Summary for unix ===
# of expected passes 162
# of unexpected failures 1
Running target unix/-m32
FAIL: runtime
FAIL: go/build
FAIL: runtime/pprof
=== libgo Summary for unix/-m32 ===
# of expected passes 160
# of unexpected failures 3
=== libgo Summary ===
# of expected passes 322
# of unexpected failures 4
/var/gcc/regression/trunk/11.4-gcc-gas-64/build/./gcc/gccgo version 8.0.1 20180119 (experimental) [trunk revision 256877] (GCC)
=== libgomp tests ===
Running target unix/-m32
FAIL: libgomp.graphite/force-parallel-1.c scan-tree-dump-times graphite "2 loops carried no dependency" 1 (found 0 times)
FAIL: libgomp.graphite/force-parallel-1.c scan-tree-dump-times optimized "loopfn" 8 (found 12 times)
=== libgomp Summary for unix/-m32 ===
# of expected passes 5351
# of unexpected failures 2
# of unsupported tests 304
Running target unix
FAIL: libgomp.graphite/force-parallel-1.c scan-tree-dump-times graphite "2 loops carried no dependency" 1 (found 0 times)
FAIL: libgomp.graphite/force-parallel-1.c scan-tree-dump-times optimized "loopfn" 8 (found 12 times)
=== libgomp Summary for unix ===
# of expected passes 5351
# of unexpected failures 2
# of unsupported tests 304
=== libgomp Summary ===
# of expected passes 10702
# of unexpected failures 4
# of unsupported tests 608
=== libitm tests ===
Running target unix/-m32
=== libitm Summary for unix/-m32 ===
# of expected passes 42
# of expected failures 3
# of unsupported tests 1
Running target unix
=== libitm Summary for unix ===
# of expected passes 42
# of expected failures 3
# of unsupported tests 1
=== libitm Summary ===
# of expected passes 84
# of expected failures 6
# of unsupported tests 2
=== libstdc++ tests ===
Running target unix
=== libstdc++ Summary for unix ===
# of expected passes 11294
# of expected failures 71
# of unsupported tests 629
Running target unix/-m32
FAIL: 26_numerics/random/chi_squared_distribution/83833.cc execution test
FAIL: experimental/memory_resource/resource_adaptor.cc execution test
=== libstdc++ Summary for unix/-m32 ===
# of expected passes 11300
# of unexpected failures 2
# of expected failures 71
# of unsupported tests 625
=== libstdc++ Summary ===
# of expected passes 22594
# of unexpected failures 2
# of expected failures 142
# of unsupported tests 1254
=== acats tests ===
=== acats Summary ===
# of expected passes 2320
# of unexpected failures 0
=== g++ tests ===
Running target unix
FAIL: g++.dg/pr80481.C -std=gnu++11 scan-assembler-not vmovaps
FAIL: g++.dg/pr80481.C -std=gnu++14 scan-assembler-not vmovaps
FAIL: g++.dg/pr80481.C -std=gnu++98 scan-assembler-not vmovaps
FAIL: g++.dg/vect/slp-pr56812.cc -std=c++11 scan-tree-dump-times slp1 "basic block vectorized" 1 (found 0 times)
FAIL: g++.dg/vect/slp-pr56812.cc -std=c++14 scan-tree-dump-times slp1 "basic block vectorized" 1 (found 0 times)
FAIL: g++.dg/vect/slp-pr56812.cc -std=c++98 scan-tree-dump-times slp1 "basic block vectorized" 1 (found 0 times)
=== g++ Summary for unix ===
# of expected passes 112787
# of unexpected failures 6
# of expected failures 490
# of unsupported tests 4494
Running target unix/-m32
FAIL: g++.dg/opt/pr59470.C -std=gnu++11 (test for excess errors)
WARNING: g++.dg/opt/pr59470.C -std=gnu++11 compilation failed to produce executable
FAIL: g++.dg/opt/pr59470.C -std=gnu++14 (test for excess errors)
WARNING: g++.dg/opt/pr59470.C -std=gnu++14 compilation failed to produce executable
FAIL: g++.dg/opt/pr59470.C -std=gnu++98 (test for excess errors)
WARNING: g++.dg/opt/pr59470.C -std=gnu++98 compilation failed to produce executable
FAIL: g++.dg/vect/slp-pr56812.cc -std=c++11 scan-tree-dump-times slp1 "basic block vectorized" 1 (found 0 times)
FAIL: g++.dg/vect/slp-pr56812.cc -std=c++14 scan-tree-dump-times slp1 "basic block vectorized" 1 (found 0 times)
FAIL: g++.dg/vect/slp-pr56812.cc -std=c++98 scan-tree-dump-times slp1 "basic block vectorized" 1 (found 0 times)
=== g++ Summary for unix/-m32 ===
# of expected passes 111262
# of unexpected failures 6
# of expected failures 487
# of unsupported tests 4308
=== g++ Summary ===
# of expected passes 224049
# of unexpected failures 12
# of expected failures 977
# of unsupported tests 8802
/var/gcc/regression/trunk/11.4-gcc-gas-64/build/gcc/testsuite/g++/../../xg++ version 8.0.1 20180119 (experimental) [trunk revision 256877] (GCC)
=== gcc tests ===
Running target unix
FAIL: gcc.dg/debug/pr41893-1.c -gdwarf-2 -g3 (test for excess errors)
FAIL: gcc.dg/debug/pr41893-1.c -gdwarf-2 -g3 -O (test for excess errors)
FAIL: gcc.dg/debug/pr41893-1.c -gdwarf-2 -g3 -O3 (test for excess errors)
FAIL: gcc.dg/ipa/inline-2.c scan-ipa-dump inline "op2 change 10.000000. of time"
FAIL: gcc.dg/ipa/inline-3.c scan-ipa-dump inline "Scaling time by probability:0.100000"
FAIL: gcc.dg/rtl/x86_64/final.c (internal compiler error)
FAIL: gcc.dg/rtl/x86_64/final.c (test for excess errors)
UNRESOLVED: gcc.dg/rtl/x86_64/final.c scan-assembler .cfi_endproc
UNRESOLVED: gcc.dg/rtl/x86_64/final.c scan-assembler .cfi_startproc
UNRESOLVED: gcc.dg/rtl/x86_64/final.c scan-assembler ret
UNRESOLVED: gcc.dg/rtl/x86_64/final.c scan-assembler test_1:
XPASS: gcc.dg/vect/vect-95.c -flto -ffat-lto-objects scan-tree-dump-times vect "Alignment of access forced using peeling" 0
XPASS: gcc.dg/vect/vect-95.c scan-tree-dump-times vect "Alignment of access forced using peeling" 0
FAIL: gcc.target/i386/indirect-thunk-1.c scan-assembler jmp[ \\t]*__x86_indirect_thunk
FAIL: gcc.target/i386/indirect-thunk-2.c scan-assembler jmp[ \\t]*__x86_indirect_thunk
FAIL: gcc.target/i386/indirect-thunk-3.c scan-assembler jmp[ \\t]*__x86_indirect_thunk
FAIL: gcc.target/i386/indirect-thunk-4.c scan-assembler jmp[ \\t]*__x86_indirect_thunk
FAIL: gcc.target/i386/indirect-thunk-7.c scan-assembler jmp[ \\t]*__x86_indirect_thunk
FAIL: gcc.target/i386/indirect-thunk-attr-1.c scan-assembler jmp[ \\t]*__x86_indirect_thunk
FAIL: gcc.target/i386/indirect-thunk-attr-2.c scan-assembler jmp[ \\t]*__x86_indirect_thunk
FAIL: gcc.target/i386/indirect-thunk-attr-5.c scan-assembler jmp[ \\t]*__x86_indirect_thunk
FAIL: gcc.target/i386/indirect-thunk-attr-6.c scan-assembler jmp[ \\t]*__x86_indirect_thunk
FAIL: gcc.target/i386/indirect-thunk-attr-7.c scan-assembler jmp[ \\t]*__x86_indirect_thunk
FAIL: gcc.target/i386/indirect-thunk-bnd-1.c scan-assembler bnd jmp[ \\t]*__x86_indirect_thunk_bnd
FAIL: gcc.target/i386/indirect-thunk-bnd-2.c scan-assembler bnd jmp[ \\t]*__x86_indirect_thunk_bnd
FAIL: gcc.target/i386/indirect-thunk-extern-1.c scan-assembler jmp[ \\t]*__x86_indirect_thunk
FAIL: gcc.target/i386/indirect-thunk-extern-2.c scan-assembler jmp[ \\t]*__x86_indirect_thunk
FAIL: gcc.target/i386/indirect-thunk-extern-3.c scan-assembler jmp[ \\t]*__x86_indirect_thunk
FAIL: gcc.target/i386/indirect-thunk-extern-4.c scan-assembler jmp[ \\t]*__x86_indirect_thunk
FAIL: gcc.target/i386/indirect-thunk-extern-7.c scan-assembler jmp[ \\t]*__x86_indirect_thunk
FAIL: gcc.target/i386/indirect-thunk-register-1.c scan-assembler jmp[ \\t]*__x86_indirect_thunk_(r|e)ax
FAIL: gcc.target/i386/indirect-thunk-register-3.c scan-assembler jmp[ \\t]*__x86_indirect_thunk_(r|e)ax
FAIL: gcc.target/i386/ret-thunk-1.c scan-assembler jmp[ \\t]*__x86_return_thunk
FAIL: gcc.target/i386/ret-thunk-10.c scan-assembler __x86_indirect_thunk:
FAIL: gcc.target/i386/ret-thunk-10.c scan-assembler jmp[ \\t]*__x86_indirect_thunk
FAIL: gcc.target/i386/ret-thunk-11.c scan-assembler __x86_indirect_thunk:
FAIL: gcc.target/i386/ret-thunk-11.c scan-assembler jmp[ \\t]*__x86_indirect_thunk
FAIL: gcc.target/i386/ret-thunk-11.c scan-assembler jmp[ \\t]*__x86_return_thunk
FAIL: gcc.target/i386/ret-thunk-12.c scan-assembler __x86_indirect_thunk:
FAIL: gcc.target/i386/ret-thunk-12.c scan-assembler jmp[ \\t]*__x86_indirect_thunk
FAIL: gcc.target/i386/ret-thunk-13.c scan-assembler jmp[ \\t]*__x86_return_thunk
FAIL: gcc.target/i386/ret-thunk-14.c scan-assembler jmp[ \\t]*__x86_indirect_thunk
FAIL: gcc.target/i386/ret-thunk-15.c scan-assembler jmp[ \\t]*__x86_indirect_thunk
FAIL: gcc.target/i386/ret-thunk-15.c scan-assembler jmp[ \\t]*__x86_return_thunk
FAIL: gcc.target/i386/ret-thunk-3.c scan-assembler jmp[ \\t]*__x86_return_thunk
FAIL: gcc.target/i386/ret-thunk-5.c scan-assembler jmp[ \\t]*__x86_return_thunk
FAIL: gcc.target/i386/ret-thunk-7.c scan-assembler jmp[ \\t]*__x86_return_thunk
FAIL: gcc.target/i386/ret-thunk-9.c scan-assembler __x86_indirect_thunk:
FAIL: gcc.target/i386/ret-thunk-9.c scan-assembler jmp[ \\t]*__x86_indirect_thunk
FAIL: gcc.target/i386/ret-thunk-9.c scan-assembler jmp[ \\t]*__x86_return_thunk
=== gcc Summary for unix ===
# of expected passes 122221
# of unexpected failures 44
# of unexpected successes 2
# of expected failures 387
# of unresolved testcases 4
# of unsupported tests 2117
Running target unix/-m32
FAIL: gcc.dg/debug/pr41893-1.c -gdwarf-2 -g3 (test for excess errors)
FAIL: gcc.dg/debug/pr41893-1.c -gdwarf-2 -g3 -O (test for excess errors)
FAIL: gcc.dg/debug/pr41893-1.c -gdwarf-2 -g3 -O3 (test for excess errors)
FAIL: gcc.dg/ipa/inline-2.c scan-ipa-dump inline "op2 change 10.000000. of time"
FAIL: gcc.dg/ipa/inline-3.c scan-ipa-dump inline "Scaling time by probability:0.100000"
XPASS: gcc.dg/vect/vect-95.c -flto -ffat-lto-objects scan-tree-dump-times vect "Alignment of access forced using peeling" 0
XPASS: gcc.dg/vect/vect-95.c scan-tree-dump-times vect "Alignment of access forced using peeling" 0
FAIL: gcc.target/i386/indirect-thunk-1.c scan-assembler jmp[ \\t]*__x86_indirect_thunk
FAIL: gcc.target/i386/indirect-thunk-2.c scan-assembler jmp[ \\t]*__x86_indirect_thunk
FAIL: gcc.target/i386/indirect-thunk-3.c scan-assembler jmp[ \\t]*__x86_indirect_thunk
FAIL: gcc.target/i386/indirect-thunk-4.c scan-assembler jmp[ \\t]*__x86_indirect_thunk
FAIL: gcc.target/i386/indirect-thunk-7.c scan-assembler jmp[ \\t]*__x86_indirect_thunk
FAIL: gcc.target/i386/indirect-thunk-attr-1.c scan-assembler jmp[ \\t]*__x86_indirect_thunk
FAIL: gcc.target/i386/indirect-thunk-attr-2.c scan-assembler jmp[ \\t]*__x86_indirect_thunk
FAIL: gcc.target/i386/indirect-thunk-attr-5.c scan-assembler jmp[ \\t]*__x86_indirect_thunk
FAIL: gcc.target/i386/indirect-thunk-attr-6.c scan-assembler jmp[ \\t]*__x86_indirect_thunk
FAIL: gcc.target/i386/indirect-thunk-attr-7.c scan-assembler jmp[ \\t]*__x86_indirect_thunk
FAIL: gcc.target/i386/indirect-thunk-bnd-1.c scan-assembler bnd jmp[ \\t]*__x86_indirect_thunk_bnd
FAIL: gcc.target/i386/indirect-thunk-bnd-2.c scan-assembler bnd jmp[ \\t]*__x86_indirect_thunk_bnd
FAIL: gcc.target/i386/indirect-thunk-extern-1.c scan-assembler jmp[ \\t]*__x86_indirect_thunk
FAIL: gcc.target/i386/indirect-thunk-extern-2.c scan-assembler jmp[ \\t]*__x86_indirect_thunk
FAIL: gcc.target/i386/indirect-thunk-extern-3.c scan-assembler jmp[ \\t]*__x86_indirect_thunk
FAIL: gcc.target/i386/indirect-thunk-extern-4.c scan-assembler jmp[ \\t]*__x86_indirect_thunk
FAIL: gcc.target/i386/indirect-thunk-extern-7.c scan-assembler jmp[ \\t]*__x86_indirect_thunk
FAIL: gcc.target/i386/indirect-thunk-register-1.c scan-assembler jmp[ \\t]*__x86_indirect_thunk_(r|e)ax
FAIL: gcc.target/i386/indirect-thunk-register-3.c scan-assembler jmp[ \\t]*__x86_indirect_thunk_(r|e)ax
FAIL: gcc.target/i386/ret-thunk-1.c scan-assembler jmp[ \\t]*__x86_return_thunk
FAIL: gcc.target/i386/ret-thunk-10.c scan-assembler __x86_indirect_thunk:
FAIL: gcc.target/i386/ret-thunk-10.c scan-assembler jmp[ \\t]*__x86_indirect_thunk
FAIL: gcc.target/i386/ret-thunk-11.c scan-assembler __x86_indirect_thunk:
FAIL: gcc.target/i386/ret-thunk-11.c scan-assembler jmp[ \\t]*__x86_indirect_thunk
FAIL: gcc.target/i386/ret-thunk-11.c scan-assembler jmp[ \\t]*__x86_return_thunk
FAIL: gcc.target/i386/ret-thunk-12.c scan-assembler __x86_indirect_thunk:
FAIL: gcc.target/i386/ret-thunk-12.c scan-assembler jmp[ \\t]*__x86_indirect_thunk
FAIL: gcc.target/i386/ret-thunk-13.c scan-assembler jmp[ \\t]*__x86_return_thunk
FAIL: gcc.target/i386/ret-thunk-14.c scan-assembler jmp[ \\t]*__x86_indirect_thunk
FAIL: gcc.target/i386/ret-thunk-15.c scan-assembler jmp[ \\t]*__x86_indirect_thunk
FAIL: gcc.target/i386/ret-thunk-15.c scan-assembler jmp[ \\t]*__x86_return_thunk
FAIL: gcc.target/i386/ret-thunk-3.c scan-assembler jmp[ \\t]*__x86_return_thunk
FAIL: gcc.target/i386/ret-thunk-5.c scan-assembler jmp[ \\t]*__x86_return_thunk
FAIL: gcc.target/i386/ret-thunk-7.c scan-assembler jmp[ \\t]*__x86_return_thunk
FAIL: gcc.target/i386/ret-thunk-9.c scan-assembler __x86_indirect_thunk:
FAIL: gcc.target/i386/ret-thunk-9.c scan-assembler jmp[ \\t]*__x86_indirect_thunk
FAIL: gcc.target/i386/ret-thunk-9.c scan-assembler jmp[ \\t]*__x86_return_thunk
=== gcc Summary for unix/-m32 ===
# of expected passes 120526
# of unexpected failures 42
# of unexpected successes 2
# of expected failures 400
# of unsupported tests 2197
=== gcc Summary ===
# of expected passes 242747
# of unexpected failures 86
# of unexpected successes 4
# of expected failures 787
# of unresolved testcases 4
# of unsupported tests 4314
/var/gcc/regression/trunk/11.4-gcc-gas-64/build/gcc/xgcc version 8.0.1 20180119 (experimental) [trunk revision 256877] (GCC)
=== gfortran tests ===
Running target unix
=== gfortran Summary for unix ===
# of expected passes 46640
# of expected failures 92
# of unsupported tests 90
Running target unix/-m32
=== gfortran Summary for unix/-m32 ===
# of expected passes 46423
# of expected failures 92
# of unsupported tests 193
=== gfortran Summary ===
# of expected passes 93063
# of expected failures 184
# of unsupported tests 283
/var/gcc/regression/trunk/11.4-gcc-gas-64/build/gcc/testsuite/gfortran/../../gfortran version 8.0.1 20180119 (experimental) [trunk revision 256877] (GCC)
=== gnat tests ===
Running target unix
=== gnat Summary for unix ===
# of expected passes 2688
# of expected failures 24
# of unsupported tests 7
Running target unix/-m32
=== gnat Summary for unix/-m32 ===
# of expected passes 2688
# of expected failures 24
# of unsupported tests 7
=== gnat Summary ===
# of expected passes 5376
# of expected failures 48
# of unsupported tests 14
/var/gcc/regression/trunk/11.4-gcc-gas-64/build/gcc/gnatmake version 8.0.1 20180119 (experimental) [trunk revision 256877]
=== go tests ===
Running target unix
FAIL: ./index0-out.go execution, -O0 -g -fno-var-tracking-assignments
=== go Summary for unix ===
# of expected passes 7245
# of unexpected failures 1
# of expected failures 1
# of untested testcases 10
# of unsupported tests 1
Running target unix/-m32
FAIL: ./index0-out.go execution, -O0 -g -fno-var-tracking-assignments
=== go Summary for unix/-m32 ===
# of expected passes 7364
# of unexpected failures 1
# of expected failures 1
# of untested testcases 10
# of unsupported tests 2
=== go Summary ===
# of expected passes 14609
# of unexpected failures 2
# of expected failures 2
# of untested testcases 20
# of unsupported tests 3
=== obj-c++ tests ===
Running target unix/-m32
=== obj-c++ Summary for unix/-m32 ===
# of expected passes 1464
# of expected failures 2
# of unsupported tests 77
Running target unix
=== obj-c++ Summary for unix ===
# of expected passes 1456
# of expected failures 10
# of unsupported tests 77
=== obj-c++ Summary ===
# of expected passes 2920
# of expected failures 12
# of unsupported tests 154
/var/gcc/regression/trunk/11.4-gcc-gas-64/build/gcc/testsuite/obj-c++/../../xg++ version 8.0.1 20180119 (experimental) [trunk revision 256877] (GCC)
=== objc tests ===
Running target unix
=== objc Summary for unix ===
# of expected passes 2797
# of expected failures 6
# of unsupported tests 68
Running target unix/-m32
=== objc Summary for unix/-m32 ===
# of expected passes 2797
# of expected failures 6
# of unsupported tests 68
=== objc Summary ===
# of expected passes 5594
# of expected failures 12
# of unsupported tests 136
/var/gcc/regression/trunk/11.4-gcc-gas-64/build/gcc/xgcc version 8.0.1 20180119 (experimental) [trunk revision 256877] (GCC)
=== gotools tests ===
FAIL: go test cmd/go
FAIL: TestCompileWithoutShared
FAIL: TestEarlySignalHandler
FAIL: TestInstall
FAIL: TestOsSignal
FAIL: TestPIE
FAIL: TestSIGPROF
FAIL: TestSigaltstack
FAIL: TestSignalForwarding
FAIL: TestSignalForwardingExternal
FAIL: go test misc/cgo/testcarchive
=== gotools Summary ===
# of expected passes 280
# of unexpected failures 11
# of untested testcases 111
/var/gcc/regression/trunk/11.4-gcc-gas-64/build/./gcc/gccgo version 8.0.1 20180119 (experimental) [trunk revision 256877] (GCC)
Compiler version: 8.0.1 20180119 (experimental) [trunk revision 256877] (GCC)
Platform: x86_64-pc-solaris2.11
configure flags: --prefix=/vol/gcc --target=amd64-pc-solaris2.11 --enable-objc-gc --with-target-bdw-gc-include=/vol/gcc/include --with-target-bdw-gc-lib=/vol/gcc/lib/amd64,32=/vol/gcc/lib --enable-libmudflap --with-as=/vol/gcc/bin/amd64/gas-2.29 --with-gnu-as --with-gmp-include=/vol/gcc/include --with-gmp-lib=/vol/gcc/lib/amd64 --with-mpfr-include=/vol/gcc/include --with-mpfr-lib=/vol/gcc/lib/amd64 --with-mpc-include=/vol/gcc/include --with-mpc-lib=/vol/gcc/lib/amd64 --enable-languages=all,ada,obj-c++,go --with-isl-include=/vol/gcc/include --with-isl-lib=/vol/gcc/lib/amd64 --build=amd64-pc-solaris2.11 --host=amd64-pc-solaris2.11
BOOT_CFLAGS=-g -O2