This is the mail archive of the gcc-testresults@gcc.gnu.org mailing list for the GCC project.


Index Nav: [Date Index] [Subject Index] [Author Index] [Thread Index]
Message Nav: [Date Prev] [Date Next] [Thread Prev] [Thread Next]
Other format: [Raw text]

Results for 8.0.1 20180119 (experimental) [trunk revision 256877] (GCC) testsuite on i386-pc-solaris2.11


LAST_UPDATED: Fri Jan 19 09:44:13 UTC 2018 (revision 256877)

		=== acats tests ===

		=== acats Summary ===
# of expected passes		2320
# of unexpected failures	0
Native configuration is i386-pc-solaris2.11

		=== g++ tests ===


Running target unix
FAIL: g++.dg/torture/pr83619.C   -O0   (test for warnings, line 27)
FAIL: g++.dg/torture/pr83619.C   -O1   (test for warnings, line 27)
FAIL: g++.dg/torture/pr83619.C   -O2   (test for warnings, line 27)
FAIL: g++.dg/torture/pr83619.C   -O2 -flto   (test for warnings, line 27)
FAIL: g++.dg/torture/pr83619.C   -O2 -flto -flto-partition=none   (test for warnings, line 27)
FAIL: g++.dg/torture/pr83619.C   -O3 -g   (test for warnings, line 27)
FAIL: g++.dg/torture/pr83619.C   -Os   (test for warnings, line 27)
FAIL: g++.dg/vect/slp-pr56812.cc  -std=c++11  scan-tree-dump-times slp1 "basic block vectorized" 1 (found 0 times)
FAIL: g++.dg/vect/slp-pr56812.cc  -std=c++14  scan-tree-dump-times slp1 "basic block vectorized" 1 (found 0 times)
FAIL: g++.dg/vect/slp-pr56812.cc  -std=c++98  scan-tree-dump-times slp1 "basic block vectorized" 1 (found 0 times)

		=== g++ Summary for unix ===

# of expected passes		111140
# of unexpected failures	10
# of expected failures		493
# of unsupported tests		4371

Running target unix/-m64
FAIL: g++.dg/pr80481.C  -std=gnu++11  scan-assembler-not vmovaps
FAIL: g++.dg/pr80481.C  -std=gnu++14  scan-assembler-not vmovaps
FAIL: g++.dg/pr80481.C  -std=gnu++98  scan-assembler-not vmovaps
FAIL: g++.dg/torture/pr83619.C   -O0   (test for warnings, line 27)
FAIL: g++.dg/torture/pr83619.C   -O1   (test for warnings, line 27)
FAIL: g++.dg/torture/pr83619.C   -O2   (test for warnings, line 27)
FAIL: g++.dg/torture/pr83619.C   -O2 -flto   (test for warnings, line 27)
FAIL: g++.dg/torture/pr83619.C   -O2 -flto -flto-partition=none   (test for warnings, line 27)
FAIL: g++.dg/torture/pr83619.C   -O3 -g   (test for warnings, line 27)
FAIL: g++.dg/torture/pr83619.C   -Os   (test for warnings, line 27)
FAIL: g++.dg/vect/slp-pr56812.cc  -std=c++11  scan-tree-dump-times slp1 "basic block vectorized" 1 (found 0 times)
FAIL: g++.dg/vect/slp-pr56812.cc  -std=c++14  scan-tree-dump-times slp1 "basic block vectorized" 1 (found 0 times)
FAIL: g++.dg/vect/slp-pr56812.cc  -std=c++98  scan-tree-dump-times slp1 "basic block vectorized" 1 (found 0 times)

		=== g++ Summary for unix/-m64 ===

# of expected passes		112659
# of unexpected failures	13
# of expected failures		496
# of unsupported tests		4557

		=== g++ Summary ===

# of expected passes		223799
# of unexpected failures	23
# of expected failures		989
# of unsupported tests		8928
/var/gcc/regression/trunk/11-gcc/build/gcc/testsuite/g++/../../xg++  version 8.0.1 20180119 (experimental) [trunk revision 256877] (GCC) 

		=== gcc tests ===


Running target unix
FAIL: gcc.c-torture/compile/pr61159.c   -O0  (test for excess errors)
FAIL: gcc.c-torture/compile/pr61159.c   -O1  (test for excess errors)
FAIL: gcc.c-torture/compile/pr61159.c   -O2  (test for excess errors)
FAIL: gcc.c-torture/compile/pr61159.c   -O2 -flto  (test for excess errors)
FAIL: gcc.c-torture/compile/pr61159.c   -O2 -flto -flto-partition=none  (test for excess errors)
FAIL: gcc.c-torture/compile/pr61159.c   -O3 -g  (test for excess errors)
FAIL: gcc.c-torture/compile/pr61159.c   -Os  (test for excess errors)
FAIL: gcc.dg/debug/pr41893-1.c -gdwarf-2 -g3 (test for excess errors)
FAIL: gcc.dg/debug/pr41893-1.c -gdwarf-2 -g3 -O (test for excess errors)
FAIL: gcc.dg/debug/pr41893-1.c -gdwarf-2 -g3 -O3 (test for excess errors)
FAIL: gcc.dg/attr-weakref-1.c (test for excess errors)
WARNING: gcc.dg/attr-weakref-1.c compilation failed to produce executable
FAIL: gcc.dg/visibility-22.c execution test
FAIL: gcc.dg/ipa/inline-2.c scan-ipa-dump inline "op2 change 10.000000. of time"
FAIL: gcc.dg/ipa/inline-3.c scan-ipa-dump inline "Scaling time by probability:0.100000"
FAIL: gcc.dg/torture/pr60092.c   -O0  execution test
XPASS: gcc.dg/vect/vect-95.c -flto -ffat-lto-objects  scan-tree-dump-times vect "Alignment of access forced using peeling" 0
XPASS: gcc.dg/vect/vect-95.c scan-tree-dump-times vect "Alignment of access forced using peeling" 0
FAIL: gcc.target/i386/indirect-thunk-1.c scan-assembler jmp[ \\t]*__x86_indirect_thunk
FAIL: gcc.target/i386/indirect-thunk-2.c scan-assembler jmp[ \\t]*__x86_indirect_thunk
FAIL: gcc.target/i386/indirect-thunk-3.c scan-assembler jmp[ \\t]*__x86_indirect_thunk
FAIL: gcc.target/i386/indirect-thunk-4.c scan-assembler jmp[ \\t]*__x86_indirect_thunk
FAIL: gcc.target/i386/indirect-thunk-7.c scan-assembler jmp[ \\t]*__x86_indirect_thunk
FAIL: gcc.target/i386/indirect-thunk-attr-1.c scan-assembler jmp[ \\t]*__x86_indirect_thunk
FAIL: gcc.target/i386/indirect-thunk-attr-2.c scan-assembler jmp[ \\t]*__x86_indirect_thunk
FAIL: gcc.target/i386/indirect-thunk-attr-5.c scan-assembler jmp[ \\t]*__x86_indirect_thunk
FAIL: gcc.target/i386/indirect-thunk-attr-6.c scan-assembler jmp[ \\t]*__x86_indirect_thunk
FAIL: gcc.target/i386/indirect-thunk-attr-7.c scan-assembler jmp[ \\t]*__x86_indirect_thunk
FAIL: gcc.target/i386/indirect-thunk-bnd-1.c scan-assembler bnd jmp[ \\t]*__x86_indirect_thunk_bnd
FAIL: gcc.target/i386/indirect-thunk-bnd-2.c scan-assembler bnd jmp[ \\t]*__x86_indirect_thunk_bnd
FAIL: gcc.target/i386/indirect-thunk-extern-1.c scan-assembler jmp[ \\t]*__x86_indirect_thunk
FAIL: gcc.target/i386/indirect-thunk-extern-2.c scan-assembler jmp[ \\t]*__x86_indirect_thunk
FAIL: gcc.target/i386/indirect-thunk-extern-3.c scan-assembler jmp[ \\t]*__x86_indirect_thunk
FAIL: gcc.target/i386/indirect-thunk-extern-4.c scan-assembler jmp[ \\t]*__x86_indirect_thunk
FAIL: gcc.target/i386/indirect-thunk-extern-7.c scan-assembler jmp[ \\t]*__x86_indirect_thunk
FAIL: gcc.target/i386/indirect-thunk-register-1.c scan-assembler jmp[ \\t]*__x86_indirect_thunk_(r|e)ax
FAIL: gcc.target/i386/indirect-thunk-register-3.c scan-assembler jmp[ \\t]*__x86_indirect_thunk_(r|e)ax
FAIL: gcc.target/i386/pr80569.c (test for excess errors)
FAIL: gcc.target/i386/ret-thunk-1.c scan-assembler jmp[ \\t]*__x86_return_thunk
FAIL: gcc.target/i386/ret-thunk-10.c scan-assembler __x86_indirect_thunk:
FAIL: gcc.target/i386/ret-thunk-10.c scan-assembler jmp[ \\t]*__x86_indirect_thunk
FAIL: gcc.target/i386/ret-thunk-11.c scan-assembler __x86_indirect_thunk:
FAIL: gcc.target/i386/ret-thunk-11.c scan-assembler jmp[ \\t]*__x86_indirect_thunk
FAIL: gcc.target/i386/ret-thunk-11.c scan-assembler jmp[ \\t]*__x86_return_thunk
FAIL: gcc.target/i386/ret-thunk-12.c scan-assembler __x86_indirect_thunk:
FAIL: gcc.target/i386/ret-thunk-12.c scan-assembler jmp[ \\t]*__x86_indirect_thunk
FAIL: gcc.target/i386/ret-thunk-13.c scan-assembler jmp[ \\t]*__x86_return_thunk
FAIL: gcc.target/i386/ret-thunk-14.c scan-assembler jmp[ \\t]*__x86_indirect_thunk
FAIL: gcc.target/i386/ret-thunk-15.c scan-assembler jmp[ \\t]*__x86_indirect_thunk
FAIL: gcc.target/i386/ret-thunk-15.c scan-assembler jmp[ \\t]*__x86_return_thunk
FAIL: gcc.target/i386/ret-thunk-3.c scan-assembler jmp[ \\t]*__x86_return_thunk
FAIL: gcc.target/i386/ret-thunk-5.c scan-assembler jmp[ \\t]*__x86_return_thunk
FAIL: gcc.target/i386/ret-thunk-7.c scan-assembler jmp[ \\t]*__x86_return_thunk
FAIL: gcc.target/i386/ret-thunk-9.c scan-assembler __x86_indirect_thunk:
FAIL: gcc.target/i386/ret-thunk-9.c scan-assembler jmp[ \\t]*__x86_indirect_thunk
FAIL: gcc.target/i386/ret-thunk-9.c scan-assembler jmp[ \\t]*__x86_return_thunk

		=== gcc Summary for unix ===

# of expected passes		119326
# of unexpected failures	53
# of unexpected successes	2
# of expected failures		400
# of unsupported tests		2707

Running target unix/-m64
FAIL: gcc.c-torture/compile/pr61159.c   -O0  (test for excess errors)
FAIL: gcc.c-torture/compile/pr61159.c   -O1  (test for excess errors)
FAIL: gcc.c-torture/compile/pr61159.c   -O2  (test for excess errors)
FAIL: gcc.c-torture/compile/pr61159.c   -O2 -flto  (test for excess errors)
FAIL: gcc.c-torture/compile/pr61159.c   -O2 -flto -flto-partition=none  (test for excess errors)
FAIL: gcc.c-torture/compile/pr61159.c   -O3 -g  (test for excess errors)
FAIL: gcc.c-torture/compile/pr61159.c   -Os  (test for excess errors)
FAIL: gcc.dg/debug/pr41893-1.c -gdwarf-2 -g3 (test for excess errors)
FAIL: gcc.dg/debug/pr41893-1.c -gdwarf-2 -g3 -O (test for excess errors)
FAIL: gcc.dg/debug/pr41893-1.c -gdwarf-2 -g3 -O3 (test for excess errors)
FAIL: gcc.dg/attr-weakref-1.c (test for excess errors)
WARNING: gcc.dg/attr-weakref-1.c compilation failed to produce executable
FAIL: gcc.dg/visibility-22.c execution test
FAIL: gcc.dg/ipa/inline-2.c scan-ipa-dump inline "op2 change 10.000000. of time"
FAIL: gcc.dg/ipa/inline-3.c scan-ipa-dump inline "Scaling time by probability:0.100000"
FAIL: gcc.dg/rtl/x86_64/final.c (internal compiler error)
FAIL: gcc.dg/rtl/x86_64/final.c (test for excess errors)
UNRESOLVED: gcc.dg/rtl/x86_64/final.c scan-assembler .cfi_endproc
UNRESOLVED: gcc.dg/rtl/x86_64/final.c scan-assembler .cfi_startproc
UNRESOLVED: gcc.dg/rtl/x86_64/final.c scan-assembler ret
UNRESOLVED: gcc.dg/rtl/x86_64/final.c scan-assembler test_1:
FAIL: gcc.dg/torture/pr60092.c   -O0  execution test
XPASS: gcc.dg/vect/vect-95.c -flto -ffat-lto-objects  scan-tree-dump-times vect "Alignment of access forced using peeling" 0
XPASS: gcc.dg/vect/vect-95.c scan-tree-dump-times vect "Alignment of access forced using peeling" 0
FAIL: gcc.target/i386/indirect-thunk-1.c scan-assembler jmp[ \\t]*__x86_indirect_thunk
FAIL: gcc.target/i386/indirect-thunk-2.c scan-assembler jmp[ \\t]*__x86_indirect_thunk
FAIL: gcc.target/i386/indirect-thunk-3.c scan-assembler jmp[ \\t]*__x86_indirect_thunk
FAIL: gcc.target/i386/indirect-thunk-4.c scan-assembler jmp[ \\t]*__x86_indirect_thunk
FAIL: gcc.target/i386/indirect-thunk-7.c scan-assembler jmp[ \\t]*__x86_indirect_thunk
FAIL: gcc.target/i386/indirect-thunk-attr-1.c scan-assembler jmp[ \\t]*__x86_indirect_thunk
FAIL: gcc.target/i386/indirect-thunk-attr-2.c scan-assembler jmp[ \\t]*__x86_indirect_thunk
FAIL: gcc.target/i386/indirect-thunk-attr-5.c scan-assembler jmp[ \\t]*__x86_indirect_thunk
FAIL: gcc.target/i386/indirect-thunk-attr-6.c scan-assembler jmp[ \\t]*__x86_indirect_thunk
FAIL: gcc.target/i386/indirect-thunk-attr-7.c scan-assembler jmp[ \\t]*__x86_indirect_thunk
FAIL: gcc.target/i386/indirect-thunk-bnd-1.c scan-assembler bnd jmp[ \\t]*__x86_indirect_thunk_bnd
FAIL: gcc.target/i386/indirect-thunk-bnd-2.c scan-assembler bnd jmp[ \\t]*__x86_indirect_thunk_bnd
FAIL: gcc.target/i386/indirect-thunk-extern-1.c scan-assembler jmp[ \\t]*__x86_indirect_thunk
FAIL: gcc.target/i386/indirect-thunk-extern-2.c scan-assembler jmp[ \\t]*__x86_indirect_thunk
FAIL: gcc.target/i386/indirect-thunk-extern-3.c scan-assembler jmp[ \\t]*__x86_indirect_thunk
FAIL: gcc.target/i386/indirect-thunk-extern-4.c scan-assembler jmp[ \\t]*__x86_indirect_thunk
FAIL: gcc.target/i386/indirect-thunk-extern-7.c scan-assembler jmp[ \\t]*__x86_indirect_thunk
FAIL: gcc.target/i386/indirect-thunk-register-1.c scan-assembler jmp[ \\t]*__x86_indirect_thunk_(r|e)ax
FAIL: gcc.target/i386/indirect-thunk-register-3.c scan-assembler jmp[ \\t]*__x86_indirect_thunk_(r|e)ax
FAIL: gcc.target/i386/pr80569.c (test for excess errors)
FAIL: gcc.target/i386/ret-thunk-1.c scan-assembler jmp[ \\t]*__x86_return_thunk
FAIL: gcc.target/i386/ret-thunk-10.c scan-assembler __x86_indirect_thunk:
FAIL: gcc.target/i386/ret-thunk-10.c scan-assembler jmp[ \\t]*__x86_indirect_thunk
FAIL: gcc.target/i386/ret-thunk-11.c scan-assembler __x86_indirect_thunk:
FAIL: gcc.target/i386/ret-thunk-11.c scan-assembler jmp[ \\t]*__x86_indirect_thunk
FAIL: gcc.target/i386/ret-thunk-11.c scan-assembler jmp[ \\t]*__x86_return_thunk
FAIL: gcc.target/i386/ret-thunk-12.c scan-assembler __x86_indirect_thunk:
FAIL: gcc.target/i386/ret-thunk-12.c scan-assembler jmp[ \\t]*__x86_indirect_thunk
FAIL: gcc.target/i386/ret-thunk-13.c scan-assembler jmp[ \\t]*__x86_return_thunk
FAIL: gcc.target/i386/ret-thunk-14.c scan-assembler jmp[ \\t]*__x86_indirect_thunk
FAIL: gcc.target/i386/ret-thunk-15.c scan-assembler jmp[ \\t]*__x86_indirect_thunk
FAIL: gcc.target/i386/ret-thunk-15.c scan-assembler jmp[ \\t]*__x86_return_thunk
FAIL: gcc.target/i386/ret-thunk-3.c scan-assembler jmp[ \\t]*__x86_return_thunk
FAIL: gcc.target/i386/ret-thunk-5.c scan-assembler jmp[ \\t]*__x86_return_thunk
FAIL: gcc.target/i386/ret-thunk-7.c scan-assembler jmp[ \\t]*__x86_return_thunk
FAIL: gcc.target/i386/ret-thunk-9.c scan-assembler __x86_indirect_thunk:
FAIL: gcc.target/i386/ret-thunk-9.c scan-assembler jmp[ \\t]*__x86_indirect_thunk
FAIL: gcc.target/i386/ret-thunk-9.c scan-assembler jmp[ \\t]*__x86_return_thunk

		=== gcc Summary for unix/-m64 ===

# of expected passes		120925
# of unexpected failures	55
# of unexpected successes	2
# of expected failures		387
# of unresolved testcases	4
# of unsupported tests		2658

		=== gcc Summary ===

# of expected passes		240251
# of unexpected failures	108
# of unexpected successes	4
# of expected failures		787
# of unresolved testcases	4
# of unsupported tests		5365
/var/gcc/regression/trunk/11-gcc/build/gcc/xgcc  version 8.0.1 20180119 (experimental) [trunk revision 256877] (GCC) 

		=== gfortran tests ===


Running target unix

		=== gfortran Summary for unix ===

# of expected passes		46423
# of expected failures		92
# of unsupported tests		193

Running target unix/-m64

		=== gfortran Summary for unix/-m64 ===

# of expected passes		46640
# of expected failures		92
# of unsupported tests		90

		=== gfortran Summary ===

# of expected passes		93063
# of expected failures		184
# of unsupported tests		283
/var/gcc/regression/trunk/11-gcc/build/gcc/testsuite/gfortran/../../gfortran  version 8.0.1 20180119 (experimental) [trunk revision 256877] (GCC) 

		=== gnat tests ===


Running target unix

		=== gnat Summary for unix ===

# of expected passes		2688
# of expected failures		24
# of unsupported tests		7

Running target unix/-m64

		=== gnat Summary for unix/-m64 ===

# of expected passes		2688
# of expected failures		24
# of unsupported tests		7

		=== gnat Summary ===

# of expected passes		5376
# of expected failures		48
# of unsupported tests		14
/var/gcc/regression/trunk/11-gcc/build/gcc/gnatmake version 8.0.1 20180119 (experimental) [trunk revision 256877]

		=== go tests ===


Running target unix
FAIL: ./index0-out.go compilation,  -O0 -g -fno-var-tracking-assignments 

		=== go Summary for unix ===

# of expected passes		7363
# of unexpected failures	1
# of expected failures		1
# of untested testcases		11
# of unsupported tests		2

Running target unix/-m64
FAIL: ./index0-out.go compilation,  -O0 -g -fno-var-tracking-assignments 

		=== go Summary for unix/-m64 ===

# of expected passes		7244
# of unexpected failures	1
# of expected failures		1
# of untested testcases		11
# of unsupported tests		1

		=== go Summary ===

# of expected passes		14607
# of unexpected failures	2
# of expected failures		2
# of untested testcases		22
# of unsupported tests		3
		=== obj-c++ tests ===


Running target unix

		=== obj-c++ Summary for unix ===

# of expected passes		1464
# of expected failures		2
# of unsupported tests		77

Running target unix/-m64

		=== obj-c++ Summary for unix/-m64 ===

# of expected passes		1456
# of expected failures		10
# of unsupported tests		77

		=== obj-c++ Summary ===

# of expected passes		2920
# of expected failures		12
# of unsupported tests		154
/var/gcc/regression/trunk/11-gcc/build/gcc/testsuite/obj-c++/../../xg++  version 8.0.1 20180119 (experimental) [trunk revision 256877] (GCC) 

		=== objc tests ===


Running target unix

		=== objc Summary for unix ===

# of expected passes		2797
# of expected failures		6
# of unsupported tests		68

Running target unix/-m64

		=== objc Summary for unix/-m64 ===

# of expected passes		2797
# of expected failures		6
# of unsupported tests		68

		=== objc Summary ===

# of expected passes		5594
# of expected failures		12
# of unsupported tests		136
/var/gcc/regression/trunk/11-gcc/build/gcc/xgcc  version 8.0.1 20180119 (experimental) [trunk revision 256877] (GCC) 

		=== gotools tests ===

FAIL: go test cmd/go
FAIL: TestBreakpoint
FAIL: TestCatchPanic
FAIL: TestCgoCCodeSIGPROF
FAIL: TestCgoCallbackGC
FAIL: TestCgoCheckBytes
FAIL: TestCgoCrashHandler
FAIL: TestCgoExecSignalMask
FAIL: TestCgoExternalThreadPanic
FAIL: TestCgoExternalThreadSIGPROF
FAIL: TestCgoExternalThreadSignal
FAIL: TestCgoLockOSThreadExit
FAIL: TestCgoNumGoroutine
FAIL: TestCgoPanicDeadlock
FAIL: TestCgoSignalDeadlock
FAIL: TestCgoTraceback
FAIL: TestCrashDumpsAllThreads
FAIL: TestCrashHandler
FAIL: TestEnsureDropM
FAIL: TestGCFairness
FAIL: TestGCFairness2
FAIL: TestGoNil
FAIL: TestGoexitCrash
FAIL: TestGoexitDeadlock
FAIL: TestGoexitInPanic
FAIL: TestInitDeadlock
FAIL: TestLargeStringConcat
FAIL: TestLockOSThreadExit
FAIL: TestLockedDeadlock
FAIL: TestLockedDeadlock2
FAIL: TestMainGoroutineID
FAIL: TestNetpollDeadlock
FAIL: TestNoHelperGoroutines
FAIL: TestNumGoroutine
FAIL: TestPanicAfterGoexit
FAIL: TestPanicDeadlockGosched
FAIL: TestPanicDeadlockSyscall
FAIL: TestPanicLoop
FAIL: TestPanicRace
FAIL: TestPanicTraceback
FAIL: TestRecoveredPanicAfterGoexit
FAIL: TestRecursivePanic
FAIL: TestSelectStackAdjust
FAIL: TestSigStackSwapping
FAIL: TestSignalExitStatus
FAIL: TestSignalIgnoreSIGTRAP
FAIL: TestSimpleDeadlock
FAIL: TestThreadExhaustion
FAIL: go test runtime
FAIL: go test misc/cgo/test
FAIL: go test misc/cgo/testcarchive
FAIL: go test cmd/vet

		=== gotools Summary ===
# of expected passes		108
# of unexpected failures	52
# of untested testcases		48
/var/gcc/regression/trunk/11-gcc/build/./gcc/gccgo version 8.0.1 20180119 (experimental) [trunk revision 256877] (GCC)

		=== libatomic tests ===


Running target unix

		=== libatomic Summary for unix ===

# of expected passes		44
# of unsupported tests		5

Running target unix/-m64

		=== libatomic Summary for unix/-m64 ===

# of expected passes		54

		=== libatomic Summary ===

# of expected passes		98
# of unsupported tests		5
		=== libffi tests ===


Running target unix

		=== libffi Summary for unix ===

# of expected passes		2799

Running target unix/-m64

		=== libffi Summary for unix/-m64 ===

# of expected passes		2214

		=== libffi Summary ===

# of expected passes		5013
		=== libgo tests ===


Running target unix
FAIL: runtime
FAIL: go/build

		=== libgo Summary for unix ===

# of expected passes		161
# of unexpected failures	2

Running target unix/-m64
FAIL: runtime
FAIL: go/build

		=== libgo Summary for unix/-m64 ===

# of expected passes		161
# of unexpected failures	2

		=== libgo Summary ===

# of expected passes		322
# of unexpected failures	4
/var/gcc/regression/trunk/11-gcc/build/./gcc/gccgo version 8.0.1 20180119 (experimental) [trunk revision 256877] (GCC)

		=== libgomp tests ===


Running target unix
FAIL: libgomp.graphite/force-parallel-1.c scan-tree-dump-times graphite "2 loops carried no dependency" 1 (found 0 times)
FAIL: libgomp.graphite/force-parallel-1.c scan-tree-dump-times optimized "loopfn" 8 (found 12 times)

		=== libgomp Summary for unix ===

# of expected passes		5255
# of unexpected failures	2
# of unsupported tests		352

Running target unix/-m64
FAIL: libgomp.graphite/force-parallel-1.c scan-tree-dump-times graphite "2 loops carried no dependency" 1 (found 0 times)
FAIL: libgomp.graphite/force-parallel-1.c scan-tree-dump-times optimized "loopfn" 8 (found 12 times)

		=== libgomp Summary for unix/-m64 ===

# of expected passes		5255
# of unexpected failures	2
# of unsupported tests		352

		=== libgomp Summary ===

# of expected passes		10510
# of unexpected failures	4
# of unsupported tests		704
		=== libitm tests ===


Running target unix

		=== libitm Summary for unix ===

# of expected passes		42
# of expected failures		3
# of unsupported tests		1

Running target unix/-m64

		=== libitm Summary for unix/-m64 ===

# of expected passes		42
# of expected failures		3
# of unsupported tests		1

		=== libitm Summary ===

# of expected passes		84
# of expected failures		6
# of unsupported tests		2
		=== libstdc++ tests ===


Running target unix
FAIL: 26_numerics/random/chi_squared_distribution/83833.cc execution test

		=== libstdc++ Summary for unix ===

# of expected passes		11289
# of unexpected failures	1
# of expected failures		71
# of unsupported tests		631

Running target unix/-m64

		=== libstdc++ Summary for unix/-m64 ===

# of expected passes		11282
# of expected failures		71
# of unsupported tests		635

		=== libstdc++ Summary ===

# of expected passes		22571
# of unexpected failures	1
# of expected failures		142
# of unsupported tests		1266

Compiler version: 8.0.1 20180119 (experimental) [trunk revision 256877] (GCC) 
Platform: i386-pc-solaris2.11
configure flags: --prefix=/vol/gcc --target=i386-pc-solaris2.11 --enable-objc-gc --with-target-bdw-gc-include=/vol/gcc/include --with-target-bdw-gc-lib=/vol/gcc/lib,amd64=/vol/gcc/lib/amd64 --enable-libmudflap --with-as=/usr/ccs/bin/as --without-gnu-as --with-gmp-include=/vol/gcc/include --with-gmp-lib=/vol/gcc/lib --with-mpfr-include=/vol/gcc/include --with-mpfr-lib=/vol/gcc/lib --with-mpc-include=/vol/gcc/include --with-mpc-lib=/vol/gcc/lib --enable-languages=all,ada,obj-c++,go --with-isl-include=/vol/gcc/include --with-isl-lib=/vol/gcc/lib --build=i386-pc-solaris2.11 --host=i386-pc-solaris2.11
BOOT_CFLAGS=-g -O2


Index Nav: [Date Index] [Subject Index] [Author Index] [Thread Index]
Message Nav: [Date Prev] [Date Next] [Thread Prev] [Thread Next]