This is the mail archive of the gcc-testresults@gcc.gnu.org mailing list for the GCC project.


Index Nav: [Date Index] [Subject Index] [Author Index] [Thread Index]
Message Nav: [Date Prev] [Date Next] [Thread Prev] [Thread Next]
Other format: [Raw text]

Results for 8.0.1 20180116 (experimental) [trunk revision 256744] (GCC) testsuite on hppa2.0w-hp-hpux11.11


		=== acats tests ===
FAIL:	c974013
FAIL:	c9a011b

		=== acats Summary ===
# of expected passes		2318
# of unexpected failures	2
Native configuration is hppa2.0w-hp-hpux11.11

		=== g++ tests ===


Running target unix
FAIL: g++.dg/abi/abi-tag18a.C  -std=gnu++98  scan-assembler _ZZ1fB7__test1vEN1T1gB7__test2Ev
FAIL: g++.dg/abi/abi-tag18a.C  -std=gnu++98  scan-assembler _ZZZ1fB7__test1vEN1T1gEvE1x
FAIL: g++.dg/abi/abi-tag18a.C  -std=gnu++11  scan-assembler _ZZ1fB7__test1vEN1T1gB7__test2Ev
FAIL: g++.dg/abi/abi-tag18a.C  -std=gnu++11  scan-assembler _ZZZ1fB7__test1vEN1T1gEvE1x
FAIL: g++.dg/abi/abi-tag18a.C  -std=gnu++14  scan-assembler _ZZ1fB7__test1vEN1T1gB7__test2Ev
FAIL: g++.dg/abi/abi-tag18a.C  -std=gnu++14  scan-assembler _ZZZ1fB7__test1vEN1T1gEvE1x
FAIL: g++.dg/template/nontype10.C  -std=c++98 (test for excess errors)
FAIL: g++.dg/template/nontype10.C  -std=c++11 (test for excess errors)
FAIL: g++.dg/template/nontype10.C  -std=c++14 (test for excess errors)
FAIL: c-c++-common/Warray-bounds-4.c  -std=gnu++98  (test for warnings, line 67)
FAIL: c-c++-common/Warray-bounds-4.c  -std=gnu++11  (test for warnings, line 67)
FAIL: c-c++-common/Warray-bounds-4.c  -std=gnu++14  (test for warnings, line 67)
FAIL: c-c++-common/gomp/clauses-2.c  -std=c++98 (internal compiler error)
FAIL: c-c++-common/gomp/clauses-2.c  -std=c++98  (test for errors, line 25)
FAIL: c-c++-common/gomp/clauses-2.c  -std=c++98  (test for errors, line 39)
FAIL: c-c++-common/gomp/clauses-2.c  -std=c++98  (test for errors, line 41)
FAIL: c-c++-common/gomp/clauses-2.c  -std=c++98  (test for errors, line 43)
FAIL: c-c++-common/gomp/clauses-2.c  -std=c++98 (test for excess errors)
FAIL: c-c++-common/gomp/clauses-2.c  -std=c++11 (internal compiler error)
FAIL: c-c++-common/gomp/clauses-2.c  -std=c++11  (test for errors, line 25)
FAIL: c-c++-common/gomp/clauses-2.c  -std=c++11  (test for errors, line 39)
FAIL: c-c++-common/gomp/clauses-2.c  -std=c++11  (test for errors, line 41)
FAIL: c-c++-common/gomp/clauses-2.c  -std=c++11  (test for errors, line 43)
FAIL: c-c++-common/gomp/clauses-2.c  -std=c++11 (test for excess errors)
FAIL: c-c++-common/gomp/clauses-2.c  -std=c++14 (internal compiler error)
FAIL: c-c++-common/gomp/clauses-2.c  -std=c++14  (test for errors, line 25)
FAIL: c-c++-common/gomp/clauses-2.c  -std=c++14  (test for errors, line 39)
FAIL: c-c++-common/gomp/clauses-2.c  -std=c++14  (test for errors, line 41)
FAIL: c-c++-common/gomp/clauses-2.c  -std=c++14  (test for errors, line 43)
FAIL: c-c++-common/gomp/clauses-2.c  -std=c++14 (test for excess errors)
WARNING: program timed out.
FAIL: g++.dg/tls/pr77285-2.C  -std=c++11  scan-assembler _ZTH4var1B3tag
FAIL: g++.dg/tls/pr77285-2.C  -std=c++14  scan-assembler _ZTH4var1B3tag
FAIL: g++.dg/torture/stackalign/throw-1.C   -O0  execution test
FAIL: g++.dg/torture/stackalign/throw-1.C   -O0 -fpic execution test
FAIL: g++.dg/torture/stackalign/throw-1.C   -O1 -fpic execution test
FAIL: g++.dg/torture/stackalign/throw-1.C   -O2 -fpic execution test
FAIL: g++.dg/torture/stackalign/throw-1.C   -O3 -fomit-frame-pointer -funroll-loops -fpeel-loops -ftracer -finline-functions -fpic execution test
FAIL: g++.dg/torture/stackalign/throw-1.C   -O3 -g -fpic execution test
FAIL: g++.dg/torture/stackalign/throw-1.C   -Os -fpic execution test
FAIL: g++.dg/torture/stackalign/throw-2.C   -O0  execution test
FAIL: g++.dg/torture/stackalign/throw-2.C   -O0 -fpic execution test
FAIL: g++.dg/torture/stackalign/throw-2.C   -O1 -fpic execution test
FAIL: g++.dg/torture/stackalign/throw-2.C   -O2 -fpic execution test
FAIL: g++.dg/torture/stackalign/throw-2.C   -O3 -fomit-frame-pointer -funroll-loops -fpeel-loops -ftracer -finline-functions -fpic execution test
FAIL: g++.dg/torture/stackalign/throw-2.C   -O3 -g -fpic execution test
FAIL: g++.dg/torture/stackalign/throw-2.C   -Os -fpic execution test
FAIL: g++.dg/torture/stackalign/throw-4.C   -O0  execution test
FAIL: g++.dg/torture/stackalign/throw-4.C   -O0 -fpic execution test
FAIL: g++.dg/torture/stackalign/throw-4.C   -O1 -fpic execution test
FAIL: g++.dg/torture/stackalign/throw-4.C   -O2 -fpic execution test
FAIL: g++.dg/torture/stackalign/throw-4.C   -O3 -fomit-frame-pointer -funroll-loops -fpeel-loops -ftracer -finline-functions -fpic execution test
FAIL: g++.dg/torture/stackalign/throw-4.C   -O3 -g -fpic execution test
FAIL: g++.dg/torture/stackalign/throw-4.C   -Os -fpic execution test

		=== g++ Summary ===

# of expected passes		102327
# of unexpected failures	53
# of expected failures		480
# of unsupported tests		5208
/test/gnu/gcc/objdir/gcc/testsuite/g++/../../xg++  version 8.0.1 20180116 (experimental) [trunk revision 256744] (GCC) 

		=== gcc tests ===


Running target unix
FAIL: gcc.c-torture/compile/limits-exprparen.c   -O0  (internal compiler error)
FAIL: gcc.c-torture/compile/limits-exprparen.c   -O0  (test for excess errors)
FAIL: gcc.c-torture/compile/limits-exprparen.c   -O1  (internal compiler error)
FAIL: gcc.c-torture/compile/limits-exprparen.c   -O1  (test for excess errors)
FAIL: gcc.c-torture/compile/limits-exprparen.c   -O2  (internal compiler error)
FAIL: gcc.c-torture/compile/limits-exprparen.c   -O2  (test for excess errors)
FAIL: gcc.c-torture/compile/limits-exprparen.c   -O3 -g  (internal compiler error)
FAIL: gcc.c-torture/compile/limits-exprparen.c   -O3 -g  (test for excess errors)
FAIL: gcc.c-torture/compile/limits-exprparen.c   -Os  (internal compiler error)
FAIL: gcc.c-torture/compile/limits-exprparen.c   -Os  (test for excess errors)
FAIL: gcc.dg/atomic/c11-atomic-exec-5.c   -O0  execution test
FAIL: gcc.dg/atomic/c11-atomic-exec-5.c   -O1  execution test
FAIL: gcc.dg/atomic/c11-atomic-exec-5.c   -O2  execution test
FAIL: gcc.dg/atomic/c11-atomic-exec-5.c   -O3 -fomit-frame-pointer -funroll-loops -fpeel-loops -ftracer -finline-functions  execution test
FAIL: gcc.dg/atomic/c11-atomic-exec-5.c   -O3 -g  execution test
FAIL: gcc.dg/atomic/c11-atomic-exec-5.c   -Os  execution test
FAIL: gcc.dg/compat/pr83487-1 c_compat_y_tst.o compile
FAIL: gcc.dg/compat/pr83487-2 c_compat_y_tst.o compile
FAIL: gcc.dg/pr83480.c (internal compiler error)
FAIL: gcc.dg/pr83480.c (test for excess errors)
FAIL: gcc.dg/pr83621.c (test for excess errors)
FAIL: gcc.dg/pr83623.c (test for excess errors)
FAIL: gcc.dg/pr83666.c (test for excess errors)
FAIL: gcc.dg/predict-13.c scan-tree-dump-times profile_estimate "combined heuristics of edge[^:]*: 0.1%" 2 (found 0 times)
FAIL: c-c++-common/Warray-bounds-4.c  -Wc++-compat   (test for warnings, line 67)
FAIL: c-c++-common/gomp/clauses-2.c (internal compiler error)
FAIL: c-c++-common/gomp/clauses-2.c  (test for errors, line 25)
FAIL: c-c++-common/gomp/clauses-2.c  (test for errors, line 39)
FAIL: c-c++-common/gomp/clauses-2.c  (test for errors, line 41)
FAIL: c-c++-common/gomp/clauses-2.c  (test for errors, line 43)
FAIL: c-c++-common/gomp/clauses-2.c (test for excess errors)
WARNING: program timed out.
FAIL: gcc.dg/ipa/inline-2.c scan-ipa-dump inline "op2 change 10.000000. of time"
FAIL: gcc.dg/ipa/inline-3.c scan-ipa-dump inline "Scaling time by probability:0.100000"
XPASS: gcc.dg/torture/pr47917.c   -O1  execution test
XPASS: gcc.dg/torture/pr47917.c   -O2  execution test
XPASS: gcc.dg/torture/pr47917.c   -O3 -g  execution test
XPASS: gcc.dg/torture/pr47917.c   -Os  execution test
FAIL: gcc.dg/torture/pr52451.c   -O0  execution test
FAIL: gcc.dg/torture/pr52451.c   -O1  execution test
FAIL: gcc.dg/torture/pr52451.c   -O2  execution test
FAIL: gcc.dg/torture/pr52451.c   -O3 -g  execution test
FAIL: gcc.dg/torture/pr52451.c   -Os  execution test
FAIL: gcc.dg/tree-ssa/builtin-sprintf.c execution test
FAIL: gcc.dg/tree-ssa/ssa-dse-26.c scan-tree-dump-times dse1 "Deleted dead store" 2 (found 4 times)
FAIL: gcc.target/hppa/shadd-3.c scan-assembler-times sh.add 5 (found 6 times)

		=== gcc Summary ===

# of expected passes		78646
# of unexpected failures	41
# of unexpected successes	4
# of expected failures		279
# of unsupported tests		2272
/test/gnu/gcc/objdir/gcc/xgcc  version 8.0.1 20180116 (experimental) [trunk revision 256744] (GCC) 

		=== gfortran tests ===


Running target unix
FAIL: gfortran.dg/elemental_subroutine_3.f90   -O1  (test for excess errors)
FAIL: gfortran.dg/elemental_subroutine_3.f90   -O2  (test for excess errors)
FAIL: gfortran.dg/elemental_subroutine_3.f90   -O3 -fomit-frame-pointer -funroll-loops -fpeel-loops -ftracer -finline-functions  (test for excess errors)
FAIL: gfortran.dg/elemental_subroutine_3.f90   -O3 -g  (test for excess errors)
FAIL: gfortran.dg/elemental_subroutine_3.f90   -Os  (test for excess errors)
FAIL: gfortran.dg/fmt_fw_d.f90   -O0  execution test
FAIL: gfortran.dg/fmt_fw_d.f90   -O1  execution test
FAIL: gfortran.dg/fmt_fw_d.f90   -O2  execution test
FAIL: gfortran.dg/fmt_fw_d.f90   -O3 -fomit-frame-pointer -funroll-loops -fpeel-loops -ftracer -finline-functions  execution test
FAIL: gfortran.dg/fmt_fw_d.f90   -O3 -g  execution test
FAIL: gfortran.dg/fmt_fw_d.f90   -Os  execution test
XPASS: gfortran.dg/pr45636.f90   -O   scan-tree-dump-times forwprop2 "memset" 0

		=== gfortran Summary ===

# of expected passes		44667
# of unexpected failures	11
# of unexpected successes	1
# of expected failures		106
# of unsupported tests		458
/test/gnu/gcc/objdir/gcc/testsuite/gfortran/../../gfortran  version 8.0.1 20180116 (experimental) [trunk revision 256744] (GCC) 

		=== gnat tests ===


Running target unix
FAIL: gnat.dg/debug11.adb scan-assembler-times 0x5a.*DW_AT_discr_list 1 (found 0 times)
FAIL: gnat.dg/debug11.adb scan-assembler-times 0x80.*DW_AT_discr_list 1 (found 0 times)
FAIL: gnat.dg/debug11_pkg.adb scan-assembler local_imported_func
FAIL: gnat.dg/debug11_pkg.adb scan-assembler local_imported_var
FAIL: gnat.dg/debug11_pkg.adb scan-assembler global_imported_func
FAIL: gnat.dg/debug11_pkg.adb scan-assembler global_imported_var
FAIL: gnat.dg/debug12.adb (test for excess errors)
UNRESOLVED: gnat.dg/debug12.adb scan-assembler-times DW_AT_location 4
XPASS: gnat.dg/lto19.adb (test for excess errors)
XPASS: gnat.dg/lto20.adb (test for excess errors)

		=== gnat Summary ===

# of expected passes		2641
# of unexpected failures	7
# of unexpected successes	2
# of expected failures		22
# of unresolved testcases	1
# of unsupported tests		25
/test/gnu/gcc/objdir/gcc/gnatmake version 8.0.1 20180116 (experimental) [trunk revision 256744]

		=== obj-c++ tests ===


Running target unix

		=== obj-c++ Summary ===

# of expected passes		1406
# of expected failures		2
# of unsupported tests		60
/test/gnu/gcc/objdir/gcc/testsuite/obj-c++/../../xg++  version 8.0.1 20180116 (experimental) [trunk revision 256744] (GCC) 

		=== objc tests ===


Running target unix

		=== objc Summary ===

# of expected passes		2705
# of unsupported tests		61
/test/gnu/gcc/objdir/gcc/xgcc  version 8.0.1 20180116 (experimental) [trunk revision 256744] (GCC) 

		=== libatomic tests ===


Running target unix

		=== libatomic Summary ===

# of expected passes		44
# of unsupported tests		5
		=== libgomp tests ===


Running target unix
FAIL: libgomp.c/target-29.c (internal compiler error)
FAIL: libgomp.c/target-29.c (test for excess errors)
UNRESOLVED: libgomp.c/target-29.c compilation failed to produce executable
FAIL: libgomp.c++/member-5.C execution test
FAIL: libgomp.c++/target-15.C (internal compiler error)
FAIL: libgomp.c++/target-15.C (test for excess errors)
UNRESOLVED: libgomp.c++/target-15.C compilation failed to produce executable
FAIL: libgomp.c++/target-16.C (internal compiler error)
FAIL: libgomp.c++/target-16.C (test for excess errors)
UNRESOLVED: libgomp.c++/target-16.C compilation failed to produce executable
FAIL: libgomp.c++/target-17.C (internal compiler error)
FAIL: libgomp.c++/target-17.C (test for excess errors)
UNRESOLVED: libgomp.c++/target-17.C compilation failed to produce executable
FAIL: libgomp.c++/target-19.C (internal compiler error)
FAIL: libgomp.c++/target-19.C (test for excess errors)
UNRESOLVED: libgomp.c++/target-19.C compilation failed to produce executable
FAIL: libgomp.fortran/doacross1.f90   -O3 -fomit-frame-pointer -funroll-loops -fpeel-loops -ftracer -finline-functions  execution test
FAIL: libgomp.graphite/force-parallel-1.c scan-tree-dump-times graphite "2 loops carried no dependency" 1 (found 0 times)
FAIL: libgomp.graphite/force-parallel-1.c scan-tree-dump-times optimized "loopfn" 8 (found 12 times)
FAIL: libgomp.oacc-c/../libgomp.oacc-c-c++-common/atomic_update-1.c -DACC_DEVICE_TYPE_host=1 -DACC_MEM_SHARED=1  -O2  execution test
FAIL: libgomp.oacc-c++/../libgomp.oacc-c-c++-common/atomic_update-1.c -DACC_DEVICE_TYPE_host=1 -DACC_MEM_SHARED=1  -O2  execution test

		=== libgomp Summary ===

# of expected passes		5207
# of unexpected failures	16
# of unresolved testcases	5
# of unsupported tests		369
		=== libstdc++ tests ===


Running target unix
FAIL: 20_util/shared_ptr/thread/default_weaktoshared.cc (test for excess errors)
FAIL: 20_util/shared_ptr/thread/default_weaktoshared.cc execution test
FAIL: 20_util/shared_ptr/thread/mutex_weaktoshared.cc (test for excess errors)
FAIL: 20_util/shared_ptr/thread/mutex_weaktoshared.cc execution test
FAIL: 22_locale/num_put/put/char/14220.cc execution test
FAIL: 22_locale/num_put/put/wchar_t/14220.cc execution test
FAIL: 27_io/basic_ostream/inserters_arithmetic/char/4402.cc execution test
FAIL: 27_io/basic_ostream/inserters_arithmetic/wchar_t/4402.cc execution test
FAIL: 30_threads/thread/cons/terminate.cc (test for excess errors)
UNRESOLVED: 30_threads/thread/cons/terminate.cc compilation failed to produce executable
FAIL: libstdc++-prettyprinters/48362.cc
FAIL: libstdc++-prettyprinters/59161.cc
FAIL: libstdc++-prettyprinters/80276.cc
FAIL: libstdc++-prettyprinters/cxx11.cc
FAIL: libstdc++-prettyprinters/cxx17.cc
FAIL: libstdc++-prettyprinters/debug.cc
FAIL: libstdc++-prettyprinters/debug_cxx11.cc
FAIL: libstdc++-prettyprinters/libfundts.cc
FAIL: libstdc++-prettyprinters/shared_ptr.cc
FAIL: libstdc++-prettyprinters/simple.cc
FAIL: libstdc++-prettyprinters/simple11.cc
FAIL: libstdc++-prettyprinters/tr1.cc
FAIL: libstdc++-prettyprinters/whatis.cc
FAIL: libstdc++-prettyprinters/whatis2.cc
FAIL: libstdc++-xmethods/array.cc
FAIL: libstdc++-xmethods/associative-containers.cc
FAIL: libstdc++-xmethods/deque.cc
FAIL: libstdc++-xmethods/forwardlist.cc
FAIL: libstdc++-xmethods/list.cc
FAIL: libstdc++-xmethods/shared_ptr.cc
FAIL: libstdc++-xmethods/unique_ptr.cc
FAIL: libstdc++-xmethods/vector.cc

		=== libstdc++ Summary ===

# of expected passes		10657
# of unexpected failures	31
# of expected failures		71
# of unresolved testcases	1
# of unsupported tests		919

Compiler version: 8.0.1 20180116 (experimental) [trunk revision 256744] (GCC) 
Platform: hppa2.0w-hp-hpux11.11
configure flags:Test Run By dave on Wed Jan 17 13:03:44  2018


Index Nav: [Date Index] [Subject Index] [Author Index] [Thread Index]
Message Nav: [Date Prev] [Date Next] [Thread Prev] [Thread Next]