This is the mail archive of the gcc-testresults@gcc.gnu.org mailing list for the GCC project.


Index Nav: [Date Index] [Subject Index] [Author Index] [Thread Index]
Message Nav: [Date Prev] [Date Next] [Thread Prev] [Thread Next]
Other format: [Raw text]

Results for 8.0.1 20180118 (experimental) (AVR_8_bit_GNU_Toolchain_4.0.0_721) gcc testsuite on avr-unknown-none


Target is avr-unknown-none
Host   is x86_64-pc-linux-gnu

		=== gcc tests ===


Running target atmega128-sim/-mrelax
FAIL: gcc.c-torture/compile/930326-1.c   -O0  (test for excess errors)
FAIL: gcc.c-torture/compile/930326-1.c   -O1  (test for excess errors)
FAIL: gcc.c-torture/compile/930326-1.c   -O2  (test for excess errors)
FAIL: gcc.c-torture/compile/930326-1.c   -O3 -g  (test for excess errors)
FAIL: gcc.c-torture/compile/930326-1.c   -Os  (test for excess errors)
FAIL: gcc.c-torture/compile/930326-1.c   -O2 -flto -fno-use-linker-plugin -flto-partition=none  (test for excess errors)
FAIL: gcc.c-torture/compile/930326-1.c   -O2 -flto -fuse-linker-plugin -fno-fat-lto-objects  (test for excess errors)
FAIL: gcc.c-torture/execute/20180112-1.c   -O0  execution test
FAIL: gcc.c-torture/execute/20180112-1.c   -O1  execution test
FAIL: gcc.c-torture/execute/20180112-1.c   -O2  execution test
FAIL: gcc.c-torture/execute/20180112-1.c   -O3 -g  execution test
FAIL: gcc.c-torture/execute/20180112-1.c   -Os  execution test
FAIL: gcc.c-torture/execute/20180112-1.c   -O2 -flto -fno-use-linker-plugin -flto-partition=none  execution test
FAIL: gcc.c-torture/execute/20180112-1.c   -O2 -flto -fuse-linker-plugin -fno-fat-lto-objects  execution test
FAIL: gcc.c-torture/execute/pr70460.c   -O0  execution test
FAIL: gcc.c-torture/execute/pr70460.c   -O1  execution test
FAIL: gcc.c-torture/execute/pr70460.c   -O2  execution test
FAIL: gcc.c-torture/execute/pr70460.c   -Os  execution test
FAIL: gcc.c-torture/execute/pr70460.c   -O2 -flto -fno-use-linker-plugin -flto-partition=none  execution test
FAIL: gcc.c-torture/execute/pr70460.c   -O2 -flto -fuse-linker-plugin -fno-fat-lto-objects  execution test
FAIL: gcc.c-torture/execute/pr81503.c   -O0  execution test
FAIL: gcc.c-torture/execute/pr81503.c   -O1  execution test
FAIL: gcc.c-torture/execute/pr81503.c   -O2  execution test
FAIL: gcc.c-torture/execute/pr81503.c   -O3 -g  execution test
FAIL: gcc.c-torture/execute/pr81503.c   -Os  execution test
FAIL: gcc.c-torture/execute/pr81503.c   -O2 -flto -fno-use-linker-plugin -flto-partition=none  execution test
FAIL: gcc.c-torture/execute/pr81503.c   -O2 -flto -fuse-linker-plugin -fno-fat-lto-objects  execution test
FAIL: gcc.c-torture/execute/pr81913.c   -O0  execution test
FAIL: gcc.c-torture/execute/pr81913.c   -O1  execution test
FAIL: gcc.c-torture/execute/pr81913.c   -O2  execution test
FAIL: gcc.c-torture/execute/pr81913.c   -O3 -fomit-frame-pointer -funroll-loops -fpeel-loops -ftracer -finline-functions  execution test
FAIL: gcc.c-torture/execute/pr81913.c   -O3 -g  execution test
FAIL: gcc.c-torture/execute/pr81913.c   -Os  execution test
FAIL: gcc.c-torture/execute/pr81913.c   -O2 -flto -fno-use-linker-plugin -flto-partition=none  execution test
FAIL: gcc.c-torture/execute/pr81913.c   -O2 -flto -fuse-linker-plugin -fno-fat-lto-objects  execution test
FAIL: gcc.c-torture/execute/pr83362.c   -O0  execution test
FAIL: gcc.c-torture/execute/pr83362.c   -O1  execution test
FAIL: gcc.c-torture/execute/pr83362.c   -O2  execution test
FAIL: gcc.c-torture/execute/pr83362.c   -O3 -fomit-frame-pointer -funroll-loops -fpeel-loops -ftracer -finline-functions  execution test
FAIL: gcc.c-torture/execute/pr83362.c   -O3 -g  execution test
FAIL: gcc.c-torture/execute/pr83362.c   -Os  execution test
FAIL: gcc.c-torture/execute/pr83362.c   -O2 -flto -fno-use-linker-plugin -flto-partition=none  execution test
FAIL: gcc.c-torture/execute/pr83362.c   -O2 -flto -fuse-linker-plugin -fno-fat-lto-objects  execution test
FAIL: gcc.dg/debug/pr41893-1.c -gdwarf-2 -g1 (test for excess errors)
FAIL: gcc.dg/debug/pr41893-1.c -gdwarf-2 -g1 -O (test for excess errors)
FAIL: gcc.dg/debug/pr41893-1.c -gdwarf-2 -g1 -O3 (test for excess errors)
FAIL: gcc.dg/debug/pr41893-1.c -gdwarf-2 (test for excess errors)
FAIL: gcc.dg/debug/pr41893-1.c -gdwarf-2 -O (test for excess errors)
FAIL: gcc.dg/debug/pr41893-1.c -gdwarf-2 -O3 (test for excess errors)
FAIL: gcc.dg/debug/pr41893-1.c -gdwarf-2 -g3 (test for excess errors)
FAIL: gcc.dg/debug/pr41893-1.c -gdwarf-2 -g3 -O (test for excess errors)
FAIL: gcc.dg/debug/pr41893-1.c -gdwarf-2 -g3 -O3 (test for excess errors)
FAIL: gcc.dg/20141029-1.c scan-rtl-dump-times final "mem/v(/.)*:HI" 4 (found 0 times)
FAIL: gcc.dg/Wattributes-6.c (test for excess errors)
FAIL: gcc.dg/Wsign-conversion.c  (test for warnings, line 63)
FAIL: gcc.dg/Wsign-conversion.c  (test for warnings, line 64)
FAIL: gcc.dg/Wsign-conversion.c (test for excess errors)
XPASS: gcc.dg/Wtype-limits-Wextra.c (test for excess errors)
FAIL: gcc.dg/addr_equal-1.c execution test
XPASS: gcc.dg/attr-alloc_size-11.c missing range info for signed char (test for warnings, line 50)
XPASS: gcc.dg/attr-alloc_size-11.c missing range info for short (test for warnings, line 51)
FAIL: gcc.dg/attr-alloc_size-3.c (test for excess errors)
FAIL: gcc.dg/attr-alloc_size-4.c  (test for warnings, line 165)
FAIL: gcc.dg/attr-alloc_size-4.c (test for excess errors)
XPASS: gcc.dg/builtin-return-1.c execution test
FAIL: gcc.dg/builtin-stringop-chk-7.c (test for excess errors)
FAIL: gcc.dg/fold-convmaxconv-1.c scan-tree-dump-not optimized " = MAX_EXPR <x_[0-9]*"
FAIL: gcc.dg/fold-convminconv-1.c scan-tree-dump-not optimized " = MIN_EXPR <x_[0-9]*"
FAIL: gcc.dg/ifcvt-4.c scan-rtl-dump ce1 "2 true changes made"
XPASS: gcc.dg/memcpy-1.c scan-tree-dump-times optimized "nasty_local\\\\." 0
FAIL: gcc.dg/pr21643.c scan-tree-dump-times reassoc1 "Optimizing range tests c_[0-9]*.D. -.0, 31. and -.32, 32.[\\n\\r]* into" 5 (found 6 times)
FAIL: gcc.dg/pr43557-1.c (test for excess errors)
FAIL: gcc.dg/pr53037-1.c  (test for warnings, line 13)
FAIL: gcc.dg/pr53037-1.c  (test for warnings, line 21)
FAIL: gcc.dg/pr53037-1.c  (test for warnings, line 41)
FAIL: gcc.dg/pr53037-1.c  (test for warnings, line 42)
FAIL: gcc.dg/pr53037-1.c  (test for warnings, line 47)
FAIL: gcc.dg/pr53037-1.c  (test for warnings, line 75)
FAIL: gcc.dg/pr53037-1.c (test for excess errors)
FAIL: gcc.dg/pr53037-2.c  (test for warnings, line 16)
FAIL: gcc.dg/pr53037-2.c (test for excess errors)
FAIL: gcc.dg/pr53037-3.c  (test for warnings, line 16)
FAIL: gcc.dg/pr53037-3.c (test for excess errors)
FAIL: gcc.dg/pr59963-2.c (test for excess errors)
FAIL: gcc.dg/pr63387-2.c scan-tree-dump-not optimized "ccc[^\\n\\r]* ord ddd"
FAIL: gcc.dg/pr63387.c scan-tree-dump-not optimized "ccc[^\\n\\r]* unord ddd"
FAIL: gcc.dg/pr67786.c output pattern test, is , should match 15
FAIL: gcc.dg/pr78973.c pr79073 (test for warnings, line 12)
XPASS: gcc.dg/pr80776-1.c  (test for bogus messages, line 22)
FAIL: gcc.dg/pr81020.c (test for excess errors)
FAIL: gcc.dg/pr81192.c scan-tree-dump-times pre "(?n)find_duplicates: <bb .*> duplicate of <bb .*>" 1 (found 0 times)
FAIL: gcc.dg/pr83463.c (test for excess errors)
FAIL: gcc.dg/pr83844.c (test for excess errors)
FAIL: gcc.dg/store_merging_12.c (test for excess errors)
XPASS: gcc.dg/strlenopt-8.c scan-tree-dump-times strlen "strlen \\\\(" 0
FAIL: gcc.dg/strlenopt-8.c scan-tree-dump-times strlen "memcpy \\\\(" 2 (found 4 times)
FAIL: gcc.dg/utf16-4.c  (test for warnings, line 15)
FAIL: gcc.dg/utf16-4.c (test for excess errors)
XPASS: c-c++-common/Warray-bounds-3.c  -Wc++-compat  bug  (test for warnings, line 161)
FAIL: c-c++-common/Warray-bounds-3.c  -Wc++-compat  strcpy (test for warnings, line 363)
FAIL: c-c++-common/Warray-bounds-3.c  -Wc++-compat   (test for warnings, line 369)
FAIL: c-c++-common/Warray-bounds-3.c  -Wc++-compat   (test for warnings, line 370)
FAIL: c-c++-common/Warray-bounds-3.c  -Wc++-compat   (test for warnings, line 371)
FAIL: c-c++-common/Warray-bounds-3.c  -Wc++-compat  (test for excess errors)
FAIL: c-c++-common/Warray-bounds-4.c  -Wc++-compat  strcpy (test for warnings, line 67)
FAIL: c-c++-common/Wattributes.c  -Wc++-compat  (test for excess errors)
FAIL: c-c++-common/Wcast-align.c  -Wc++-compat   (test for warnings, line 19)
FAIL: c-c++-common/Wcast-align.c  -Wc++-compat   (test for warnings, line 20)
FAIL: c-c++-common/Wrestrict.c  -Wc++-compat  (test for excess errors)
FAIL: c-c++-common/ffile-prefix-map.c  -Wc++-compat  output pattern test, is , should match __builtin_FILE starts with FILE-PREFIX
FAIL: c-c++-common/fmacro-prefix-map.c  -Wc++-compat  output pattern test, is , should match __builtin_FILE starts with MACRO-PREFIX
FAIL: c-c++-common/pr27336.c  -Wc++-compat   scan-tree-dump vrp1 "return 1;"
FAIL: c-c++-common/pr57371-2.c  -Wc++-compat   scan-tree-dump optimized "\\\\(float\\\\)"
FAIL: c-c++-common/rotate-8.c  -Wc++-compat   scan-tree-dump-times optimized "r[<>][<>]" 23 (found 19 times)
FAIL: gcc.dg/ipa/inline-2.c scan-ipa-dump inline "op2 change 10.000000. of time"
FAIL: gcc.dg/ipa/inline-3.c scan-ipa-dump inline "Scaling time by probability:0.100000"
FAIL: gcc.dg/lto/20081120-1 c_lto_20081120-1_0.o-c_lto_20081120-1_1.o link, -flto -r -nostdlib
FAIL: gcc.dg/lto/20081120-2 c_lto_20081120-2_0.o-c_lto_20081120-2_1.o link, -flto -flto-partition=1to1 -r -nostdlib
FAIL: gcc.dg/lto/20081212-1 c_lto_20081212-1_0.o-c_lto_20081212-1_0.o link, -r -nostdlib
FAIL: scan-symbol exported_var: dump file does not exist
FAIL: gcc.dg/lto/20090126-1 c_lto_20090126-1_0.o-c_lto_20090126-1_0.o link, -O0 -flto -flto-partition=1to1
FAIL: gcc.dg/lto/20090914-1 c_lto_20090914-1_0.o-c_lto_20090914-1_0.o link, -flto
FAIL: gcc.dg/lto/20091027-1 c_lto_20091027-1_0.o-c_lto_20091027-1_1.o link, -O0 -flto -flto-partition=none -fuse-linker-plugin
FAIL: gcc.dg/lto/20091027-1 c_lto_20091027-1_0.o-c_lto_20091027-1_1.o link, -O2 -flto -flto-partition=none -fuse-linker-plugin -fno-fat-lto-objects 
FAIL: gcc.dg/lto/20091027-1 c_lto_20091027-1_0.o-c_lto_20091027-1_1.o link, -O0 -flto -flto-partition=1to1 -fno-use-linker-plugin 
FAIL: gcc.dg/lto/20091027-1 c_lto_20091027-1_0.o-c_lto_20091027-1_1.o link, -O2 -flto -flto-partition=1to1 -fno-use-linker-plugin 
FAIL: gcc.dg/lto/20091027-1 c_lto_20091027-1_0.o-c_lto_20091027-1_1.o link, -O0 -flto -fuse-linker-plugin -fno-fat-lto-objects 
FAIL: gcc.dg/lto/20091027-1 c_lto_20091027-1_0.o-c_lto_20091027-1_1.o link, -O2 -flto -fuse-linker-plugin
FAIL: gcc.dg/lto/20100426 c_lto_20100426_0.o-c_lto_20100426_0.o link, -r -nostdlib -flto -g
FAIL: gcc.dg/lto/20100430-1 c_lto_20100430-1_0.o-c_lto_20100430-1_0.o link, -O2 -fprofile-arcs -flto -r -nostdlib
FAIL: gcc.dg/lto/20100603-1 c_lto_20100603-1_0.o-c_lto_20100603-1_0.o link, -O0 -flto -flto-partition=none -fuse-linker-plugin
FAIL: gcc.dg/lto/20100603-1 c_lto_20100603-1_0.o-c_lto_20100603-1_0.o link, -O2 -flto -flto-partition=none -fuse-linker-plugin -fno-fat-lto-objects 
FAIL: gcc.dg/lto/20100603-1 c_lto_20100603-1_0.o-c_lto_20100603-1_0.o link, -O0 -flto -flto-partition=1to1 -fno-use-linker-plugin 
FAIL: gcc.dg/lto/20100603-1 c_lto_20100603-1_0.o-c_lto_20100603-1_0.o link, -O2 -flto -flto-partition=1to1 -fno-use-linker-plugin 
FAIL: gcc.dg/lto/20100603-1 c_lto_20100603-1_0.o-c_lto_20100603-1_0.o link, -O0 -flto -fuse-linker-plugin -fno-fat-lto-objects 
FAIL: gcc.dg/lto/20100603-1 c_lto_20100603-1_0.o-c_lto_20100603-1_0.o link, -O2 -flto -fuse-linker-plugin
FAIL: gcc.dg/lto/20100603-2 c_lto_20100603-2_0.o-c_lto_20100603-2_0.o link, -O0 -flto -flto-partition=none -fuse-linker-plugin
FAIL: gcc.dg/lto/20100603-2 c_lto_20100603-2_0.o-c_lto_20100603-2_0.o link, -O2 -flto -flto-partition=none -fuse-linker-plugin -fno-fat-lto-objects 
FAIL: gcc.dg/lto/20100603-2 c_lto_20100603-2_0.o-c_lto_20100603-2_0.o link, -O0 -flto -flto-partition=1to1 -fno-use-linker-plugin 
FAIL: gcc.dg/lto/20100603-2 c_lto_20100603-2_0.o-c_lto_20100603-2_0.o link, -O2 -flto -flto-partition=1to1 -fno-use-linker-plugin 
FAIL: gcc.dg/lto/20100603-2 c_lto_20100603-2_0.o-c_lto_20100603-2_0.o link, -O0 -flto -fuse-linker-plugin -fno-fat-lto-objects 
FAIL: gcc.dg/lto/20100603-2 c_lto_20100603-2_0.o-c_lto_20100603-2_0.o link, -O2 -flto -fuse-linker-plugin
FAIL: gcc.dg/lto/20100603-3 c_lto_20100603-3_0.o-c_lto_20100603-3_0.o link, -O0 -flto -flto-partition=none -fuse-linker-plugin
FAIL: gcc.dg/lto/20100603-3 c_lto_20100603-3_0.o-c_lto_20100603-3_0.o link, -O2 -flto -flto-partition=none -fuse-linker-plugin -fno-fat-lto-objects 
FAIL: gcc.dg/lto/20100603-3 c_lto_20100603-3_0.o-c_lto_20100603-3_0.o link, -O0 -flto -flto-partition=1to1 -fno-use-linker-plugin 
FAIL: gcc.dg/lto/20100603-3 c_lto_20100603-3_0.o-c_lto_20100603-3_0.o link, -O2 -flto -flto-partition=1to1 -fno-use-linker-plugin 
FAIL: gcc.dg/lto/20100603-3 c_lto_20100603-3_0.o-c_lto_20100603-3_0.o link, -O0 -flto -fuse-linker-plugin -fno-fat-lto-objects 
FAIL: gcc.dg/lto/20100603-3 c_lto_20100603-3_0.o-c_lto_20100603-3_0.o link, -O2 -flto -fuse-linker-plugin
FAIL: gcc.dg/lto/20111207-2 c_lto_20111207-2_0.o-c_lto_20111207-2_0.o link,  -g -O -flto 
FAIL: gcc.dg/lto/20111213-1 c_lto_20111213-1_0.o-c_lto_20111213-1_0.o link,  -flto -g 
FAIL: gcc.dg/lto/pr45736 c_lto_pr45736_0.o-c_lto_pr45736_0.o link, -flto -r -nostdlib -O
FAIL: gcc.dg/lto/pr51572-1 c_lto_pr51572-1_0.o-c_lto_pr51572-1_0.o link,  -flto -g 
FAIL: gcc.dg/lto/pr53470 c_lto_pr53470_0.o-c_lto_pr53470_0.o link,  -flto -g 
FAIL: gcc.dg/lto/pr54702 c_lto_pr54702_0.o-c_lto_pr54702_1.o link,  -O2 -flto -w 
FAIL: gcc.dg/lto/pr59323-2 c_lto_pr59323-2_0.o-c_lto_pr59323-2_0.o link,  -O2 -g -flto 
FAIL: gcc.dg/lto/pr59323 c_lto_pr59323_0.o-c_lto_pr59323_0.o link,  -O2 -g -flto 
FAIL: gcc.dg/lto/pr60820 c_lto_pr60820_0.o-c_lto_pr60820_1.o link, -flto -r -nostdlib -O2
FAIL: gcc.dg/lto/pr81406 c_lto_pr81406_0.o-c_lto_pr81406_0.o link,  -O2 -g -flto 
FAIL: gcc.dg/lto/pr83388 c_lto_pr83388_0.o-c_lto_pr83388_0.o link,  -O2 -flto -fsanitize=null 
FAIL: gcc.dg/lto/pr83388 c_lto_pr83388_0.o-c_lto_pr83388_0.o link,  -O0 -flto -fsanitize=null 
FAIL: gcc.dg/sancov/cmp0.c   -O0   scan-tree-dump-times optimized "__builtin___sanitizer_cov_trace_const_cmp2 \\\\(0, " 1 (found 2 times)
FAIL: gcc.dg/sancov/cmp0.c   -O0   scan-tree-dump-times optimized "__builtin___sanitizer_cov_trace_const_cmp4 \\\\(0, " 1 (found 0 times)
FAIL: gcc.dg/sancov/cmp0.c   -O0   scan-tree-dump-times optimized "__builtin___sanitizer_cov_trace_const_cmp4 \\\\(27, " 1 (found 0 times)
FAIL: gcc.dg/sancov/cmp0.c   -O0   scan-tree-dump-times optimized "__builtin___sanitizer_cov_trace_const_cmp4 \\\\(37, " 1 (found 0 times)
FAIL: gcc.dg/sancov/cmp0.c   -O0   scan-tree-dump-times optimized "__builtin___sanitizer_cov_trace_const_cmp4 \\\\(48, " 1 (found 0 times)
FAIL: gcc.dg/sancov/cmp0.c   -O0   scan-tree-dump-times optimized "__builtin___sanitizer_cov_trace_cmpf \\\\(" 1 (found 2 times)
FAIL: gcc.dg/sancov/cmp0.c   -O0   scan-tree-dump-times optimized "__builtin___sanitizer_cov_trace_cmpd \\\\(" 1 (found 0 times)
FAIL: gcc.dg/sancov/cmp0.c   -O1   scan-tree-dump-times optimized "__builtin___sanitizer_cov_trace_const_cmp2 \\\\(0, " 1 (found 2 times)
FAIL: gcc.dg/sancov/cmp0.c   -O1   scan-tree-dump-times optimized "__builtin___sanitizer_cov_trace_const_cmp4 \\\\(0, " 1 (found 0 times)
FAIL: gcc.dg/sancov/cmp0.c   -O1   scan-tree-dump-times optimized "__builtin___sanitizer_cov_trace_const_cmp4 \\\\(27, " 1 (found 0 times)
FAIL: gcc.dg/sancov/cmp0.c   -O1   scan-tree-dump-times optimized "__builtin___sanitizer_cov_trace_const_cmp4 \\\\(37, " 1 (found 0 times)
FAIL: gcc.dg/sancov/cmp0.c   -O1   scan-tree-dump-times optimized "__builtin___sanitizer_cov_trace_const_cmp4 \\\\(48, " 1 (found 0 times)
FAIL: gcc.dg/sancov/cmp0.c   -O1   scan-tree-dump-times optimized "__builtin___sanitizer_cov_trace_cmpf \\\\(" 1 (found 2 times)
FAIL: gcc.dg/sancov/cmp0.c   -O1   scan-tree-dump-times optimized "__builtin___sanitizer_cov_trace_cmpd \\\\(" 1 (found 0 times)
FAIL: gcc.dg/sancov/cmp0.c   -O2   scan-tree-dump-times optimized "__builtin___sanitizer_cov_trace_const_cmp2 \\\\(0, " 1 (found 2 times)
FAIL: gcc.dg/sancov/cmp0.c   -O2   scan-tree-dump-times optimized "__builtin___sanitizer_cov_trace_const_cmp4 \\\\(0, " 1 (found 0 times)
FAIL: gcc.dg/sancov/cmp0.c   -O2   scan-tree-dump-times optimized "__builtin___sanitizer_cov_trace_const_cmp4 \\\\(27, " 1 (found 0 times)
FAIL: gcc.dg/sancov/cmp0.c   -O2   scan-tree-dump-times optimized "__builtin___sanitizer_cov_trace_const_cmp4 \\\\(37, " 1 (found 0 times)
FAIL: gcc.dg/sancov/cmp0.c   -O2   scan-tree-dump-times optimized "__builtin___sanitizer_cov_trace_const_cmp4 \\\\(48, " 1 (found 0 times)
FAIL: gcc.dg/sancov/cmp0.c   -O2   scan-tree-dump-times optimized "__builtin___sanitizer_cov_trace_cmpf \\\\(" 1 (found 2 times)
FAIL: gcc.dg/sancov/cmp0.c   -O2   scan-tree-dump-times optimized "__builtin___sanitizer_cov_trace_cmpd \\\\(" 1 (found 0 times)
FAIL: gcc.dg/sancov/cmp0.c   -O3   scan-tree-dump-times optimized "__builtin___sanitizer_cov_trace_const_cmp2 \\\\(0, " 1 (found 2 times)
FAIL: gcc.dg/sancov/cmp0.c   -O3   scan-tree-dump-times optimized "__builtin___sanitizer_cov_trace_const_cmp4 \\\\(0, " 1 (found 0 times)
FAIL: gcc.dg/sancov/cmp0.c   -O3   scan-tree-dump-times optimized "__builtin___sanitizer_cov_trace_const_cmp4 \\\\(27, " 1 (found 0 times)
FAIL: gcc.dg/sancov/cmp0.c   -O3   scan-tree-dump-times optimized "__builtin___sanitizer_cov_trace_const_cmp4 \\\\(37, " 1 (found 0 times)
FAIL: gcc.dg/sancov/cmp0.c   -O3   scan-tree-dump-times optimized "__builtin___sanitizer_cov_trace_const_cmp4 \\\\(48, " 1 (found 0 times)
FAIL: gcc.dg/sancov/cmp0.c   -O3   scan-tree-dump-times optimized "__builtin___sanitizer_cov_trace_cmpf \\\\(" 1 (found 2 times)
FAIL: gcc.dg/sancov/cmp0.c   -O3   scan-tree-dump-times optimized "__builtin___sanitizer_cov_trace_cmpd \\\\(" 1 (found 0 times)
FAIL: gcc.dg/sancov/cmp0.c   -O0 -g   scan-tree-dump-times optimized "__builtin___sanitizer_cov_trace_const_cmp2 \\\\(0, " 1 (found 2 times)
FAIL: gcc.dg/sancov/cmp0.c   -O0 -g   scan-tree-dump-times optimized "__builtin___sanitizer_cov_trace_const_cmp4 \\\\(0, " 1 (found 0 times)
FAIL: gcc.dg/sancov/cmp0.c   -O0 -g   scan-tree-dump-times optimized "__builtin___sanitizer_cov_trace_const_cmp4 \\\\(27, " 1 (found 0 times)
FAIL: gcc.dg/sancov/cmp0.c   -O0 -g   scan-tree-dump-times optimized "__builtin___sanitizer_cov_trace_const_cmp4 \\\\(37, " 1 (found 0 times)
FAIL: gcc.dg/sancov/cmp0.c   -O0 -g   scan-tree-dump-times optimized "__builtin___sanitizer_cov_trace_const_cmp4 \\\\(48, " 1 (found 0 times)
FAIL: gcc.dg/sancov/cmp0.c   -O0 -g   scan-tree-dump-times optimized "__builtin___sanitizer_cov_trace_cmpf \\\\(" 1 (found 2 times)
FAIL: gcc.dg/sancov/cmp0.c   -O0 -g   scan-tree-dump-times optimized "__builtin___sanitizer_cov_trace_cmpd \\\\(" 1 (found 0 times)
FAIL: gcc.dg/sancov/cmp0.c   -O1 -g   scan-tree-dump-times optimized "__builtin___sanitizer_cov_trace_const_cmp2 \\\\(0, " 1 (found 2 times)
FAIL: gcc.dg/sancov/cmp0.c   -O1 -g   scan-tree-dump-times optimized "__builtin___sanitizer_cov_trace_const_cmp4 \\\\(0, " 1 (found 0 times)
FAIL: gcc.dg/sancov/cmp0.c   -O1 -g   scan-tree-dump-times optimized "__builtin___sanitizer_cov_trace_const_cmp4 \\\\(27, " 1 (found 0 times)
FAIL: gcc.dg/sancov/cmp0.c   -O1 -g   scan-tree-dump-times optimized "__builtin___sanitizer_cov_trace_const_cmp4 \\\\(37, " 1 (found 0 times)
FAIL: gcc.dg/sancov/cmp0.c   -O1 -g   scan-tree-dump-times optimized "__builtin___sanitizer_cov_trace_const_cmp4 \\\\(48, " 1 (found 0 times)
FAIL: gcc.dg/sancov/cmp0.c   -O1 -g   scan-tree-dump-times optimized "__builtin___sanitizer_cov_trace_cmpf \\\\(" 1 (found 2 times)
FAIL: gcc.dg/sancov/cmp0.c   -O1 -g   scan-tree-dump-times optimized "__builtin___sanitizer_cov_trace_cmpd \\\\(" 1 (found 0 times)
FAIL: gcc.dg/sancov/cmp0.c   -O2 -g   scan-tree-dump-times optimized "__builtin___sanitizer_cov_trace_const_cmp2 \\\\(0, " 1 (found 2 times)
FAIL: gcc.dg/sancov/cmp0.c   -O2 -g   scan-tree-dump-times optimized "__builtin___sanitizer_cov_trace_const_cmp4 \\\\(0, " 1 (found 0 times)
FAIL: gcc.dg/sancov/cmp0.c   -O2 -g   scan-tree-dump-times optimized "__builtin___sanitizer_cov_trace_const_cmp4 \\\\(27, " 1 (found 0 times)
FAIL: gcc.dg/sancov/cmp0.c   -O2 -g   scan-tree-dump-times optimized "__builtin___sanitizer_cov_trace_const_cmp4 \\\\(37, " 1 (found 0 times)
FAIL: gcc.dg/sancov/cmp0.c   -O2 -g   scan-tree-dump-times optimized "__builtin___sanitizer_cov_trace_const_cmp4 \\\\(48, " 1 (found 0 times)
FAIL: gcc.dg/sancov/cmp0.c   -O2 -g   scan-tree-dump-times optimized "__builtin___sanitizer_cov_trace_cmpf \\\\(" 1 (found 2 times)
FAIL: gcc.dg/sancov/cmp0.c   -O2 -g   scan-tree-dump-times optimized "__builtin___sanitizer_cov_trace_cmpd \\\\(" 1 (found 0 times)
FAIL: gcc.dg/sancov/cmp0.c   -O3 -g   scan-tree-dump-times optimized "__builtin___sanitizer_cov_trace_const_cmp2 \\\\(0, " 1 (found 2 times)
FAIL: gcc.dg/sancov/cmp0.c   -O3 -g   scan-tree-dump-times optimized "__builtin___sanitizer_cov_trace_const_cmp4 \\\\(0, " 1 (found 0 times)
FAIL: gcc.dg/sancov/cmp0.c   -O3 -g   scan-tree-dump-times optimized "__builtin___sanitizer_cov_trace_const_cmp4 \\\\(27, " 1 (found 0 times)
FAIL: gcc.dg/sancov/cmp0.c   -O3 -g   scan-tree-dump-times optimized "__builtin___sanitizer_cov_trace_const_cmp4 \\\\(37, " 1 (found 0 times)
FAIL: gcc.dg/sancov/cmp0.c   -O3 -g   scan-tree-dump-times optimized "__builtin___sanitizer_cov_trace_const_cmp4 \\\\(48, " 1 (found 0 times)
FAIL: gcc.dg/sancov/cmp0.c   -O3 -g   scan-tree-dump-times optimized "__builtin___sanitizer_cov_trace_cmpf \\\\(" 1 (found 2 times)
FAIL: gcc.dg/sancov/cmp0.c   -O3 -g   scan-tree-dump-times optimized "__builtin___sanitizer_cov_trace_cmpd \\\\(" 1 (found 0 times)
FAIL: c-c++-common/torture/builtin-arith-overflow-14.c   -O0  (test for excess errors)
UNRESOLVED: c-c++-common/torture/builtin-arith-overflow-14.c   -O0  compilation failed to produce executable
FAIL: c-c++-common/torture/builtin-arith-overflow-14.c   -O2  (test for excess errors)
UNRESOLVED: c-c++-common/torture/builtin-arith-overflow-14.c   -O2  compilation failed to produce executable
FAIL: c-c++-common/torture/builtin-arith-overflow-14.c   -O2 -flto -fno-use-linker-plugin -flto-partition=none  (test for excess errors)
UNRESOLVED: c-c++-common/torture/builtin-arith-overflow-14.c   -O2 -flto -fno-use-linker-plugin -flto-partition=none  compilation failed to produce executable
FAIL: c-c++-common/torture/builtin-arith-overflow-3.c   -O0  (test for excess errors)
UNRESOLVED: c-c++-common/torture/builtin-arith-overflow-3.c   -O0  compilation failed to produce executable
FAIL: c-c++-common/torture/builtin-arith-overflow-p-14.c   -O0  (test for excess errors)
UNRESOLVED: c-c++-common/torture/builtin-arith-overflow-p-14.c   -O0  compilation failed to produce executable
FAIL: c-c++-common/torture/builtin-arith-overflow-p-14.c   -O2  execution test
FAIL: c-c++-common/torture/builtin-arith-overflow-p-14.c   -O2 -flto -fno-use-linker-plugin -flto-partition=none  execution test
FAIL: c-c++-common/torture/builtin-arith-overflow-p-3.c   -O0  (test for excess errors)
UNRESOLVED: c-c++-common/torture/builtin-arith-overflow-p-3.c   -O0  compilation failed to produce executable
FAIL: gcc.dg/torture/pr68955.c   -O0  output pattern test, is , should match ONE1ONE
FAIL: gcc.dg/torture/pr68955.c   -O1  output pattern test, is , should match ONE1ONE
FAIL: gcc.dg/torture/pr68955.c   -O2  output pattern test, is , should match ONE1ONE
FAIL: gcc.dg/torture/pr68955.c   -O3 -fomit-frame-pointer -funroll-loops -fpeel-loops -ftracer -finline-functions  output pattern test, is , should match ONE1ONE
FAIL: gcc.dg/torture/pr68955.c   -O3 -g  output pattern test, is , should match ONE1ONE
FAIL: gcc.dg/torture/pr68955.c   -Os  output pattern test, is , should match ONE1ONE
FAIL: gcc.dg/torture/pr68955.c   -O2 -flto -fno-use-linker-plugin -flto-partition=none  output pattern test, is , should match ONE1ONE
FAIL: gcc.dg/torture/pr68955.c   -O2 -flto -fuse-linker-plugin -fno-fat-lto-objects  output pattern test, is , should match ONE1ONE
FAIL: gcc.dg/torture/pr81814.c   -O0  (test for excess errors)
FAIL: gcc.dg/torture/pr81814.c   -O0  execution test
FAIL: gcc.dg/torture/pr81814.c   -O1  (test for excess errors)
FAIL: gcc.dg/torture/pr81814.c   -O1  execution test
FAIL: gcc.dg/torture/pr81814.c   -O2  (test for excess errors)
FAIL: gcc.dg/torture/pr81814.c   -O2  execution test
FAIL: gcc.dg/torture/pr81814.c   -O3 -g  (test for excess errors)
FAIL: gcc.dg/torture/pr81814.c   -O3 -g  execution test
FAIL: gcc.dg/torture/pr81814.c   -Os  (test for excess errors)
FAIL: gcc.dg/torture/pr81814.c   -Os  execution test
FAIL: gcc.dg/torture/pr81814.c   -O2 -flto -fno-use-linker-plugin -flto-partition=none  (test for excess errors)
FAIL: gcc.dg/torture/pr81814.c   -O2 -flto -fno-use-linker-plugin -flto-partition=none  execution test
FAIL: gcc.dg/torture/pr81814.c   -O2 -flto -fuse-linker-plugin -fno-fat-lto-objects  (test for excess errors)
FAIL: gcc.dg/torture/pr81814.c   -O2 -flto -fuse-linker-plugin -fno-fat-lto-objects  execution test
XPASS: gcc.dg/tree-ssa/20040204-1.c scan-tree-dump-times optimized "link_error" 0
FAIL: gcc.dg/tree-ssa/addadd.c scan-tree-dump-times optimized "\\\\(unsigned int\\\\)" 2 (found 1 times)
FAIL: gcc.dg/tree-ssa/alias-32.c scan-tree-dump-times cddce1 "\\\\*[^ ]" 1 (found 2 times)
FAIL: gcc.dg/tree-ssa/builtin-sprintf-2.c scan-tree-dump-times optimized "> \\\\[local count: [0-9INV]*\\\\]:\\n *must_not_eliminate" 96 (found 94 times)
FAIL: gcc.dg/tree-ssa/builtin-sprintf-2.c scan-tree-dump-not optimized ";\\n *must_not_eliminate"
FAIL: gcc.dg/tree-ssa/builtin-sprintf-warn-6.c scan-tree-dump-not optimized "abort"
FAIL: gcc.dg/tree-ssa/builtin-sprintf.c (test for excess errors)
UNRESOLVED: gcc.dg/tree-ssa/builtin-sprintf.c compilation failed to produce executable
FAIL: gcc.dg/tree-ssa/ldist-25.c (test for excess errors)
UNRESOLVED: gcc.dg/tree-ssa/ldist-25.c scan-tree-dump ldist "Loop . not distributed"
FAIL: gcc.dg/tree-ssa/ldist-27.c (test for excess errors)
UNRESOLVED: gcc.dg/tree-ssa/ldist-27.c compilation failed to produce executable
UNRESOLVED: gcc.dg/tree-ssa/ldist-27.c scan-tree-dump ldist "distributed: split to "
FAIL: gcc.dg/tree-ssa/ldist-28.c (test for excess errors)
UNRESOLVED: gcc.dg/tree-ssa/ldist-28.c scan-tree-dump ldist "Loop nest . distributed: split to 0 loops and 1 library"
FAIL: gcc.dg/tree-ssa/ldist-29.c (test for excess errors)
UNRESOLVED: gcc.dg/tree-ssa/ldist-29.c scan-tree-dump-not ldist "Loop nest . distributed: split to"
UNRESOLVED: gcc.dg/tree-ssa/ldist-29.c scan-tree-dump-times ldist "Loop . distributed: split to 0 loops and 1 library" 1
FAIL: gcc.dg/tree-ssa/ldist-30.c (test for excess errors)
UNRESOLVED: gcc.dg/tree-ssa/ldist-30.c scan-tree-dump-times ldist "Loop nest . distributed: split to" 1
FAIL: gcc.dg/tree-ssa/ldist-31.c (test for excess errors)
UNRESOLVED: gcc.dg/tree-ssa/ldist-31.c scan-tree-dump-times ldist "Loop nest . distributed: split to 0 loops and 2 library" 1
FAIL: gcc.dg/tree-ssa/ldist-32.c (test for excess errors)
UNRESOLVED: gcc.dg/tree-ssa/ldist-32.c scan-tree-dump-times ldist "Loop nest . distributed: split to 0 loops and 1 library" 1
UNRESOLVED: gcc.dg/tree-ssa/ldist-32.c scan-tree-dump-times ldist "__builtin_memset \\\\(.*, 0, 1049600\\\\);" 1
FAIL: gcc.dg/tree-ssa/ldist-33.c (test for excess errors)
UNRESOLVED: gcc.dg/tree-ssa/ldist-33.c scan-tree-dump ldist "Loop nest . distributed: split to 1 loops and 1 library"
FAIL: gcc.dg/tree-ssa/ldist-34.c (test for excess errors)
FAIL: gcc.dg/tree-ssa/ldist-35.c (test for excess errors)
UNRESOLVED: gcc.dg/tree-ssa/ldist-35.c scan-tree-dump-times ldist "Loop nest . distributed: split to 0 loops and 1 library" 1
FAIL: gcc.dg/tree-ssa/ldist-36.c (test for excess errors)
UNRESOLVED: gcc.dg/tree-ssa/ldist-36.c scan-tree-dump-times ldist "Loop nest . distributed: split to 0 loops and 3 library" 1
FAIL: gcc.dg/tree-ssa/loop-interchange-1.c (test for excess errors)
UNRESOLVED: gcc.dg/tree-ssa/loop-interchange-1.c compilation failed to produce executable
UNRESOLVED: gcc.dg/tree-ssa/loop-interchange-1.c scan-tree-dump-times linterchange "Loop_pair<outer:., inner:.> is interchanged" 1
FAIL: gcc.dg/tree-ssa/loop-interchange-10.c (test for excess errors)
UNRESOLVED: gcc.dg/tree-ssa/loop-interchange-10.c compilation failed to produce executable
UNRESOLVED: gcc.dg/tree-ssa/loop-interchange-10.c scan-tree-dump-times linterchange "Loop_pair<outer:., inner:.> is interchanged" 1
FAIL: gcc.dg/tree-ssa/loop-interchange-11.c (test for excess errors)
UNRESOLVED: gcc.dg/tree-ssa/loop-interchange-11.c scan-tree-dump-not linterchange "Loop_pair<outer:., inner:.> is interchanged"
FAIL: gcc.dg/tree-ssa/loop-interchange-1b.c (test for excess errors)
UNRESOLVED: gcc.dg/tree-ssa/loop-interchange-1b.c compilation failed to produce executable
UNRESOLVED: gcc.dg/tree-ssa/loop-interchange-1b.c scan-tree-dump-not linterchange "is interchanged"
FAIL: gcc.dg/tree-ssa/loop-interchange-2.c (test for excess errors)
UNRESOLVED: gcc.dg/tree-ssa/loop-interchange-2.c compilation failed to produce executable
UNRESOLVED: gcc.dg/tree-ssa/loop-interchange-2.c scan-tree-dump-times linterchange "Loop_pair<outer:., inner:.> is interchanged" 1
FAIL: gcc.dg/tree-ssa/loop-interchange-3.c (test for excess errors)
UNRESOLVED: gcc.dg/tree-ssa/loop-interchange-3.c compilation failed to produce executable
UNRESOLVED: gcc.dg/tree-ssa/loop-interchange-3.c scan-tree-dump-times linterchange "Loop_pair<outer:., inner:.> is interchanged" 1
FAIL: gcc.dg/tree-ssa/loop-interchange-5.c (test for excess errors)
UNRESOLVED: gcc.dg/tree-ssa/loop-interchange-5.c compilation failed to produce executable
UNRESOLVED: gcc.dg/tree-ssa/loop-interchange-5.c scan-tree-dump-times linterchange "Loop_pair<outer:., inner:.> is interchanged" 1
UNRESOLVED: gcc.dg/tree-ssa/loop-interchange-5.c scan-tree-dump-times linterchange "Loop_pair<outer:., inner:.> is not interchanged" 1
FAIL: gcc.dg/tree-ssa/loop-interchange-6.c (test for excess errors)
UNRESOLVED: gcc.dg/tree-ssa/loop-interchange-6.c compilation failed to produce executable
UNRESOLVED: gcc.dg/tree-ssa/loop-interchange-6.c scan-tree-dump-times linterchange "Loop_pair<outer:., inner:.> is interchanged" 2
FAIL: gcc.dg/tree-ssa/loop-interchange-7.c (test for excess errors)
UNRESOLVED: gcc.dg/tree-ssa/loop-interchange-7.c compilation failed to produce executable
UNRESOLVED: gcc.dg/tree-ssa/loop-interchange-7.c scan-tree-dump-times linterchange "Loop_pair<outer:., inner:.> is interchanged" 2
FAIL: gcc.dg/tree-ssa/loop-interchange-8.c (test for excess errors)
UNRESOLVED: gcc.dg/tree-ssa/loop-interchange-8.c compilation failed to produce executable
UNRESOLVED: gcc.dg/tree-ssa/loop-interchange-8.c scan-tree-dump-not linterchange "Loop_pair<outer:., inner:.> is interchanged"
FAIL: gcc.dg/tree-ssa/loop-interchange-9.c (test for excess errors)
UNRESOLVED: gcc.dg/tree-ssa/loop-interchange-9.c compilation failed to produce executable
UNRESOLVED: gcc.dg/tree-ssa/loop-interchange-9.c scan-tree-dump-times linterchange "Loop_pair<outer:., inner:.> is interchanged" 1
FAIL: gcc.dg/tree-ssa/loop-niter-1.c (test for excess errors)
FAIL: gcc.dg/tree-ssa/loop-niter-1.c execution test
FAIL: gcc.dg/tree-ssa/loop-niter-2.c (test for excess errors)
FAIL: gcc.dg/tree-ssa/loop-niter-2.c execution test
FAIL: gcc.dg/tree-ssa/negneg-3.c scan-tree-dump-times optimized "negate_expr" 6 (found 4 times)
FAIL: gcc.dg/tree-ssa/phi-opt-11.c scan-tree-dump-times optimized "if" 2 (found 0 times)
FAIL: gcc.dg/tree-ssa/pr71947-4.c scan-tree-dump dom2 "Folded to: _[0-9]+ = _[0-9]+ \\\\* 2"
FAIL: gcc.dg/tree-ssa/pr71947-5.c scan-tree-dump dom2 "Folded to: _[0-9]+ = 0;"
FAIL: gcc.dg/tree-ssa/pr78154.c scan-tree-dump-not evrp "__builtin_abort"
FAIL: gcc.dg/tree-ssa/pr79327-2.c scan-tree-dump-times optimized "keep_call_on_line" 43 (found 34 times)
FAIL: gcc.dg/tree-ssa/pr80803.c (test for excess errors)
FAIL: gcc.dg/tree-ssa/pr80803.c execution test
FAIL: gcc.dg/tree-ssa/pr80887.c (internal compiler error)
FAIL: gcc.dg/tree-ssa/pr80887.c (test for excess errors)
FAIL: gcc.dg/tree-ssa/pr80898-2.c (test for excess errors)
FAIL: gcc.dg/tree-ssa/pr80898-2.c execution test
FAIL: gcc.dg/tree-ssa/pr80898.c (test for excess errors)
UNRESOLVED: gcc.dg/tree-ssa/pr80898.c compilation failed to produce executable
FAIL: gcc.dg/tree-ssa/pr81346-4.c (test for excess errors)
FAIL: gcc.dg/tree-ssa/pr81346-5.c scan-tree-dump-times optimized "\\\\(signed int\\\\) x" 10 (found 0 times)
FAIL: gcc.dg/tree-ssa/pr82059.c (test for excess errors)
FAIL: gcc.dg/tree-ssa/pr82363.c (test for excess errors)
UNRESOLVED: gcc.dg/tree-ssa/pr82363.c compilation failed to produce executable
FAIL: gcc.dg/tree-ssa/pr82574.c (test for excess errors)
UNRESOLVED: gcc.dg/tree-ssa/pr82574.c compilation failed to produce executable
FAIL: gcc.dg/tree-ssa/ssa-dom-thread-13.c (test for excess errors)
UNRESOLVED: gcc.dg/tree-ssa/ssa-dom-thread-13.c scan-tree-dump-times dom2 "Threaded" 1
XPASS: gcc.dg/tree-ssa/ssa-fre-26.c scan-tree-dump fre1 "Replaced u.i with 0 in"
FAIL: gcc.dg/tree-ssa/ssa-hoist-4.c scan-tree-dump-times optimized "= \\\\*" 2 (found 3 times)
FAIL: gcc.dg/tree-ssa/ssa-hoist-4.c scan-tree-dump-times optimized "MAX_EXPR" 1 (found 0 times)
FAIL: gcc.dg/tree-ssa/ssa-sink-11.c scan-tree-dump optimized "MEM\\\\[.* \\\\+ 252B\\\\]"
FAIL: gcc.dg/tree-ssa/ssa-sink-12.c scan-tree-dump optimized "MEM\\\\[.* \\\\+ 252B\\\\]"
FAIL: gcc.dg/tree-ssa/ssa-sink-15.c scan-tree-dump-times optimized "goto" 0 (found 1 times)
FAIL: gcc.dg/tree-ssa/vrp111.c scan-tree-dump-not evrp "abort"
FAIL: gcc.dg/tree-ssa/vrp114.c (test for excess errors)
FAIL: gcc.dg/tree-ssa/vrp114.c scan-tree-dump-times evrp "link_error" 0 (found 1 times)
FAIL: gcc.target/avr/pr52472.c (internal compiler error)
FAIL: gcc.target/avr/pr52472.c (test for excess errors)
FAIL: gcc.target/avr/torture/int24-mul.c   -O3 -g  (internal compiler error)
FAIL: gcc.target/avr/torture/int24-mul.c   -O3 -g  (test for excess errors)
UNRESOLVED: gcc.target/avr/torture/int24-mul.c   -O3 -g  compilation failed to produce executable
FAIL: gcc.target/avr/torture/pr83729.c   -O3 -g  (internal compiler error)
FAIL: gcc.target/avr/torture/pr83729.c   -O3 -g  (test for excess errors)
UNRESOLVED: gcc.target/avr/torture/pr83729.c   -O3 -g  compilation failed to produce executable
FAIL: gcc.target/avr/torture/pr83801.c   -O3 -g  (internal compiler error)
FAIL: gcc.target/avr/torture/pr83801.c   -O3 -g  (test for excess errors)
UNRESOLVED: gcc.target/avr/torture/pr83801.c   -O3 -g  compilation failed to produce executable

		=== gcc Summary for atmega128-sim/-mrelax ===

# of expected passes		87673
# of unexpected failures	305
# of unexpected successes	10
# of expected failures		204
# of unresolved testcases	49
# of untested testcases		3
# of unsupported tests		4217

Running target atmega128-sim
FAIL: gcc.c-torture/compile/930326-1.c   -O0  (test for excess errors)
FAIL: gcc.c-torture/compile/930326-1.c   -O1  (test for excess errors)
FAIL: gcc.c-torture/compile/930326-1.c   -O2  (test for excess errors)
FAIL: gcc.c-torture/compile/930326-1.c   -O3 -g  (test for excess errors)
FAIL: gcc.c-torture/compile/930326-1.c   -Os  (test for excess errors)
FAIL: gcc.c-torture/compile/930326-1.c   -O2 -flto -fno-use-linker-plugin -flto-partition=none  (test for excess errors)
FAIL: gcc.c-torture/compile/930326-1.c   -O2 -flto -fuse-linker-plugin -fno-fat-lto-objects  (test for excess errors)
FAIL: gcc.c-torture/execute/20180112-1.c   -O0  execution test
FAIL: gcc.c-torture/execute/20180112-1.c   -O1  execution test
FAIL: gcc.c-torture/execute/20180112-1.c   -O2  execution test
FAIL: gcc.c-torture/execute/20180112-1.c   -O3 -g  execution test
FAIL: gcc.c-torture/execute/20180112-1.c   -Os  execution test
FAIL: gcc.c-torture/execute/20180112-1.c   -O2 -flto -fno-use-linker-plugin -flto-partition=none  execution test
FAIL: gcc.c-torture/execute/20180112-1.c   -O2 -flto -fuse-linker-plugin -fno-fat-lto-objects  execution test
FAIL: gcc.c-torture/execute/pr70460.c   -O0  execution test
FAIL: gcc.c-torture/execute/pr70460.c   -O1  execution test
FAIL: gcc.c-torture/execute/pr70460.c   -O2  execution test
FAIL: gcc.c-torture/execute/pr70460.c   -Os  execution test
FAIL: gcc.c-torture/execute/pr70460.c   -O2 -flto -fno-use-linker-plugin -flto-partition=none  execution test
FAIL: gcc.c-torture/execute/pr70460.c   -O2 -flto -fuse-linker-plugin -fno-fat-lto-objects  execution test
FAIL: gcc.c-torture/execute/pr81503.c   -O0  execution test
FAIL: gcc.c-torture/execute/pr81503.c   -O1  execution test
FAIL: gcc.c-torture/execute/pr81503.c   -O2  execution test
FAIL: gcc.c-torture/execute/pr81503.c   -O3 -g  execution test
FAIL: gcc.c-torture/execute/pr81503.c   -Os  execution test
FAIL: gcc.c-torture/execute/pr81503.c   -O2 -flto -fno-use-linker-plugin -flto-partition=none  execution test
FAIL: gcc.c-torture/execute/pr81503.c   -O2 -flto -fuse-linker-plugin -fno-fat-lto-objects  execution test
FAIL: gcc.c-torture/execute/pr81913.c   -O0  execution test
FAIL: gcc.c-torture/execute/pr81913.c   -O1  execution test
FAIL: gcc.c-torture/execute/pr81913.c   -O2  execution test
FAIL: gcc.c-torture/execute/pr81913.c   -O3 -fomit-frame-pointer -funroll-loops -fpeel-loops -ftracer -finline-functions  execution test
FAIL: gcc.c-torture/execute/pr81913.c   -O3 -g  execution test
FAIL: gcc.c-torture/execute/pr81913.c   -Os  execution test
FAIL: gcc.c-torture/execute/pr81913.c   -O2 -flto -fno-use-linker-plugin -flto-partition=none  execution test
FAIL: gcc.c-torture/execute/pr81913.c   -O2 -flto -fuse-linker-plugin -fno-fat-lto-objects  execution test
FAIL: gcc.c-torture/execute/pr83362.c   -O0  execution test
FAIL: gcc.c-torture/execute/pr83362.c   -O1  execution test
FAIL: gcc.c-torture/execute/pr83362.c   -O2  execution test
FAIL: gcc.c-torture/execute/pr83362.c   -O3 -fomit-frame-pointer -funroll-loops -fpeel-loops -ftracer -finline-functions  execution test
FAIL: gcc.c-torture/execute/pr83362.c   -O3 -g  execution test
FAIL: gcc.c-torture/execute/pr83362.c   -Os  execution test
FAIL: gcc.c-torture/execute/pr83362.c   -O2 -flto -fno-use-linker-plugin -flto-partition=none  execution test
FAIL: gcc.c-torture/execute/pr83362.c   -O2 -flto -fuse-linker-plugin -fno-fat-lto-objects  execution test
FAIL: gcc.dg/20141029-1.c scan-rtl-dump-times final "mem/v(/.)*:HI" 4 (found 0 times)
FAIL: gcc.dg/Wattributes-6.c (test for excess errors)
FAIL: gcc.dg/Wsign-conversion.c  (test for warnings, line 63)
FAIL: gcc.dg/Wsign-conversion.c  (test for warnings, line 64)
FAIL: gcc.dg/Wsign-conversion.c (test for excess errors)
XPASS: gcc.dg/Wtype-limits-Wextra.c (test for excess errors)
FAIL: gcc.dg/addr_equal-1.c execution test
XPASS: gcc.dg/attr-alloc_size-11.c missing range info for signed char (test for warnings, line 50)
XPASS: gcc.dg/attr-alloc_size-11.c missing range info for short (test for warnings, line 51)
FAIL: gcc.dg/attr-alloc_size-3.c (test for excess errors)
FAIL: gcc.dg/attr-alloc_size-4.c  (test for warnings, line 165)
FAIL: gcc.dg/attr-alloc_size-4.c (test for excess errors)
XPASS: gcc.dg/builtin-return-1.c execution test
FAIL: gcc.dg/builtin-stringop-chk-7.c (test for excess errors)
FAIL: gcc.dg/fold-convmaxconv-1.c scan-tree-dump-not optimized " = MAX_EXPR <x_[0-9]*"
FAIL: gcc.dg/fold-convminconv-1.c scan-tree-dump-not optimized " = MIN_EXPR <x_[0-9]*"
FAIL: gcc.dg/ifcvt-4.c scan-rtl-dump ce1 "2 true changes made"
XPASS: gcc.dg/memcpy-1.c scan-tree-dump-times optimized "nasty_local\\\\." 0
FAIL: gcc.dg/pr21643.c scan-tree-dump-times reassoc1 "Optimizing range tests c_[0-9]*.D. -.0, 31. and -.32, 32.[\\n\\r]* into" 5 (found 6 times)
FAIL: gcc.dg/pr53037-1.c  (test for warnings, line 13)
FAIL: gcc.dg/pr53037-1.c  (test for warnings, line 21)
FAIL: gcc.dg/pr53037-1.c  (test for warnings, line 41)
FAIL: gcc.dg/pr53037-1.c  (test for warnings, line 42)
FAIL: gcc.dg/pr53037-1.c  (test for warnings, line 47)
FAIL: gcc.dg/pr53037-1.c  (test for warnings, line 75)
FAIL: gcc.dg/pr53037-1.c (test for excess errors)
FAIL: gcc.dg/pr53037-2.c  (test for warnings, line 16)
FAIL: gcc.dg/pr53037-2.c (test for excess errors)
FAIL: gcc.dg/pr53037-3.c  (test for warnings, line 16)
FAIL: gcc.dg/pr53037-3.c (test for excess errors)
FAIL: gcc.dg/pr59963-2.c (test for excess errors)
FAIL: gcc.dg/pr63387-2.c scan-tree-dump-not optimized "ccc[^\\n\\r]* ord ddd"
FAIL: gcc.dg/pr63387.c scan-tree-dump-not optimized "ccc[^\\n\\r]* unord ddd"
FAIL: gcc.dg/pr67786.c output pattern test, is , should match 15
FAIL: gcc.dg/pr78973.c pr79073 (test for warnings, line 12)
XPASS: gcc.dg/pr80776-1.c  (test for bogus messages, line 22)
FAIL: gcc.dg/pr81020.c (test for excess errors)
FAIL: gcc.dg/pr81192.c scan-tree-dump-times pre "(?n)find_duplicates: <bb .*> duplicate of <bb .*>" 1 (found 0 times)
FAIL: gcc.dg/pr83463.c (test for excess errors)
FAIL: gcc.dg/pr83844.c (test for excess errors)
FAIL: gcc.dg/store_merging_12.c (test for excess errors)
XPASS: gcc.dg/strlenopt-8.c scan-tree-dump-times strlen "strlen \\\\(" 0
FAIL: gcc.dg/strlenopt-8.c scan-tree-dump-times strlen "memcpy \\\\(" 2 (found 4 times)
FAIL: gcc.dg/utf16-4.c  (test for warnings, line 15)
FAIL: gcc.dg/utf16-4.c (test for excess errors)
XPASS: c-c++-common/Warray-bounds-3.c  -Wc++-compat  bug  (test for warnings, line 161)
FAIL: c-c++-common/Warray-bounds-3.c  -Wc++-compat  strcpy (test for warnings, line 363)
FAIL: c-c++-common/Warray-bounds-3.c  -Wc++-compat   (test for warnings, line 369)
FAIL: c-c++-common/Warray-bounds-3.c  -Wc++-compat   (test for warnings, line 370)
FAIL: c-c++-common/Warray-bounds-3.c  -Wc++-compat   (test for warnings, line 371)
FAIL: c-c++-common/Warray-bounds-3.c  -Wc++-compat  (test for excess errors)
FAIL: c-c++-common/Warray-bounds-4.c  -Wc++-compat  strcpy (test for warnings, line 67)
FAIL: c-c++-common/Wattributes.c  -Wc++-compat  (test for excess errors)
FAIL: c-c++-common/Wcast-align.c  -Wc++-compat   (test for warnings, line 19)
FAIL: c-c++-common/Wcast-align.c  -Wc++-compat   (test for warnings, line 20)
FAIL: c-c++-common/Wrestrict.c  -Wc++-compat  (test for excess errors)
FAIL: c-c++-common/ffile-prefix-map.c  -Wc++-compat  output pattern test, is , should match __builtin_FILE starts with FILE-PREFIX
FAIL: c-c++-common/fmacro-prefix-map.c  -Wc++-compat  output pattern test, is , should match __builtin_FILE starts with MACRO-PREFIX
FAIL: c-c++-common/pr27336.c  -Wc++-compat   scan-tree-dump vrp1 "return 1;"
FAIL: c-c++-common/pr57371-2.c  -Wc++-compat   scan-tree-dump optimized "\\\\(float\\\\)"
FAIL: c-c++-common/rotate-8.c  -Wc++-compat   scan-tree-dump-times optimized "r[<>][<>]" 23 (found 19 times)
FAIL: gcc.dg/ipa/inline-2.c scan-ipa-dump inline "op2 change 10.000000. of time"
FAIL: gcc.dg/ipa/inline-3.c scan-ipa-dump inline "Scaling time by probability:0.100000"
FAIL: gcc.dg/sancov/cmp0.c   -O0   scan-tree-dump-times optimized "__builtin___sanitizer_cov_trace_const_cmp2 \\\\(0, " 1 (found 2 times)
FAIL: gcc.dg/sancov/cmp0.c   -O0   scan-tree-dump-times optimized "__builtin___sanitizer_cov_trace_const_cmp4 \\\\(0, " 1 (found 0 times)
FAIL: gcc.dg/sancov/cmp0.c   -O0   scan-tree-dump-times optimized "__builtin___sanitizer_cov_trace_const_cmp4 \\\\(27, " 1 (found 0 times)
FAIL: gcc.dg/sancov/cmp0.c   -O0   scan-tree-dump-times optimized "__builtin___sanitizer_cov_trace_const_cmp4 \\\\(37, " 1 (found 0 times)
FAIL: gcc.dg/sancov/cmp0.c   -O0   scan-tree-dump-times optimized "__builtin___sanitizer_cov_trace_const_cmp4 \\\\(48, " 1 (found 0 times)
FAIL: gcc.dg/sancov/cmp0.c   -O0   scan-tree-dump-times optimized "__builtin___sanitizer_cov_trace_cmpf \\\\(" 1 (found 2 times)
FAIL: gcc.dg/sancov/cmp0.c   -O0   scan-tree-dump-times optimized "__builtin___sanitizer_cov_trace_cmpd \\\\(" 1 (found 0 times)
FAIL: gcc.dg/sancov/cmp0.c   -O1   scan-tree-dump-times optimized "__builtin___sanitizer_cov_trace_const_cmp2 \\\\(0, " 1 (found 2 times)
FAIL: gcc.dg/sancov/cmp0.c   -O1   scan-tree-dump-times optimized "__builtin___sanitizer_cov_trace_const_cmp4 \\\\(0, " 1 (found 0 times)
FAIL: gcc.dg/sancov/cmp0.c   -O1   scan-tree-dump-times optimized "__builtin___sanitizer_cov_trace_const_cmp4 \\\\(27, " 1 (found 0 times)
FAIL: gcc.dg/sancov/cmp0.c   -O1   scan-tree-dump-times optimized "__builtin___sanitizer_cov_trace_const_cmp4 \\\\(37, " 1 (found 0 times)
FAIL: gcc.dg/sancov/cmp0.c   -O1   scan-tree-dump-times optimized "__builtin___sanitizer_cov_trace_const_cmp4 \\\\(48, " 1 (found 0 times)
FAIL: gcc.dg/sancov/cmp0.c   -O1   scan-tree-dump-times optimized "__builtin___sanitizer_cov_trace_cmpf \\\\(" 1 (found 2 times)
FAIL: gcc.dg/sancov/cmp0.c   -O1   scan-tree-dump-times optimized "__builtin___sanitizer_cov_trace_cmpd \\\\(" 1 (found 0 times)
FAIL: gcc.dg/sancov/cmp0.c   -O2   scan-tree-dump-times optimized "__builtin___sanitizer_cov_trace_const_cmp2 \\\\(0, " 1 (found 2 times)
FAIL: gcc.dg/sancov/cmp0.c   -O2   scan-tree-dump-times optimized "__builtin___sanitizer_cov_trace_const_cmp4 \\\\(0, " 1 (found 0 times)
FAIL: gcc.dg/sancov/cmp0.c   -O2   scan-tree-dump-times optimized "__builtin___sanitizer_cov_trace_const_cmp4 \\\\(27, " 1 (found 0 times)
FAIL: gcc.dg/sancov/cmp0.c   -O2   scan-tree-dump-times optimized "__builtin___sanitizer_cov_trace_const_cmp4 \\\\(37, " 1 (found 0 times)
FAIL: gcc.dg/sancov/cmp0.c   -O2   scan-tree-dump-times optimized "__builtin___sanitizer_cov_trace_const_cmp4 \\\\(48, " 1 (found 0 times)
FAIL: gcc.dg/sancov/cmp0.c   -O2   scan-tree-dump-times optimized "__builtin___sanitizer_cov_trace_cmpf \\\\(" 1 (found 2 times)
FAIL: gcc.dg/sancov/cmp0.c   -O2   scan-tree-dump-times optimized "__builtin___sanitizer_cov_trace_cmpd \\\\(" 1 (found 0 times)
FAIL: gcc.dg/sancov/cmp0.c   -O3   scan-tree-dump-times optimized "__builtin___sanitizer_cov_trace_const_cmp2 \\\\(0, " 1 (found 2 times)
FAIL: gcc.dg/sancov/cmp0.c   -O3   scan-tree-dump-times optimized "__builtin___sanitizer_cov_trace_const_cmp4 \\\\(0, " 1 (found 0 times)
FAIL: gcc.dg/sancov/cmp0.c   -O3   scan-tree-dump-times optimized "__builtin___sanitizer_cov_trace_const_cmp4 \\\\(27, " 1 (found 0 times)
FAIL: gcc.dg/sancov/cmp0.c   -O3   scan-tree-dump-times optimized "__builtin___sanitizer_cov_trace_const_cmp4 \\\\(37, " 1 (found 0 times)
FAIL: gcc.dg/sancov/cmp0.c   -O3   scan-tree-dump-times optimized "__builtin___sanitizer_cov_trace_const_cmp4 \\\\(48, " 1 (found 0 times)
FAIL: gcc.dg/sancov/cmp0.c   -O3   scan-tree-dump-times optimized "__builtin___sanitizer_cov_trace_cmpf \\\\(" 1 (found 2 times)
FAIL: gcc.dg/sancov/cmp0.c   -O3   scan-tree-dump-times optimized "__builtin___sanitizer_cov_trace_cmpd \\\\(" 1 (found 0 times)
FAIL: gcc.dg/sancov/cmp0.c   -O0 -g   scan-tree-dump-times optimized "__builtin___sanitizer_cov_trace_const_cmp2 \\\\(0, " 1 (found 2 times)
FAIL: gcc.dg/sancov/cmp0.c   -O0 -g   scan-tree-dump-times optimized "__builtin___sanitizer_cov_trace_const_cmp4 \\\\(0, " 1 (found 0 times)
FAIL: gcc.dg/sancov/cmp0.c   -O0 -g   scan-tree-dump-times optimized "__builtin___sanitizer_cov_trace_const_cmp4 \\\\(27, " 1 (found 0 times)
FAIL: gcc.dg/sancov/cmp0.c   -O0 -g   scan-tree-dump-times optimized "__builtin___sanitizer_cov_trace_const_cmp4 \\\\(37, " 1 (found 0 times)
FAIL: gcc.dg/sancov/cmp0.c   -O0 -g   scan-tree-dump-times optimized "__builtin___sanitizer_cov_trace_const_cmp4 \\\\(48, " 1 (found 0 times)
FAIL: gcc.dg/sancov/cmp0.c   -O0 -g   scan-tree-dump-times optimized "__builtin___sanitizer_cov_trace_cmpf \\\\(" 1 (found 2 times)
FAIL: gcc.dg/sancov/cmp0.c   -O0 -g   scan-tree-dump-times optimized "__builtin___sanitizer_cov_trace_cmpd \\\\(" 1 (found 0 times)
FAIL: gcc.dg/sancov/cmp0.c   -O1 -g   scan-tree-dump-times optimized "__builtin___sanitizer_cov_trace_const_cmp2 \\\\(0, " 1 (found 2 times)
FAIL: gcc.dg/sancov/cmp0.c   -O1 -g   scan-tree-dump-times optimized "__builtin___sanitizer_cov_trace_const_cmp4 \\\\(0, " 1 (found 0 times)
FAIL: gcc.dg/sancov/cmp0.c   -O1 -g   scan-tree-dump-times optimized "__builtin___sanitizer_cov_trace_const_cmp4 \\\\(27, " 1 (found 0 times)
FAIL: gcc.dg/sancov/cmp0.c   -O1 -g   scan-tree-dump-times optimized "__builtin___sanitizer_cov_trace_const_cmp4 \\\\(37, " 1 (found 0 times)
FAIL: gcc.dg/sancov/cmp0.c   -O1 -g   scan-tree-dump-times optimized "__builtin___sanitizer_cov_trace_const_cmp4 \\\\(48, " 1 (found 0 times)
FAIL: gcc.dg/sancov/cmp0.c   -O1 -g   scan-tree-dump-times optimized "__builtin___sanitizer_cov_trace_cmpf \\\\(" 1 (found 2 times)
FAIL: gcc.dg/sancov/cmp0.c   -O1 -g   scan-tree-dump-times optimized "__builtin___sanitizer_cov_trace_cmpd \\\\(" 1 (found 0 times)
FAIL: gcc.dg/sancov/cmp0.c   -O2 -g   scan-tree-dump-times optimized "__builtin___sanitizer_cov_trace_const_cmp2 \\\\(0, " 1 (found 2 times)
FAIL: gcc.dg/sancov/cmp0.c   -O2 -g   scan-tree-dump-times optimized "__builtin___sanitizer_cov_trace_const_cmp4 \\\\(0, " 1 (found 0 times)
FAIL: gcc.dg/sancov/cmp0.c   -O2 -g   scan-tree-dump-times optimized "__builtin___sanitizer_cov_trace_const_cmp4 \\\\(27, " 1 (found 0 times)
FAIL: gcc.dg/sancov/cmp0.c   -O2 -g   scan-tree-dump-times optimized "__builtin___sanitizer_cov_trace_const_cmp4 \\\\(37, " 1 (found 0 times)
FAIL: gcc.dg/sancov/cmp0.c   -O2 -g   scan-tree-dump-times optimized "__builtin___sanitizer_cov_trace_const_cmp4 \\\\(48, " 1 (found 0 times)
FAIL: gcc.dg/sancov/cmp0.c   -O2 -g   scan-tree-dump-times optimized "__builtin___sanitizer_cov_trace_cmpf \\\\(" 1 (found 2 times)
FAIL: gcc.dg/sancov/cmp0.c   -O2 -g   scan-tree-dump-times optimized "__builtin___sanitizer_cov_trace_cmpd \\\\(" 1 (found 0 times)
FAIL: gcc.dg/sancov/cmp0.c   -O3 -g   scan-tree-dump-times optimized "__builtin___sanitizer_cov_trace_const_cmp2 \\\\(0, " 1 (found 2 times)
FAIL: gcc.dg/sancov/cmp0.c   -O3 -g   scan-tree-dump-times optimized "__builtin___sanitizer_cov_trace_const_cmp4 \\\\(0, " 1 (found 0 times)
FAIL: gcc.dg/sancov/cmp0.c   -O3 -g   scan-tree-dump-times optimized "__builtin___sanitizer_cov_trace_const_cmp4 \\\\(27, " 1 (found 0 times)
FAIL: gcc.dg/sancov/cmp0.c   -O3 -g   scan-tree-dump-times optimized "__builtin___sanitizer_cov_trace_const_cmp4 \\\\(37, " 1 (found 0 times)
FAIL: gcc.dg/sancov/cmp0.c   -O3 -g   scan-tree-dump-times optimized "__builtin___sanitizer_cov_trace_const_cmp4 \\\\(48, " 1 (found 0 times)
FAIL: gcc.dg/sancov/cmp0.c   -O3 -g   scan-tree-dump-times optimized "__builtin___sanitizer_cov_trace_cmpf \\\\(" 1 (found 2 times)
FAIL: gcc.dg/sancov/cmp0.c   -O3 -g   scan-tree-dump-times optimized "__builtin___sanitizer_cov_trace_cmpd \\\\(" 1 (found 0 times)
FAIL: c-c++-common/torture/builtin-arith-overflow-13.c   -O0  (test for excess errors)
UNRESOLVED: c-c++-common/torture/builtin-arith-overflow-13.c   -O0  compilation failed to produce executable
FAIL: c-c++-common/torture/builtin-arith-overflow-14.c   -O0  (test for excess errors)
UNRESOLVED: c-c++-common/torture/builtin-arith-overflow-14.c   -O0  compilation failed to produce executable
FAIL: c-c++-common/torture/builtin-arith-overflow-14.c   -O2  (test for excess errors)
UNRESOLVED: c-c++-common/torture/builtin-arith-overflow-14.c   -O2  compilation failed to produce executable
FAIL: c-c++-common/torture/builtin-arith-overflow-14.c   -O2 -flto -fno-use-linker-plugin -flto-partition=none  (test for excess errors)
UNRESOLVED: c-c++-common/torture/builtin-arith-overflow-14.c   -O2 -flto -fno-use-linker-plugin -flto-partition=none  compilation failed to produce executable
FAIL: c-c++-common/torture/builtin-arith-overflow-3.c   -O0  (test for excess errors)
UNRESOLVED: c-c++-common/torture/builtin-arith-overflow-3.c   -O0  compilation failed to produce executable
FAIL: c-c++-common/torture/builtin-arith-overflow-p-14.c   -O0  (test for excess errors)
UNRESOLVED: c-c++-common/torture/builtin-arith-overflow-p-14.c   -O0  compilation failed to produce executable
FAIL: c-c++-common/torture/builtin-arith-overflow-p-14.c   -O2  execution test
FAIL: c-c++-common/torture/builtin-arith-overflow-p-14.c   -O2 -flto -fno-use-linker-plugin -flto-partition=none  execution test
FAIL: c-c++-common/torture/builtin-arith-overflow-p-3.c   -O0  (test for excess errors)
UNRESOLVED: c-c++-common/torture/builtin-arith-overflow-p-3.c   -O0  compilation failed to produce executable
FAIL: gcc.dg/torture/pr68955.c   -O0  output pattern test, is , should match ONE1ONE
FAIL: gcc.dg/torture/pr68955.c   -O1  output pattern test, is , should match ONE1ONE
FAIL: gcc.dg/torture/pr68955.c   -O2  output pattern test, is , should match ONE1ONE
FAIL: gcc.dg/torture/pr68955.c   -O3 -fomit-frame-pointer -funroll-loops -fpeel-loops -ftracer -finline-functions  output pattern test, is , should match ONE1ONE
FAIL: gcc.dg/torture/pr68955.c   -O3 -g  output pattern test, is , should match ONE1ONE
FAIL: gcc.dg/torture/pr68955.c   -Os  output pattern test, is , should match ONE1ONE
FAIL: gcc.dg/torture/pr68955.c   -O2 -flto -fno-use-linker-plugin -flto-partition=none  output pattern test, is , should match ONE1ONE
FAIL: gcc.dg/torture/pr68955.c   -O2 -flto -fuse-linker-plugin -fno-fat-lto-objects  output pattern test, is , should match ONE1ONE
FAIL: gcc.dg/torture/pr81814.c   -O0  (test for excess errors)
FAIL: gcc.dg/torture/pr81814.c   -O0  execution test
FAIL: gcc.dg/torture/pr81814.c   -O1  (test for excess errors)
FAIL: gcc.dg/torture/pr81814.c   -O1  execution test
FAIL: gcc.dg/torture/pr81814.c   -O2  (test for excess errors)
FAIL: gcc.dg/torture/pr81814.c   -O2  execution test
FAIL: gcc.dg/torture/pr81814.c   -O3 -g  (test for excess errors)
FAIL: gcc.dg/torture/pr81814.c   -O3 -g  execution test
FAIL: gcc.dg/torture/pr81814.c   -Os  (test for excess errors)
FAIL: gcc.dg/torture/pr81814.c   -Os  execution test
FAIL: gcc.dg/torture/pr81814.c   -O2 -flto -fno-use-linker-plugin -flto-partition=none  (test for excess errors)
FAIL: gcc.dg/torture/pr81814.c   -O2 -flto -fno-use-linker-plugin -flto-partition=none  execution test
FAIL: gcc.dg/torture/pr81814.c   -O2 -flto -fuse-linker-plugin -fno-fat-lto-objects  (test for excess errors)
FAIL: gcc.dg/torture/pr81814.c   -O2 -flto -fuse-linker-plugin -fno-fat-lto-objects  execution test
XPASS: gcc.dg/tree-ssa/20040204-1.c scan-tree-dump-times optimized "link_error" 0
FAIL: gcc.dg/tree-ssa/addadd.c scan-tree-dump-times optimized "\\\\(unsigned int\\\\)" 2 (found 1 times)
FAIL: gcc.dg/tree-ssa/alias-32.c scan-tree-dump-times cddce1 "\\\\*[^ ]" 1 (found 2 times)
FAIL: gcc.dg/tree-ssa/builtin-sprintf-2.c scan-tree-dump-times optimized "> \\\\[local count: [0-9INV]*\\\\]:\\n *must_not_eliminate" 96 (found 94 times)
FAIL: gcc.dg/tree-ssa/builtin-sprintf-2.c scan-tree-dump-not optimized ";\\n *must_not_eliminate"
FAIL: gcc.dg/tree-ssa/builtin-sprintf-warn-6.c scan-tree-dump-not optimized "abort"
FAIL: gcc.dg/tree-ssa/builtin-sprintf.c (test for excess errors)
UNRESOLVED: gcc.dg/tree-ssa/builtin-sprintf.c compilation failed to produce executable
FAIL: gcc.dg/tree-ssa/ldist-25.c (test for excess errors)
UNRESOLVED: gcc.dg/tree-ssa/ldist-25.c scan-tree-dump ldist "Loop . not distributed"
FAIL: gcc.dg/tree-ssa/ldist-27.c (test for excess errors)
UNRESOLVED: gcc.dg/tree-ssa/ldist-27.c compilation failed to produce executable
UNRESOLVED: gcc.dg/tree-ssa/ldist-27.c scan-tree-dump ldist "distributed: split to "
FAIL: gcc.dg/tree-ssa/ldist-28.c (test for excess errors)
UNRESOLVED: gcc.dg/tree-ssa/ldist-28.c scan-tree-dump ldist "Loop nest . distributed: split to 0 loops and 1 library"
FAIL: gcc.dg/tree-ssa/ldist-29.c (test for excess errors)
UNRESOLVED: gcc.dg/tree-ssa/ldist-29.c scan-tree-dump-not ldist "Loop nest . distributed: split to"
UNRESOLVED: gcc.dg/tree-ssa/ldist-29.c scan-tree-dump-times ldist "Loop . distributed: split to 0 loops and 1 library" 1
FAIL: gcc.dg/tree-ssa/ldist-30.c (test for excess errors)
UNRESOLVED: gcc.dg/tree-ssa/ldist-30.c scan-tree-dump-times ldist "Loop nest . distributed: split to" 1
FAIL: gcc.dg/tree-ssa/ldist-31.c (test for excess errors)
UNRESOLVED: gcc.dg/tree-ssa/ldist-31.c scan-tree-dump-times ldist "Loop nest . distributed: split to 0 loops and 2 library" 1
FAIL: gcc.dg/tree-ssa/ldist-32.c (test for excess errors)
UNRESOLVED: gcc.dg/tree-ssa/ldist-32.c scan-tree-dump-times ldist "Loop nest . distributed: split to 0 loops and 1 library" 1
UNRESOLVED: gcc.dg/tree-ssa/ldist-32.c scan-tree-dump-times ldist "__builtin_memset \\\\(.*, 0, 1049600\\\\);" 1
FAIL: gcc.dg/tree-ssa/ldist-33.c (test for excess errors)
UNRESOLVED: gcc.dg/tree-ssa/ldist-33.c scan-tree-dump ldist "Loop nest . distributed: split to 1 loops and 1 library"
FAIL: gcc.dg/tree-ssa/ldist-34.c (test for excess errors)
FAIL: gcc.dg/tree-ssa/ldist-35.c (test for excess errors)
UNRESOLVED: gcc.dg/tree-ssa/ldist-35.c scan-tree-dump-times ldist "Loop nest . distributed: split to 0 loops and 1 library" 1
FAIL: gcc.dg/tree-ssa/ldist-36.c (test for excess errors)
UNRESOLVED: gcc.dg/tree-ssa/ldist-36.c scan-tree-dump-times ldist "Loop nest . distributed: split to 0 loops and 3 library" 1
FAIL: gcc.dg/tree-ssa/loop-interchange-1.c (test for excess errors)
UNRESOLVED: gcc.dg/tree-ssa/loop-interchange-1.c compilation failed to produce executable
UNRESOLVED: gcc.dg/tree-ssa/loop-interchange-1.c scan-tree-dump-times linterchange "Loop_pair<outer:., inner:.> is interchanged" 1
FAIL: gcc.dg/tree-ssa/loop-interchange-10.c (test for excess errors)
UNRESOLVED: gcc.dg/tree-ssa/loop-interchange-10.c compilation failed to produce executable
UNRESOLVED: gcc.dg/tree-ssa/loop-interchange-10.c scan-tree-dump-times linterchange "Loop_pair<outer:., inner:.> is interchanged" 1
FAIL: gcc.dg/tree-ssa/loop-interchange-11.c (test for excess errors)
UNRESOLVED: gcc.dg/tree-ssa/loop-interchange-11.c scan-tree-dump-not linterchange "Loop_pair<outer:., inner:.> is interchanged"
FAIL: gcc.dg/tree-ssa/loop-interchange-1b.c (test for excess errors)
UNRESOLVED: gcc.dg/tree-ssa/loop-interchange-1b.c compilation failed to produce executable
UNRESOLVED: gcc.dg/tree-ssa/loop-interchange-1b.c scan-tree-dump-not linterchange "is interchanged"
FAIL: gcc.dg/tree-ssa/loop-interchange-2.c (test for excess errors)
UNRESOLVED: gcc.dg/tree-ssa/loop-interchange-2.c compilation failed to produce executable
UNRESOLVED: gcc.dg/tree-ssa/loop-interchange-2.c scan-tree-dump-times linterchange "Loop_pair<outer:., inner:.> is interchanged" 1
FAIL: gcc.dg/tree-ssa/loop-interchange-3.c (test for excess errors)
UNRESOLVED: gcc.dg/tree-ssa/loop-interchange-3.c compilation failed to produce executable
UNRESOLVED: gcc.dg/tree-ssa/loop-interchange-3.c scan-tree-dump-times linterchange "Loop_pair<outer:., inner:.> is interchanged" 1
FAIL: gcc.dg/tree-ssa/loop-interchange-5.c (test for excess errors)
UNRESOLVED: gcc.dg/tree-ssa/loop-interchange-5.c compilation failed to produce executable
UNRESOLVED: gcc.dg/tree-ssa/loop-interchange-5.c scan-tree-dump-times linterchange "Loop_pair<outer:., inner:.> is interchanged" 1
UNRESOLVED: gcc.dg/tree-ssa/loop-interchange-5.c scan-tree-dump-times linterchange "Loop_pair<outer:., inner:.> is not interchanged" 1
FAIL: gcc.dg/tree-ssa/loop-interchange-6.c (test for excess errors)
UNRESOLVED: gcc.dg/tree-ssa/loop-interchange-6.c compilation failed to produce executable
UNRESOLVED: gcc.dg/tree-ssa/loop-interchange-6.c scan-tree-dump-times linterchange "Loop_pair<outer:., inner:.> is interchanged" 2
FAIL: gcc.dg/tree-ssa/loop-interchange-7.c (test for excess errors)
UNRESOLVED: gcc.dg/tree-ssa/loop-interchange-7.c compilation failed to produce executable
UNRESOLVED: gcc.dg/tree-ssa/loop-interchange-7.c scan-tree-dump-times linterchange "Loop_pair<outer:., inner:.> is interchanged" 2
FAIL: gcc.dg/tree-ssa/loop-interchange-8.c (test for excess errors)
UNRESOLVED: gcc.dg/tree-ssa/loop-interchange-8.c compilation failed to produce executable
UNRESOLVED: gcc.dg/tree-ssa/loop-interchange-8.c scan-tree-dump-not linterchange "Loop_pair<outer:., inner:.> is interchanged"
FAIL: gcc.dg/tree-ssa/loop-interchange-9.c (test for excess errors)
UNRESOLVED: gcc.dg/tree-ssa/loop-interchange-9.c compilation failed to produce executable
UNRESOLVED: gcc.dg/tree-ssa/loop-interchange-9.c scan-tree-dump-times linterchange "Loop_pair<outer:., inner:.> is interchanged" 1
FAIL: gcc.dg/tree-ssa/loop-niter-1.c (test for excess errors)
FAIL: gcc.dg/tree-ssa/loop-niter-1.c execution test
FAIL: gcc.dg/tree-ssa/loop-niter-2.c (test for excess errors)
FAIL: gcc.dg/tree-ssa/loop-niter-2.c execution test
FAIL: gcc.dg/tree-ssa/negneg-3.c scan-tree-dump-times optimized "negate_expr" 6 (found 4 times)
FAIL: gcc.dg/tree-ssa/phi-opt-11.c scan-tree-dump-times optimized "if" 2 (found 0 times)
FAIL: gcc.dg/tree-ssa/pr71947-4.c scan-tree-dump dom2 "Folded to: _[0-9]+ = _[0-9]+ \\\\* 2"
FAIL: gcc.dg/tree-ssa/pr71947-5.c scan-tree-dump dom2 "Folded to: _[0-9]+ = 0;"
FAIL: gcc.dg/tree-ssa/pr78154.c scan-tree-dump-not evrp "__builtin_abort"
FAIL: gcc.dg/tree-ssa/pr79327-2.c scan-tree-dump-times optimized "keep_call_on_line" 43 (found 34 times)
FAIL: gcc.dg/tree-ssa/pr80803.c (test for excess errors)
FAIL: gcc.dg/tree-ssa/pr80803.c execution test
FAIL: gcc.dg/tree-ssa/pr80887.c (internal compiler error)
FAIL: gcc.dg/tree-ssa/pr80887.c (test for excess errors)
FAIL: gcc.dg/tree-ssa/pr80898-2.c (test for excess errors)
FAIL: gcc.dg/tree-ssa/pr80898-2.c execution test
FAIL: gcc.dg/tree-ssa/pr80898.c (test for excess errors)
UNRESOLVED: gcc.dg/tree-ssa/pr80898.c compilation failed to produce executable
FAIL: gcc.dg/tree-ssa/pr81346-4.c (test for excess errors)
FAIL: gcc.dg/tree-ssa/pr81346-5.c scan-tree-dump-times optimized "\\\\(signed int\\\\) x" 10 (found 0 times)
FAIL: gcc.dg/tree-ssa/pr82059.c (test for excess errors)
FAIL: gcc.dg/tree-ssa/pr82363.c (test for excess errors)
UNRESOLVED: gcc.dg/tree-ssa/pr82363.c compilation failed to produce executable
FAIL: gcc.dg/tree-ssa/pr82574.c (test for excess errors)
UNRESOLVED: gcc.dg/tree-ssa/pr82574.c compilation failed to produce executable
FAIL: gcc.dg/tree-ssa/ssa-dom-thread-13.c (test for excess errors)
UNRESOLVED: gcc.dg/tree-ssa/ssa-dom-thread-13.c scan-tree-dump-times dom2 "Threaded" 1
XPASS: gcc.dg/tree-ssa/ssa-fre-26.c scan-tree-dump fre1 "Replaced u.i with 0 in"
FAIL: gcc.dg/tree-ssa/ssa-hoist-4.c scan-tree-dump-times optimized "= \\\\*" 2 (found 3 times)
FAIL: gcc.dg/tree-ssa/ssa-hoist-4.c scan-tree-dump-times optimized "MAX_EXPR" 1 (found 0 times)
FAIL: gcc.dg/tree-ssa/ssa-sink-11.c scan-tree-dump optimized "MEM\\\\[.* \\\\+ 252B\\\\]"
FAIL: gcc.dg/tree-ssa/ssa-sink-12.c scan-tree-dump optimized "MEM\\\\[.* \\\\+ 252B\\\\]"
FAIL: gcc.dg/tree-ssa/ssa-sink-15.c scan-tree-dump-times optimized "goto" 0 (found 1 times)
FAIL: gcc.dg/tree-ssa/vrp111.c scan-tree-dump-not evrp "abort"
FAIL: gcc.dg/tree-ssa/vrp114.c (test for excess errors)
FAIL: gcc.dg/tree-ssa/vrp114.c scan-tree-dump-times evrp "link_error" 0 (found 1 times)
FAIL: gcc.target/avr/pr52472.c (internal compiler error)
FAIL: gcc.target/avr/pr52472.c (test for excess errors)
FAIL: gcc.target/avr/torture/int24-mul.c   -O3 -g  (internal compiler error)
FAIL: gcc.target/avr/torture/int24-mul.c   -O3 -g  (test for excess errors)
UNRESOLVED: gcc.target/avr/torture/int24-mul.c   -O3 -g  compilation failed to produce executable
FAIL: gcc.target/avr/torture/pr83729.c   -O3 -g  (internal compiler error)
FAIL: gcc.target/avr/torture/pr83729.c   -O3 -g  (test for excess errors)
UNRESOLVED: gcc.target/avr/torture/pr83729.c   -O3 -g  compilation failed to produce executable
FAIL: gcc.target/avr/torture/pr83801.c   -O3 -g  (internal compiler error)
FAIL: gcc.target/avr/torture/pr83801.c   -O3 -g  (test for excess errors)
UNRESOLVED: gcc.target/avr/torture/pr83801.c   -O3 -g  compilation failed to produce executable

		=== gcc Summary for atmega128-sim ===

# of expected passes		87726
# of unexpected failures	252
# of unexpected successes	10
# of expected failures		204
# of unresolved testcases	50
# of untested testcases		3
# of unsupported tests		4217

		=== gcc Summary ===

# of expected passes		175399
# of unexpected failures	557
# of unexpected successes	20
# of expected failures		408
# of unresolved testcases	99
# of untested testcases		6
# of unsupported tests		8434
/home/toolsbuild/workspace/avr8-gnu-regression-test-mega-trunk/build-linux_x86_64/avr-gcc-full/gcc/xgcc  version 8.0.1 20180118 (experimental) (AVR_8_bit_GNU_Toolchain_4.0.0_721) 


Compiler version: 8.0.1 20180118 (experimental) (AVR_8_bit_GNU_Toolchain_4.0.0_721) gcc 
Platform: avr-unknown-none
configure flags: LDFLAGS=-L/home/toolsbuild/workspace/avr8-gnu-regression-test-mega-trunk/avr8-gnu-regression-test-mega-trunk-linux_x86_64-hostlibs/lib CPPFLAGS= --target=avr --host=x86_64-pc-linux-gnu --build=x86_64-pc-linux-gnu --prefix=/home/toolsbuild/workspace/avr8-gnu-regression-test-mega-trunk/avr8-gnu-regression-test-mega-trunk-linux_x86_64 --libdir=/home/toolsbuild/workspace/avr8-gnu-regression-test-mega-trunk/avr8-gnu-regression-test-mega-trunk-linux_x86_64/lib --enable-languages=c,c++ --with-dwarf2 --enable-doc --disable-shared --disable-libada --disable-libssp --disable-nls --with-avrlibc=yes --with-mpfr=/home/toolsbuild/workspace/avr8-gnu-regression-test-mega-trunk/avr8-gnu-regression-test-mega-trunk-linux_x86_64-hostlibs --with-gmp=/home/toolsbuild/workspace/avr8-gnu-regression-test-mega-trunk/avr8-gnu-regression-test-mega-trunk-linux_x86_64-hostlibs --with-mpc=/home/toolsbuild/workspace/avr8-gnu-regression-test-mega-trunk/avr8-gnu-regression-test-mega-trunk-linux_x86_64-hostlibs --with-pkgversion=AVR_8_bit_GNU_Toolchain_4.0.0_721 --with-bugurl=http://www.atmel.com


Index Nav: [Date Index] [Subject Index] [Author Index] [Thread Index]
Message Nav: [Date Prev] [Date Next] [Thread Prev] [Thread Next]