This is the mail archive of the gcc-testresults@gcc.gnu.org mailing list for the GCC project.


Index Nav: [Date Index] [Subject Index] [Author Index] [Thread Index]
Message Nav: [Date Prev] [Date Next] [Thread Prev] [Thread Next]
Other format: [Raw text]

Results for 6.4.1 20180113 [gcc-6-branch revision 256647] (GCC) testsuite on i686-pc-linux-gnu


Native configuration is i686-pc-linux-gnu

		=== gcc tests ===


Running target unix
FAIL: gcc.dg/cpp/trad/include.c (test for excess errors)
WARNING: profopt.exp does not support dg-error
XPASS: gcc.target/i386/bmi-6.c (test for excess errors)

		=== gcc Summary ===

# of expected passes		117879
# of unexpected failures	1
# of unexpected successes	1
# of expected failures		320
# of unsupported tests		1715
/export/gnu/import/git/gcc-test/bld/gcc/xgcc  version 6.4.1 20180113 [gcc-6-branch revision 256647] (GCC) 

		=== gfortran tests ===


Running target unix

		=== gfortran Summary ===

# of expected passes		42871
# of expected failures		78
# of unsupported tests		181
/export/gnu/import/git/gcc-test/bld/gcc/gfortran  version 6.4.1 20180113 [gcc-6-branch revision 256647] (GCC) 

		=== g++ tests ===


Running target unix
XPASS: g++.dg/tls/thread_local-order2.C  -std=c++11 execution test
XPASS: g++.dg/tls/thread_local-order2.C  -std=c++14 execution test

		=== g++ Summary ===

# of expected passes		105009
# of unexpected successes	2
# of expected failures		324
# of unsupported tests		3647
/export/gnu/import/git/gcc-test/bld/gcc/xg++  version 6.4.1 20180113 [gcc-6-branch revision 256647] (GCC) 

		=== objc tests ===


Running target unix

		=== objc Summary ===

# of expected passes		2783
# of expected failures		6
# of unsupported tests		68
/export/gnu/import/git/gcc-test/bld/gcc/xgcc  version 6.4.1 20180113 [gcc-6-branch revision 256647] (GCC) 

		=== boehm-gc tests ===


Running target unix

		=== boehm-gc Summary ===

# of expected passes		12
# of unsupported tests		1
		=== libatomic tests ===


Running target unix

		=== libatomic Summary ===

# of expected passes		44
# of unsupported tests		5
		=== libffi tests ===


Running target unix

		=== libffi Summary ===

# of expected passes		2799
		=== libgomp tests ===


Running target unix

		=== libgomp Summary ===

# of expected passes		5177
# of unsupported tests		271
		=== libitm tests ===


Running target unix

		=== libitm Summary ===

# of expected passes		42
# of expected failures		3
# of unsupported tests		1
		=== libjava tests ===


Running target unix

		=== libjava Summary ===

# of expected passes		2582
# of expected failures		4
		=== libstdc++ tests ===


Running target unix
FAIL: libstdc++-abi/abi_check

		=== libstdc++ Summary ===

# of expected passes		11184
# of unexpected failures	1
# of expected failures		66
# of unsupported tests		230

Compiler version: 6.4.1 20180113 [gcc-6-branch revision 256647] (GCC) 
Platform: i686-pc-linux-gnu
configure flags: --prefix=/usr/6.4.1 --enable-clocale=gnu --with-system-zlib --enable-shared --with-demangler-in-ld --enable-libmpx --with-fpmath=sse


Index Nav: [Date Index] [Subject Index] [Author Index] [Thread Index]
Message Nav: [Date Prev] [Date Next] [Thread Prev] [Thread Next]