This is the mail archive of the gcc-testresults@gcc.gnu.org mailing list for the GCC project.


Index Nav: [Date Index] [Subject Index] [Author Index] [Thread Index]
Message Nav: [Date Prev] [Date Next] [Thread Prev] [Thread Next]
Other format: [Raw text]

Results for 8.0.0 20180111 (experimental) [trunk revision 256549] (GCC) testsuite on powerpc-ibm-aix7.2.0.0


LAST_UPDATED: Thu Jan 11 18:59:20 UTC 2018 (revision 256549)

Native configuration is powerpc-ibm-aix7.2.0.0

		=== g++ tests ===


Running target unix
FAIL: g++.dg/compat/eh/new1 cp_compat_x_tst.o-cp_compat_y_tst.o execute 
XPASS: g++.dg/debug/pr56294.C -gdwarf-2 (test for excess errors)
XPASS: g++.dg/debug/pr56294.C -gdwarf-2 -g1 (test for excess errors)
XPASS: g++.dg/debug/pr56294.C -gdwarf-2 -g3 (test for excess errors)
XPASS: g++.dg/debug/pr56294.C -gxcoff (test for excess errors)
XPASS: g++.dg/debug/pr56294.C -gxcoff+ (test for excess errors)
XPASS: g++.dg/debug/pr56294.C -gxcoff+1 (test for excess errors)
XPASS: g++.dg/debug/pr56294.C -gxcoff+3 (test for excess errors)
XPASS: g++.dg/debug/pr56294.C -gxcoff1 (test for excess errors)
XPASS: g++.dg/debug/pr56294.C -gxcoff3 (test for excess errors)
XPASS: g++.dg/debug/pr56819.C -gdwarf-2 (test for excess errors)
XPASS: g++.dg/debug/pr56819.C -gdwarf-2 -g1 (test for excess errors)
XPASS: g++.dg/debug/pr56819.C -gdwarf-2 -g3 (test for excess errors)
XPASS: g++.dg/debug/pr56819.C -gxcoff (test for excess errors)
XPASS: g++.dg/debug/pr56819.C -gxcoff+ (test for excess errors)
XPASS: g++.dg/debug/pr56819.C -gxcoff+1 (test for excess errors)
XPASS: g++.dg/debug/pr56819.C -gxcoff+3 (test for excess errors)
XPASS: g++.dg/debug/pr56819.C -gxcoff1 (test for excess errors)
XPASS: g++.dg/debug/pr56819.C -gxcoff3 (test for excess errors)
XPASS: g++.dg/debug/dwarf2/align-1.C  -std=gnu++11  scan-assembler-times  DW_AT_alignment 1
XPASS: g++.dg/debug/dwarf2/align-1.C  -std=gnu++14  scan-assembler-times  DW_AT_alignment 1
XPASS: g++.dg/debug/dwarf2/align-1.C  -std=gnu++98  scan-assembler-times  DW_AT_alignment 1
XPASS: g++.dg/debug/dwarf2/align-2.C  -std=gnu++11  scan-assembler-times  DW_AT_alignment 1
XPASS: g++.dg/debug/dwarf2/align-2.C  -std=gnu++14  scan-assembler-times  DW_AT_alignment 1
XPASS: g++.dg/debug/dwarf2/align-2.C  -std=gnu++98  scan-assembler-times  DW_AT_alignment 1
XPASS: g++.dg/debug/dwarf2/align-3.C  -std=gnu++11  scan-assembler-times  DW_AT_alignment 1
XPASS: g++.dg/debug/dwarf2/align-3.C  -std=gnu++14  scan-assembler-times  DW_AT_alignment 1
XPASS: g++.dg/debug/dwarf2/align-3.C  -std=gnu++98  scan-assembler-times  DW_AT_alignment 1
XPASS: g++.dg/debug/dwarf2/align-4.C  -std=gnu++11  scan-assembler-times  DW_AT_alignment 2
XPASS: g++.dg/debug/dwarf2/align-4.C  -std=gnu++14  scan-assembler-times  DW_AT_alignment 2
XPASS: g++.dg/debug/dwarf2/align-4.C  -std=gnu++98  scan-assembler-times  DW_AT_alignment 2
XPASS: g++.dg/debug/dwarf2/align-5.C  -std=gnu++11  scan-assembler-times  DW_AT_alignment 1
XPASS: g++.dg/debug/dwarf2/align-5.C  -std=gnu++14  scan-assembler-times  DW_AT_alignment 1
XPASS: g++.dg/debug/dwarf2/align-5.C  -std=gnu++98  scan-assembler-times  DW_AT_alignment 1
XPASS: g++.dg/debug/dwarf2/align-6.C  -std=gnu++11  scan-assembler-times  DW_AT_alignment 1
XPASS: g++.dg/debug/dwarf2/align-6.C  -std=gnu++14  scan-assembler-times  DW_AT_alignment 1
XPASS: g++.dg/debug/dwarf2/align-6.C  -std=gnu++98  scan-assembler-times  DW_AT_alignment 1
XPASS: g++.dg/debug/dwarf2/constexpr-var-1.C   scan-assembler-times  DW_AT_const_expr 2
XPASS: g++.dg/debug/dwarf2/defaulted-member-function-1.C   scan-assembler-times 0x1[ \\t][^\\n]* DW_AT_defaulted 1
XPASS: g++.dg/debug/dwarf2/defaulted-member-function-2.C   scan-assembler-times 0x2[ \\t][^\\n]* DW_AT_defaulted 1
XPASS: g++.dg/debug/dwarf2/defaulted-member-function-3.C   scan-assembler-not  DW_AT_defaulted
XPASS: g++.dg/debug/dwarf2/deleted-member-function.C   scan-assembler-times  DW_AT_deleted 2
XPASS: g++.dg/debug/dwarf2/inline-var-1.C   scan-assembler-times  DW_AT_[^\\n\\r]*linkage_name 7
XPASS: g++.dg/debug/dwarf2/inline-var-1.C   scan-assembler-times  DW_AT_declaration 6
XPASS: g++.dg/debug/dwarf2/inline-var-1.C   scan-assembler-times  DW_AT_specification 6
XPASS: g++.dg/debug/dwarf2/inline-var-1.C   scan-assembler-times 0x1[^\\n\\r]* DW_AT_inline 2
XPASS: g++.dg/debug/dwarf2/inline-var-1.C   scan-assembler-times 0x3[^\\n\\r]* DW_AT_inline 6
XPASS: g++.dg/debug/dwarf2/inline-var-2.C   scan-assembler-not DW_TAG_member
XPASS: g++.dg/debug/dwarf2/noreturn-function.C   scan-assembler-times DW_AT_noreturn 2
XPASS: g++.dg/debug/dwarf2/ptrdmem-1.C   scan-assembler-times  DW_AT_use_location 1
XPASS: g++.dg/debug/dwarf2/ptrdmem-1.C   scan-assembler-times DIE \\\\([^\\n]*\\\\) DW_TAG_ptr_to_member_type 1
XPASS: g++.dg/debug/dwarf2/ref-2.C  -std=gnu++11  scan-assembler-times  DW_AT_reference 1
XPASS: g++.dg/debug/dwarf2/ref-2.C  -std=gnu++11  scan-assembler-times  DW_AT_rvalue_reference 1
XPASS: g++.dg/debug/dwarf2/ref-2.C  -std=gnu++14  scan-assembler-times  DW_AT_reference 1
XPASS: g++.dg/debug/dwarf2/ref-2.C  -std=gnu++14  scan-assembler-times  DW_AT_rvalue_reference 1
XPASS: g++.dg/debug/dwarf2/ref-3.C  -std=gnu++11  scan-assembler-times  DW_AT_reference 5
XPASS: g++.dg/debug/dwarf2/ref-3.C  -std=gnu++11  scan-assembler-times  DW_AT_rvalue_reference 5
XPASS: g++.dg/debug/dwarf2/ref-3.C  -std=gnu++11  scan-assembler-times  DW_AT_use_location 1
XPASS: g++.dg/debug/dwarf2/ref-3.C  -std=gnu++11  scan-assembler-times DIE \\\\([^\\n]*\\\\) DW_TAG_ptr_to_member_type 7
XPASS: g++.dg/debug/dwarf2/ref-3.C  -std=gnu++11  scan-assembler-times DIE \\\\([^\\n]*\\\\) DW_TAG_subroutine_type 6
XPASS: g++.dg/debug/dwarf2/ref-3.C  -std=gnu++14  scan-assembler-times  DW_AT_reference 5
XPASS: g++.dg/debug/dwarf2/ref-3.C  -std=gnu++14  scan-assembler-times  DW_AT_rvalue_reference 5
XPASS: g++.dg/debug/dwarf2/ref-3.C  -std=gnu++14  scan-assembler-times  DW_AT_use_location 1
XPASS: g++.dg/debug/dwarf2/ref-3.C  -std=gnu++14  scan-assembler-times DIE \\\\([^\\n]*\\\\) DW_TAG_ptr_to_member_type 7
XPASS: g++.dg/debug/dwarf2/ref-3.C  -std=gnu++14  scan-assembler-times DIE \\\\([^\\n]*\\\\) DW_TAG_subroutine_type 6
XPASS: g++.dg/debug/dwarf2/ref-4.C  -std=gnu++11  scan-assembler-times DIE \\\\([^\\n]*\\\\) DW_TAG_ptr_to_member_type 2
XPASS: g++.dg/debug/dwarf2/ref-4.C  -std=gnu++11  scan-assembler-times DIE \\\\([^\\n]*\\\\) DW_TAG_subroutine_type 1
XPASS: g++.dg/debug/dwarf2/ref-4.C  -std=gnu++11  scan-assembler-times DIE \\\\([^\\n]*\\\\) DW_TAG_typedef 2
XPASS: g++.dg/debug/dwarf2/ref-4.C  -std=gnu++14  scan-assembler-times DIE \\\\([^\\n]*\\\\) DW_TAG_ptr_to_member_type 2
XPASS: g++.dg/debug/dwarf2/ref-4.C  -std=gnu++14  scan-assembler-times DIE \\\\([^\\n]*\\\\) DW_TAG_subroutine_type 1
XPASS: g++.dg/debug/dwarf2/ref-4.C  -std=gnu++14  scan-assembler-times DIE \\\\([^\\n]*\\\\) DW_TAG_typedef 2
XPASS: g++.dg/debug/dwarf2/refqual-1.C   scan-assembler-times  DW_AT_reference 2
XPASS: g++.dg/debug/dwarf2/refqual-1.C   scan-assembler-times DIE \\\\([^\\n]*\\\\) DW_TAG_ptr_to_member_type 1
XPASS: g++.dg/debug/dwarf2/refqual-2.C   scan-assembler-times  DW_AT_rvalue_reference 2
XPASS: g++.dg/debug/dwarf2/refqual-2.C   scan-assembler-times DIE \\\\([^\\n]*\\\\) DW_TAG_ptr_to_member_type 1
FAIL: c-c++-common/Warray-bounds-4.c  -std=gnu++11  (test for warnings, line 67)
FAIL: c-c++-common/Warray-bounds-4.c  -std=gnu++14  (test for warnings, line 67)
FAIL: c-c++-common/Warray-bounds-4.c  -std=gnu++98  (test for warnings, line 67)
FAIL: g++.dg/cpp0x/inh-ctor30.C  -std=c++11  scan-assembler _ZN1AIjEC2Ev
FAIL: g++.dg/cpp0x/inh-ctor30.C  -std=c++14  scan-assembler _ZN1AIjEC2Ev
XPASS: g++.dg/eh/new1.C  -std=c++11 execution test
XPASS: g++.dg/eh/new1.C  -std=c++98 execution test
FAIL: g++.dg/ext/vector32.C  -std=c++11 (internal compiler error)
FAIL: g++.dg/ext/vector32.C  -std=c++11 (test for excess errors)
FAIL: g++.dg/ext/vector32.C  -std=c++14 (internal compiler error)
FAIL: g++.dg/ext/vector32.C  -std=c++14 (test for excess errors)
FAIL: g++.dg/ext/vector32.C  -std=c++98 (internal compiler error)
FAIL: g++.dg/ext/vector32.C  -std=c++98 (test for excess errors)
FAIL: g++.dg/ext/vector32a.C  -std=c++11 (internal compiler error)
FAIL: g++.dg/ext/vector32a.C  -std=c++11 (test for excess errors)
FAIL: g++.dg/ext/vector32a.C  -std=c++14 (internal compiler error)
FAIL: g++.dg/ext/vector32a.C  -std=c++14 (test for excess errors)
FAIL: g++.dg/ext/vector32a.C  -std=c++98 (internal compiler error)
FAIL: g++.dg/ext/vector32a.C  -std=c++98 (test for excess errors)
FAIL: g++.dg/ipa/pr83667.C  -std=gnu++11  scan-ipa-dump inline "summary for void c::[^\\\\n]*THUNK0"
FAIL: g++.dg/ipa/pr83667.C  -std=gnu++14  scan-ipa-dump inline "summary for void c::[^\\\\n]*THUNK0"
FAIL: g++.dg/ipa/pr83667.C  -std=gnu++98  scan-ipa-dump inline "summary for void c::[^\\\\n]*THUNK0"
XPASS: g++.dg/template/linkage1.C  -std=c++98  scan-assembler-not (weak|glob)[^\\n]*_Z3fooIXadL_ZL11static_funcvEEEvv
FAIL: g++.dg/template/nontype10.C  -std=c++11 (test for excess errors)
FAIL: g++.dg/template/nontype10.C  -std=c++14 (test for excess errors)
FAIL: g++.dg/template/nontype10.C  -std=c++98 (test for excess errors)
FAIL: g++.dg/vect/slp-pr56812.cc  -std=c++11  scan-tree-dump-times slp1 "basic block vectorized" 1 (found 0 times)
FAIL: g++.dg/vect/slp-pr56812.cc  -std=c++14  scan-tree-dump-times slp1 "basic block vectorized" 1 (found 0 times)
FAIL: g++.dg/vect/slp-pr56812.cc  -std=c++98  scan-tree-dump-times slp1 "basic block vectorized" 1 (found 0 times)
XPASS: g++.old-deja/g++.eh/new2.C  -std=gnu++11 execution test
XPASS: g++.old-deja/g++.eh/new2.C  -std=gnu++98 execution test
XPASS: g++.old-deja/g++.mike/p755a.C  -std=c++11 execution test
XPASS: g++.old-deja/g++.mike/p755a.C  -std=c++98 execution test

		=== g++ Summary ===

# of expected passes		106168
# of unexpected failures	27
# of unexpected successes	81
# of expected failures		669
# of unsupported tests		4810
/tmp/GCC/gcc/testsuite/g++/../../xg++  version 8.0.0 20180111 (experimental) [trunk revision 256549] (GCC) 

		=== gcc tests ===


Running target unix
XPASS: gcc.dg/autopar/pr46799.c (test for excess errors)
XPASS: gcc.dg/debug/dwarf2/align-1.c scan-assembler-times  DW_AT_alignment 1
XPASS: gcc.dg/debug/dwarf2/align-2.c scan-assembler-times  DW_AT_alignment 1
XPASS: gcc.dg/debug/dwarf2/align-3.c scan-assembler-times  DW_AT_alignment 1
XPASS: gcc.dg/debug/dwarf2/align-4.c scan-assembler-times  DW_AT_alignment 2
XPASS: gcc.dg/debug/dwarf2/align-5.c scan-assembler-times  DW_AT_alignment 1
XPASS: gcc.dg/debug/dwarf2/align-6.c scan-assembler-times  DW_AT_alignment 1
XPASS: gcc.dg/debug/dwarf2/align-as-1.c scan-assembler-times  DW_AT_alignment 1
XPASS: gcc.dg/debug/dwarf2/dwarf2-macro.c scan-assembler Start new file
XPASS: gcc.dg/debug/dwarf2/dwarf2-macro2.c scan-assembler At line number 0
XPASS: gcc.dg/debug/dwarf2/lang-c89.c scan-assembler 0x1.*DW_AT_language
XPASS: gcc.dg/debug/dwarf2/noreturn-function-attribute.c scan-assembler-times DW_AT_noreturn 2
XPASS: gcc.dg/debug/dwarf2/noreturn-function-keyword.c scan-assembler-times DW_AT_noreturn 2
XPASS: gcc.dg/debug/dwarf2/pr71855.c scan-assembler-times DIE.*DW_TAG_unspecified_parameters 1
FAIL: gcc.dg/debug/dwarf2/pr82718-1.c (test for excess errors)
FAIL: gcc.dg/debug/dwarf2/pr82718-2.c (test for excess errors)
FAIL: c-c++-common/Warray-bounds-4.c  -Wc++-compat   (test for warnings, line 67)
FAIL: gcc.dg/asm-names.c scan-assembler-not ____frob14
FAIL: gcc.dg/pr21643.c scan-tree-dump-times reassoc1 "Optimizing range tests c_[0-9]*.D. -.0, 31. and -.32, 32.[\\n\\r]* into" 6 (found 5 times)
FAIL: gcc.dg/strlenopt-39.c scan-tree-dump-not optimized "(abort|strlen) \\\\(\\\\)"
FAIL: gcc.dg/gomp/pr82374.c scan-tree-dump-times vect "vectorized 1 loops" 2 (found 0 times)
FAIL: gcc.dg/graphite/interchange-3.c scan-tree-dump graphite "tiled"
FAIL: gcc.dg/graphite/interchange-7.c scan-tree-dump graphite "tiled"
FAIL: gcc.dg/graphite/interchange-9.c scan-tree-dump graphite "tiled"
FAIL: gcc.dg/graphite/uns-interchange-9.c scan-tree-dump graphite "tiled"
FAIL: gcc.dg/ipa/iinline-attr.c scan-ipa-dump inline "hooray[^\\\\n]*inline copy in test"
FAIL: gcc.dg/ipa/inline-2.c scan-ipa-dump inline "op2 change 10.000000. of time"
FAIL: gcc.dg/ipa/inline-3.c scan-ipa-dump inline "Scaling time by probability:0.100000"
XPASS: gcc.dg/torture/pr59166.c   -O0  (test for excess errors)
FAIL: gcc.dg/tree-ssa/phi-opt-11.c scan-tree-dump-times optimized "if" 0 (found 2 times)
XPASS: gcc.dg/vect/costmodel/ppc/costmodel-fast-math-vect-pr29925.c scan-tree-dump-times vect "vectorization not profitable" 1
XPASS: gcc.dg/vect/slp-24-big-array.c scan-tree-dump-times vect "vectorized 1 loops" 1
XPASS: gcc.dg/vect/slp-24-big-array.c scan-tree-dump-times vect "vectorizing stmts using SLP" 2
XPASS: gcc.dg/vect/slp-24.c scan-tree-dump-times vect "vectorized 1 loops" 1
XPASS: gcc.dg/vect/slp-24.c scan-tree-dump-times vect "vectorizing stmts using SLP" 2
XPASS: gcc.dg/vect/vect-24.c scan-tree-dump-times vect "vectorized 3 loops" 1
XPASS: gcc.dg/vect/vect-95.c scan-tree-dump-times vect "Alignment of access forced using peeling" 0
FAIL: gcc.dg/vmx/splat-vsx.c   -O0  (test for excess errors)
UNRESOLVED: gcc.dg/vmx/splat-vsx.c   -O0  compilation failed to produce executable
FAIL: gcc.target/powerpc/altivec-13.c (test for excess errors)
UNRESOLVED: gcc.target/powerpc/altivec-13.c scan-assembler-times vsldoi 15
UNRESOLVED: gcc.target/powerpc/altivec-13.c scan-assembler-times vsr  8
UNRESOLVED: gcc.target/powerpc/altivec-13.c scan-assembler-times vsro 20
FAIL: gcc.target/powerpc/builtins-mergew-mergow.c (test for excess errors)
UNRESOLVED: gcc.target/powerpc/builtins-mergew-mergow.c compilation failed to produce executable
FAIL: gcc.target/powerpc/pr83399.c (test for excess errors)

		=== gcc Summary ===

# of expected passes		85839
# of unexpected failures	19
# of unexpected successes	22
# of expected failures		379
# of unresolved testcases	5
# of unsupported tests		2773
/tmp/GCC/gcc/xgcc  version 8.0.0 20180111 (experimental) [trunk revision 256549] (GCC) 

		=== gfortran tests ===


Running target unix
FAIL: gfortran.dg/bind_c_array_params_2.f90   -O   scan-assembler-times [ \\t][\$,_0-9]*myBindC 1 (found 0 times)
FAIL: gfortran.dg/elemental_subroutine_3.f90   -O1  (test for excess errors)
FAIL: gfortran.dg/elemental_subroutine_3.f90   -O2  (test for excess errors)
FAIL: gfortran.dg/elemental_subroutine_3.f90   -O3 -fomit-frame-pointer -funroll-loops -fpeel-loops -ftracer -finline-functions  (test for excess errors)
FAIL: gfortran.dg/elemental_subroutine_3.f90   -O3 -g  (test for excess errors)
FAIL: gfortran.dg/elemental_subroutine_3.f90   -Os  (test for excess errors)
FAIL: gfortran.dg/graphite/vect-pr40979.f90   -O   scan-tree-dump-times vect "vectorized 1 loops" 1 (found 0 times)
FAIL: gfortran.dg/vect/fast-math-mgrid-resid.f   -O   scan-tree-dump pcom "vectp_u.*__lsm.* = PHI <.*vectp_u.*__lsm"

		=== gfortran Summary ===

# of expected passes		45447
# of unexpected failures	8
# of expected failures		99
# of unsupported tests		373
/tmp/GCC/gcc/testsuite/gfortran/../../gfortran  version 8.0.0 20180111 (experimental) [trunk revision 256549] (GCC) 

		=== objc tests ===


Running target unix
FAIL: objc.dg-struct-layout-encoding-1/t026_main.m execution test

		=== objc Summary ===

# of expected passes		2678
# of unexpected failures	1
# of expected failures		10
# of unsupported tests		59
/tmp/GCC/gcc/xgcc  version 8.0.0 20180111 (experimental) [trunk revision 256549] (GCC) 

		=== libatomic tests ===


Running target unix

		=== libatomic Summary ===

# of expected passes		44
# of unsupported tests		5
		=== libgomp tests ===


Running target unix
FAIL: libgomp.fortran/appendix-a/a.28.3.f90   -O2  execution test
FAIL: libgomp.fortran/omp_workshare1.f   -O  execution test
FAIL: libgomp.fortran/omp_workshare2.f   -O  execution test
FAIL: libgomp.fortran/recursion1.f90   -O0  execution test
FAIL: libgomp.fortran/recursion1.f90   -O1  execution test
WARNING: program timed out.
FAIL: libgomp.fortran/recursion1.f90   -O2  execution test
FAIL: libgomp.fortran/recursion1.f90   -O3 -fomit-frame-pointer -funroll-loops -fpeel-loops -ftracer -finline-functions  execution test
FAIL: libgomp.fortran/recursion1.f90   -Os  execution test
FAIL: libgomp.fortran/strassen.f90   -O  execution test
FAIL: libgomp.graphite/force-parallel-1.c scan-tree-dump-times graphite "2 loops carried no dependency" 1 (found 0 times)
FAIL: libgomp.graphite/force-parallel-1.c scan-tree-dump-times optimized "loopfn" 8 (found 12 times)
FAIL: libgomp.graphite/force-parallel-7.c execution test
FAIL: libgomp.oacc-c/../libgomp.oacc-c-c++-common/atomic_update-1.c -DACC_DEVICE_TYPE_host=1 -DACC_MEM_SHARED=1  -O2  execution test
FAIL: libgomp.oacc-c++/../libgomp.oacc-c-c++-common/atomic_update-1.c -DACC_DEVICE_TYPE_host=1 -DACC_MEM_SHARED=1  -O2  execution test

		=== libgomp Summary ===

# of expected passes		5227
# of unexpected failures	14
# of unsupported tests		360
		=== libstdc++ tests ===


Running target unix

		=== libstdc++ Summary ===

# of expected passes		10340
# of expected failures		76
# of unsupported tests		814

Compiler version: 8.0.0 20180111 (experimental) [trunk revision 256549] (GCC) 
Platform: powerpc-ibm-aix7.2.0.0
configure flags: --disable-werror --enable-languages=c,c++,fortran,objc --with-gmp=/gsa/yktgsa/home/e/d/edelsohn/install --with-isl=/gsa/yktgsa/home/e/d/edelsohn/install --with-libiconv-prefix=/gsa/yktgsa/home/e/d/edelsohn/install --disable-libstdcxx-pch --with-included-gettext


Index Nav: [Date Index] [Subject Index] [Author Index] [Thread Index]
Message Nav: [Date Prev] [Date Next] [Thread Prev] [Thread Next]