This is the mail archive of the gcc-testresults@gcc.gnu.org mailing list for the GCC project.


Index Nav: [Date Index] [Subject Index] [Author Index] [Thread Index]
Message Nav: [Date Prev] [Date Next] [Thread Prev] [Thread Next]
Other format: [Raw text]

Results for 8.0.0 20180107 (experimental) [trunk revision 256322] (Debian 20180107-1) testsuite on mips64el-unknown-linux-gnuabi64


LAST_UPDATED: Sun Jan  7 11:03:43 UTC 2018 (revision 256322)

		=== acats tests ===
FAIL:	cb1010a

		=== acats Summary ===
# of expected passes		2319
# of unexpected failures	1
Native configuration is mips64el-unknown-linux-gnuabi64

		=== g++ tests ===


Running target unix
FAIL: c-c++-common/Warray-bounds-4.c  -std=gnu++11  (test for warnings, line 67)
FAIL: c-c++-common/Warray-bounds-4.c  -std=gnu++11  (test for warnings, line 67)
FAIL: c-c++-common/Warray-bounds-4.c  -std=gnu++14  (test for warnings, line 67)
FAIL: c-c++-common/Warray-bounds-4.c  -std=gnu++14  (test for warnings, line 67)
FAIL: c-c++-common/Warray-bounds-4.c  -std=gnu++98  (test for warnings, line 67)
FAIL: c-c++-common/Warray-bounds-4.c  -std=gnu++98  (test for warnings, line 67)
FAIL: c-c++-common/Wrestrict.c  -std=gnu++11 (test for excess errors)
FAIL: c-c++-common/Wrestrict.c  -std=gnu++11 (test for excess errors)
FAIL: c-c++-common/Wrestrict.c  -std=gnu++14 (test for excess errors)
FAIL: c-c++-common/Wrestrict.c  -std=gnu++14 (test for excess errors)
FAIL: c-c++-common/Wrestrict.c  -std=gnu++98 (test for excess errors)
FAIL: c-c++-common/Wrestrict.c  -std=gnu++98 (test for excess errors)
FAIL: g++.dg/ipa/devirt-22.C  -std=gnu++11  scan-ipa-dump-times cp "Discovered a virtual call to a known target" 1 (found 2 times)
FAIL: g++.dg/ipa/devirt-22.C  -std=gnu++11  scan-ipa-dump-times cp "Discovered a virtual call to a known target" 1 (found 2 times)
FAIL: g++.dg/ipa/devirt-22.C  -std=gnu++14  scan-ipa-dump-times cp "Discovered a virtual call to a known target" 1 (found 2 times)
FAIL: g++.dg/ipa/devirt-22.C  -std=gnu++14  scan-ipa-dump-times cp "Discovered a virtual call to a known target" 1 (found 2 times)
FAIL: g++.dg/ipa/devirt-22.C  -std=gnu++98  scan-ipa-dump-times cp "Discovered a virtual call to a known target" 1 (found 2 times)
FAIL: g++.dg/ipa/devirt-22.C  -std=gnu++98  scan-ipa-dump-times cp "Discovered a virtual call to a known target" 1 (found 2 times)

		=== g++ Summary ===

# of expected passes		223787
# of unexpected failures	18
# of expected failures		974
# of unsupported tests		9727
/build/gcc-snapshot-G2tuxT/gcc-snapshot-20180107/build/gcc/xg++  version 8.0.0 20180107 (experimental) [trunk revision 256322] (Debian 20180107-1) 

		=== gcc tests ===


Running target unix
FAIL: c-c++-common/Warray-bounds-4.c  -Wc++-compat   (test for warnings, line 67)
FAIL: c-c++-common/Warray-bounds-4.c  -Wc++-compat   (test for warnings, line 67)
FAIL: c-c++-common/Wrestrict.c  -Wc++-compat  (test for excess errors)
FAIL: c-c++-common/Wrestrict.c  -Wc++-compat  (test for excess errors)
FAIL: gcc.dg/gimplefe-26.c (internal compiler error)
FAIL: gcc.dg/gimplefe-26.c (internal compiler error)
FAIL: gcc.dg/gimplefe-26.c (test for excess errors)
FAIL: gcc.dg/gimplefe-26.c (test for excess errors)
FAIL: gcc.dg/localalias.c execution test
FAIL: gcc.dg/localalias.c execution test
FAIL: gcc.dg/pr21643.c scan-tree-dump-times reassoc1 "Optimizing range tests c_[0-9]*.D. -.0, 31. and -.32, 32.[\\n\\r]* into" 6 (found 5 times)
FAIL: gcc.dg/pr21643.c scan-tree-dump-times reassoc1 "Optimizing range tests c_[0-9]*.D. -.0, 31. and -.32, 32.[\\n\\r]* into" 6 (found 5 times)
FAIL: gcc.dg/pr44194-1.c scan-rtl-dump dse1 "global deletions = (2|3)"
FAIL: gcc.dg/pr44194-1.c scan-rtl-dump dse1 "global deletions = (2|3)"
FAIL: gcc.dg/pr44194-1.c scan-rtl-dump-not final "insn[: ][^\\n]*set \\\\(mem(?![^\\n]*scratch)"
FAIL: gcc.dg/pr44194-1.c scan-rtl-dump-not final "insn[: ][^\\n]*set \\\\(mem(?![^\\n]*scratch)"
XPASS: gcc.dg/pr78768.c -Wformat-overflow (test for warnings, line 12)
XPASS: gcc.dg/pr78768.c -Wformat-overflow (test for warnings, line 12)
FAIL: gcc.dg/uninit-19.c  (test for warnings, line 24)
FAIL: gcc.dg/uninit-19.c  (test for warnings, line 24)
FAIL: gcc.dg/uninit-19.c (test for excess errors)
FAIL: gcc.dg/uninit-19.c (test for excess errors)
FAIL: gcc.dg/graphite/scop-19.c scan-tree-dump-times graphite "number of SCoPs: 0" 1 (found 2 times)
FAIL: gcc.dg/graphite/scop-19.c scan-tree-dump-times graphite "number of SCoPs: 0" 1 (found 2 times)
XPASS: gcc.dg/guality/example.c   -O0  execution test
XPASS: gcc.dg/guality/example.c   -O0  execution test
XPASS: gcc.dg/guality/example.c   -O1  execution test
XPASS: gcc.dg/guality/example.c   -O1  execution test
XPASS: gcc.dg/guality/guality.c   -O0  execution test
XPASS: gcc.dg/guality/guality.c   -O0  execution test
XPASS: gcc.dg/guality/guality.c   -O1  execution test
XPASS: gcc.dg/guality/guality.c   -O1  execution test
XPASS: gcc.dg/guality/guality.c   -O2  execution test
XPASS: gcc.dg/guality/guality.c   -O2  execution test
XPASS: gcc.dg/guality/guality.c   -O2 -flto -fno-use-linker-plugin -flto-partition=none  execution test
XPASS: gcc.dg/guality/guality.c   -O2 -flto -fno-use-linker-plugin -flto-partition=none  execution test
XPASS: gcc.dg/guality/guality.c   -Os  execution test
XPASS: gcc.dg/guality/guality.c   -Os  execution test
XPASS: gcc.dg/guality/inline-params-2.c   -O2 -flto -fuse-linker-plugin -fno-fat-lto-objects  execution test
XPASS: gcc.dg/guality/inline-params-2.c   -O2 -flto -fuse-linker-plugin -fno-fat-lto-objects  execution test
XPASS: gcc.dg/guality/inline-params.c   -O2  execution test
XPASS: gcc.dg/guality/inline-params.c   -O2  execution test
XPASS: gcc.dg/guality/inline-params.c   -O2 -flto -fno-use-linker-plugin -flto-partition=none  execution test
XPASS: gcc.dg/guality/inline-params.c   -O2 -flto -fno-use-linker-plugin -flto-partition=none  execution test
XPASS: gcc.dg/guality/inline-params.c   -O2 -flto -fuse-linker-plugin -fno-fat-lto-objects  execution test
XPASS: gcc.dg/guality/inline-params.c   -O2 -flto -fuse-linker-plugin -fno-fat-lto-objects  execution test
XPASS: gcc.dg/guality/inline-params.c   -O3 -g  execution test
XPASS: gcc.dg/guality/inline-params.c   -O3 -g  execution test
XPASS: gcc.dg/guality/inline-params.c   -Os  execution test
XPASS: gcc.dg/guality/inline-params.c   -Os  execution test
XPASS: gcc.dg/guality/pr41353-1.c   -O0  line 28 j == 28 + 37
XPASS: gcc.dg/guality/pr41353-1.c   -O0  line 28 j == 28 + 37
FAIL: gcc.dg/guality/pr41447-1.c   -O2  execution test
FAIL: gcc.dg/guality/pr41447-1.c   -O3 -g  execution test
FAIL: gcc.dg/guality/pr41447-1.c   -O3 -g  execution test
FAIL: gcc.dg/guality/pr43051-1.c   -O3 -fomit-frame-pointer -funroll-loops -fpeel-loops -ftracer -finline-functions  line 35 v == 1
FAIL: gcc.dg/guality/pr43051-1.c   -O3 -fomit-frame-pointer -funroll-loops -fpeel-loops -ftracer -finline-functions  line 35 v == 1
FAIL: gcc.dg/guality/pr43051-1.c   -O3 -fomit-frame-pointer -funroll-loops -fpeel-loops -ftracer -finline-functions  line 40 v == 1
FAIL: gcc.dg/guality/pr43051-1.c   -O3 -fomit-frame-pointer -funroll-loops -fpeel-loops -ftracer -finline-functions  line 40 v == 1
FAIL: gcc.dg/guality/pr43051-1.c   -Os  line 35 v == 1
FAIL: gcc.dg/guality/pr43051-1.c   -Os  line 35 v == 1
FAIL: gcc.dg/guality/pr43051-1.c   -Os  line 40 v == 1
FAIL: gcc.dg/guality/pr43051-1.c   -Os  line 40 v == 1
FAIL: gcc.dg/guality/pr43479.c   -O1  line 13 h == 9
FAIL: gcc.dg/guality/pr43479.c   -O1  line 13 h == 9
FAIL: gcc.dg/guality/pr43479.c   -O1  line 18 h == 9
FAIL: gcc.dg/guality/pr43479.c   -O1  line 18 h == 9
FAIL: gcc.dg/guality/pr45882.c   -O1  line 16 b == 7
FAIL: gcc.dg/guality/pr45882.c   -O1  line 16 b == 7
FAIL: gcc.dg/guality/pr45882.c   -O1  line 16 c == 11
FAIL: gcc.dg/guality/pr45882.c   -O1  line 16 c == 11
FAIL: gcc.dg/guality/pr45882.c   -O1  line 16 d == 112
FAIL: gcc.dg/guality/pr45882.c   -O1  line 16 d == 112
FAIL: gcc.dg/guality/pr45882.c   -O1  line 16 e == 142
FAIL: gcc.dg/guality/pr45882.c   -O1  line 16 e == 142
FAIL: gcc.dg/guality/pr45882.c   -O2  line 16 b == 7
FAIL: gcc.dg/guality/pr45882.c   -O2  line 16 b == 7
FAIL: gcc.dg/guality/pr45882.c   -O2  line 16 c == 11
FAIL: gcc.dg/guality/pr45882.c   -O2  line 16 c == 11
FAIL: gcc.dg/guality/pr45882.c   -O2  line 16 d == 112
FAIL: gcc.dg/guality/pr45882.c   -O2  line 16 d == 112
FAIL: gcc.dg/guality/pr45882.c   -O2  line 16 e == 142
FAIL: gcc.dg/guality/pr45882.c   -O2  line 16 e == 142
FAIL: gcc.dg/guality/pr45882.c   -O2 -flto -fno-use-linker-plugin -flto-partition=none  line 16 b == 7
FAIL: gcc.dg/guality/pr45882.c   -O2 -flto -fno-use-linker-plugin -flto-partition=none  line 16 b == 7
FAIL: gcc.dg/guality/pr45882.c   -O2 -flto -fno-use-linker-plugin -flto-partition=none  line 16 c == 11
FAIL: gcc.dg/guality/pr45882.c   -O2 -flto -fno-use-linker-plugin -flto-partition=none  line 16 c == 11
FAIL: gcc.dg/guality/pr45882.c   -O2 -flto -fno-use-linker-plugin -flto-partition=none  line 16 d == 112
FAIL: gcc.dg/guality/pr45882.c   -O2 -flto -fno-use-linker-plugin -flto-partition=none  line 16 d == 112
FAIL: gcc.dg/guality/pr45882.c   -O2 -flto -fno-use-linker-plugin -flto-partition=none  line 16 e == 142
FAIL: gcc.dg/guality/pr45882.c   -O2 -flto -fno-use-linker-plugin -flto-partition=none  line 16 e == 142
FAIL: gcc.dg/guality/pr45882.c   -O2 -flto -fuse-linker-plugin -fno-fat-lto-objects  line 16 b == 7
FAIL: gcc.dg/guality/pr45882.c   -O2 -flto -fuse-linker-plugin -fno-fat-lto-objects  line 16 b == 7
FAIL: gcc.dg/guality/pr45882.c   -O2 -flto -fuse-linker-plugin -fno-fat-lto-objects  line 16 c == 11
FAIL: gcc.dg/guality/pr45882.c   -O2 -flto -fuse-linker-plugin -fno-fat-lto-objects  line 16 c == 11
FAIL: gcc.dg/guality/pr45882.c   -O2 -flto -fuse-linker-plugin -fno-fat-lto-objects  line 16 d == 112
FAIL: gcc.dg/guality/pr45882.c   -O2 -flto -fuse-linker-plugin -fno-fat-lto-objects  line 16 d == 112
FAIL: gcc.dg/guality/pr45882.c   -O2 -flto -fuse-linker-plugin -fno-fat-lto-objects  line 16 e == 142
FAIL: gcc.dg/guality/pr45882.c   -O2 -flto -fuse-linker-plugin -fno-fat-lto-objects  line 16 e == 142
FAIL: gcc.dg/guality/pr45882.c   -O3 -g  line 16 b == 7
FAIL: gcc.dg/guality/pr45882.c   -O3 -g  line 16 b == 7
FAIL: gcc.dg/guality/pr45882.c   -O3 -g  line 16 c == 11
FAIL: gcc.dg/guality/pr45882.c   -O3 -g  line 16 c == 11
FAIL: gcc.dg/guality/pr45882.c   -O3 -g  line 16 d == 112
FAIL: gcc.dg/guality/pr45882.c   -O3 -g  line 16 d == 112
FAIL: gcc.dg/guality/pr45882.c   -O3 -g  line 16 e == 142
FAIL: gcc.dg/guality/pr45882.c   -O3 -g  line 16 e == 142
FAIL: gcc.dg/guality/pr45882.c   -Os  line 16 b == 7
FAIL: gcc.dg/guality/pr45882.c   -Os  line 16 b == 7
FAIL: gcc.dg/guality/pr45882.c   -Os  line 16 c == 11
FAIL: gcc.dg/guality/pr45882.c   -Os  line 16 c == 11
FAIL: gcc.dg/guality/pr45882.c   -Os  line 16 d == 112
FAIL: gcc.dg/guality/pr45882.c   -Os  line 16 d == 112
FAIL: gcc.dg/guality/pr45882.c   -Os  line 16 e == 142
FAIL: gcc.dg/guality/pr45882.c   -Os  line 16 e == 142
FAIL: gcc.dg/guality/pr54519-1.c   -O1  line 20 x == 36
FAIL: gcc.dg/guality/pr54519-1.c   -O1  line 20 x == 36
FAIL: gcc.dg/guality/pr54519-1.c   -O1  line 20 y == 25
FAIL: gcc.dg/guality/pr54519-1.c   -O1  line 20 y == 25
FAIL: gcc.dg/guality/pr54519-1.c   -O1  line 23 x == 98
FAIL: gcc.dg/guality/pr54519-1.c   -O1  line 23 x == 98
FAIL: gcc.dg/guality/pr54519-1.c   -O1  line 23 y == 117
FAIL: gcc.dg/guality/pr54519-1.c   -O1  line 23 y == 117
FAIL: gcc.dg/guality/pr54519-1.c   -O2  line 20 x == 36
FAIL: gcc.dg/guality/pr54519-1.c   -O2  line 20 x == 36
FAIL: gcc.dg/guality/pr54519-1.c   -O2  line 23 x == 98
FAIL: gcc.dg/guality/pr54519-1.c   -O2  line 23 x == 98
FAIL: gcc.dg/guality/pr54519-1.c   -O2 -flto -fno-use-linker-plugin -flto-partition=none  line 20 x == 36
FAIL: gcc.dg/guality/pr54519-1.c   -O2 -flto -fno-use-linker-plugin -flto-partition=none  line 20 x == 36
FAIL: gcc.dg/guality/pr54519-1.c   -O2 -flto -fno-use-linker-plugin -flto-partition=none  line 20 y == 25
FAIL: gcc.dg/guality/pr54519-1.c   -O2 -flto -fno-use-linker-plugin -flto-partition=none  line 20 y == 25
FAIL: gcc.dg/guality/pr54519-1.c   -O2 -flto -fno-use-linker-plugin -flto-partition=none  line 20 z == 6
FAIL: gcc.dg/guality/pr54519-1.c   -O2 -flto -fno-use-linker-plugin -flto-partition=none  line 20 z == 6
FAIL: gcc.dg/guality/pr54519-1.c   -O2 -flto -fno-use-linker-plugin -flto-partition=none  line 23 x == 98
FAIL: gcc.dg/guality/pr54519-1.c   -O2 -flto -fno-use-linker-plugin -flto-partition=none  line 23 x == 98
FAIL: gcc.dg/guality/pr54519-1.c   -O2 -flto -fno-use-linker-plugin -flto-partition=none  line 23 y == 117
FAIL: gcc.dg/guality/pr54519-1.c   -O2 -flto -fno-use-linker-plugin -flto-partition=none  line 23 y == 117
FAIL: gcc.dg/guality/pr54519-1.c   -O2 -flto -fno-use-linker-plugin -flto-partition=none  line 23 z == 8
FAIL: gcc.dg/guality/pr54519-1.c   -O2 -flto -fno-use-linker-plugin -flto-partition=none  line 23 z == 8
FAIL: gcc.dg/guality/pr54519-1.c   -Os  line 20 x == 36
FAIL: gcc.dg/guality/pr54519-1.c   -Os  line 20 x == 36
FAIL: gcc.dg/guality/pr54519-1.c   -Os  line 23 x == 98
FAIL: gcc.dg/guality/pr54519-1.c   -Os  line 23 x == 98
FAIL: gcc.dg/guality/pr54519-2.c   -O1  line 17 x == 6
FAIL: gcc.dg/guality/pr54519-2.c   -O1  line 17 x == 6
FAIL: gcc.dg/guality/pr54519-2.c   -O2  line 17 x == 6
FAIL: gcc.dg/guality/pr54519-2.c   -O2  line 17 x == 6
FAIL: gcc.dg/guality/pr54519-2.c   -O2 -flto -fno-use-linker-plugin -flto-partition=none  line 17 x == 6
FAIL: gcc.dg/guality/pr54519-2.c   -O2 -flto -fno-use-linker-plugin -flto-partition=none  line 17 x == 6
FAIL: gcc.dg/guality/pr54519-2.c   -O2 -flto -fno-use-linker-plugin -flto-partition=none  line 17 y == 25
FAIL: gcc.dg/guality/pr54519-2.c   -O2 -flto -fno-use-linker-plugin -flto-partition=none  line 17 y == 25
FAIL: gcc.dg/guality/pr54519-2.c   -O2 -flto -fuse-linker-plugin -fno-fat-lto-objects  line 17 y == 25
FAIL: gcc.dg/guality/pr54519-2.c   -O2 -flto -fuse-linker-plugin -fno-fat-lto-objects  line 17 y == 25
FAIL: gcc.dg/guality/pr54519-3.c   -O2 -flto -fno-use-linker-plugin -flto-partition=none  line 20 y == 25
FAIL: gcc.dg/guality/pr54519-3.c   -O2 -flto -fno-use-linker-plugin -flto-partition=none  line 20 y == 25
FAIL: gcc.dg/guality/pr54519-3.c   -O2 -flto -fno-use-linker-plugin -flto-partition=none  line 20 z == 6
FAIL: gcc.dg/guality/pr54519-3.c   -O2 -flto -fno-use-linker-plugin -flto-partition=none  line 20 z == 6
FAIL: gcc.dg/guality/pr54519-3.c   -O2 -flto -fno-use-linker-plugin -flto-partition=none  line 23 y == 117
FAIL: gcc.dg/guality/pr54519-3.c   -O2 -flto -fno-use-linker-plugin -flto-partition=none  line 23 y == 117
FAIL: gcc.dg/guality/pr54519-3.c   -O2 -flto -fno-use-linker-plugin -flto-partition=none  line 23 z == 8
FAIL: gcc.dg/guality/pr54519-3.c   -O2 -flto -fno-use-linker-plugin -flto-partition=none  line 23 z == 8
FAIL: gcc.dg/guality/pr54519-3.c   -O2 -flto -fuse-linker-plugin -fno-fat-lto-objects  line 20 y == 25
FAIL: gcc.dg/guality/pr54519-3.c   -O2 -flto -fuse-linker-plugin -fno-fat-lto-objects  line 20 y == 25
FAIL: gcc.dg/guality/pr54519-3.c   -O2 -flto -fuse-linker-plugin -fno-fat-lto-objects  line 20 z == 6
FAIL: gcc.dg/guality/pr54519-3.c   -O2 -flto -fuse-linker-plugin -fno-fat-lto-objects  line 20 z == 6
FAIL: gcc.dg/guality/pr54519-3.c   -O2 -flto -fuse-linker-plugin -fno-fat-lto-objects  line 23 y == 117
FAIL: gcc.dg/guality/pr54519-3.c   -O2 -flto -fuse-linker-plugin -fno-fat-lto-objects  line 23 y == 117
FAIL: gcc.dg/guality/pr54519-3.c   -O2 -flto -fuse-linker-plugin -fno-fat-lto-objects  line 23 z == 8
FAIL: gcc.dg/guality/pr54519-3.c   -O2 -flto -fuse-linker-plugin -fno-fat-lto-objects  line 23 z == 8
FAIL: gcc.dg/guality/pr54519-4.c   -O2 -flto -fno-use-linker-plugin -flto-partition=none  line 17 y == 25
FAIL: gcc.dg/guality/pr54519-4.c   -O2 -flto -fno-use-linker-plugin -flto-partition=none  line 17 y == 25
FAIL: gcc.dg/guality/pr54519-4.c   -O2 -flto -fuse-linker-plugin -fno-fat-lto-objects  line 17 y == 25
FAIL: gcc.dg/guality/pr54519-4.c   -O2 -flto -fuse-linker-plugin -fno-fat-lto-objects  line 17 y == 25
FAIL: gcc.dg/guality/pr54519-5.c   -O1  line 17 x == 6
FAIL: gcc.dg/guality/pr54519-5.c   -O1  line 17 x == 6
FAIL: gcc.dg/guality/pr54519-5.c   -O1  line 17 y == 25
FAIL: gcc.dg/guality/pr54519-5.c   -O1  line 17 y == 25
FAIL: gcc.dg/guality/pr54519-5.c   -O2  line 17 y == 25
FAIL: gcc.dg/guality/pr54519-5.c   -O2  line 17 y == 25
FAIL: gcc.dg/guality/pr54519-5.c   -O2 -flto -fno-use-linker-plugin -flto-partition=none  line 17 y == 25
FAIL: gcc.dg/guality/pr54519-5.c   -O2 -flto -fno-use-linker-plugin -flto-partition=none  line 17 y == 25
FAIL: gcc.dg/guality/pr54519-5.c   -O2 -flto -fuse-linker-plugin -fno-fat-lto-objects  line 17 y == 25
FAIL: gcc.dg/guality/pr54519-5.c   -O2 -flto -fuse-linker-plugin -fno-fat-lto-objects  line 17 y == 25
FAIL: gcc.dg/guality/pr54519-5.c   -Os  line 17 y == 25
FAIL: gcc.dg/guality/pr54519-5.c   -Os  line 17 y == 25
FAIL: gcc.dg/guality/pr54551.c   -O1  line 18 a == 4
FAIL: gcc.dg/guality/pr54551.c   -O1  line 18 a == 4
FAIL: gcc.dg/guality/pr54693-2.c   -O1  line 21 x == 10 - i
FAIL: gcc.dg/guality/pr54693-2.c   -O1  line 21 x == 10 - i
FAIL: gcc.dg/guality/pr54693-2.c   -O1  line 21 y == 20 - 2 * i
FAIL: gcc.dg/guality/pr54693-2.c   -O1  line 21 y == 20 - 2 * i
FAIL: gcc.dg/guality/pr54693-2.c   -O2  line 21 x == 10 - i
FAIL: gcc.dg/guality/pr54693-2.c   -O2  line 21 x == 10 - i
FAIL: gcc.dg/guality/pr54693-2.c   -O2  line 21 y == 20 - 2 * i
FAIL: gcc.dg/guality/pr54693-2.c   -O2  line 21 y == 20 - 2 * i
FAIL: gcc.dg/guality/pr54693-2.c   -O2 -flto -fno-use-linker-plugin -flto-partition=none  line 21 x == 10 - i
FAIL: gcc.dg/guality/pr54693-2.c   -O2 -flto -fno-use-linker-plugin -flto-partition=none  line 21 x == 10 - i
FAIL: gcc.dg/guality/pr54693-2.c   -O2 -flto -fno-use-linker-plugin -flto-partition=none  line 21 y == 20 - 2 * i
FAIL: gcc.dg/guality/pr54693-2.c   -O2 -flto -fno-use-linker-plugin -flto-partition=none  line 21 y == 20 - 2 * i
FAIL: gcc.dg/guality/pr54693-2.c   -O2 -flto -fuse-linker-plugin -fno-fat-lto-objects  line 21 y == 20 - 2 * i
FAIL: gcc.dg/guality/pr54693-2.c   -O2 -flto -fuse-linker-plugin -fno-fat-lto-objects  line 21 y == 20 - 2 * i
FAIL: gcc.dg/guality/pr54693-2.c   -O2 -flto -fuse-linker-plugin -fno-fat-lto-objects  line 21 z == 30 - 3 * i
FAIL: gcc.dg/guality/pr54693-2.c   -O2 -flto -fuse-linker-plugin -fno-fat-lto-objects  line 21 z == 30 - 3 * i
FAIL: gcc.dg/guality/pr54693-2.c   -O3 -fomit-frame-pointer -funroll-loops -fpeel-loops -ftracer -finline-functions  line 21 y == 20 - 2 * i
FAIL: gcc.dg/guality/pr54693-2.c   -O3 -fomit-frame-pointer -funroll-loops -fpeel-loops -ftracer -finline-functions  line 21 y == 20 - 2 * i
FAIL: gcc.dg/guality/pr54693-2.c   -O3 -g  line 21 x == 10 - i
FAIL: gcc.dg/guality/pr54693-2.c   -O3 -g  line 21 x == 10 - i
FAIL: gcc.dg/guality/pr54693-2.c   -O3 -g  line 21 y == 20 - 2 * i
FAIL: gcc.dg/guality/pr54693-2.c   -O3 -g  line 21 y == 20 - 2 * i
FAIL: gcc.dg/guality/pr54693.c   -Os  line 22 i == c - 48
FAIL: gcc.dg/guality/pr54693.c   -Os  line 22 i == c - 48
XPASS: gcc.dg/guality/pr54970.c   -O0  line 31 a[0] == 4
XPASS: gcc.dg/guality/pr54970.c   -O0  line 31 a[0] == 4
XPASS: gcc.dg/guality/pr54970.c   -O0  line 36 a[0] == 4
XPASS: gcc.dg/guality/pr54970.c   -O0  line 36 a[0] == 4
XPASS: gcc.dg/guality/pr54970.c   -O0  line 45 a[0] == 4
XPASS: gcc.dg/guality/pr54970.c   -O0  line 45 a[0] == 4
XPASS: gcc.dg/guality/pr54970.c   -O0  line 45 p[-2] == 4
XPASS: gcc.dg/guality/pr54970.c   -O0  line 45 p[-2] == 4
XPASS: gcc.dg/guality/pr54970.c   -O0  line 45 q[-1] == 4
XPASS: gcc.dg/guality/pr54970.c   -O0  line 45 q[-1] == 4
FAIL: gcc.dg/guality/pr56154-2.c   -O1  line pr56154-2.c:30 x == 28
FAIL: gcc.dg/guality/pr56154-2.c   -O1  line pr56154-2.c:30 x == 28
FAIL: gcc.dg/guality/pr56154-2.c   -O2  line pr56154-2.c:30 x == 28
FAIL: gcc.dg/guality/pr56154-2.c   -O2  line pr56154-2.c:30 x == 28
FAIL: gcc.dg/guality/pr56154-2.c   -O3 -g  line pr56154-2.c:30 x == 28
FAIL: gcc.dg/guality/pr56154-2.c   -O3 -g  line pr56154-2.c:30 x == 28
FAIL: gcc.dg/guality/pr56154-2.c   -Os  line pr56154-2.c:30 x == 28
FAIL: gcc.dg/guality/pr56154-2.c   -Os  line pr56154-2.c:30 x == 28
FAIL: gcc.dg/guality/pr56154-3.c   -O1  line pr56154-3.c:22 x == 28
FAIL: gcc.dg/guality/pr56154-3.c   -O1  line pr56154-3.c:22 x == 28
FAIL: gcc.dg/guality/pr68860-1.c   -O2 -flto -fno-use-linker-plugin -flto-partition=none  line 14 arg1 == 1
FAIL: gcc.dg/guality/pr68860-1.c   -O2 -flto -fno-use-linker-plugin -flto-partition=none  line 14 arg1 == 1
FAIL: gcc.dg/guality/pr68860-1.c   -O2 -flto -fno-use-linker-plugin -flto-partition=none  line 14 arg2 == 2
FAIL: gcc.dg/guality/pr68860-1.c   -O2 -flto -fno-use-linker-plugin -flto-partition=none  line 14 arg2 == 2
FAIL: gcc.dg/guality/pr68860-1.c   -O2 -flto -fno-use-linker-plugin -flto-partition=none  line 14 arg3 == 3
FAIL: gcc.dg/guality/pr68860-1.c   -O2 -flto -fno-use-linker-plugin -flto-partition=none  line 14 arg3 == 3
FAIL: gcc.dg/guality/pr68860-1.c   -O2 -flto -fno-use-linker-plugin -flto-partition=none  line 14 arg4 == 4
FAIL: gcc.dg/guality/pr68860-1.c   -O2 -flto -fno-use-linker-plugin -flto-partition=none  line 14 arg4 == 4
FAIL: gcc.dg/guality/pr68860-1.c   -O2 -flto -fno-use-linker-plugin -flto-partition=none  line 14 arg5 == 5
FAIL: gcc.dg/guality/pr68860-1.c   -O2 -flto -fno-use-linker-plugin -flto-partition=none  line 14 arg5 == 5
FAIL: gcc.dg/guality/pr68860-1.c   -O2 -flto -fno-use-linker-plugin -flto-partition=none  line 14 arg6 == 6
FAIL: gcc.dg/guality/pr68860-1.c   -O2 -flto -fno-use-linker-plugin -flto-partition=none  line 14 arg6 == 6
FAIL: gcc.dg/guality/pr68860-1.c   -O2 -flto -fno-use-linker-plugin -flto-partition=none  line 16 arg1 == 1
FAIL: gcc.dg/guality/pr68860-1.c   -O2 -flto -fno-use-linker-plugin -flto-partition=none  line 16 arg1 == 1
FAIL: gcc.dg/guality/pr68860-1.c   -O2 -flto -fno-use-linker-plugin -flto-partition=none  line 16 arg2 == 2
FAIL: gcc.dg/guality/pr68860-1.c   -O2 -flto -fno-use-linker-plugin -flto-partition=none  line 16 arg2 == 2
FAIL: gcc.dg/guality/pr68860-1.c   -O2 -flto -fno-use-linker-plugin -flto-partition=none  line 16 arg3 == 3
FAIL: gcc.dg/guality/pr68860-1.c   -O2 -flto -fno-use-linker-plugin -flto-partition=none  line 16 arg3 == 3
FAIL: gcc.dg/guality/pr68860-1.c   -O2 -flto -fno-use-linker-plugin -flto-partition=none  line 16 arg4 == 4
FAIL: gcc.dg/guality/pr68860-1.c   -O2 -flto -fno-use-linker-plugin -flto-partition=none  line 16 arg4 == 4
FAIL: gcc.dg/guality/pr68860-1.c   -O2 -flto -fno-use-linker-plugin -flto-partition=none  line 16 arg5 == 5
FAIL: gcc.dg/guality/pr68860-1.c   -O2 -flto -fno-use-linker-plugin -flto-partition=none  line 16 arg5 == 5
FAIL: gcc.dg/guality/pr68860-1.c   -O2 -flto -fno-use-linker-plugin -flto-partition=none  line 16 arg6 == 6
FAIL: gcc.dg/guality/pr68860-1.c   -O2 -flto -fno-use-linker-plugin -flto-partition=none  line 16 arg6 == 6
FAIL: gcc.dg/guality/pr68860-1.c   -O2 -flto -fuse-linker-plugin -fno-fat-lto-objects  line 14 arg1 == 1
FAIL: gcc.dg/guality/pr68860-1.c   -O2 -flto -fuse-linker-plugin -fno-fat-lto-objects  line 14 arg1 == 1
FAIL: gcc.dg/guality/pr68860-1.c   -O2 -flto -fuse-linker-plugin -fno-fat-lto-objects  line 14 arg2 == 2
FAIL: gcc.dg/guality/pr68860-1.c   -O2 -flto -fuse-linker-plugin -fno-fat-lto-objects  line 14 arg2 == 2
FAIL: gcc.dg/guality/pr68860-1.c   -O2 -flto -fuse-linker-plugin -fno-fat-lto-objects  line 14 arg3 == 3
FAIL: gcc.dg/guality/pr68860-1.c   -O2 -flto -fuse-linker-plugin -fno-fat-lto-objects  line 14 arg3 == 3
FAIL: gcc.dg/guality/pr68860-1.c   -O2 -flto -fuse-linker-plugin -fno-fat-lto-objects  line 14 arg4 == 4
FAIL: gcc.dg/guality/pr68860-1.c   -O2 -flto -fuse-linker-plugin -fno-fat-lto-objects  line 14 arg4 == 4
FAIL: gcc.dg/guality/pr68860-1.c   -O2 -flto -fuse-linker-plugin -fno-fat-lto-objects  line 14 arg5 == 5
FAIL: gcc.dg/guality/pr68860-1.c   -O2 -flto -fuse-linker-plugin -fno-fat-lto-objects  line 14 arg5 == 5
FAIL: gcc.dg/guality/pr68860-1.c   -O2 -flto -fuse-linker-plugin -fno-fat-lto-objects  line 14 arg6 == 6
FAIL: gcc.dg/guality/pr68860-1.c   -O2 -flto -fuse-linker-plugin -fno-fat-lto-objects  line 14 arg6 == 6
FAIL: gcc.dg/guality/pr68860-1.c   -O2 -flto -fuse-linker-plugin -fno-fat-lto-objects  line 16 arg1 == 1
FAIL: gcc.dg/guality/pr68860-1.c   -O2 -flto -fuse-linker-plugin -fno-fat-lto-objects  line 16 arg1 == 1
FAIL: gcc.dg/guality/pr68860-1.c   -O2 -flto -fuse-linker-plugin -fno-fat-lto-objects  line 16 arg2 == 2
FAIL: gcc.dg/guality/pr68860-1.c   -O2 -flto -fuse-linker-plugin -fno-fat-lto-objects  line 16 arg2 == 2
FAIL: gcc.dg/guality/pr68860-1.c   -O2 -flto -fuse-linker-plugin -fno-fat-lto-objects  line 16 arg3 == 3
FAIL: gcc.dg/guality/pr68860-1.c   -O2 -flto -fuse-linker-plugin -fno-fat-lto-objects  line 16 arg3 == 3
FAIL: gcc.dg/guality/pr68860-1.c   -O2 -flto -fuse-linker-plugin -fno-fat-lto-objects  line 16 arg4 == 4
FAIL: gcc.dg/guality/pr68860-1.c   -O2 -flto -fuse-linker-plugin -fno-fat-lto-objects  line 16 arg4 == 4
FAIL: gcc.dg/guality/pr68860-1.c   -O2 -flto -fuse-linker-plugin -fno-fat-lto-objects  line 16 arg5 == 5
FAIL: gcc.dg/guality/pr68860-1.c   -O2 -flto -fuse-linker-plugin -fno-fat-lto-objects  line 16 arg5 == 5
FAIL: gcc.dg/guality/pr68860-1.c   -O2 -flto -fuse-linker-plugin -fno-fat-lto-objects  line 16 arg6 == 6
FAIL: gcc.dg/guality/pr68860-1.c   -O2 -flto -fuse-linker-plugin -fno-fat-lto-objects  line 16 arg6 == 6
FAIL: gcc.dg/guality/sra-1.c   -O1  line 43 a.i == 4
FAIL: gcc.dg/guality/sra-1.c   -O1  line 43 a.i == 4
FAIL: gcc.dg/guality/sra-1.c   -O2  line 43 a.i == 4
FAIL: gcc.dg/guality/sra-1.c   -O2  line 43 a.i == 4
FAIL: gcc.dg/guality/sra-1.c   -O2 -flto -fno-use-linker-plugin -flto-partition=none  line 43 a.i == 4
FAIL: gcc.dg/guality/sra-1.c   -O2 -flto -fno-use-linker-plugin -flto-partition=none  line 43 a.i == 4
FAIL: gcc.dg/guality/sra-1.c   -O2 -flto -fuse-linker-plugin -fno-fat-lto-objects  line 43 a.i == 4
FAIL: gcc.dg/guality/sra-1.c   -O2 -flto -fuse-linker-plugin -fno-fat-lto-objects  line 43 a.i == 4
FAIL: gcc.dg/guality/sra-1.c   -O3 -g  line 43 a.i == 4
FAIL: gcc.dg/guality/sra-1.c   -O3 -g  line 43 a.i == 4
FAIL: gcc.dg/guality/vla-1.c   -O1  line 17 sizeof (a) == 6
FAIL: gcc.dg/guality/vla-1.c   -O1  line 17 sizeof (a) == 6
FAIL: gcc.dg/guality/vla-1.c   -O1  line 24 i == 5
FAIL: gcc.dg/guality/vla-1.c   -O1  line 24 i == 5
FAIL: gcc.dg/guality/vla-1.c   -O2  line 17 sizeof (a) == 6
FAIL: gcc.dg/guality/vla-1.c   -O2  line 17 sizeof (a) == 6
FAIL: gcc.dg/guality/vla-1.c   -O2 -flto -fno-use-linker-plugin -flto-partition=none  line 17 sizeof (a) == 6
FAIL: gcc.dg/guality/vla-1.c   -O2 -flto -fno-use-linker-plugin -flto-partition=none  line 17 sizeof (a) == 6
FAIL: gcc.dg/guality/vla-1.c   -O2 -flto -fno-use-linker-plugin -flto-partition=none  line 24 sizeof (a) == 17 * sizeof (short)
FAIL: gcc.dg/guality/vla-1.c   -O2 -flto -fno-use-linker-plugin -flto-partition=none  line 24 sizeof (a) == 17 * sizeof (short)
FAIL: gcc.dg/guality/vla-1.c   -O2 -flto -fuse-linker-plugin -fno-fat-lto-objects  line 17 sizeof (a) == 6
FAIL: gcc.dg/guality/vla-1.c   -O2 -flto -fuse-linker-plugin -fno-fat-lto-objects  line 17 sizeof (a) == 6
FAIL: gcc.dg/guality/vla-1.c   -O2 -flto -fuse-linker-plugin -fno-fat-lto-objects  line 24 sizeof (a) == 17 * sizeof (short)
FAIL: gcc.dg/guality/vla-1.c   -O2 -flto -fuse-linker-plugin -fno-fat-lto-objects  line 24 sizeof (a) == 17 * sizeof (short)
FAIL: gcc.dg/guality/vla-1.c   -O3 -g  line 17 sizeof (a) == 6
FAIL: gcc.dg/guality/vla-1.c   -O3 -g  line 17 sizeof (a) == 6
FAIL: gcc.dg/guality/vla-1.c   -Os  line 17 sizeof (a) == 6
FAIL: gcc.dg/guality/vla-1.c   -Os  line 17 sizeof (a) == 6
WARNING: program timed out.
FAIL: gcc.dg/ipa/iinline-attr.c scan-ipa-dump inline "hooray[^\\\\n]*inline copy in test"
FAIL: gcc.dg/ipa/iinline-attr.c scan-ipa-dump inline "hooray[^\\\\n]*inline copy in test"
FAIL: gcc.dg/ipa/inline-2.c scan-ipa-dump inline "op2 change 10.000000. of time"
FAIL: gcc.dg/ipa/inline-2.c scan-ipa-dump inline "op2 change 10.000000. of time"
FAIL: gcc.dg/ipa/inline-3.c scan-ipa-dump inline "Scaling time by probability:0.100000"
FAIL: gcc.dg/ipa/inline-3.c scan-ipa-dump inline "Scaling time by probability:0.100000"
FAIL: gcc.dg/plugin/poly-int-07_plugin.c compilation
FAIL: gcc.dg/plugin/poly-int-07_plugin.c compilation
WARNING: program timed out
WARNING: program timed out
FAIL: gcc.dg/tree-ssa/phi-opt-11.c scan-tree-dump-times optimized "if" 0 (found 2 times)
FAIL: gcc.dg/tree-ssa/phi-opt-11.c scan-tree-dump-times optimized "if" 0 (found 2 times)
FAIL: gcc.dg/tree-ssa/ssa-dom-cse-2.c scan-tree-dump optimized "return 28;"
FAIL: gcc.dg/tree-ssa/ssa-dom-cse-2.c scan-tree-dump optimized "return 28;"
FAIL: gcc.dg/vect/pr81633.c  -mmsa execution test
FAIL: gcc.dg/vect/pr81633.c  -mmsa execution test
FAIL: gcc.dg/vect/pr81633.c -flto -ffat-lto-objects -mmsa execution test
FAIL: gcc.dg/vect/pr81633.c -flto -ffat-lto-objects -mmsa execution test
FAIL: gcc.dg/vect/pr81815.c  -mmsa execution test
FAIL: gcc.dg/vect/pr81815.c  -mmsa execution test
FAIL: gcc.dg/vect/pr81815.c -flto -ffat-lto-objects -mmsa execution test
FAIL: gcc.dg/vect/pr81815.c -flto -ffat-lto-objects -mmsa execution test
FAIL: gcc.dg/vect/vect-strided-shift-1.c  -mpaired-single  scan-tree-dump-times vect "vectorized 1 loops in function" 1 (found 0 times)
FAIL: gcc.dg/vect/vect-strided-shift-1.c  -mpaired-single  scan-tree-dump-times vect "vectorized 1 loops in function" 1 (found 0 times)
FAIL: gcc.dg/vect/vect-strided-shift-1.c -flto -ffat-lto-objects -mpaired-single  scan-tree-dump-times vect "vectorized 1 loops in function" 1 (found 0 times)
FAIL: gcc.dg/vect/vect-strided-shift-1.c -flto -ffat-lto-objects -mpaired-single  scan-tree-dump-times vect "vectorized 1 loops in function" 1 (found 0 times)
FAIL: gcc.dg/vect/vect-tail-nomask-1.c  -mmsa execution test
FAIL: gcc.dg/vect/vect-tail-nomask-1.c  -mmsa execution test
FAIL: gcc.dg/vect/vect-tail-nomask-1.c -flto -ffat-lto-objects -mmsa execution test
FAIL: gcc.dg/vect/vect-tail-nomask-1.c -flto -ffat-lto-objects -mmsa execution test
FAIL: gcc.target/mips/branch-cost-2.c   -Os   scan-assembler \\t(movz|movn)\\t
FAIL: gcc.target/mips/branch-cost-2.c   -Os   scan-assembler \\t(movz|movn)\\t
FAIL: gcc.target/mips/branch-cost-2.c   -Os   scan-assembler-not \\t(bne|beq)\\t
FAIL: gcc.target/mips/branch-cost-2.c   -Os   scan-assembler-not \\t(bne|beq)\\t
XPASS: gcc.target/mips/dspr2-MULT.c   -O2   scan-assembler \\\\\$ac1
XPASS: gcc.target/mips/dspr2-MULT.c   -O2   scan-assembler \\\\\$ac1
XPASS: gcc.target/mips/dspr2-MULT.c   -O2 -flto -fno-use-linker-plugin -flto-partition=none   scan-assembler \\\\\$ac1
XPASS: gcc.target/mips/dspr2-MULT.c   -O2 -flto -fno-use-linker-plugin -flto-partition=none   scan-assembler \\\\\$ac1
XPASS: gcc.target/mips/dspr2-MULT.c   -O2 -flto -fuse-linker-plugin -fno-fat-lto-objects   scan-assembler \\\\\$ac1
XPASS: gcc.target/mips/dspr2-MULT.c   -O2 -flto -fuse-linker-plugin -fno-fat-lto-objects   scan-assembler \\\\\$ac1
XPASS: gcc.target/mips/dspr2-MULT.c   -O3 -g   scan-assembler \\\\\$ac1
XPASS: gcc.target/mips/dspr2-MULT.c   -O3 -g   scan-assembler \\\\\$ac1
XPASS: gcc.target/mips/dspr2-MULTU.c   -O2   scan-assembler \\\\\$ac1
XPASS: gcc.target/mips/dspr2-MULTU.c   -O2   scan-assembler \\\\\$ac1
XPASS: gcc.target/mips/dspr2-MULTU.c   -O2 -flto -fno-use-linker-plugin -flto-partition=none   scan-assembler \\\\\$ac1
XPASS: gcc.target/mips/dspr2-MULTU.c   -O2 -flto -fno-use-linker-plugin -flto-partition=none   scan-assembler \\\\\$ac1
XPASS: gcc.target/mips/dspr2-MULTU.c   -O2 -flto -fuse-linker-plugin -fno-fat-lto-objects   scan-assembler \\\\\$ac1
XPASS: gcc.target/mips/dspr2-MULTU.c   -O2 -flto -fuse-linker-plugin -fno-fat-lto-objects   scan-assembler \\\\\$ac1
XPASS: gcc.target/mips/dspr2-MULTU.c   -O3 -g   scan-assembler \\\\\$ac1
XPASS: gcc.target/mips/dspr2-MULTU.c   -O3 -g   scan-assembler \\\\\$ac1
FAIL: gcc.target/mips/fix-r4000-1.c   -O1   scan-assembler-times \\\\tmult\\\\t\\\\\$[45],\\\\\$[45][^\\\\n]+mulsi3_r4000[^\\\\n]+\\\\n\\\\tmflo\\\\t\\\\\$2\\\\n 2 (found 0 times)
FAIL: gcc.target/mips/fix-r4000-1.c   -O1   scan-assembler-times \\\\tmult\\\\t\\\\\$[45],\\\\\$[45][^\\\\n]+mulsi3_r4000[^\\\\n]+\\\\n\\\\tmflo\\\\t\\\\\$2\\\\n 2 (found 0 times)
FAIL: gcc.target/mips/fix-r4000-1.c   -O2   scan-assembler-times \\\\tmult\\\\t\\\\\$[45],\\\\\$[45][^\\\\n]+mulsi3_r4000[^\\\\n]+\\\\n\\\\tmflo\\\\t\\\\\$2\\\\n 2 (found 0 times)
FAIL: gcc.target/mips/fix-r4000-1.c   -O2   scan-assembler-times \\\\tmult\\\\t\\\\\$[45],\\\\\$[45][^\\\\n]+mulsi3_r4000[^\\\\n]+\\\\n\\\\tmflo\\\\t\\\\\$2\\\\n 2 (found 0 times)
FAIL: gcc.target/mips/fix-r4000-1.c   -O2 -flto -fno-use-linker-plugin -flto-partition=none   scan-assembler-times \\\\tmult\\\\t\\\\\$[45],\\\\\$[45][^\\\\n]+mulsi3_r4000[^\\\\n]+\\\\n\\\\tmflo\\\\t\\\\\$2\\\\n 2 (found 0 times)
FAIL: gcc.target/mips/fix-r4000-1.c   -O2 -flto -fno-use-linker-plugin -flto-partition=none   scan-assembler-times \\\\tmult\\\\t\\\\\$[45],\\\\\$[45][^\\\\n]+mulsi3_r4000[^\\\\n]+\\\\n\\\\tmflo\\\\t\\\\\$2\\\\n 2 (found 0 times)
FAIL: gcc.target/mips/fix-r4000-1.c   -O2 -flto -fuse-linker-plugin -fno-fat-lto-objects   scan-assembler-times \\\\tmult\\\\t\\\\\$[45],\\\\\$[45][^\\\\n]+mulsi3_r4000[^\\\\n]+\\\\n\\\\tmflo\\\\t\\\\\$2\\\\n 2 (found 0 times)
FAIL: gcc.target/mips/fix-r4000-1.c   -O2 -flto -fuse-linker-plugin -fno-fat-lto-objects   scan-assembler-times \\\\tmult\\\\t\\\\\$[45],\\\\\$[45][^\\\\n]+mulsi3_r4000[^\\\\n]+\\\\n\\\\tmflo\\\\t\\\\\$2\\\\n 2 (found 0 times)
FAIL: gcc.target/mips/fix-r4000-1.c   -O3 -g   scan-assembler-times \\\\tmult\\\\t\\\\\$[45],\\\\\$[45][^\\\\n]+mulsi3_r4000[^\\\\n]+\\\\n\\\\tmflo\\\\t\\\\\$2\\\\n 2 (found 0 times)
FAIL: gcc.target/mips/fix-r4000-1.c   -O3 -g   scan-assembler-times \\\\tmult\\\\t\\\\\$[45],\\\\\$[45][^\\\\n]+mulsi3_r4000[^\\\\n]+\\\\n\\\\tmflo\\\\t\\\\\$2\\\\n 2 (found 0 times)
FAIL: gcc.target/mips/fix-r4000-1.c   -Os   scan-assembler-times \\\\tmult\\\\t\\\\\$[45],\\\\\$[45][^\\\\n]+mulsi3_r4000[^\\\\n]+\\\\n\\\\tmflo\\\\t\\\\\$2\\\\n 2 (found 0 times)
FAIL: gcc.target/mips/fix-r4000-1.c   -Os   scan-assembler-times \\\\tmult\\\\t\\\\\$[45],\\\\\$[45][^\\\\n]+mulsi3_r4000[^\\\\n]+\\\\n\\\\tmflo\\\\t\\\\\$2\\\\n 2 (found 0 times)
FAIL: gcc.target/mips/fix-r4000-10.c   -O1   scan-assembler \\\\tdmultu\\\\t\\\\\$[45],\\\\\$[45][^\\\\n]+umulditi3_r4000[^\\\\n]+\\\\n\\\\tmflo\\\\t\\\\\$2\\\\n\\\\tmfhi\\\\t\\\\\$3\\\\n
FAIL: gcc.target/mips/fix-r4000-10.c   -O1   scan-assembler \\\\tdmultu\\\\t\\\\\$[45],\\\\\$[45][^\\\\n]+umulditi3_r4000[^\\\\n]+\\\\n\\\\tmflo\\\\t\\\\\$2\\\\n\\\\tmfhi\\\\t\\\\\$3\\\\n
FAIL: gcc.target/mips/fix-r4000-10.c   -O2   scan-assembler \\\\tdmultu\\\\t\\\\\$[45],\\\\\$[45][^\\\\n]+umulditi3_r4000[^\\\\n]+\\\\n\\\\tmflo\\\\t\\\\\$2\\\\n\\\\tmfhi\\\\t\\\\\$3\\\\n
FAIL: gcc.target/mips/fix-r4000-10.c   -O2   scan-assembler \\\\tdmultu\\\\t\\\\\$[45],\\\\\$[45][^\\\\n]+umulditi3_r4000[^\\\\n]+\\\\n\\\\tmflo\\\\t\\\\\$2\\\\n\\\\tmfhi\\\\t\\\\\$3\\\\n
FAIL: gcc.target/mips/fix-r4000-10.c   -O2 -flto -fno-use-linker-plugin -flto-partition=none   scan-assembler \\\\tdmultu\\\\t\\\\\$[45],\\\\\$[45][^\\\\n]+umulditi3_r4000[^\\\\n]+\\\\n\\\\tmflo\\\\t\\\\\$2\\\\n\\\\tmfhi\\\\t\\\\\$3\\\\n
FAIL: gcc.target/mips/fix-r4000-10.c   -O2 -flto -fno-use-linker-plugin -flto-partition=none   scan-assembler \\\\tdmultu\\\\t\\\\\$[45],\\\\\$[45][^\\\\n]+umulditi3_r4000[^\\\\n]+\\\\n\\\\tmflo\\\\t\\\\\$2\\\\n\\\\tmfhi\\\\t\\\\\$3\\\\n
FAIL: gcc.target/mips/fix-r4000-10.c   -O2 -flto -fuse-linker-plugin -fno-fat-lto-objects   scan-assembler \\\\tdmultu\\\\t\\\\\$[45],\\\\\$[45][^\\\\n]+umulditi3_r4000[^\\\\n]+\\\\n\\\\tmflo\\\\t\\\\\$2\\\\n\\\\tmfhi\\\\t\\\\\$3\\\\n
FAIL: gcc.target/mips/fix-r4000-10.c   -O2 -flto -fuse-linker-plugin -fno-fat-lto-objects   scan-assembler \\\\tdmultu\\\\t\\\\\$[45],\\\\\$[45][^\\\\n]+umulditi3_r4000[^\\\\n]+\\\\n\\\\tmflo\\\\t\\\\\$2\\\\n\\\\tmfhi\\\\t\\\\\$3\\\\n
FAIL: gcc.target/mips/fix-r4000-10.c   -O3 -g   scan-assembler \\\\tdmultu\\\\t\\\\\$[45],\\\\\$[45][^\\\\n]+umulditi3_r4000[^\\\\n]+\\\\n\\\\tmflo\\\\t\\\\\$2\\\\n\\\\tmfhi\\\\t\\\\\$3\\\\n
FAIL: gcc.target/mips/fix-r4000-10.c   -O3 -g   scan-assembler \\\\tdmultu\\\\t\\\\\$[45],\\\\\$[45][^\\\\n]+umulditi3_r4000[^\\\\n]+\\\\n\\\\tmflo\\\\t\\\\\$2\\\\n\\\\tmfhi\\\\t\\\\\$3\\\\n
FAIL: gcc.target/mips/fix-r4000-10.c   -Os   scan-assembler \\\\tdmultu\\\\t\\\\\$[45],\\\\\$[45][^\\\\n]+umulditi3_r4000[^\\\\n]+\\\\n\\\\tmflo\\\\t\\\\\$2\\\\n\\\\tmfhi\\\\t\\\\\$3\\\\n
FAIL: gcc.target/mips/fix-r4000-10.c   -Os   scan-assembler \\\\tdmultu\\\\t\\\\\$[45],\\\\\$[45][^\\\\n]+umulditi3_r4000[^\\\\n]+\\\\n\\\\tmflo\\\\t\\\\\$2\\\\n\\\\tmfhi\\\\t\\\\\$3\\\\n
FAIL: gcc.target/mips/fix-r4000-2.c   -O1   scan-assembler \\\\tmult\\\\t\\\\\$[45],\\\\\$[45][^\\\\n]+mulsidi3_32bit_r4000[^\\\\n]+\\\\n\\\\tmflo\\\\t\\\\\$3\\\\n\\\\tmfhi\\\\t\\\\\$2\\\\n
FAIL: gcc.target/mips/fix-r4000-2.c   -O1   scan-assembler \\\\tmult\\\\t\\\\\$[45],\\\\\$[45][^\\\\n]+mulsidi3_32bit_r4000[^\\\\n]+\\\\n\\\\tmflo\\\\t\\\\\$3\\\\n\\\\tmfhi\\\\t\\\\\$2\\\\n
FAIL: gcc.target/mips/fix-r4000-2.c   -O2   scan-assembler \\\\tmult\\\\t\\\\\$[45],\\\\\$[45][^\\\\n]+mulsidi3_32bit_r4000[^\\\\n]+\\\\n\\\\tmflo\\\\t\\\\\$3\\\\n\\\\tmfhi\\\\t\\\\\$2\\\\n
FAIL: gcc.target/mips/fix-r4000-2.c   -O2   scan-assembler \\\\tmult\\\\t\\\\\$[45],\\\\\$[45][^\\\\n]+mulsidi3_32bit_r4000[^\\\\n]+\\\\n\\\\tmflo\\\\t\\\\\$3\\\\n\\\\tmfhi\\\\t\\\\\$2\\\\n
FAIL: gcc.target/mips/fix-r4000-2.c   -O2 -flto -fno-use-linker-plugin -flto-partition=none   scan-assembler \\\\tmult\\\\t\\\\\$[45],\\\\\$[45][^\\\\n]+mulsidi3_32bit_r4000[^\\\\n]+\\\\n\\\\tmflo\\\\t\\\\\$3\\\\n\\\\tmfhi\\\\t\\\\\$2\\\\n
FAIL: gcc.target/mips/fix-r4000-2.c   -O2 -flto -fno-use-linker-plugin -flto-partition=none   scan-assembler \\\\tmult\\\\t\\\\\$[45],\\\\\$[45][^\\\\n]+mulsidi3_32bit_r4000[^\\\\n]+\\\\n\\\\tmflo\\\\t\\\\\$3\\\\n\\\\tmfhi\\\\t\\\\\$2\\\\n
FAIL: gcc.target/mips/fix-r4000-2.c   -O2 -flto -fuse-linker-plugin -fno-fat-lto-objects   scan-assembler \\\\tmult\\\\t\\\\\$[45],\\\\\$[45][^\\\\n]+mulsidi3_32bit_r4000[^\\\\n]+\\\\n\\\\tmflo\\\\t\\\\\$3\\\\n\\\\tmfhi\\\\t\\\\\$2\\\\n
FAIL: gcc.target/mips/fix-r4000-2.c   -O2 -flto -fuse-linker-plugin -fno-fat-lto-objects   scan-assembler \\\\tmult\\\\t\\\\\$[45],\\\\\$[45][^\\\\n]+mulsidi3_32bit_r4000[^\\\\n]+\\\\n\\\\tmflo\\\\t\\\\\$3\\\\n\\\\tmfhi\\\\t\\\\\$2\\\\n
FAIL: gcc.target/mips/fix-r4000-2.c   -O3 -g   scan-assembler \\\\tmult\\\\t\\\\\$[45],\\\\\$[45][^\\\\n]+mulsidi3_32bit_r4000[^\\\\n]+\\\\n\\\\tmflo\\\\t\\\\\$3\\\\n\\\\tmfhi\\\\t\\\\\$2\\\\n
FAIL: gcc.target/mips/fix-r4000-2.c   -O3 -g   scan-assembler \\\\tmult\\\\t\\\\\$[45],\\\\\$[45][^\\\\n]+mulsidi3_32bit_r4000[^\\\\n]+\\\\n\\\\tmflo\\\\t\\\\\$3\\\\n\\\\tmfhi\\\\t\\\\\$2\\\\n
FAIL: gcc.target/mips/fix-r4000-2.c   -Os   scan-assembler \\\\tmult\\\\t\\\\\$[45],\\\\\$[45][^\\\\n]+mulsidi3_32bit_r4000[^\\\\n]+\\\\n\\\\tmflo\\\\t\\\\\$3\\\\n\\\\tmfhi\\\\t\\\\\$2\\\\n
FAIL: gcc.target/mips/fix-r4000-2.c   -Os   scan-assembler \\\\tmult\\\\t\\\\\$[45],\\\\\$[45][^\\\\n]+mulsidi3_32bit_r4000[^\\\\n]+\\\\n\\\\tmflo\\\\t\\\\\$3\\\\n\\\\tmfhi\\\\t\\\\\$2\\\\n
FAIL: gcc.target/mips/fix-r4000-3.c   -O1   scan-assembler \\\\tmultu\\\\t\\\\\$[45],\\\\\$[45][^\\\\n]+umulsidi3_32bit_r4000[^\\\\n]+\\\\n\\\\tmflo\\\\t\\\\\$3\\\\n\\\\tmfhi\\\\t\\\\\$2\\\\n
FAIL: gcc.target/mips/fix-r4000-3.c   -O1   scan-assembler \\\\tmultu\\\\t\\\\\$[45],\\\\\$[45][^\\\\n]+umulsidi3_32bit_r4000[^\\\\n]+\\\\n\\\\tmflo\\\\t\\\\\$3\\\\n\\\\tmfhi\\\\t\\\\\$2\\\\n
FAIL: gcc.target/mips/fix-r4000-3.c   -O2   scan-assembler \\\\tmultu\\\\t\\\\\$[45],\\\\\$[45][^\\\\n]+umulsidi3_32bit_r4000[^\\\\n]+\\\\n\\\\tmflo\\\\t\\\\\$3\\\\n\\\\tmfhi\\\\t\\\\\$2\\\\n
FAIL: gcc.target/mips/fix-r4000-3.c   -O2   scan-assembler \\\\tmultu\\\\t\\\\\$[45],\\\\\$[45][^\\\\n]+umulsidi3_32bit_r4000[^\\\\n]+\\\\n\\\\tmflo\\\\t\\\\\$3\\\\n\\\\tmfhi\\\\t\\\\\$2\\\\n
FAIL: gcc.target/mips/fix-r4000-3.c   -O2 -flto -fno-use-linker-plugin -flto-partition=none   scan-assembler \\\\tmultu\\\\t\\\\\$[45],\\\\\$[45][^\\\\n]+umulsidi3_32bit_r4000[^\\\\n]+\\\\n\\\\tmflo\\\\t\\\\\$3\\\\n\\\\tmfhi\\\\t\\\\\$2\\\\n
FAIL: gcc.target/mips/fix-r4000-3.c   -O2 -flto -fno-use-linker-plugin -flto-partition=none   scan-assembler \\\\tmultu\\\\t\\\\\$[45],\\\\\$[45][^\\\\n]+umulsidi3_32bit_r4000[^\\\\n]+\\\\n\\\\tmflo\\\\t\\\\\$3\\\\n\\\\tmfhi\\\\t\\\\\$2\\\\n
FAIL: gcc.target/mips/fix-r4000-3.c   -O2 -flto -fuse-linker-plugin -fno-fat-lto-objects   scan-assembler \\\\tmultu\\\\t\\\\\$[45],\\\\\$[45][^\\\\n]+umulsidi3_32bit_r4000[^\\\\n]+\\\\n\\\\tmflo\\\\t\\\\\$3\\\\n\\\\tmfhi\\\\t\\\\\$2\\\\n
FAIL: gcc.target/mips/fix-r4000-3.c   -O2 -flto -fuse-linker-plugin -fno-fat-lto-objects   scan-assembler \\\\tmultu\\\\t\\\\\$[45],\\\\\$[45][^\\\\n]+umulsidi3_32bit_r4000[^\\\\n]+\\\\n\\\\tmflo\\\\t\\\\\$3\\\\n\\\\tmfhi\\\\t\\\\\$2\\\\n
FAIL: gcc.target/mips/fix-r4000-3.c   -O3 -g   scan-assembler \\\\tmultu\\\\t\\\\\$[45],\\\\\$[45][^\\\\n]+umulsidi3_32bit_r4000[^\\\\n]+\\\\n\\\\tmflo\\\\t\\\\\$3\\\\n\\\\tmfhi\\\\t\\\\\$2\\\\n
FAIL: gcc.target/mips/fix-r4000-3.c   -O3 -g   scan-assembler \\\\tmultu\\\\t\\\\\$[45],\\\\\$[45][^\\\\n]+umulsidi3_32bit_r4000[^\\\\n]+\\\\n\\\\tmflo\\\\t\\\\\$3\\\\n\\\\tmfhi\\\\t\\\\\$2\\\\n
FAIL: gcc.target/mips/fix-r4000-3.c   -Os   scan-assembler \\\\tmultu\\\\t\\\\\$[45],\\\\\$[45][^\\\\n]+umulsidi3_32bit_r4000[^\\\\n]+\\\\n\\\\tmflo\\\\t\\\\\$3\\\\n\\\\tmfhi\\\\t\\\\\$2\\\\n
FAIL: gcc.target/mips/fix-r4000-3.c   -Os   scan-assembler \\\\tmultu\\\\t\\\\\$[45],\\\\\$[45][^\\\\n]+umulsidi3_32bit_r4000[^\\\\n]+\\\\n\\\\tmflo\\\\t\\\\\$3\\\\n\\\\tmfhi\\\\t\\\\\$2\\\\n
FAIL: gcc.target/mips/fix-r4000-4.c   -O1   scan-assembler \\\\tmult\\\\t\\\\\$[45],\\\\\$[45][^\\\\n]+mulsidi3_32bit_r4000[^\\\\n]+\\\\n\\\\tmflo\\\\t\\\\\$2\\\\n\\\\tmfhi\\\\t\\\\\$3\\\\n
FAIL: gcc.target/mips/fix-r4000-4.c   -O1   scan-assembler \\\\tmult\\\\t\\\\\$[45],\\\\\$[45][^\\\\n]+mulsidi3_32bit_r4000[^\\\\n]+\\\\n\\\\tmflo\\\\t\\\\\$2\\\\n\\\\tmfhi\\\\t\\\\\$3\\\\n
FAIL: gcc.target/mips/fix-r4000-4.c   -O2   scan-assembler \\\\tmult\\\\t\\\\\$[45],\\\\\$[45][^\\\\n]+mulsidi3_32bit_r4000[^\\\\n]+\\\\n\\\\tmflo\\\\t\\\\\$2\\\\n\\\\tmfhi\\\\t\\\\\$3\\\\n
FAIL: gcc.target/mips/fix-r4000-4.c   -O2   scan-assembler \\\\tmult\\\\t\\\\\$[45],\\\\\$[45][^\\\\n]+mulsidi3_32bit_r4000[^\\\\n]+\\\\n\\\\tmflo\\\\t\\\\\$2\\\\n\\\\tmfhi\\\\t\\\\\$3\\\\n
FAIL: gcc.target/mips/fix-r4000-4.c   -O2 -flto -fno-use-linker-plugin -flto-partition=none   scan-assembler \\\\tmult\\\\t\\\\\$[45],\\\\\$[45][^\\\\n]+mulsidi3_32bit_r4000[^\\\\n]+\\\\n\\\\tmflo\\\\t\\\\\$2\\\\n\\\\tmfhi\\\\t\\\\\$3\\\\n
FAIL: gcc.target/mips/fix-r4000-4.c   -O2 -flto -fno-use-linker-plugin -flto-partition=none   scan-assembler \\\\tmult\\\\t\\\\\$[45],\\\\\$[45][^\\\\n]+mulsidi3_32bit_r4000[^\\\\n]+\\\\n\\\\tmflo\\\\t\\\\\$2\\\\n\\\\tmfhi\\\\t\\\\\$3\\\\n
FAIL: gcc.target/mips/fix-r4000-4.c   -O2 -flto -fuse-linker-plugin -fno-fat-lto-objects   scan-assembler \\\\tmult\\\\t\\\\\$[45],\\\\\$[45][^\\\\n]+mulsidi3_32bit_r4000[^\\\\n]+\\\\n\\\\tmflo\\\\t\\\\\$2\\\\n\\\\tmfhi\\\\t\\\\\$3\\\\n
FAIL: gcc.target/mips/fix-r4000-4.c   -O2 -flto -fuse-linker-plugin -fno-fat-lto-objects   scan-assembler \\\\tmult\\\\t\\\\\$[45],\\\\\$[45][^\\\\n]+mulsidi3_32bit_r4000[^\\\\n]+\\\\n\\\\tmflo\\\\t\\\\\$2\\\\n\\\\tmfhi\\\\t\\\\\$3\\\\n
FAIL: gcc.target/mips/fix-r4000-4.c   -O3 -g   scan-assembler \\\\tmult\\\\t\\\\\$[45],\\\\\$[45][^\\\\n]+mulsidi3_32bit_r4000[^\\\\n]+\\\\n\\\\tmflo\\\\t\\\\\$2\\\\n\\\\tmfhi\\\\t\\\\\$3\\\\n
FAIL: gcc.target/mips/fix-r4000-4.c   -O3 -g   scan-assembler \\\\tmult\\\\t\\\\\$[45],\\\\\$[45][^\\\\n]+mulsidi3_32bit_r4000[^\\\\n]+\\\\n\\\\tmflo\\\\t\\\\\$2\\\\n\\\\tmfhi\\\\t\\\\\$3\\\\n
FAIL: gcc.target/mips/fix-r4000-4.c   -Os   scan-assembler \\\\tmult\\\\t\\\\\$[45],\\\\\$[45][^\\\\n]+mulsidi3_32bit_r4000[^\\\\n]+\\\\n\\\\tmflo\\\\t\\\\\$2\\\\n\\\\tmfhi\\\\t\\\\\$3\\\\n
FAIL: gcc.target/mips/fix-r4000-4.c   -Os   scan-assembler \\\\tmult\\\\t\\\\\$[45],\\\\\$[45][^\\\\n]+mulsidi3_32bit_r4000[^\\\\n]+\\\\n\\\\tmflo\\\\t\\\\\$2\\\\n\\\\tmfhi\\\\t\\\\\$3\\\\n
FAIL: gcc.target/mips/fix-r4000-5.c   -O1   scan-assembler \\\\tmultu\\\\t\\\\\$[45],\\\\\$[45][^\\\\n]+umulsidi3_32bit_r4000[^\\\\n]+\\\\n\\\\tmflo\\\\t\\\\\$2\\\\n\\\\tmfhi\\\\t\\\\\$3\\\\n
FAIL: gcc.target/mips/fix-r4000-5.c   -O1   scan-assembler \\\\tmultu\\\\t\\\\\$[45],\\\\\$[45][^\\\\n]+umulsidi3_32bit_r4000[^\\\\n]+\\\\n\\\\tmflo\\\\t\\\\\$2\\\\n\\\\tmfhi\\\\t\\\\\$3\\\\n
FAIL: gcc.target/mips/fix-r4000-5.c   -O2   scan-assembler \\\\tmultu\\\\t\\\\\$[45],\\\\\$[45][^\\\\n]+umulsidi3_32bit_r4000[^\\\\n]+\\\\n\\\\tmflo\\\\t\\\\\$2\\\\n\\\\tmfhi\\\\t\\\\\$3\\\\n
FAIL: gcc.target/mips/fix-r4000-5.c   -O2   scan-assembler \\\\tmultu\\\\t\\\\\$[45],\\\\\$[45][^\\\\n]+umulsidi3_32bit_r4000[^\\\\n]+\\\\n\\\\tmflo\\\\t\\\\\$2\\\\n\\\\tmfhi\\\\t\\\\\$3\\\\n
FAIL: gcc.target/mips/fix-r4000-5.c   -O2 -flto -fno-use-linker-plugin -flto-partition=none   scan-assembler \\\\tmultu\\\\t\\\\\$[45],\\\\\$[45][^\\\\n]+umulsidi3_32bit_r4000[^\\\\n]+\\\\n\\\\tmflo\\\\t\\\\\$2\\\\n\\\\tmfhi\\\\t\\\\\$3\\\\n
FAIL: gcc.target/mips/fix-r4000-5.c   -O2 -flto -fno-use-linker-plugin -flto-partition=none   scan-assembler \\\\tmultu\\\\t\\\\\$[45],\\\\\$[45][^\\\\n]+umulsidi3_32bit_r4000[^\\\\n]+\\\\n\\\\tmflo\\\\t\\\\\$2\\\\n\\\\tmfhi\\\\t\\\\\$3\\\\n
FAIL: gcc.target/mips/fix-r4000-5.c   -O2 -flto -fuse-linker-plugin -fno-fat-lto-objects   scan-assembler \\\\tmultu\\\\t\\\\\$[45],\\\\\$[45][^\\\\n]+umulsidi3_32bit_r4000[^\\\\n]+\\\\n\\\\tmflo\\\\t\\\\\$2\\\\n\\\\tmfhi\\\\t\\\\\$3\\\\n
FAIL: gcc.target/mips/fix-r4000-5.c   -O2 -flto -fuse-linker-plugin -fno-fat-lto-objects   scan-assembler \\\\tmultu\\\\t\\\\\$[45],\\\\\$[45][^\\\\n]+umulsidi3_32bit_r4000[^\\\\n]+\\\\n\\\\tmflo\\\\t\\\\\$2\\\\n\\\\tmfhi\\\\t\\\\\$3\\\\n
FAIL: gcc.target/mips/fix-r4000-5.c   -O3 -g   scan-assembler \\\\tmultu\\\\t\\\\\$[45],\\\\\$[45][^\\\\n]+umulsidi3_32bit_r4000[^\\\\n]+\\\\n\\\\tmflo\\\\t\\\\\$2\\\\n\\\\tmfhi\\\\t\\\\\$3\\\\n
FAIL: gcc.target/mips/fix-r4000-5.c   -O3 -g   scan-assembler \\\\tmultu\\\\t\\\\\$[45],\\\\\$[45][^\\\\n]+umulsidi3_32bit_r4000[^\\\\n]+\\\\n\\\\tmflo\\\\t\\\\\$2\\\\n\\\\tmfhi\\\\t\\\\\$3\\\\n
FAIL: gcc.target/mips/fix-r4000-5.c   -Os   scan-assembler \\\\tmultu\\\\t\\\\\$[45],\\\\\$[45][^\\\\n]+umulsidi3_32bit_r4000[^\\\\n]+\\\\n\\\\tmflo\\\\t\\\\\$2\\\\n\\\\tmfhi\\\\t\\\\\$3\\\\n
FAIL: gcc.target/mips/fix-r4000-5.c   -Os   scan-assembler \\\\tmultu\\\\t\\\\\$[45],\\\\\$[45][^\\\\n]+umulsidi3_32bit_r4000[^\\\\n]+\\\\n\\\\tmflo\\\\t\\\\\$2\\\\n\\\\tmfhi\\\\t\\\\\$3\\\\n
FAIL: gcc.target/mips/fix-r4000-6.c   -O1   scan-assembler-times \\\\tdmult\\\\t\\\\\$[45],\\\\\$[45][^\\\\n]+muldi3_r4000[^\\\\n]+\\\\n\\\\tmflo\\\\t\\\\\$2\\\\n 2 (found 0 times)
FAIL: gcc.target/mips/fix-r4000-6.c   -O1   scan-assembler-times \\\\tdmult\\\\t\\\\\$[45],\\\\\$[45][^\\\\n]+muldi3_r4000[^\\\\n]+\\\\n\\\\tmflo\\\\t\\\\\$2\\\\n 2 (found 0 times)
FAIL: gcc.target/mips/fix-r4000-6.c   -O2   scan-assembler-times \\\\tdmult\\\\t\\\\\$[45],\\\\\$[45][^\\\\n]+muldi3_r4000[^\\\\n]+\\\\n\\\\tmflo\\\\t\\\\\$2\\\\n 2 (found 0 times)
FAIL: gcc.target/mips/fix-r4000-6.c   -O2   scan-assembler-times \\\\tdmult\\\\t\\\\\$[45],\\\\\$[45][^\\\\n]+muldi3_r4000[^\\\\n]+\\\\n\\\\tmflo\\\\t\\\\\$2\\\\n 2 (found 0 times)
FAIL: gcc.target/mips/fix-r4000-6.c   -O2 -flto -fno-use-linker-plugin -flto-partition=none   scan-assembler-times \\\\tdmult\\\\t\\\\\$[45],\\\\\$[45][^\\\\n]+muldi3_r4000[^\\\\n]+\\\\n\\\\tmflo\\\\t\\\\\$2\\\\n 2 (found 0 times)
FAIL: gcc.target/mips/fix-r4000-6.c   -O2 -flto -fno-use-linker-plugin -flto-partition=none   scan-assembler-times \\\\tdmult\\\\t\\\\\$[45],\\\\\$[45][^\\\\n]+muldi3_r4000[^\\\\n]+\\\\n\\\\tmflo\\\\t\\\\\$2\\\\n 2 (found 0 times)
FAIL: gcc.target/mips/fix-r4000-6.c   -O2 -flto -fuse-linker-plugin -fno-fat-lto-objects   scan-assembler-times \\\\tdmult\\\\t\\\\\$[45],\\\\\$[45][^\\\\n]+muldi3_r4000[^\\\\n]+\\\\n\\\\tmflo\\\\t\\\\\$2\\\\n 2 (found 0 times)
FAIL: gcc.target/mips/fix-r4000-6.c   -O2 -flto -fuse-linker-plugin -fno-fat-lto-objects   scan-assembler-times \\\\tdmult\\\\t\\\\\$[45],\\\\\$[45][^\\\\n]+muldi3_r4000[^\\\\n]+\\\\n\\\\tmflo\\\\t\\\\\$2\\\\n 2 (found 0 times)
FAIL: gcc.target/mips/fix-r4000-6.c   -O3 -g   scan-assembler-times \\\\tdmult\\\\t\\\\\$[45],\\\\\$[45][^\\\\n]+muldi3_r4000[^\\\\n]+\\\\n\\\\tmflo\\\\t\\\\\$2\\\\n 2 (found 0 times)
FAIL: gcc.target/mips/fix-r4000-6.c   -O3 -g   scan-assembler-times \\\\tdmult\\\\t\\\\\$[45],\\\\\$[45][^\\\\n]+muldi3_r4000[^\\\\n]+\\\\n\\\\tmflo\\\\t\\\\\$2\\\\n 2 (found 0 times)
FAIL: gcc.target/mips/fix-r4000-6.c   -Os   scan-assembler-times \\\\tdmult\\\\t\\\\\$[45],\\\\\$[45][^\\\\n]+muldi3_r4000[^\\\\n]+\\\\n\\\\tmflo\\\\t\\\\\$2\\\\n 2 (found 0 times)
FAIL: gcc.target/mips/fix-r4000-6.c   -Os   scan-assembler-times \\\\tdmult\\\\t\\\\\$[45],\\\\\$[45][^\\\\n]+muldi3_r4000[^\\\\n]+\\\\n\\\\tmflo\\\\t\\\\\$2\\\\n 2 (found 0 times)
FAIL: gcc.target/mips/fix-r4000-9.c   -O1   scan-assembler \\\\tdmult\\\\t\\\\\$[45],\\\\\$[45][^\\\\n]+mulditi3_r4000[^\\\\n]+\\\\n\\\\tmflo\\\\t\\\\\$2\\\\n\\\\tmfhi\\\\t\\\\\$3\\\\n
FAIL: gcc.target/mips/fix-r4000-9.c   -O1   scan-assembler \\\\tdmult\\\\t\\\\\$[45],\\\\\$[45][^\\\\n]+mulditi3_r4000[^\\\\n]+\\\\n\\\\tmflo\\\\t\\\\\$2\\\\n\\\\tmfhi\\\\t\\\\\$3\\\\n
FAIL: gcc.target/mips/fix-r4000-9.c   -O2   scan-assembler \\\\tdmult\\\\t\\\\\$[45],\\\\\$[45][^\\\\n]+mulditi3_r4000[^\\\\n]+\\\\n\\\\tmflo\\\\t\\\\\$2\\\\n\\\\tmfhi\\\\t\\\\\$3\\\\n
FAIL: gcc.target/mips/fix-r4000-9.c   -O2   scan-assembler \\\\tdmult\\\\t\\\\\$[45],\\\\\$[45][^\\\\n]+mulditi3_r4000[^\\\\n]+\\\\n\\\\tmflo\\\\t\\\\\$2\\\\n\\\\tmfhi\\\\t\\\\\$3\\\\n
FAIL: gcc.target/mips/fix-r4000-9.c   -O2 -flto -fno-use-linker-plugin -flto-partition=none   scan-assembler \\\\tdmult\\\\t\\\\\$[45],\\\\\$[45][^\\\\n]+mulditi3_r4000[^\\\\n]+\\\\n\\\\tmflo\\\\t\\\\\$2\\\\n\\\\tmfhi\\\\t\\\\\$3\\\\n
FAIL: gcc.target/mips/fix-r4000-9.c   -O2 -flto -fno-use-linker-plugin -flto-partition=none   scan-assembler \\\\tdmult\\\\t\\\\\$[45],\\\\\$[45][^\\\\n]+mulditi3_r4000[^\\\\n]+\\\\n\\\\tmflo\\\\t\\\\\$2\\\\n\\\\tmfhi\\\\t\\\\\$3\\\\n
FAIL: gcc.target/mips/fix-r4000-9.c   -O2 -flto -fuse-linker-plugin -fno-fat-lto-objects   scan-assembler \\\\tdmult\\\\t\\\\\$[45],\\\\\$[45][^\\\\n]+mulditi3_r4000[^\\\\n]+\\\\n\\\\tmflo\\\\t\\\\\$2\\\\n\\\\tmfhi\\\\t\\\\\$3\\\\n
FAIL: gcc.target/mips/fix-r4000-9.c   -O2 -flto -fuse-linker-plugin -fno-fat-lto-objects   scan-assembler \\\\tdmult\\\\t\\\\\$[45],\\\\\$[45][^\\\\n]+mulditi3_r4000[^\\\\n]+\\\\n\\\\tmflo\\\\t\\\\\$2\\\\n\\\\tmfhi\\\\t\\\\\$3\\\\n
FAIL: gcc.target/mips/fix-r4000-9.c   -O3 -g   scan-assembler \\\\tdmult\\\\t\\\\\$[45],\\\\\$[45][^\\\\n]+mulditi3_r4000[^\\\\n]+\\\\n\\\\tmflo\\\\t\\\\\$2\\\\n\\\\tmfhi\\\\t\\\\\$3\\\\n
FAIL: gcc.target/mips/fix-r4000-9.c   -O3 -g   scan-assembler \\\\tdmult\\\\t\\\\\$[45],\\\\\$[45][^\\\\n]+mulditi3_r4000[^\\\\n]+\\\\n\\\\tmflo\\\\t\\\\\$2\\\\n\\\\tmfhi\\\\t\\\\\$3\\\\n
FAIL: gcc.target/mips/fix-r4000-9.c   -Os   scan-assembler \\\\tdmult\\\\t\\\\\$[45],\\\\\$[45][^\\\\n]+mulditi3_r4000[^\\\\n]+\\\\n\\\\tmflo\\\\t\\\\\$2\\\\n\\\\tmfhi\\\\t\\\\\$3\\\\n
FAIL: gcc.target/mips/fix-r4000-9.c   -Os   scan-assembler \\\\tdmult\\\\t\\\\\$[45],\\\\\$[45][^\\\\n]+mulditi3_r4000[^\\\\n]+\\\\n\\\\tmflo\\\\t\\\\\$2\\\\n\\\\tmfhi\\\\t\\\\\$3\\\\n
FAIL: gcc.target/mips/insn-pseudo-1.c   -O3 -g   scan-assembler \\tbeqz\\t\\\\\$[0-9]+,(.L[0-9]+)\\n.*\\n\\\\1:\\n\\t\\\\.insn\\n(?:.L[0-9]+ = \\\\.\\n)?\\t\\\\.end\\tunreachable\\n
FAIL: gcc.target/mips/insn-pseudo-1.c   -O3 -g   scan-assembler \\tbeqz\\t\\\\\$[0-9]+,(.L[0-9]+)\\n.*\\n\\\\1:\\n\\t\\\\.insn\\n(?:.L[0-9]+ = \\\\.\\n)?\\t\\\\.end\\tunreachable\\n
FAIL: gcc.target/mips/insn-pseudo-2.c   -O3 -g   scan-assembler \\tbeqz\\t\\\\\$[0-9]+,(.L[0-9]+)\\n.*\\n\\\\1:\\n\\t\\\\.insn\\n(?:.L[0-9]+ = \\\\.\\n)?\\t\\\\.end\\tunreachable\\n
FAIL: gcc.target/mips/insn-pseudo-2.c   -O3 -g   scan-assembler \\tbeqz\\t\\\\\$[0-9]+,(.L[0-9]+)\\n.*\\n\\\\1:\\n\\t\\\\.insn\\n(?:.L[0-9]+ = \\\\.\\n)?\\t\\\\.end\\tunreachable\\n
FAIL: gcc.target/mips/insn-pseudo-3.c   -O3 -g   scan-assembler \\tbeqz\\t\\\\\$[0-9]+,(.L[0-9]+)\\n.*\\n\\\\1:\\n\\t\\\\.insn\\n(?:.L[0-9]+ = \\\\.\\n)?\\t\\\\.end\\tunreachable\\n
FAIL: gcc.target/mips/insn-pseudo-3.c   -O3 -g   scan-assembler \\tbeqz\\t\\\\\$[0-9]+,(.L[0-9]+)\\n.*\\n\\\\1:\\n\\t\\\\.insn\\n(?:.L[0-9]+ = \\\\.\\n)?\\t\\\\.end\\tunreachable\\n
FAIL: gcc.target/mips/insn-pseudo-4.c   -O3 -g   scan-assembler \\tlw\\t(\\\\\$[0-9]+),(.L[0-9]+)\\n.*\\tbeqz\\t\\\\1,(.L[0-9]+)\\n.*\\n\\\\3:\\n\\t\\\\.insn\\n(?:.L[0-9]+ = \\\\.\\n)?\\t\\\\.type\\t__pool_unreachable_[0-9]+, @object\\n__pool_unreachable_[0-9]+:\\n\\t\\\\.align\\t2\\n\\\\2:\\n\\t\\\\.word\\t305419896\\n
FAIL: gcc.target/mips/insn-pseudo-4.c   -O3 -g   scan-assembler \\tlw\\t(\\\\\$[0-9]+),(.L[0-9]+)\\n.*\\tbeqz\\t\\\\1,(.L[0-9]+)\\n.*\\n\\\\3:\\n\\t\\\\.insn\\n(?:.L[0-9]+ = \\\\.\\n)?\\t\\\\.type\\t__pool_unreachable_[0-9]+, @object\\n__pool_unreachable_[0-9]+:\\n\\t\\\\.align\\t2\\n\\\\2:\\n\\t\\\\.word\\t305419896\\n
FAIL: gcc.target/mips/interrupt_handler-4.c   -O0   scan-assembler v0:.*ins\\t\\\\\$27,\\\\\$0,8,1.*.end\\tv0
FAIL: gcc.target/mips/interrupt_handler-4.c   -O0   scan-assembler v0:.*ins\\t\\\\\$27,\\\\\$0,8,1.*.end\\tv0
FAIL: gcc.target/mips/interrupt_handler-4.c   -O0   scan-assembler v1:.*ins\\t\\\\\$27,\\\\\$0,8,2.*.end\\tv1
FAIL: gcc.target/mips/interrupt_handler-4.c   -O0   scan-assembler v1:.*ins\\t\\\\\$27,\\\\\$0,8,2.*.end\\tv1
FAIL: gcc.target/mips/interrupt_handler-4.c   -O0   scan-assembler v2:.*ins\\t\\\\\$27,\\\\\$0,8,3.*.end\\tv2
FAIL: gcc.target/mips/interrupt_handler-4.c   -O0   scan-assembler v2:.*ins\\t\\\\\$27,\\\\\$0,8,3.*.end\\tv2
FAIL: gcc.target/mips/interrupt_handler-4.c   -O0   scan-assembler v3:.*ins\\t\\\\\$27,\\\\\$0,8,4.*.end\\tv3
FAIL: gcc.target/mips/interrupt_handler-4.c   -O0   scan-assembler v3:.*ins\\t\\\\\$27,\\\\\$0,8,4.*.end\\tv3
FAIL: gcc.target/mips/interrupt_handler-4.c   -O0   scan-assembler v4:.*ins\\t\\\\\$27,\\\\\$0,8,5.*.end\\tv4
FAIL: gcc.target/mips/interrupt_handler-4.c   -O0   scan-assembler v4:.*ins\\t\\\\\$27,\\\\\$0,8,5.*.end\\tv4
FAIL: gcc.target/mips/interrupt_handler-4.c   -O0   scan-assembler v5:.*ins\\t\\\\\$27,\\\\\$0,8,6.*.end\\tv5
FAIL: gcc.target/mips/interrupt_handler-4.c   -O0   scan-assembler v5:.*ins\\t\\\\\$27,\\\\\$0,8,6.*.end\\tv5
FAIL: gcc.target/mips/interrupt_handler-4.c   -O0   scan-assembler v6:.*ins\\t\\\\\$27,\\\\\$0,8,7.*.end\\tv6
FAIL: gcc.target/mips/interrupt_handler-4.c   -O0   scan-assembler v6:.*ins\\t\\\\\$27,\\\\\$0,8,7.*.end\\tv6
FAIL: gcc.target/mips/interrupt_handler-4.c   -O0   scan-assembler v7:.*ins\\t\\\\\$27,\\\\\$0,8,8.*.end\\tv7
FAIL: gcc.target/mips/interrupt_handler-4.c   -O0   scan-assembler v7:.*ins\\t\\\\\$27,\\\\\$0,8,8.*.end\\tv7
FAIL: gcc.target/mips/interrupt_handler-4.c   -O0   scan-assembler-times mfc0\\t\\\\\$27,\\\\\$14 11 (found 3 times)
FAIL: gcc.target/mips/interrupt_handler-4.c   -O0   scan-assembler-times mfc0\\t\\\\\$27,\\\\\$14 11 (found 3 times)
FAIL: gcc.target/mips/interrupt_handler-4.c   -O0  (test for excess errors)
FAIL: gcc.target/mips/interrupt_handler-4.c   -O0  (test for excess errors)
FAIL: gcc.target/mips/interrupt_handler-4.c   -O1   scan-assembler v0:.*ins\\t\\\\\$27,\\\\\$0,8,1.*.end\\tv0
FAIL: gcc.target/mips/interrupt_handler-4.c   -O1   scan-assembler v0:.*ins\\t\\\\\$27,\\\\\$0,8,1.*.end\\tv0
FAIL: gcc.target/mips/interrupt_handler-4.c   -O1   scan-assembler v1:.*ins\\t\\\\\$27,\\\\\$0,8,2.*.end\\tv1
FAIL: gcc.target/mips/interrupt_handler-4.c   -O1   scan-assembler v1:.*ins\\t\\\\\$27,\\\\\$0,8,2.*.end\\tv1
FAIL: gcc.target/mips/interrupt_handler-4.c   -O1   scan-assembler v2:.*ins\\t\\\\\$27,\\\\\$0,8,3.*.end\\tv2
FAIL: gcc.target/mips/interrupt_handler-4.c   -O1   scan-assembler v2:.*ins\\t\\\\\$27,\\\\\$0,8,3.*.end\\tv2
FAIL: gcc.target/mips/interrupt_handler-4.c   -O1   scan-assembler v3:.*ins\\t\\\\\$27,\\\\\$0,8,4.*.end\\tv3
FAIL: gcc.target/mips/interrupt_handler-4.c   -O1   scan-assembler v3:.*ins\\t\\\\\$27,\\\\\$0,8,4.*.end\\tv3
FAIL: gcc.target/mips/interrupt_handler-4.c   -O1   scan-assembler v4:.*ins\\t\\\\\$27,\\\\\$0,8,5.*.end\\tv4
FAIL: gcc.target/mips/interrupt_handler-4.c   -O1   scan-assembler v4:.*ins\\t\\\\\$27,\\\\\$0,8,5.*.end\\tv4
FAIL: gcc.target/mips/interrupt_handler-4.c   -O1   scan-assembler v5:.*ins\\t\\\\\$27,\\\\\$0,8,6.*.end\\tv5
FAIL: gcc.target/mips/interrupt_handler-4.c   -O1   scan-assembler v5:.*ins\\t\\\\\$27,\\\\\$0,8,6.*.end\\tv5
FAIL: gcc.target/mips/interrupt_handler-4.c   -O1   scan-assembler v6:.*ins\\t\\\\\$27,\\\\\$0,8,7.*.end\\tv6
FAIL: gcc.target/mips/interrupt_handler-4.c   -O1   scan-assembler v6:.*ins\\t\\\\\$27,\\\\\$0,8,7.*.end\\tv6
FAIL: gcc.target/mips/interrupt_handler-4.c   -O1   scan-assembler v7:.*ins\\t\\\\\$27,\\\\\$0,8,8.*.end\\tv7
FAIL: gcc.target/mips/interrupt_handler-4.c   -O1   scan-assembler v7:.*ins\\t\\\\\$27,\\\\\$0,8,8.*.end\\tv7
FAIL: gcc.target/mips/interrupt_handler-4.c   -O1   scan-assembler-times mfc0\\t\\\\\$27,\\\\\$14 11 (found 3 times)
FAIL: gcc.target/mips/interrupt_handler-4.c   -O1   scan-assembler-times mfc0\\t\\\\\$27,\\\\\$14 11 (found 3 times)
FAIL: gcc.target/mips/interrupt_handler-4.c   -O1  (test for excess errors)
FAIL: gcc.target/mips/interrupt_handler-4.c   -O1  (test for excess errors)
FAIL: gcc.target/mips/interrupt_handler-4.c   -O2   scan-assembler v0:.*ins\\t\\\\\$27,\\\\\$0,8,1.*.end\\tv0
FAIL: gcc.target/mips/interrupt_handler-4.c   -O2   scan-assembler v0:.*ins\\t\\\\\$27,\\\\\$0,8,1.*.end\\tv0
FAIL: gcc.target/mips/interrupt_handler-4.c   -O2   scan-assembler v1:.*ins\\t\\\\\$27,\\\\\$0,8,2.*.end\\tv1
FAIL: gcc.target/mips/interrupt_handler-4.c   -O2   scan-assembler v1:.*ins\\t\\\\\$27,\\\\\$0,8,2.*.end\\tv1
FAIL: gcc.target/mips/interrupt_handler-4.c   -O2   scan-assembler v2:.*ins\\t\\\\\$27,\\\\\$0,8,3.*.end\\tv2
FAIL: gcc.target/mips/interrupt_handler-4.c   -O2   scan-assembler v2:.*ins\\t\\\\\$27,\\\\\$0,8,3.*.end\\tv2
FAIL: gcc.target/mips/interrupt_handler-4.c   -O2   scan-assembler v3:.*ins\\t\\\\\$27,\\\\\$0,8,4.*.end\\tv3
FAIL: gcc.target/mips/interrupt_handler-4.c   -O2   scan-assembler v3:.*ins\\t\\\\\$27,\\\\\$0,8,4.*.end\\tv3
FAIL: gcc.target/mips/interrupt_handler-4.c   -O2   scan-assembler v4:.*ins\\t\\\\\$27,\\\\\$0,8,5.*.end\\tv4
FAIL: gcc.target/mips/interrupt_handler-4.c   -O2   scan-assembler v4:.*ins\\t\\\\\$27,\\\\\$0,8,5.*.end\\tv4
FAIL: gcc.target/mips/interrupt_handler-4.c   -O2   scan-assembler v5:.*ins\\t\\\\\$27,\\\\\$0,8,6.*.end\\tv5
FAIL: gcc.target/mips/interrupt_handler-4.c   -O2   scan-assembler v5:.*ins\\t\\\\\$27,\\\\\$0,8,6.*.end\\tv5
FAIL: gcc.target/mips/interrupt_handler-4.c   -O2   scan-assembler v6:.*ins\\t\\\\\$27,\\\\\$0,8,7.*.end\\tv6
FAIL: gcc.target/mips/interrupt_handler-4.c   -O2   scan-assembler v6:.*ins\\t\\\\\$27,\\\\\$0,8,7.*.end\\tv6
FAIL: gcc.target/mips/interrupt_handler-4.c   -O2   scan-assembler v7:.*ins\\t\\\\\$27,\\\\\$0,8,8.*.end\\tv7
FAIL: gcc.target/mips/interrupt_handler-4.c   -O2   scan-assembler v7:.*ins\\t\\\\\$27,\\\\\$0,8,8.*.end\\tv7
FAIL: gcc.target/mips/interrupt_handler-4.c   -O2   scan-assembler-times mfc0\\t\\\\\$27,\\\\\$14 11 (found 3 times)
FAIL: gcc.target/mips/interrupt_handler-4.c   -O2   scan-assembler-times mfc0\\t\\\\\$27,\\\\\$14 11 (found 3 times)
FAIL: gcc.target/mips/interrupt_handler-4.c   -O2  (test for excess errors)
FAIL: gcc.target/mips/interrupt_handler-4.c   -O2  (test for excess errors)
FAIL: gcc.target/mips/interrupt_handler-4.c   -O2 -flto -fno-use-linker-plugin -flto-partition=none   scan-assembler v0:.*ins\\t\\\\\$27,\\\\\$0,8,1.*.end\\tv0
FAIL: gcc.target/mips/interrupt_handler-4.c   -O2 -flto -fno-use-linker-plugin -flto-partition=none   scan-assembler v0:.*ins\\t\\\\\$27,\\\\\$0,8,1.*.end\\tv0
FAIL: gcc.target/mips/interrupt_handler-4.c   -O2 -flto -fno-use-linker-plugin -flto-partition=none   scan-assembler v1:.*ins\\t\\\\\$27,\\\\\$0,8,2.*.end\\tv1
FAIL: gcc.target/mips/interrupt_handler-4.c   -O2 -flto -fno-use-linker-plugin -flto-partition=none   scan-assembler v1:.*ins\\t\\\\\$27,\\\\\$0,8,2.*.end\\tv1
FAIL: gcc.target/mips/interrupt_handler-4.c   -O2 -flto -fno-use-linker-plugin -flto-partition=none   scan-assembler v2:.*ins\\t\\\\\$27,\\\\\$0,8,3.*.end\\tv2
FAIL: gcc.target/mips/interrupt_handler-4.c   -O2 -flto -fno-use-linker-plugin -flto-partition=none   scan-assembler v2:.*ins\\t\\\\\$27,\\\\\$0,8,3.*.end\\tv2
FAIL: gcc.target/mips/interrupt_handler-4.c   -O2 -flto -fno-use-linker-plugin -flto-partition=none   scan-assembler v3:.*ins\\t\\\\\$27,\\\\\$0,8,4.*.end\\tv3
FAIL: gcc.target/mips/interrupt_handler-4.c   -O2 -flto -fno-use-linker-plugin -flto-partition=none   scan-assembler v3:.*ins\\t\\\\\$27,\\\\\$0,8,4.*.end\\tv3
FAIL: gcc.target/mips/interrupt_handler-4.c   -O2 -flto -fno-use-linker-plugin -flto-partition=none   scan-assembler v4:.*ins\\t\\\\\$27,\\\\\$0,8,5.*.end\\tv4
FAIL: gcc.target/mips/interrupt_handler-4.c   -O2 -flto -fno-use-linker-plugin -flto-partition=none   scan-assembler v4:.*ins\\t\\\\\$27,\\\\\$0,8,5.*.end\\tv4
FAIL: gcc.target/mips/interrupt_handler-4.c   -O2 -flto -fno-use-linker-plugin -flto-partition=none   scan-assembler v5:.*ins\\t\\\\\$27,\\\\\$0,8,6.*.end\\tv5
FAIL: gcc.target/mips/interrupt_handler-4.c   -O2 -flto -fno-use-linker-plugin -flto-partition=none   scan-assembler v5:.*ins\\t\\\\\$27,\\\\\$0,8,6.*.end\\tv5
FAIL: gcc.target/mips/interrupt_handler-4.c   -O2 -flto -fno-use-linker-plugin -flto-partition=none   scan-assembler v6:.*ins\\t\\\\\$27,\\\\\$0,8,7.*.end\\tv6
FAIL: gcc.target/mips/interrupt_handler-4.c   -O2 -flto -fno-use-linker-plugin -flto-partition=none   scan-assembler v6:.*ins\\t\\\\\$27,\\\\\$0,8,7.*.end\\tv6
FAIL: gcc.target/mips/interrupt_handler-4.c   -O2 -flto -fno-use-linker-plugin -flto-partition=none   scan-assembler v7:.*ins\\t\\\\\$27,\\\\\$0,8,8.*.end\\tv7
FAIL: gcc.target/mips/interrupt_handler-4.c   -O2 -flto -fno-use-linker-plugin -flto-partition=none   scan-assembler v7:.*ins\\t\\\\\$27,\\\\\$0,8,8.*.end\\tv7
FAIL: gcc.target/mips/interrupt_handler-4.c   -O2 -flto -fno-use-linker-plugin -flto-partition=none   scan-assembler-times mfc0\\t\\\\\$27,\\\\\$14 11 (found 3 times)
FAIL: gcc.target/mips/interrupt_handler-4.c   -O2 -flto -fno-use-linker-plugin -flto-partition=none   scan-assembler-times mfc0\\t\\\\\$27,\\\\\$14 11 (found 3 times)
FAIL: gcc.target/mips/interrupt_handler-4.c   -O2 -flto -fno-use-linker-plugin -flto-partition=none  (test for excess errors)
FAIL: gcc.target/mips/interrupt_handler-4.c   -O2 -flto -fno-use-linker-plugin -flto-partition=none  (test for excess errors)
FAIL: gcc.target/mips/interrupt_handler-4.c   -O2 -flto -fuse-linker-plugin -fno-fat-lto-objects   scan-assembler v0:.*ins\\t\\\\\$27,\\\\\$0,8,1.*.end\\tv0
FAIL: gcc.target/mips/interrupt_handler-4.c   -O2 -flto -fuse-linker-plugin -fno-fat-lto-objects   scan-assembler v0:.*ins\\t\\\\\$27,\\\\\$0,8,1.*.end\\tv0
FAIL: gcc.target/mips/interrupt_handler-4.c   -O2 -flto -fuse-linker-plugin -fno-fat-lto-objects   scan-assembler v1:.*ins\\t\\\\\$27,\\\\\$0,8,2.*.end\\tv1
FAIL: gcc.target/mips/interrupt_handler-4.c   -O2 -flto -fuse-linker-plugin -fno-fat-lto-objects   scan-assembler v1:.*ins\\t\\\\\$27,\\\\\$0,8,2.*.end\\tv1
FAIL: gcc.target/mips/interrupt_handler-4.c   -O2 -flto -fuse-linker-plugin -fno-fat-lto-objects   scan-assembler v2:.*ins\\t\\\\\$27,\\\\\$0,8,3.*.end\\tv2
FAIL: gcc.target/mips/interrupt_handler-4.c   -O2 -flto -fuse-linker-plugin -fno-fat-lto-objects   scan-assembler v2:.*ins\\t\\\\\$27,\\\\\$0,8,3.*.end\\tv2
FAIL: gcc.target/mips/interrupt_handler-4.c   -O2 -flto -fuse-linker-plugin -fno-fat-lto-objects   scan-assembler v3:.*ins\\t\\\\\$27,\\\\\$0,8,4.*.end\\tv3
FAIL: gcc.target/mips/interrupt_handler-4.c   -O2 -flto -fuse-linker-plugin -fno-fat-lto-objects   scan-assembler v3:.*ins\\t\\\\\$27,\\\\\$0,8,4.*.end\\tv3
FAIL: gcc.target/mips/interrupt_handler-4.c   -O2 -flto -fuse-linker-plugin -fno-fat-lto-objects   scan-assembler v4:.*ins\\t\\\\\$27,\\\\\$0,8,5.*.end\\tv4
FAIL: gcc.target/mips/interrupt_handler-4.c   -O2 -flto -fuse-linker-plugin -fno-fat-lto-objects   scan-assembler v4:.*ins\\t\\\\\$27,\\\\\$0,8,5.*.end\\tv4
FAIL: gcc.target/mips/interrupt_handler-4.c   -O2 -flto -fuse-linker-plugin -fno-fat-lto-objects   scan-assembler v5:.*ins\\t\\\\\$27,\\\\\$0,8,6.*.end\\tv5
FAIL: gcc.target/mips/interrupt_handler-4.c   -O2 -flto -fuse-linker-plugin -fno-fat-lto-objects   scan-assembler v5:.*ins\\t\\\\\$27,\\\\\$0,8,6.*.end\\tv5
FAIL: gcc.target/mips/interrupt_handler-4.c   -O2 -flto -fuse-linker-plugin -fno-fat-lto-objects   scan-assembler v6:.*ins\\t\\\\\$27,\\\\\$0,8,7.*.end\\tv6
FAIL: gcc.target/mips/interrupt_handler-4.c   -O2 -flto -fuse-linker-plugin -fno-fat-lto-objects   scan-assembler v6:.*ins\\t\\\\\$27,\\\\\$0,8,7.*.end\\tv6
FAIL: gcc.target/mips/interrupt_handler-4.c   -O2 -flto -fuse-linker-plugin -fno-fat-lto-objects   scan-assembler v7:.*ins\\t\\\\\$27,\\\\\$0,8,8.*.end\\tv7
FAIL: gcc.target/mips/interrupt_handler-4.c   -O2 -flto -fuse-linker-plugin -fno-fat-lto-objects   scan-assembler v7:.*ins\\t\\\\\$27,\\\\\$0,8,8.*.end\\tv7
FAIL: gcc.target/mips/interrupt_handler-4.c   -O2 -flto -fuse-linker-plugin -fno-fat-lto-objects   scan-assembler-times mfc0\\t\\\\\$27,\\\\\$14 11 (found 3 times)
FAIL: gcc.target/mips/interrupt_handler-4.c   -O2 -flto -fuse-linker-plugin -fno-fat-lto-objects   scan-assembler-times mfc0\\t\\\\\$27,\\\\\$14 11 (found 3 times)
FAIL: gcc.target/mips/interrupt_handler-4.c   -O2 -flto -fuse-linker-plugin -fno-fat-lto-objects  (test for excess errors)
FAIL: gcc.target/mips/interrupt_handler-4.c   -O2 -flto -fuse-linker-plugin -fno-fat-lto-objects  (test for excess errors)
FAIL: gcc.target/mips/interrupt_handler-4.c   -O3 -g   scan-assembler v0:.*ins\\t\\\\\$27,\\\\\$0,8,1.*.end\\tv0
FAIL: gcc.target/mips/interrupt_handler-4.c   -O3 -g   scan-assembler v0:.*ins\\t\\\\\$27,\\\\\$0,8,1.*.end\\tv0
FAIL: gcc.target/mips/interrupt_handler-4.c   -O3 -g   scan-assembler v1:.*ins\\t\\\\\$27,\\\\\$0,8,2.*.end\\tv1
FAIL: gcc.target/mips/interrupt_handler-4.c   -O3 -g   scan-assembler v1:.*ins\\t\\\\\$27,\\\\\$0,8,2.*.end\\tv1
FAIL: gcc.target/mips/interrupt_handler-4.c   -O3 -g   scan-assembler v2:.*ins\\t\\\\\$27,\\\\\$0,8,3.*.end\\tv2
FAIL: gcc.target/mips/interrupt_handler-4.c   -O3 -g   scan-assembler v2:.*ins\\t\\\\\$27,\\\\\$0,8,3.*.end\\tv2
FAIL: gcc.target/mips/interrupt_handler-4.c   -O3 -g   scan-assembler v3:.*ins\\t\\\\\$27,\\\\\$0,8,4.*.end\\tv3
FAIL: gcc.target/mips/interrupt_handler-4.c   -O3 -g   scan-assembler v3:.*ins\\t\\\\\$27,\\\\\$0,8,4.*.end\\tv3
FAIL: gcc.target/mips/interrupt_handler-4.c   -O3 -g   scan-assembler v4:.*ins\\t\\\\\$27,\\\\\$0,8,5.*.end\\tv4
FAIL: gcc.target/mips/interrupt_handler-4.c   -O3 -g   scan-assembler v4:.*ins\\t\\\\\$27,\\\\\$0,8,5.*.end\\tv4
FAIL: gcc.target/mips/interrupt_handler-4.c   -O3 -g   scan-assembler v5:.*ins\\t\\\\\$27,\\\\\$0,8,6.*.end\\tv5
FAIL: gcc.target/mips/interrupt_handler-4.c   -O3 -g   scan-assembler v5:.*ins\\t\\\\\$27,\\\\\$0,8,6.*.end\\tv5
FAIL: gcc.target/mips/interrupt_handler-4.c   -O3 -g   scan-assembler v6:.*ins\\t\\\\\$27,\\\\\$0,8,7.*.end\\tv6
FAIL: gcc.target/mips/interrupt_handler-4.c   -O3 -g   scan-assembler v6:.*ins\\t\\\\\$27,\\\\\$0,8,7.*.end\\tv6
FAIL: gcc.target/mips/interrupt_handler-4.c   -O3 -g   scan-assembler v7:.*ins\\t\\\\\$27,\\\\\$0,8,8.*.end\\tv7
FAIL: gcc.target/mips/interrupt_handler-4.c   -O3 -g   scan-assembler v7:.*ins\\t\\\\\$27,\\\\\$0,8,8.*.end\\tv7
FAIL: gcc.target/mips/interrupt_handler-4.c   -O3 -g   scan-assembler-times mfc0\\t\\\\\$27,\\\\\$14 11 (found 3 times)
FAIL: gcc.target/mips/interrupt_handler-4.c   -O3 -g   scan-assembler-times mfc0\\t\\\\\$27,\\\\\$14 11 (found 3 times)
FAIL: gcc.target/mips/interrupt_handler-4.c   -O3 -g  (test for excess errors)
FAIL: gcc.target/mips/interrupt_handler-4.c   -O3 -g  (test for excess errors)
FAIL: gcc.target/mips/interrupt_handler-4.c   -Os   scan-assembler v0:.*ins\\t\\\\\$27,\\\\\$0,8,1.*.end\\tv0
FAIL: gcc.target/mips/interrupt_handler-4.c   -Os   scan-assembler v0:.*ins\\t\\\\\$27,\\\\\$0,8,1.*.end\\tv0
FAIL: gcc.target/mips/interrupt_handler-4.c   -Os   scan-assembler v1:.*ins\\t\\\\\$27,\\\\\$0,8,2.*.end\\tv1
FAIL: gcc.target/mips/interrupt_handler-4.c   -Os   scan-assembler v1:.*ins\\t\\\\\$27,\\\\\$0,8,2.*.end\\tv1
FAIL: gcc.target/mips/interrupt_handler-4.c   -Os   scan-assembler v2:.*ins\\t\\\\\$27,\\\\\$0,8,3.*.end\\tv2
FAIL: gcc.target/mips/interrupt_handler-4.c   -Os   scan-assembler v2:.*ins\\t\\\\\$27,\\\\\$0,8,3.*.end\\tv2
FAIL: gcc.target/mips/interrupt_handler-4.c   -Os   scan-assembler v3:.*ins\\t\\\\\$27,\\\\\$0,8,4.*.end\\tv3
FAIL: gcc.target/mips/interrupt_handler-4.c   -Os   scan-assembler v3:.*ins\\t\\\\\$27,\\\\\$0,8,4.*.end\\tv3
FAIL: gcc.target/mips/interrupt_handler-4.c   -Os   scan-assembler v4:.*ins\\t\\\\\$27,\\\\\$0,8,5.*.end\\tv4
FAIL: gcc.target/mips/interrupt_handler-4.c   -Os   scan-assembler v4:.*ins\\t\\\\\$27,\\\\\$0,8,5.*.end\\tv4
FAIL: gcc.target/mips/interrupt_handler-4.c   -Os   scan-assembler v5:.*ins\\t\\\\\$27,\\\\\$0,8,6.*.end\\tv5
FAIL: gcc.target/mips/interrupt_handler-4.c   -Os   scan-assembler v5:.*ins\\t\\\\\$27,\\\\\$0,8,6.*.end\\tv5
FAIL: gcc.target/mips/interrupt_handler-4.c   -Os   scan-assembler v6:.*ins\\t\\\\\$27,\\\\\$0,8,7.*.end\\tv6
FAIL: gcc.target/mips/interrupt_handler-4.c   -Os   scan-assembler v6:.*ins\\t\\\\\$27,\\\\\$0,8,7.*.end\\tv6
FAIL: gcc.target/mips/interrupt_handler-4.c   -Os   scan-assembler v7:.*ins\\t\\\\\$27,\\\\\$0,8,8.*.end\\tv7
FAIL: gcc.target/mips/interrupt_handler-4.c   -Os   scan-assembler v7:.*ins\\t\\\\\$27,\\\\\$0,8,8.*.end\\tv7
FAIL: gcc.target/mips/interrupt_handler-4.c   -Os   scan-assembler-times mfc0\\t\\\\\$27,\\\\\$14 11 (found 3 times)
FAIL: gcc.target/mips/interrupt_handler-4.c   -Os   scan-assembler-times mfc0\\t\\\\\$27,\\\\\$14 11 (found 3 times)
FAIL: gcc.target/mips/interrupt_handler-4.c   -Os  (test for excess errors)
FAIL: gcc.target/mips/interrupt_handler-4.c   -Os  (test for excess errors)
FAIL: gcc.target/mips/madd-7.c   -O2   scan-assembler \\tmadd\\t
FAIL: gcc.target/mips/madd-7.c   -O2   scan-assembler \\tmadd\\t
FAIL: gcc.target/mips/madd-7.c   -O2   scan-assembler-not \\tmul\\t
FAIL: gcc.target/mips/madd-7.c   -O2   scan-assembler-not \\tmul\\t
FAIL: gcc.target/mips/madd-7.c   -O2 -flto -fno-use-linker-plugin -flto-partition=none   scan-assembler \\tmadd\\t
FAIL: gcc.target/mips/madd-7.c   -O2 -flto -fno-use-linker-plugin -flto-partition=none   scan-assembler \\tmadd\\t
FAIL: gcc.target/mips/madd-7.c   -O2 -flto -fno-use-linker-plugin -flto-partition=none   scan-assembler-not \\tmul\\t
FAIL: gcc.target/mips/madd-7.c   -O2 -flto -fno-use-linker-plugin -flto-partition=none   scan-assembler-not \\tmul\\t
FAIL: gcc.target/mips/madd-7.c   -O2 -flto -fuse-linker-plugin -fno-fat-lto-objects   scan-assembler \\tmadd\\t
FAIL: gcc.target/mips/madd-7.c   -O2 -flto -fuse-linker-plugin -fno-fat-lto-objects   scan-assembler \\tmadd\\t
FAIL: gcc.target/mips/madd-7.c   -O2 -flto -fuse-linker-plugin -fno-fat-lto-objects   scan-assembler-not \\tmul\\t
FAIL: gcc.target/mips/madd-7.c   -O2 -flto -fuse-linker-plugin -fno-fat-lto-objects   scan-assembler-not \\tmul\\t
FAIL: gcc.target/mips/madd-7.c   -O3 -g   scan-assembler \\tmadd\\t
FAIL: gcc.target/mips/madd-7.c   -O3 -g   scan-assembler \\tmadd\\t
FAIL: gcc.target/mips/madd-7.c   -O3 -g   scan-assembler-not \\tmul\\t
FAIL: gcc.target/mips/madd-7.c   -O3 -g   scan-assembler-not \\tmul\\t
FAIL: gcc.target/mips/msub-7.c   -O2   scan-assembler \\tmsub\\t
FAIL: gcc.target/mips/msub-7.c   -O2   scan-assembler \\tmsub\\t
FAIL: gcc.target/mips/msub-7.c   -O2   scan-assembler-not \\tmul\\t
FAIL: gcc.target/mips/msub-7.c   -O2   scan-assembler-not \\tmul\\t
FAIL: gcc.target/mips/msub-7.c   -O2 -flto -fno-use-linker-plugin -flto-partition=none   scan-assembler \\tmsub\\t
FAIL: gcc.target/mips/msub-7.c   -O2 -flto -fno-use-linker-plugin -flto-partition=none   scan-assembler \\tmsub\\t
FAIL: gcc.target/mips/msub-7.c   -O2 -flto -fno-use-linker-plugin -flto-partition=none   scan-assembler-not \\tmul\\t
FAIL: gcc.target/mips/msub-7.c   -O2 -flto -fno-use-linker-plugin -flto-partition=none   scan-assembler-not \\tmul\\t
FAIL: gcc.target/mips/msub-7.c   -O2 -flto -fuse-linker-plugin -fno-fat-lto-objects   scan-assembler \\tmsub\\t
FAIL: gcc.target/mips/msub-7.c   -O2 -flto -fuse-linker-plugin -fno-fat-lto-objects   scan-assembler \\tmsub\\t
FAIL: gcc.target/mips/msub-7.c   -O2 -flto -fuse-linker-plugin -fno-fat-lto-objects   scan-assembler-not \\tmul\\t
FAIL: gcc.target/mips/msub-7.c   -O2 -flto -fuse-linker-plugin -fno-fat-lto-objects   scan-assembler-not \\tmul\\t
FAIL: gcc.target/mips/msub-7.c   -O3 -g   scan-assembler \\tmsub\\t
FAIL: gcc.target/mips/msub-7.c   -O3 -g   scan-assembler \\tmsub\\t
FAIL: gcc.target/mips/msub-7.c   -O3 -g   scan-assembler-not \\tmul\\t
FAIL: gcc.target/mips/msub-7.c   -O3 -g   scan-assembler-not \\tmul\\t
FAIL: gcc.target/mips/umips-store16-2.c   -O0   scan-assembler \\tsb\\t\\\\\$0,0\\\\(\\\\\$[0-9]+\\\\)[^\\n]*length = 2
FAIL: gcc.target/mips/umips-store16-2.c   -O0   scan-assembler \\tsb\\t\\\\\$0,0\\\\(\\\\\$[0-9]+\\\\)[^\\n]*length = 2
FAIL: gcc.target/mips/umips-store16-2.c   -O0   scan-assembler \\tsh\\t\\\\\$0,0\\\\(\\\\\$[0-9]+\\\\)[^\\n]*length = 2
FAIL: gcc.target/mips/umips-store16-2.c   -O0   scan-assembler \\tsh\\t\\\\\$0,0\\\\(\\\\\$[0-9]+\\\\)[^\\n]*length = 2
FAIL: gcc.target/mips/umips-store16-2.c   -O0   scan-assembler \\tsw\\t\\\\\$0,0\\\\(\\\\\$[0-9]+\\\\)[^\\n]*length = 2
FAIL: gcc.target/mips/umips-store16-2.c   -O0   scan-assembler \\tsw\\t\\\\\$0,0\\\\(\\\\\$[0-9]+\\\\)[^\\n]*length = 2
FAIL: gcc.target/mips/umips-store16-2.c   -O1   scan-assembler \\tsb\\t\\\\\$0,0\\\\(\\\\\$[0-9]+\\\\)[^\\n]*length = 2
FAIL: gcc.target/mips/umips-store16-2.c   -O1   scan-assembler \\tsb\\t\\\\\$0,0\\\\(\\\\\$[0-9]+\\\\)[^\\n]*length = 2
FAIL: gcc.target/mips/umips-store16-2.c   -O1   scan-assembler \\tsh\\t\\\\\$0,0\\\\(\\\\\$[0-9]+\\\\)[^\\n]*length = 2
FAIL: gcc.target/mips/umips-store16-2.c   -O1   scan-assembler \\tsh\\t\\\\\$0,0\\\\(\\\\\$[0-9]+\\\\)[^\\n]*length = 2
FAIL: gcc.target/mips/umips-store16-2.c   -O1   scan-assembler \\tsw\\t\\\\\$0,0\\\\(\\\\\$[0-9]+\\\\)[^\\n]*length = 2
FAIL: gcc.target/mips/umips-store16-2.c   -O1   scan-assembler \\tsw\\t\\\\\$0,0\\\\(\\\\\$[0-9]+\\\\)[^\\n]*length = 2
FAIL: gcc.target/mips/umips-store16-2.c   -O2   scan-assembler \\tsb\\t\\\\\$0,0\\\\(\\\\\$[0-9]+\\\\)[^\\n]*length = 2
FAIL: gcc.target/mips/umips-store16-2.c   -O2   scan-assembler \\tsb\\t\\\\\$0,0\\\\(\\\\\$[0-9]+\\\\)[^\\n]*length = 2
FAIL: gcc.target/mips/umips-store16-2.c   -O2   scan-assembler \\tsh\\t\\\\\$0,0\\\\(\\\\\$[0-9]+\\\\)[^\\n]*length = 2
FAIL: gcc.target/mips/umips-store16-2.c   -O2   scan-assembler \\tsh\\t\\\\\$0,0\\\\(\\\\\$[0-9]+\\\\)[^\\n]*length = 2
FAIL: gcc.target/mips/umips-store16-2.c   -O2   scan-assembler \\tsw\\t\\\\\$0,0\\\\(\\\\\$[0-9]+\\\\)[^\\n]*length = 2
FAIL: gcc.target/mips/umips-store16-2.c   -O2   scan-assembler \\tsw\\t\\\\\$0,0\\\\(\\\\\$[0-9]+\\\\)[^\\n]*length = 2
FAIL: gcc.target/mips/umips-store16-2.c   -O2 -flto -fno-use-linker-plugin -flto-partition=none   scan-assembler \\tsb\\t\\\\\$0,0\\\\(\\\\\$[0-9]+\\\\)[^\\n]*length = 2
FAIL: gcc.target/mips/umips-store16-2.c   -O2 -flto -fno-use-linker-plugin -flto-partition=none   scan-assembler \\tsb\\t\\\\\$0,0\\\\(\\\\\$[0-9]+\\\\)[^\\n]*length = 2
FAIL: gcc.target/mips/umips-store16-2.c   -O2 -flto -fno-use-linker-plugin -flto-partition=none   scan-assembler \\tsh\\t\\\\\$0,0\\\\(\\\\\$[0-9]+\\\\)[^\\n]*length = 2
FAIL: gcc.target/mips/umips-store16-2.c   -O2 -flto -fno-use-linker-plugin -flto-partition=none   scan-assembler \\tsh\\t\\\\\$0,0\\\\(\\\\\$[0-9]+\\\\)[^\\n]*length = 2
FAIL: gcc.target/mips/umips-store16-2.c   -O2 -flto -fno-use-linker-plugin -flto-partition=none   scan-assembler \\tsw\\t\\\\\$0,0\\\\(\\\\\$[0-9]+\\\\)[^\\n]*length = 2
FAIL: gcc.target/mips/umips-store16-2.c   -O2 -flto -fno-use-linker-plugin -flto-partition=none   scan-assembler \\tsw\\t\\\\\$0,0\\\\(\\\\\$[0-9]+\\\\)[^\\n]*length = 2
FAIL: gcc.target/mips/umips-store16-2.c   -O2 -flto -fuse-linker-plugin -fno-fat-lto-objects   scan-assembler \\tsb\\t\\\\\$0,0\\\\(\\\\\$[0-9]+\\\\)[^\\n]*length = 2
FAIL: gcc.target/mips/umips-store16-2.c   -O2 -flto -fuse-linker-plugin -fno-fat-lto-objects   scan-assembler \\tsb\\t\\\\\$0,0\\\\(\\\\\$[0-9]+\\\\)[^\\n]*length = 2
FAIL: gcc.target/mips/umips-store16-2.c   -O2 -flto -fuse-linker-plugin -fno-fat-lto-objects   scan-assembler \\tsh\\t\\\\\$0,0\\\\(\\\\\$[0-9]+\\\\)[^\\n]*length = 2
FAIL: gcc.target/mips/umips-store16-2.c   -O2 -flto -fuse-linker-plugin -fno-fat-lto-objects   scan-assembler \\tsh\\t\\\\\$0,0\\\\(\\\\\$[0-9]+\\\\)[^\\n]*length = 2
FAIL: gcc.target/mips/umips-store16-2.c   -O2 -flto -fuse-linker-plugin -fno-fat-lto-objects   scan-assembler \\tsw\\t\\\\\$0,0\\\\(\\\\\$[0-9]+\\\\)[^\\n]*length = 2
FAIL: gcc.target/mips/umips-store16-2.c   -O2 -flto -fuse-linker-plugin -fno-fat-lto-objects   scan-assembler \\tsw\\t\\\\\$0,0\\\\(\\\\\$[0-9]+\\\\)[^\\n]*length = 2
FAIL: gcc.target/mips/umips-store16-2.c   -O3 -g   scan-assembler \\tsb\\t\\\\\$0,0\\\\(\\\\\$[0-9]+\\\\)[^\\n]*length = 2
FAIL: gcc.target/mips/umips-store16-2.c   -O3 -g   scan-assembler \\tsb\\t\\\\\$0,0\\\\(\\\\\$[0-9]+\\\\)[^\\n]*length = 2
FAIL: gcc.target/mips/umips-store16-2.c   -O3 -g   scan-assembler \\tsh\\t\\\\\$0,0\\\\(\\\\\$[0-9]+\\\\)[^\\n]*length = 2
FAIL: gcc.target/mips/umips-store16-2.c   -O3 -g   scan-assembler \\tsh\\t\\\\\$0,0\\\\(\\\\\$[0-9]+\\\\)[^\\n]*length = 2
FAIL: gcc.target/mips/umips-store16-2.c   -O3 -g   scan-assembler \\tsw\\t\\\\\$0,0\\\\(\\\\\$[0-9]+\\\\)[^\\n]*length = 2
FAIL: gcc.target/mips/umips-store16-2.c   -O3 -g   scan-assembler \\tsw\\t\\\\\$0,0\\\\(\\\\\$[0-9]+\\\\)[^\\n]*length = 2
FAIL: gcc.target/mips/umips-store16-2.c   -Os   scan-assembler \\tsb\\t\\\\\$0,0\\\\(\\\\\$[0-9]+\\\\)[^\\n]*length = 2
FAIL: gcc.target/mips/umips-store16-2.c   -Os   scan-assembler \\tsb\\t\\\\\$0,0\\\\(\\\\\$[0-9]+\\\\)[^\\n]*length = 2
FAIL: gcc.target/mips/umips-store16-2.c   -Os   scan-assembler \\tsh\\t\\\\\$0,0\\\\(\\\\\$[0-9]+\\\\)[^\\n]*length = 2
FAIL: gcc.target/mips/umips-store16-2.c   -Os   scan-assembler \\tsh\\t\\\\\$0,0\\\\(\\\\\$[0-9]+\\\\)[^\\n]*length = 2
FAIL: gcc.target/mips/umips-store16-2.c   -Os   scan-assembler \\tsw\\t\\\\\$0,0\\\\(\\\\\$[0-9]+\\\\)[^\\n]*length = 2
FAIL: gcc.target/mips/umips-store16-2.c   -Os   scan-assembler \\tsw\\t\\\\\$0,0\\\\(\\\\\$[0-9]+\\\\)[^\\n]*length = 2

		=== gcc Summary ===

# of expected passes		252673
# of unexpected failures	617
# of unexpected successes	56
# of expected failures		980
# of unsupported tests		7714
/build/gcc-snapshot-G2tuxT/gcc-snapshot-20180107/build/gcc/xgcc  version 8.0.0 20180107 (experimental) [trunk revision 256322] (Debian 20180107-1) 

		=== gfortran tests ===


Running target unix
FAIL: gfortran.dg/bind_c_array_params_2.f90   -O   scan-assembler-times [ \\t][\$,_0-9]*myBindC 1 (found 0 times)
FAIL: gfortran.dg/bind_c_array_params_2.f90   -O   scan-assembler-times [ \\t][\$,_0-9]*myBindC 1 (found 0 times)
FAIL: gfortran.dg/coarray_lib_this_image_1.f90   -O   scan-tree-dump-times original "myucobound =[^\\n\\r]* parm...dim\\\\[1\\\\].lbound \\\\+ [^\\n\\r]*_gfortran_caf_num_images \\\\(0, -1\\\\).? \\\\+ -?[0-9]+\\\\);" 1 (found 0 times)
FAIL: gfortran.dg/coarray_lib_this_image_1.f90   -O   scan-tree-dump-times original "myucobound =[^\\n\\r]* parm...dim\\\\[1\\\\].lbound \\\\+ [^\\n\\r]*_gfortran_caf_num_images \\\\(0, -1\\\\).? \\\\+ -?[0-9]+\\\\);" 1 (found 0 times)
FAIL: gfortran.dg/coarray_lib_this_image_2.f90   -O   scan-tree-dump-times original "myucobound =[^\\n\\r]* parm...dim\\\\[1\\\\].lbound \\\\+ [^\\n\\r]*_gfortran_caf_num_images \\\\(0, -1\\\\).? \\\\+ -?[0-9]+\\\\);" 1 (found 0 times)
FAIL: gfortran.dg/coarray_lib_this_image_2.f90   -O   scan-tree-dump-times original "myucobound =[^\\n\\r]* parm...dim\\\\[1\\\\].lbound \\\\+ [^\\n\\r]*_gfortran_caf_num_images \\\\(0, -1\\\\).? \\\\+ -?[0-9]+\\\\);" 1 (found 0 times)
FAIL: gfortran.dg/elemental_subroutine_3.f90   -O1  (test for excess errors)
FAIL: gfortran.dg/elemental_subroutine_3.f90   -O1  (test for excess errors)
FAIL: gfortran.dg/elemental_subroutine_3.f90   -O2  (test for excess errors)
FAIL: gfortran.dg/elemental_subroutine_3.f90   -O2  (test for excess errors)
FAIL: gfortran.dg/elemental_subroutine_3.f90   -O3 -fomit-frame-pointer -funroll-loops -fpeel-loops -ftracer -finline-functions  (test for excess errors)
FAIL: gfortran.dg/elemental_subroutine_3.f90   -O3 -fomit-frame-pointer -funroll-loops -fpeel-loops -ftracer -finline-functions  (test for excess errors)
FAIL: gfortran.dg/elemental_subroutine_3.f90   -O3 -g  (test for excess errors)
FAIL: gfortran.dg/elemental_subroutine_3.f90   -O3 -g  (test for excess errors)
FAIL: gfortran.dg/elemental_subroutine_3.f90   -Os  (test for excess errors)
FAIL: gfortran.dg/elemental_subroutine_3.f90   -Os  (test for excess errors)
FAIL: gfortran.dg/vect/pr60510.f  -mmsa  -O0  execution test
FAIL: gfortran.dg/vect/pr60510.f  -mmsa  -O0  execution test
FAIL: gfortran.dg/vect/pr60510.f  -mmsa  -O1  execution test
FAIL: gfortran.dg/vect/pr60510.f  -mmsa  -O1  execution test
FAIL: gfortran.dg/vect/pr60510.f  -mmsa  -O2  execution test
FAIL: gfortran.dg/vect/pr60510.f  -mmsa  -O2  execution test
FAIL: gfortran.dg/vect/pr60510.f  -mmsa  -O3 -fomit-frame-pointer -funroll-loops -fpeel-loops -ftracer -finline-functions  execution test
FAIL: gfortran.dg/vect/pr60510.f  -mmsa  -O3 -fomit-frame-pointer -funroll-loops -fpeel-loops -ftracer -finline-functions  execution test
FAIL: gfortran.dg/vect/pr60510.f  -mmsa  -O3 -g  execution test
FAIL: gfortran.dg/vect/pr60510.f  -mmsa  -O3 -g  execution test
FAIL: gfortran.dg/vect/pr60510.f  -mmsa  -Os  execution test
FAIL: gfortran.dg/vect/pr60510.f  -mmsa  -Os  execution test
FAIL: gfortran.fortran-torture/execute/csqrt_1.f90 execution, -O2 -ftree-vectorize -mpaired-single 
FAIL: gfortran.fortran-torture/execute/csqrt_1.f90 execution, -O2 -ftree-vectorize -mpaired-single 
FAIL: gfortran.fortran-torture/execute/intrinsic_matmul.f90 execution, -O2 -ftree-vectorize -mpaired-single 
FAIL: gfortran.fortran-torture/execute/intrinsic_matmul.f90 execution, -O2 -ftree-vectorize -mpaired-single 

		=== gfortran Summary ===

# of expected passes		92988
# of unexpected failures	32
# of expected failures		184
# of unsupported tests		272
/build/gcc-snapshot-G2tuxT/gcc-snapshot-20180107/build/gcc/gfortran  version 8.0.0 20180107 (experimental) [trunk revision 256322] (Debian 20180107-1) 

		=== gnat tests ===


Running target unix
FAIL: gnat.dg/debug11_pkg.adb scan-assembler-not foreign_imported_func
FAIL: gnat.dg/debug11_pkg.adb scan-assembler-not foreign_imported_func
FAIL: gnat.dg/null_pointer_deref2.adb execution test
FAIL: gnat.dg/null_pointer_deref2.adb execution test
FAIL: gnat.dg/stack_check1.adb execution test
FAIL: gnat.dg/stack_check1.adb execution test
FAIL: gnat.dg/stack_check2.adb execution test
FAIL: gnat.dg/stack_check2.adb execution test
FAIL: gnat.dg/trampoline4.adb scan-assembler GNU-stack.*x
FAIL: gnat.dg/trampoline4.adb scan-assembler GNU-stack.*x
XPASS: gnat.dg/specs/atomic1.ads  (test for errors, line 13)
XPASS: gnat.dg/specs/atomic1.ads  (test for errors, line 13)
XPASS: gnat.dg/specs/atomic1.ads  (test for errors, line 9)
XPASS: gnat.dg/specs/atomic1.ads  (test for errors, line 9)
FAIL: gnat.dg/specs/pack11.ads (test for excess errors)
FAIL: gnat.dg/specs/pack11.ads (test for excess errors)
FAIL: gnat.dg/specs/pack11.ads 3 blank line(s) in output
FAIL: gnat.dg/specs/pack11.ads 3 blank line(s) in output

		=== gnat Summary ===

# of expected passes		5250
# of unexpected failures	14
# of unexpected successes	4
# of expected failures		48
# of unsupported tests		42
/build/gcc-snapshot-G2tuxT/gcc-snapshot-20180107/build/gcc/gnatmake version 8.0.0 20180107 (experimental) [trunk revision 256322]

		=== go tests ===


Running target unix
FAIL: ./index0-out.go execution,  -O0 -g -fno-var-tracking-assignments 
FAIL: ./index0-out.go execution,  -O0 -g -fno-var-tracking-assignments 
FAIL: go.test/test/cmplxdivide.go
FAIL: go.test/test/cmplxdivide.go
FAIL: go.test/test/nilptr.go execution,  -O2 -g 
FAIL: go.test/test/nilptr.go execution,  -O2 -g 
WARNING: program timed out
WARNING: program timed out

		=== go Summary ===

# of expected passes		14482
# of unexpected failures	6
# of expected failures		2
# of untested testcases		20
# of unsupported tests		6
/build/gcc-snapshot-G2tuxT/gcc-snapshot-20180107/build/gcc/gccgo  version 8.0.0 20180107 (experimental) [trunk revision 256322] (Debian 20180107-1) 

		=== obj-c++ tests ===


Running target unix

		=== obj-c++ Summary for unix ===

# of expected passes		1456
# of expected failures		10
# of unsupported tests		77

Running target unix

		=== obj-c++ Summary for unix ===

# of expected passes		1456
# of expected failures		10
# of unsupported tests		77

		=== obj-c++ Summary ===

# of expected passes		2912
# of expected failures		20
# of unsupported tests		154
/build/gcc-snapshot-G2tuxT/gcc-snapshot-20180107/build/gcc/xg++  version 8.0.0 20180107 (experimental) [trunk revision 256322] (Debian 20180107-1) 

		=== objc tests ===


Running target unix

		=== objc Summary ===

# of expected passes		5606
# of unsupported tests		136
/build/gcc-snapshot-G2tuxT/gcc-snapshot-20180107/build/gcc/xgcc  version 8.0.0 20180107 (experimental) [trunk revision 256322] (Debian 20180107-1) 

		=== gotools tests ===

FAIL: go test runtime
FAIL: TestSigaltstack
FAIL: go test misc/cgo/testcarchive

		=== gotools Summary ===
# of expected passes		184
# of unexpected failures	3
# of untested testcases		251
/build/gcc-snapshot-G2tuxT/gcc-snapshot-20180107/build/./gcc/gccgo version 8.0.0 20180107 (experimental) [trunk revision 256322] (Debian 20180107-1)

		=== libatomic tests ===


Running target unix

		=== libatomic Summary for unix ===

# of expected passes		54

Running target unix

		=== libatomic Summary for unix ===

# of expected passes		54

		=== libatomic Summary ===

# of expected passes		108
		=== libffi tests ===


Running target unix
FAIL: libffi.call/cls_longdouble_va.c -W -Wall -Wno-psabi -O0 output pattern test
FAIL: libffi.call/cls_longdouble_va.c -W -Wall -Wno-psabi -O2 output pattern test
FAIL: libffi.call/cls_longdouble_va.c -W -Wall -Wno-psabi -O3 output pattern test
FAIL: libffi.call/cls_longdouble_va.c -W -Wall -Wno-psabi -Os output pattern test
FAIL: libffi.call/cls_longdouble_va.c -W -Wall -Wno-psabi -O2 -fomit-frame-pointer output pattern test

		=== libffi Summary for unix ===

# of expected passes		1929
# of unexpected failures	5
# of unsupported tests		28

Running target unix
FAIL: libffi.call/cls_longdouble_va.c -W -Wall -Wno-psabi -O0 output pattern test
FAIL: libffi.call/cls_longdouble_va.c -W -Wall -Wno-psabi -O2 output pattern test
FAIL: libffi.call/cls_longdouble_va.c -W -Wall -Wno-psabi -O3 output pattern test
FAIL: libffi.call/cls_longdouble_va.c -W -Wall -Wno-psabi -Os output pattern test
FAIL: libffi.call/cls_longdouble_va.c -W -Wall -Wno-psabi -O2 -fomit-frame-pointer output pattern test

		=== libffi Summary for unix ===

# of expected passes		1929
# of unexpected failures	5
# of unsupported tests		28

		=== libffi Summary ===

# of expected passes		3858
# of unexpected failures	10
# of unsupported tests		56
		=== libgo tests ===


Running target unix
FAIL: math

		=== libgo Summary for unix ===

# of expected passes		154
# of unexpected failures	1

Running target unix/-mabi=n32
FAIL: math
FAIL: reflect
FAIL: runtime
FAIL: net/http/httptrace

		=== libgo Summary for unix/-mabi=n32 ===

# of expected passes		151
# of unexpected failures	4

Running target unix/-mabi=32
FAIL: math
FAIL: runtime
FAIL: sync/atomic
FAIL: testing/quick

		=== libgo Summary for unix/-mabi=32 ===

# of expected passes		151
# of unexpected failures	4

		=== libgo Summary ===

# of expected passes		456
# of unexpected failures	9
/build/gcc-snapshot-G2tuxT/gcc-snapshot-20180107/build/./gcc/gccgo version 8.0.0 20180107 (experimental) [trunk revision 256322] (Debian 20180107-1)

		=== libgomp tests ===


Running target unix
FAIL: libgomp.graphite/force-parallel-1.c scan-tree-dump-times graphite "2 loops carried no dependency" 1 (found 0 times)
FAIL: libgomp.graphite/force-parallel-1.c scan-tree-dump-times optimized "loopfn" 8 (found 12 times)

		=== libgomp Summary for unix ===

# of expected passes		5257
# of unexpected failures	2
# of unsupported tests		351

Running target unix
FAIL: libgomp.graphite/force-parallel-1.c scan-tree-dump-times graphite "2 loops carried no dependency" 1 (found 0 times)
FAIL: libgomp.graphite/force-parallel-1.c scan-tree-dump-times optimized "loopfn" 8 (found 12 times)

		=== libgomp Summary for unix ===

# of expected passes		5257
# of unexpected failures	2
# of unsupported tests		351

		=== libgomp Summary ===

# of expected passes		10514
# of unexpected failures	4
# of unsupported tests		702
		=== libstdc++ tests ===


Running target unix
FAIL: libstdc++-abi/abi_check
FAIL: libstdc++-abi/abi_check
FAIL: 22_locale/time_get/get_date/wchar_t/4.cc execution test
FAIL: 22_locale/time_get/get_date/wchar_t/4.cc execution test
FAIL: 27_io/filesystem/operations/last_write_time.cc execution test
FAIL: 27_io/filesystem/operations/last_write_time.cc execution test
FAIL: experimental/filesystem/operations/last_write_time.cc execution test
FAIL: experimental/filesystem/operations/last_write_time.cc execution test

		=== libstdc++ Summary ===

# of expected passes		25030
# of unexpected failures	8
# of expected failures		140
# of unsupported tests		608

Compiler version: 8.0.0 20180107 (experimental) [trunk revision 256322] (Debian 20180107-1) 
Platform: mips64el-unknown-linux-gnuabi64
configure flags: -v --with-pkgversion='Debian 20180107-1' --with-bugurl=file:///usr/share/doc/gcc-snapshot/README.Bugs --enable-languages=c,ada,c++,go,fortran,objc,obj-c++ --prefix=/usr/lib/gcc-snapshot --with-gcc-major-version-only --program-prefix= --enable-shared --enable-linker-build-id --disable-nls --with-sysroot=/ --enable-clocale=gnu --enable-libstdcxx-debug --enable-libstdcxx-time=yes --with-default-libstdcxx-abi=new --enable-gnu-unique-object --disable-libitm --disable-libsanitizer --disable-libquadmath --enable-plugin --with-system-zlib --enable-objc-gc=auto --enable-multiarch --disable-werror --enable-multilib --with-mips-plt --with-arch-64=mips64r2 --with-madd4=no --enable-targets=all --with-arch-32=mips32r2 --with-fp-32=xx --enable-checking=yes --build=mips64el-linux-gnuabi64 --host=mips64el-linux-gnuabi64 --target=mips64el-linux-gnuabi64
BOOT_CFLAGS=


Build Dependencies:
Desired=Unknown/Install/Remove/Purge/Hold
| Status=Not/Inst/Conf-files/Unpacked/halF-conf/Half-inst/trig-aWait/Trig-pend
|/ Err?=(none)/Reinst-required (Status,Err: uppercase=bad)
||/ Name                             Version          Architecture Description
+++-================================-================-============-===============================================================================
ii  binutils                         2.29.1-13        mips64el     GNU assembler, linker and binary utilities
ii  binutils-common:mips64el         2.29.1-13        mips64el     Common files for the GNU assembler, linker and binary utilities
ii  binutils-mips64el-linux-gnuabi64 2.29.1-13        mips64el     GNU binary utilities, for mips64el-linux-gnuabi64 target
ii  g++-7                            7.2.0-19         mips64el     GNU C++ compiler
ii  g++-7-multilib                   7.2.0-19         mips64el     GNU C++ compiler (multilib support)
ii  g++-multilib                     4:7.2.0-1d1      mips64el     GNU C++ compiler (multilib files)
ii  libc6:mips64el                   2.26-2           mips64el     GNU C Library: Shared libraries
ii  libgmp-dev:mips64el              2:6.1.2+dfsg-1.1 mips64el     Multiprecision arithmetic library developers tools
ii  libisl-dev:mips64el              0.18-1           mips64el     manipulating sets and relations of integer points bounded by linear constraints
ii  libmpc-dev:mips64el              1.0.3-2          mips64el     multiple precision complex floating-point library development package
ii  libmpfr-dev:mips64el             3.1.6-1          mips64el     multiple precision floating-point computation developers tools


sys-auxv-header:
  Check for the sys/auxv.h header file.

arm-multilib-soft:
  ARM hard/soft float multilib support

arm-multilib-defaults:
  Set MULTILIB_DEFAULTS for ARM multilib builds

src_gcc_config_i386_gnu.h:

src_libgo_build:

src_libgo_runtime:

src_libgo_go_crypto:

src_libgo_go_net:

src_libgo_go_os:

src_libgo_go_runtime:

src_libgo_go_syscall:

src_libgo_go_go_build_syslist.go:

add-gnu-to-libgo-headers:

add-gnu-to-libgo-test-headers:

src_libgo_go_syscall_syscall_gnu_test.go:

src_libgo_testsuite_gotest:

gcc-ice-dump:
  For ICEs, dump the preprocessed source file to stderr
  when in a distro build environment.

gcc-ice-apport:
  Report an ICE to apport (if apport is available
  and the environment variable GCC_NOAPPORT is not set)

skip-bootstrap-multilib:
  Skip non-default multilib and libstdc++-v3 debug builds in bootstrap builds

libffi-ro-eh_frame_sect:
  PR libffi/47248, force a read only eh frame section.

libffi-mips:
  Backport Mips go closure support, taken from libffi issue #197.

ada-kfreebsd:

ada-drop-termio-h:

gcc-multiarch:
  - Remaining multiarch patches, not yet submitted upstream.
  - Add MULTIARCH_DIRNAME definitions for multilib configurations,
  which are used for the non-multilib builds.

config-ml:
  - Disable some biarch libraries for biarch builds.
  - Fix multilib builds on kernels which don't support all multilibs.

gcc-multilib-multiarch:
  Don't auto-detect multilib osdirnames.

libgomp-kfreebsd-testsuite:
  Disable lock-2.c test on kfreebsd-*

go-testsuite:
  Skip Go testcase on AArch64 which hangs on the buildds.

ada-749574:

ada-changes-in-autogen-output:

Counting all warnings,
there are 0 warnings in stage3 of this bootstrap.

Number of warnings per file:

Number of warning types:


Index Nav: [Date Index] [Subject Index] [Author Index] [Thread Index]
Message Nav: [Date Prev] [Date Next] [Thread Prev] [Thread Next]