This is the mail archive of the gcc-testresults@gcc.gnu.org mailing list for the GCC project.


Index Nav: [Date Index] [Subject Index] [Author Index] [Thread Index]
Message Nav: [Date Prev] [Date Next] [Thread Prev] [Thread Next]
Other format: [Raw text]

Results for 8.0.0 20180110 (experimental) [trunk revision 256415] (GCC) testsuite on x86_64-pc-linux-gnu


Native configuration is x86_64-pc-linux-gnu

		=== gcc tests ===


Running target unix
FAIL: gcc.dg/20050503-1.c scan-assembler-not call
XPASS: gcc.dg/pr78768.c -Wformat-overflow (test for warnings, line 12)
FAIL: gcc.dg/stack-layout-dynamic-1.c scan-assembler-not cfi_def_cfa_register
FAIL: gcc.dg/graphite/interchange-3.c scan-tree-dump graphite "tiled"
FAIL: gcc.dg/graphite/interchange-7.c scan-tree-dump graphite "tiled"
FAIL: gcc.dg/graphite/interchange-9.c scan-tree-dump graphite "tiled"
FAIL: gcc.dg/graphite/uns-interchange-9.c scan-tree-dump graphite "tiled"
XPASS: gcc.dg/guality/example.c   -O0  execution test
XPASS: gcc.dg/guality/example.c   -O1  execution test
XPASS: gcc.dg/guality/example.c   -O3 -g  execution test
XPASS: gcc.dg/guality/guality.c   -O0  execution test
XPASS: gcc.dg/guality/guality.c   -O1  execution test
XPASS: gcc.dg/guality/guality.c   -O2  execution test
XPASS: gcc.dg/guality/guality.c   -O2 -flto -fno-use-linker-plugin -flto-partition=none  execution test
XPASS: gcc.dg/guality/guality.c   -O2 -flto -fuse-linker-plugin -fno-fat-lto-objects  execution test
XPASS: gcc.dg/guality/guality.c   -O3 -g  execution test
XPASS: gcc.dg/guality/guality.c   -Os  execution test
XPASS: gcc.dg/guality/inline-params-2.c   -O2 -flto -fuse-linker-plugin -fno-fat-lto-objects  execution test
XPASS: gcc.dg/guality/inline-params.c   -O2  execution test
XPASS: gcc.dg/guality/inline-params.c   -O2 -flto -fno-use-linker-plugin -flto-partition=none  execution test
XPASS: gcc.dg/guality/inline-params.c   -O2 -flto -fuse-linker-plugin -fno-fat-lto-objects  execution test
XPASS: gcc.dg/guality/inline-params.c   -O3 -g  execution test
XPASS: gcc.dg/guality/inline-params.c   -Os  execution test
XPASS: gcc.dg/guality/pr41353-1.c   -O0  line 28 j == 28 + 37
FAIL: gcc.dg/guality/pr41616-1.c   -O2 -flto -fuse-linker-plugin -fno-fat-lto-objects  execution test
FAIL: gcc.dg/guality/pr41616-1.c   -O3 -g  execution test
FAIL: gcc.dg/guality/pr43051-1.c   -O2 -flto -fno-use-linker-plugin -flto-partition=none  line 34 c == &a[0]
FAIL: gcc.dg/guality/pr43051-1.c   -O2 -flto -fno-use-linker-plugin -flto-partition=none  line 36 e == &a[1]
FAIL: gcc.dg/guality/pr43051-1.c   -O2 -flto -fno-use-linker-plugin -flto-partition=none  line 39 c == &a[0]
FAIL: gcc.dg/guality/pr43051-1.c   -O2 -flto -fno-use-linker-plugin -flto-partition=none  line 41 e == &a[1]
FAIL: gcc.dg/guality/pr43051-1.c   -O2 -flto -fuse-linker-plugin -fno-fat-lto-objects  line 34 c == &a[0]
FAIL: gcc.dg/guality/pr43051-1.c   -O2 -flto -fuse-linker-plugin -fno-fat-lto-objects  line 36 e == &a[1]
FAIL: gcc.dg/guality/pr43051-1.c   -O2 -flto -fuse-linker-plugin -fno-fat-lto-objects  line 39 c == &a[0]
FAIL: gcc.dg/guality/pr43051-1.c   -O2 -flto -fuse-linker-plugin -fno-fat-lto-objects  line 41 e == &a[1]
FAIL: gcc.dg/guality/pr45882.c   -O2 -flto -fno-use-linker-plugin -flto-partition=none  line 16 b == 7
FAIL: gcc.dg/guality/pr45882.c   -O2 -flto -fno-use-linker-plugin -flto-partition=none  line 16 c == 11
FAIL: gcc.dg/guality/pr45882.c   -O2 -flto -fno-use-linker-plugin -flto-partition=none  line 16 d == 112
FAIL: gcc.dg/guality/pr45882.c   -O2 -flto -fno-use-linker-plugin -flto-partition=none  line 16 e == 142
FAIL: gcc.dg/guality/pr45882.c   -O2 -flto -fuse-linker-plugin -fno-fat-lto-objects  line 16 b == 7
FAIL: gcc.dg/guality/pr45882.c   -O2 -flto -fuse-linker-plugin -fno-fat-lto-objects  line 16 c == 11
FAIL: gcc.dg/guality/pr45882.c   -O2 -flto -fuse-linker-plugin -fno-fat-lto-objects  line 16 d == 112
FAIL: gcc.dg/guality/pr45882.c   -O2 -flto -fuse-linker-plugin -fno-fat-lto-objects  line 16 e == 142
FAIL: gcc.dg/guality/pr54519-1.c   -O2 -flto -fno-use-linker-plugin -flto-partition=none  line 20 y == 25
FAIL: gcc.dg/guality/pr54519-1.c   -O2 -flto -fno-use-linker-plugin -flto-partition=none  line 20 z == 6
FAIL: gcc.dg/guality/pr54519-1.c   -O2 -flto -fno-use-linker-plugin -flto-partition=none  line 23 y == 117
FAIL: gcc.dg/guality/pr54519-1.c   -O2 -flto -fno-use-linker-plugin -flto-partition=none  line 23 z == 8
FAIL: gcc.dg/guality/pr54519-2.c   -O2 -flto -fno-use-linker-plugin -flto-partition=none  line 17 y == 25
FAIL: gcc.dg/guality/pr54519-2.c   -O2 -flto -fuse-linker-plugin -fno-fat-lto-objects  line 17 y == 25
FAIL: gcc.dg/guality/pr54519-3.c   -O2 -flto -fno-use-linker-plugin -flto-partition=none  line 20 y == 25
FAIL: gcc.dg/guality/pr54519-3.c   -O2 -flto -fno-use-linker-plugin -flto-partition=none  line 20 z == 6
FAIL: gcc.dg/guality/pr54519-3.c   -O2 -flto -fno-use-linker-plugin -flto-partition=none  line 23 y == 117
FAIL: gcc.dg/guality/pr54519-3.c   -O2 -flto -fno-use-linker-plugin -flto-partition=none  line 23 z == 8
FAIL: gcc.dg/guality/pr54519-3.c   -O2 -flto -fuse-linker-plugin -fno-fat-lto-objects  line 20 y == 25
FAIL: gcc.dg/guality/pr54519-3.c   -O2 -flto -fuse-linker-plugin -fno-fat-lto-objects  line 20 z == 6
FAIL: gcc.dg/guality/pr54519-3.c   -O2 -flto -fuse-linker-plugin -fno-fat-lto-objects  line 23 y == 117
FAIL: gcc.dg/guality/pr54519-3.c   -O2 -flto -fuse-linker-plugin -fno-fat-lto-objects  line 23 z == 8
FAIL: gcc.dg/guality/pr54519-4.c   -O2 -flto -fno-use-linker-plugin -flto-partition=none  line 17 y == 25
FAIL: gcc.dg/guality/pr54519-4.c   -O2 -flto -fuse-linker-plugin -fno-fat-lto-objects  line 17 y == 25
FAIL: gcc.dg/guality/pr54519-5.c   -O2 -flto -fno-use-linker-plugin -flto-partition=none  line 17 y == 25
FAIL: gcc.dg/guality/pr54519-5.c   -O2 -flto -fuse-linker-plugin -fno-fat-lto-objects  line 17 y == 25
XPASS: gcc.dg/guality/pr54970.c   -O0  line 31 a[0] == 4
XPASS: gcc.dg/guality/pr54970.c   -O0  line 36 a[0] == 4
XPASS: gcc.dg/guality/pr54970.c   -O0  line 45 a[0] == 4
XPASS: gcc.dg/guality/pr54970.c   -O0  line 45 p[-2] == 4
XPASS: gcc.dg/guality/pr54970.c   -O0  line 45 q[-1] == 4
FAIL: gcc.dg/guality/pr68037-1.c   -O2  line 33 error == 0x12345670
FAIL: gcc.dg/guality/pr68037-1.c   -O2  line 33 frame->cs == 0x12345672
FAIL: gcc.dg/guality/pr68037-1.c   -O2  line 33 frame->flags == 0x12345673
FAIL: gcc.dg/guality/pr68037-1.c   -O2  line 33 frame->ip == 0x12345671
FAIL: gcc.dg/guality/pr68037-1.c   -O2  line 33 frame->sp == 0x12345674
FAIL: gcc.dg/guality/pr68037-1.c   -O2  line 33 frame->ss == 0x12345675
FAIL: gcc.dg/guality/pr68037-1.c   -O2 -flto -fno-use-linker-plugin -flto-partition=none  line 33 error == 0x12345670
FAIL: gcc.dg/guality/pr68037-1.c   -O2 -flto -fno-use-linker-plugin -flto-partition=none  line 33 frame->cs == 0x12345672
FAIL: gcc.dg/guality/pr68037-1.c   -O2 -flto -fno-use-linker-plugin -flto-partition=none  line 33 frame->flags == 0x12345673
FAIL: gcc.dg/guality/pr68037-1.c   -O2 -flto -fno-use-linker-plugin -flto-partition=none  line 33 frame->ip == 0x12345671
FAIL: gcc.dg/guality/pr68037-1.c   -O2 -flto -fno-use-linker-plugin -flto-partition=none  line 33 frame->sp == 0x12345674
FAIL: gcc.dg/guality/pr68037-1.c   -O2 -flto -fno-use-linker-plugin -flto-partition=none  line 33 frame->ss == 0x12345675
FAIL: gcc.dg/guality/pr68037-1.c   -O2 -flto -fuse-linker-plugin -fno-fat-lto-objects  line 33 error == 0x12345670
FAIL: gcc.dg/guality/pr68037-1.c   -O2 -flto -fuse-linker-plugin -fno-fat-lto-objects  line 33 frame->cs == 0x12345672
FAIL: gcc.dg/guality/pr68037-1.c   -O2 -flto -fuse-linker-plugin -fno-fat-lto-objects  line 33 frame->flags == 0x12345673
FAIL: gcc.dg/guality/pr68037-1.c   -O2 -flto -fuse-linker-plugin -fno-fat-lto-objects  line 33 frame->ip == 0x12345671
FAIL: gcc.dg/guality/pr68037-1.c   -O2 -flto -fuse-linker-plugin -fno-fat-lto-objects  line 33 frame->sp == 0x12345674
FAIL: gcc.dg/guality/pr68037-1.c   -O2 -flto -fuse-linker-plugin -fno-fat-lto-objects  line 33 frame->ss == 0x12345675
FAIL: gcc.dg/guality/pr68037-1.c   -O3 -g  line 33 error == 0x12345670
FAIL: gcc.dg/guality/pr68037-1.c   -O3 -g  line 33 frame->cs == 0x12345672
FAIL: gcc.dg/guality/pr68037-1.c   -O3 -g  line 33 frame->flags == 0x12345673
FAIL: gcc.dg/guality/pr68037-1.c   -O3 -g  line 33 frame->ip == 0x12345671
FAIL: gcc.dg/guality/pr68037-1.c   -O3 -g  line 33 frame->sp == 0x12345674
FAIL: gcc.dg/guality/pr68037-1.c   -O3 -g  line 33 frame->ss == 0x12345675
FAIL: gcc.dg/guality/pr68037-1.c   -Os  line 33 error == 0x12345670
FAIL: gcc.dg/guality/pr68037-1.c   -Os  line 33 frame->cs == 0x12345672
FAIL: gcc.dg/guality/pr68037-1.c   -Os  line 33 frame->flags == 0x12345673
FAIL: gcc.dg/guality/pr68037-1.c   -Os  line 33 frame->ip == 0x12345671
FAIL: gcc.dg/guality/pr68037-1.c   -Os  line 33 frame->sp == 0x12345674
FAIL: gcc.dg/guality/pr68037-1.c   -Os  line 33 frame->ss == 0x12345675
FAIL: gcc.dg/guality/pr68860-1.c   -O2 -flto -fno-use-linker-plugin -flto-partition=none  line 14 arg1 == 1
FAIL: gcc.dg/guality/pr68860-1.c   -O2 -flto -fno-use-linker-plugin -flto-partition=none  line 14 arg2 == 2
FAIL: gcc.dg/guality/pr68860-1.c   -O2 -flto -fno-use-linker-plugin -flto-partition=none  line 14 arg3 == 3
FAIL: gcc.dg/guality/pr68860-1.c   -O2 -flto -fno-use-linker-plugin -flto-partition=none  line 14 arg4 == 4
FAIL: gcc.dg/guality/pr68860-1.c   -O2 -flto -fno-use-linker-plugin -flto-partition=none  line 14 arg5 == 5
FAIL: gcc.dg/guality/pr68860-1.c   -O2 -flto -fno-use-linker-plugin -flto-partition=none  line 14 arg6 == 6
FAIL: gcc.dg/guality/pr68860-1.c   -O2 -flto -fno-use-linker-plugin -flto-partition=none  line 16 arg1 == 1
FAIL: gcc.dg/guality/pr68860-1.c   -O2 -flto -fno-use-linker-plugin -flto-partition=none  line 16 arg2 == 2
FAIL: gcc.dg/guality/pr68860-1.c   -O2 -flto -fno-use-linker-plugin -flto-partition=none  line 16 arg3 == 3
FAIL: gcc.dg/guality/pr68860-1.c   -O2 -flto -fno-use-linker-plugin -flto-partition=none  line 16 arg4 == 4
FAIL: gcc.dg/guality/pr68860-1.c   -O2 -flto -fno-use-linker-plugin -flto-partition=none  line 16 arg5 == 5
FAIL: gcc.dg/guality/pr68860-1.c   -O2 -flto -fno-use-linker-plugin -flto-partition=none  line 16 arg6 == 6
FAIL: gcc.dg/guality/pr68860-1.c   -O2 -flto -fuse-linker-plugin -fno-fat-lto-objects  line 14 arg1 == 1
FAIL: gcc.dg/guality/pr68860-1.c   -O2 -flto -fuse-linker-plugin -fno-fat-lto-objects  line 14 arg2 == 2
FAIL: gcc.dg/guality/pr68860-1.c   -O2 -flto -fuse-linker-plugin -fno-fat-lto-objects  line 14 arg3 == 3
FAIL: gcc.dg/guality/pr68860-1.c   -O2 -flto -fuse-linker-plugin -fno-fat-lto-objects  line 14 arg4 == 4
FAIL: gcc.dg/guality/pr68860-1.c   -O2 -flto -fuse-linker-plugin -fno-fat-lto-objects  line 14 arg5 == 5
FAIL: gcc.dg/guality/pr68860-1.c   -O2 -flto -fuse-linker-plugin -fno-fat-lto-objects  line 14 arg6 == 6
FAIL: gcc.dg/guality/pr68860-1.c   -O2 -flto -fuse-linker-plugin -fno-fat-lto-objects  line 16 arg1 == 1
FAIL: gcc.dg/guality/pr68860-1.c   -O2 -flto -fuse-linker-plugin -fno-fat-lto-objects  line 16 arg2 == 2
FAIL: gcc.dg/guality/pr68860-1.c   -O2 -flto -fuse-linker-plugin -fno-fat-lto-objects  line 16 arg3 == 3
FAIL: gcc.dg/guality/pr68860-1.c   -O2 -flto -fuse-linker-plugin -fno-fat-lto-objects  line 16 arg4 == 4
FAIL: gcc.dg/guality/pr68860-1.c   -O2 -flto -fuse-linker-plugin -fno-fat-lto-objects  line 16 arg5 == 5
FAIL: gcc.dg/guality/pr68860-1.c   -O2 -flto -fuse-linker-plugin -fno-fat-lto-objects  line 16 arg6 == 6
FAIL: gcc.dg/guality/vla-1.c   -O1  line 17 sizeof (a) == 6
FAIL: gcc.dg/guality/vla-1.c   -O2  line 17 sizeof (a) == 6
FAIL: gcc.dg/guality/vla-1.c   -O2 -flto -fno-use-linker-plugin -flto-partition=none  line 17 sizeof (a) == 6
FAIL: gcc.dg/guality/vla-1.c   -O2 -flto -fno-use-linker-plugin -flto-partition=none  line 24 sizeof (a) == 17 * sizeof (short)
FAIL: gcc.dg/guality/vla-1.c   -O2 -flto -fuse-linker-plugin -fno-fat-lto-objects  line 17 sizeof (a) == 6
FAIL: gcc.dg/guality/vla-1.c   -O2 -flto -fuse-linker-plugin -fno-fat-lto-objects  line 24 sizeof (a) == 17 * sizeof (short)
FAIL: gcc.dg/guality/vla-1.c   -O3 -g  line 17 sizeof (a) == 6
FAIL: gcc.dg/guality/vla-1.c   -Os  line 17 sizeof (a) == 6
FAIL: gcc.dg/ipa/inline-2.c scan-ipa-dump inline "op2 change 10.000000. of time"
FAIL: gcc.dg/ipa/inline-3.c scan-ipa-dump inline "Scaling time by probability:0.100000"
UNRESOLVED: gcc.dg/lto/chkp-ctor-merge c_lto_chkp-ctor-merge_0.o-c_lto_chkp-ctor-merge_0.o execute  -O2 -flto -fcheck-pointer-bounds -mmpx -nodefaultlibs -lc 
FAIL: gcc.dg/lto/chkp-ctor-merge c_lto_chkp-ctor-merge_0.o-c_lto_chkp-ctor-merge_0.o link,  -O2 -flto -fcheck-pointer-bounds -mmpx -nodefaultlibs -lc  (internal compiler error)
FAIL: gcc.dg/tree-ssa/ssa-dom-cse-2.c scan-tree-dump optimized "return 28;"
FAIL: gcc.dg/vect/costmodel/i386/costmodel-vect-31.c scan-tree-dump-times vect "vectorized 4 loops" 1 (found 0 times)
FAIL: gcc.dg/vect/costmodel/i386/costmodel-vect-reduc-1char.c scan-tree-dump-times vect "vectorization not profitable" 0 (found 3 times)
FAIL: gcc.dg/vect/costmodel/i386/costmodel-vect-reduc-1char.c scan-tree-dump-times vect "vectorized 3 loops" 1 (found 0 times)
FAIL: gcc.dg/vect/costmodel/x86_64/costmodel-vect-31.c scan-tree-dump-times vect "vectorized 4 loops" 1 (found 0 times)
FAIL: gcc.dg/vect/costmodel/x86_64/costmodel-vect-reduc-1char.c scan-tree-dump-times vect "vectorization not profitable" 0 (found 3 times)
FAIL: gcc.dg/vect/costmodel/x86_64/costmodel-vect-reduc-1char.c scan-tree-dump-times vect "vectorized 3 loops" 1 (found 0 times)
FAIL: gcc.dg/vect/costmodel/x86_64/costmodel-vect-slp.c scan-tree-dump slp2 "basic block vectorized"
FAIL: gcc.dg/vect/costmodel/x86_64/costmodel-vect-slp.c scan-tree-dump-not slp2 "vectorization is not profitable"
FAIL: gcc.dg/vect/slp-perm-9.c -flto -ffat-lto-objects  scan-tree-dump-times vect "vectorized 0 loops" 2 (found 1 times)
FAIL: gcc.dg/vect/slp-perm-9.c scan-tree-dump-times vect "vectorized 0 loops" 2 (found 1 times)
FAIL: gcc.target/i386/avx2-vect-shift.c scan-tree-dump vect "LOOP VECTORIZED"
FAIL: gcc.target/i386/avx2-vpaddq-3.c scan-assembler-times vpaddq[ \\\\t]+[^\\n]*%ymm[0-9] 1 (found 0 times)
FAIL: gcc.target/i386/avx2-vpsubq-3.c scan-assembler-times vpsubq[ \\\\t]+[^\\n]*%ymm[0-9] 1 (found 0 times)
FAIL: gcc.target/i386/pr42542-4a.c scan-assembler pcmpgtq
FAIL: gcc.target/i386/pr42542-5a.c scan-assembler pcmpgtq
FAIL: gcc.target/i386/pr60451.c scan-assembler packuswb|vpunpck
FAIL: gcc.target/i386/pr78899.c scan-assembler vpadd
FAIL: gcc.target/i386/pr78899.c scan-assembler vpmaskmov
FAIL: gcc.target/i386/pr79690.c scan-assembler mov[au]p.[ \\t][^,]+, %gs:
FAIL: gcc.target/i386/pr79723.c scan-assembler mov[au]p.[ \\t][^,]+, %gs:
FAIL: gcc.target/i386/rotate-3.c scan-tree-dump-times vect "vectorized 1 loops" 1 (found 0 times)
FAIL: gcc.target/i386/rotate-4.c scan-tree-dump-times vect "vectorized 1 loops" 1 (found 0 times)
FAIL: gcc.target/i386/rotate-5.c scan-tree-dump-times vect "vectorized 1 loops" 1 (found 0 times)
FAIL: gcc.target/i386/vect-abs-s16.c scan-tree-dump-times vect "vectorized 1 loops" 1 (found 0 times)
FAIL: gcc.target/i386/vect-abs-s32.c scan-tree-dump-times vect "vectorized 1 loops" 1 (found 0 times)
FAIL: gcc.target/i386/vect-abs-s8.c scan-tree-dump-times vect "vectorized 1 loops" 1 (found 0 times)
FAIL: gcc.target/i386/vect-pr67800.c scan-tree-dump vect "vectorized 1 loops"
FAIL: gcc.target/i386/xop-imul32widen-vector.c scan-assembler vpmacsdqh
FAIL: gcc.target/i386/xop-imul32widen-vector.c scan-assembler vpmuldq

		=== gcc Summary for unix ===

# of expected passes		136840
# of unexpected failures	137
# of unexpected successes	23
# of expected failures		436
# of unresolved testcases	1
# of unsupported tests		2226

Running target unix/-m32
XPASS: gcc.dg/pr78768.c -Wformat-overflow (test for warnings, line 12)
FAIL: gcc.dg/stack-layout-dynamic-1.c scan-assembler-not cfi_def_cfa_register
FAIL: gcc.dg/graphite/interchange-3.c scan-tree-dump graphite "tiled"
FAIL: gcc.dg/graphite/interchange-7.c scan-tree-dump graphite "tiled"
FAIL: gcc.dg/graphite/interchange-9.c scan-tree-dump graphite "tiled"
FAIL: gcc.dg/graphite/uns-interchange-9.c scan-tree-dump graphite "tiled"
XPASS: gcc.dg/guality/example.c   -O0  execution test
XPASS: gcc.dg/guality/example.c   -O1  execution test
XPASS: gcc.dg/guality/guality.c   -O0  execution test
XPASS: gcc.dg/guality/guality.c   -O1  execution test
XPASS: gcc.dg/guality/guality.c   -O2  execution test
XPASS: gcc.dg/guality/guality.c   -O2 -flto -fno-use-linker-plugin -flto-partition=none  execution test
XPASS: gcc.dg/guality/guality.c   -O2 -flto -fuse-linker-plugin -fno-fat-lto-objects  execution test
XPASS: gcc.dg/guality/guality.c   -O3 -g  execution test
XPASS: gcc.dg/guality/guality.c   -Os  execution test
XPASS: gcc.dg/guality/inline-params-2.c   -O2 -flto -fuse-linker-plugin -fno-fat-lto-objects  execution test
XPASS: gcc.dg/guality/inline-params.c   -O2  execution test
XPASS: gcc.dg/guality/inline-params.c   -O2 -flto -fno-use-linker-plugin -flto-partition=none  execution test
XPASS: gcc.dg/guality/inline-params.c   -O2 -flto -fuse-linker-plugin -fno-fat-lto-objects  execution test
XPASS: gcc.dg/guality/inline-params.c   -O3 -g  execution test
XPASS: gcc.dg/guality/inline-params.c   -Os  execution test
XPASS: gcc.dg/guality/pr41353-1.c   -O0  line 28 j == 28 + 37
XPASS: gcc.dg/guality/pr41353-1.c   -Os  line 28 j == 28 + 37
FAIL: gcc.dg/guality/pr41447-1.c   -O2  execution test
FAIL: gcc.dg/guality/pr41447-1.c   -O2 -flto -fno-use-linker-plugin -flto-partition=none  execution test
FAIL: gcc.dg/guality/pr41447-1.c   -O3 -g  execution test
FAIL: gcc.dg/guality/pr41616-1.c   -O2 -flto -fuse-linker-plugin -fno-fat-lto-objects  execution test
FAIL: gcc.dg/guality/pr41616-1.c   -O3 -g  execution test
FAIL: gcc.dg/guality/pr54519-1.c   -O2 -flto -fno-use-linker-plugin -flto-partition=none  line 20 y == 25
FAIL: gcc.dg/guality/pr54519-1.c   -O2 -flto -fno-use-linker-plugin -flto-partition=none  line 20 z == 6
FAIL: gcc.dg/guality/pr54519-1.c   -O2 -flto -fno-use-linker-plugin -flto-partition=none  line 23 y == 117
FAIL: gcc.dg/guality/pr54519-1.c   -O2 -flto -fno-use-linker-plugin -flto-partition=none  line 23 z == 8
FAIL: gcc.dg/guality/pr54519-2.c   -O2 -flto -fno-use-linker-plugin -flto-partition=none  line 17 y == 25
FAIL: gcc.dg/guality/pr54519-2.c   -O2 -flto -fuse-linker-plugin -fno-fat-lto-objects  line 17 y == 25
FAIL: gcc.dg/guality/pr54519-3.c   -O2 -flto -fno-use-linker-plugin -flto-partition=none  line 20 y == 25
FAIL: gcc.dg/guality/pr54519-3.c   -O2 -flto -fno-use-linker-plugin -flto-partition=none  line 20 z == 6
FAIL: gcc.dg/guality/pr54519-3.c   -O2 -flto -fno-use-linker-plugin -flto-partition=none  line 23 y == 117
FAIL: gcc.dg/guality/pr54519-3.c   -O2 -flto -fno-use-linker-plugin -flto-partition=none  line 23 z == 8
FAIL: gcc.dg/guality/pr54519-3.c   -O2 -flto -fuse-linker-plugin -fno-fat-lto-objects  line 20 y == 25
FAIL: gcc.dg/guality/pr54519-3.c   -O2 -flto -fuse-linker-plugin -fno-fat-lto-objects  line 20 z == 6
FAIL: gcc.dg/guality/pr54519-3.c   -O2 -flto -fuse-linker-plugin -fno-fat-lto-objects  line 23 y == 117
FAIL: gcc.dg/guality/pr54519-3.c   -O2 -flto -fuse-linker-plugin -fno-fat-lto-objects  line 23 z == 8
FAIL: gcc.dg/guality/pr54519-4.c   -O2 -flto -fno-use-linker-plugin -flto-partition=none  line 17 y == 25
FAIL: gcc.dg/guality/pr54519-4.c   -O2 -flto -fuse-linker-plugin -fno-fat-lto-objects  line 17 y == 25
FAIL: gcc.dg/guality/pr54519-5.c   -O2 -flto -fno-use-linker-plugin -flto-partition=none  line 17 y == 25
FAIL: gcc.dg/guality/pr54519-5.c   -O2 -flto -fuse-linker-plugin -fno-fat-lto-objects  line 17 y == 25
FAIL: gcc.dg/guality/pr54693-2.c   -O3 -fomit-frame-pointer -funroll-loops -fpeel-loops -ftracer -finline-functions  line 21 i == v + 1
XPASS: gcc.dg/guality/pr54970.c   -O0  line 31 a[0] == 4
XPASS: gcc.dg/guality/pr54970.c   -O0  line 36 a[0] == 4
XPASS: gcc.dg/guality/pr54970.c   -O0  line 45 a[0] == 4
XPASS: gcc.dg/guality/pr54970.c   -O0  line 45 p[-2] == 4
XPASS: gcc.dg/guality/pr54970.c   -O0  line 45 q[-1] == 4
FAIL: gcc.dg/guality/pr68037-1.c   -O2  line 33 error == 0x12345670
FAIL: gcc.dg/guality/pr68037-1.c   -O2  line 33 frame->cs == 0x12345672
FAIL: gcc.dg/guality/pr68037-1.c   -O2  line 33 frame->flags == 0x12345673
FAIL: gcc.dg/guality/pr68037-1.c   -O2  line 33 frame->ip == 0x12345671
FAIL: gcc.dg/guality/pr68037-1.c   -O2  line 33 frame->sp == 0x12345674
FAIL: gcc.dg/guality/pr68037-1.c   -O2  line 33 frame->ss == 0x12345675
FAIL: gcc.dg/guality/pr68037-1.c   -O2 -flto -fno-use-linker-plugin -flto-partition=none  line 33 error == 0x12345670
FAIL: gcc.dg/guality/pr68037-1.c   -O2 -flto -fno-use-linker-plugin -flto-partition=none  line 33 frame->cs == 0x12345672
FAIL: gcc.dg/guality/pr68037-1.c   -O2 -flto -fno-use-linker-plugin -flto-partition=none  line 33 frame->flags == 0x12345673
FAIL: gcc.dg/guality/pr68037-1.c   -O2 -flto -fno-use-linker-plugin -flto-partition=none  line 33 frame->ip == 0x12345671
FAIL: gcc.dg/guality/pr68037-1.c   -O2 -flto -fno-use-linker-plugin -flto-partition=none  line 33 frame->sp == 0x12345674
FAIL: gcc.dg/guality/pr68037-1.c   -O2 -flto -fno-use-linker-plugin -flto-partition=none  line 33 frame->ss == 0x12345675
FAIL: gcc.dg/guality/pr68037-1.c   -O2 -flto -fuse-linker-plugin -fno-fat-lto-objects  line 33 error == 0x12345670
FAIL: gcc.dg/guality/pr68037-1.c   -O2 -flto -fuse-linker-plugin -fno-fat-lto-objects  line 33 frame->cs == 0x12345672
FAIL: gcc.dg/guality/pr68037-1.c   -O2 -flto -fuse-linker-plugin -fno-fat-lto-objects  line 33 frame->flags == 0x12345673
FAIL: gcc.dg/guality/pr68037-1.c   -O2 -flto -fuse-linker-plugin -fno-fat-lto-objects  line 33 frame->ip == 0x12345671
FAIL: gcc.dg/guality/pr68037-1.c   -O2 -flto -fuse-linker-plugin -fno-fat-lto-objects  line 33 frame->sp == 0x12345674
FAIL: gcc.dg/guality/pr68037-1.c   -O2 -flto -fuse-linker-plugin -fno-fat-lto-objects  line 33 frame->ss == 0x12345675
FAIL: gcc.dg/guality/pr68037-1.c   -O3 -g  line 33 error == 0x12345670
FAIL: gcc.dg/guality/pr68037-1.c   -O3 -g  line 33 frame->cs == 0x12345672
FAIL: gcc.dg/guality/pr68037-1.c   -O3 -g  line 33 frame->flags == 0x12345673
FAIL: gcc.dg/guality/pr68037-1.c   -O3 -g  line 33 frame->ip == 0x12345671
FAIL: gcc.dg/guality/pr68037-1.c   -O3 -g  line 33 frame->sp == 0x12345674
FAIL: gcc.dg/guality/pr68037-1.c   -O3 -g  line 33 frame->ss == 0x12345675
FAIL: gcc.dg/guality/pr68037-1.c   -Os  line 33 error == 0x12345670
FAIL: gcc.dg/guality/pr68037-1.c   -Os  line 33 frame->cs == 0x12345672
FAIL: gcc.dg/guality/pr68037-1.c   -Os  line 33 frame->flags == 0x12345673
FAIL: gcc.dg/guality/pr68037-1.c   -Os  line 33 frame->ip == 0x12345671
FAIL: gcc.dg/guality/pr68037-1.c   -Os  line 33 frame->sp == 0x12345674
FAIL: gcc.dg/guality/pr68037-1.c   -Os  line 33 frame->ss == 0x12345675
FAIL: gcc.dg/guality/pr68860-1.c   -O2 -flto -fno-use-linker-plugin -flto-partition=none  line 14 arg1 == 1
FAIL: gcc.dg/guality/pr68860-1.c   -O2 -flto -fno-use-linker-plugin -flto-partition=none  line 14 arg2 == 2
FAIL: gcc.dg/guality/pr68860-1.c   -O2 -flto -fno-use-linker-plugin -flto-partition=none  line 14 arg3 == 3
FAIL: gcc.dg/guality/pr68860-1.c   -O2 -flto -fno-use-linker-plugin -flto-partition=none  line 14 arg4 == 4
FAIL: gcc.dg/guality/pr68860-1.c   -O2 -flto -fno-use-linker-plugin -flto-partition=none  line 14 arg5 == 5
FAIL: gcc.dg/guality/pr68860-1.c   -O2 -flto -fno-use-linker-plugin -flto-partition=none  line 14 arg6 == 6
FAIL: gcc.dg/guality/pr68860-1.c   -O2 -flto -fno-use-linker-plugin -flto-partition=none  line 16 arg1 == 1
FAIL: gcc.dg/guality/pr68860-1.c   -O2 -flto -fno-use-linker-plugin -flto-partition=none  line 16 arg2 == 2
FAIL: gcc.dg/guality/pr68860-1.c   -O2 -flto -fno-use-linker-plugin -flto-partition=none  line 16 arg3 == 3
FAIL: gcc.dg/guality/pr68860-1.c   -O2 -flto -fno-use-linker-plugin -flto-partition=none  line 16 arg4 == 4
FAIL: gcc.dg/guality/pr68860-1.c   -O2 -flto -fno-use-linker-plugin -flto-partition=none  line 16 arg5 == 5
FAIL: gcc.dg/guality/pr68860-1.c   -O2 -flto -fno-use-linker-plugin -flto-partition=none  line 16 arg6 == 6
FAIL: gcc.dg/guality/pr68860-1.c   -O2 -flto -fuse-linker-plugin -fno-fat-lto-objects  line 14 arg1 == 1
FAIL: gcc.dg/guality/pr68860-1.c   -O2 -flto -fuse-linker-plugin -fno-fat-lto-objects  line 14 arg2 == 2
FAIL: gcc.dg/guality/pr68860-1.c   -O2 -flto -fuse-linker-plugin -fno-fat-lto-objects  line 14 arg3 == 3
FAIL: gcc.dg/guality/pr68860-1.c   -O2 -flto -fuse-linker-plugin -fno-fat-lto-objects  line 14 arg4 == 4
FAIL: gcc.dg/guality/pr68860-1.c   -O2 -flto -fuse-linker-plugin -fno-fat-lto-objects  line 14 arg5 == 5
FAIL: gcc.dg/guality/pr68860-1.c   -O2 -flto -fuse-linker-plugin -fno-fat-lto-objects  line 14 arg6 == 6
FAIL: gcc.dg/guality/pr68860-1.c   -O2 -flto -fuse-linker-plugin -fno-fat-lto-objects  line 16 arg1 == 1
FAIL: gcc.dg/guality/pr68860-1.c   -O2 -flto -fuse-linker-plugin -fno-fat-lto-objects  line 16 arg2 == 2
FAIL: gcc.dg/guality/pr68860-1.c   -O2 -flto -fuse-linker-plugin -fno-fat-lto-objects  line 16 arg3 == 3
FAIL: gcc.dg/guality/pr68860-1.c   -O2 -flto -fuse-linker-plugin -fno-fat-lto-objects  line 16 arg4 == 4
FAIL: gcc.dg/guality/pr68860-1.c   -O2 -flto -fuse-linker-plugin -fno-fat-lto-objects  line 16 arg5 == 5
FAIL: gcc.dg/guality/pr68860-1.c   -O2 -flto -fuse-linker-plugin -fno-fat-lto-objects  line 16 arg6 == 6
FAIL: gcc.dg/guality/vla-1.c   -O1  line 17 sizeof (a) == 6
FAIL: gcc.dg/guality/vla-1.c   -O2  line 17 sizeof (a) == 6
FAIL: gcc.dg/guality/vla-1.c   -O2 -flto -fno-use-linker-plugin -flto-partition=none  line 17 sizeof (a) == 6
FAIL: gcc.dg/guality/vla-1.c   -O2 -flto -fno-use-linker-plugin -flto-partition=none  line 24 sizeof (a) == 17 * sizeof (short)
FAIL: gcc.dg/guality/vla-1.c   -O2 -flto -fuse-linker-plugin -fno-fat-lto-objects  line 17 sizeof (a) == 6
FAIL: gcc.dg/guality/vla-1.c   -O2 -flto -fuse-linker-plugin -fno-fat-lto-objects  line 24 sizeof (a) == 17 * sizeof (short)
FAIL: gcc.dg/guality/vla-1.c   -O3 -g  line 17 sizeof (a) == 6
FAIL: gcc.dg/guality/vla-1.c   -Os  line 17 sizeof (a) == 6
FAIL: gcc.dg/ipa/inline-2.c scan-ipa-dump inline "op2 change 10.000000. of time"
FAIL: gcc.dg/ipa/inline-3.c scan-ipa-dump inline "Scaling time by probability:0.100000"
UNRESOLVED: gcc.dg/lto/chkp-ctor-merge c_lto_chkp-ctor-merge_0.o-c_lto_chkp-ctor-merge_0.o execute  -O2 -flto -fcheck-pointer-bounds -mmpx -nodefaultlibs -lc 
FAIL: gcc.dg/lto/chkp-ctor-merge c_lto_chkp-ctor-merge_0.o-c_lto_chkp-ctor-merge_0.o link,  -O2 -flto -fcheck-pointer-bounds -mmpx -nodefaultlibs -lc  (internal compiler error)
FAIL: gcc.dg/tree-ssa/gen-vect-11a.c scan-tree-dump-times vect "vectorized 1 loops" 1 (found 0 times)
FAIL: gcc.dg/tree-ssa/gen-vect-2.c scan-tree-dump-times vect "vectorized 1 loops" 1 (found 0 times)
FAIL: gcc.dg/tree-ssa/pr64910-2.c scan-assembler-times and|test 20 (found 22 times)
FAIL: gcc.dg/tree-ssa/ssa-dom-cse-2.c scan-tree-dump optimized "return 28;"
FAIL: c-c++-common/ubsan/ptr-overflow-sanitization-1.c   -O0   scan-tree-dump-times optimized "__ubsan_handle_pointer_overflow" 17 (found 14 times)
FAIL: c-c++-common/ubsan/ptr-overflow-sanitization-1.c   -O1   scan-tree-dump-times optimized "__ubsan_handle_pointer_overflow" 17 (found 14 times)
FAIL: c-c++-common/ubsan/ptr-overflow-sanitization-1.c   -O2   scan-tree-dump-times optimized "__ubsan_handle_pointer_overflow" 17 (found 14 times)
FAIL: c-c++-common/ubsan/ptr-overflow-sanitization-1.c   -O3 -g   scan-tree-dump-times optimized "__ubsan_handle_pointer_overflow" 17 (found 14 times)
FAIL: c-c++-common/ubsan/ptr-overflow-sanitization-1.c   -Os   scan-tree-dump-times optimized "__ubsan_handle_pointer_overflow" 17 (found 14 times)
FAIL: gcc.dg/vect/costmodel/i386/costmodel-vect-31.c scan-tree-dump-times vect "vectorized 4 loops" 1 (found 0 times)
FAIL: gcc.dg/vect/costmodel/i386/costmodel-vect-reduc-1char.c scan-tree-dump-times vect "vectorization not profitable" 0 (found 3 times)
FAIL: gcc.dg/vect/costmodel/i386/costmodel-vect-reduc-1char.c scan-tree-dump-times vect "vectorized 3 loops" 1 (found 0 times)
FAIL: gcc.dg/vect/slp-perm-9.c -flto -ffat-lto-objects  scan-tree-dump-times vect "vectorized 0 loops" 2 (found 1 times)
FAIL: gcc.dg/vect/slp-perm-9.c scan-tree-dump-times vect "vectorized 0 loops" 2 (found 1 times)
FAIL: gcc.target/i386/avx2-vect-shift.c scan-tree-dump vect "LOOP VECTORIZED"
FAIL: gcc.target/i386/avx2-vpaddq-3.c scan-assembler-times vpaddq[ \\\\t]+[^\\n]*%ymm[0-9] 1 (found 0 times)
FAIL: gcc.target/i386/avx2-vpsubq-3.c scan-assembler-times vpsubq[ \\\\t]+[^\\n]*%ymm[0-9] 1 (found 0 times)
FAIL: gcc.target/i386/pr42542-4a.c scan-assembler pcmpgtq
FAIL: gcc.target/i386/pr42542-5a.c scan-assembler pcmpgtq
FAIL: gcc.target/i386/pr50038.c scan-assembler-times movzbl 2 (found 3 times)
FAIL: gcc.target/i386/pr60451.c scan-assembler packuswb|vpunpck
FAIL: gcc.target/i386/pr68483-1.c scan-assembler psrldq[^\\n\\r]*(4,|, 4)
FAIL: gcc.target/i386/pr68483-1.c scan-assembler psrldq[^\\n\\r]*(8,|, 8)
FAIL: gcc.target/i386/pr78899.c scan-assembler vpadd
FAIL: gcc.target/i386/pr78899.c scan-assembler vpmaskmov
FAIL: gcc.target/i386/pr79690.c scan-assembler mov[au]p.[ \\t][^,]+, %gs:
FAIL: gcc.target/i386/pr79723.c scan-assembler mov[au]p.[ \\t][^,]+, %gs:
FAIL: gcc.target/i386/pr82618.c scan-assembler \\\\mcmp
FAIL: gcc.target/i386/rotate-3.c scan-tree-dump-times vect "vectorized 1 loops" 1 (found 0 times)
FAIL: gcc.target/i386/rotate-4.c scan-tree-dump-times vect "vectorized 1 loops" 1 (found 0 times)
FAIL: gcc.target/i386/rotate-5.c scan-tree-dump-times vect "vectorized 1 loops" 1 (found 0 times)
FAIL: gcc.target/i386/vect-abs-s16.c scan-tree-dump-times vect "vectorized 1 loops" 1 (found 0 times)
FAIL: gcc.target/i386/vect-abs-s32.c scan-tree-dump-times vect "vectorized 1 loops" 1 (found 0 times)
FAIL: gcc.target/i386/vect-abs-s8.c scan-tree-dump-times vect "vectorized 1 loops" 1 (found 0 times)
FAIL: gcc.target/i386/vect-pr67800.c scan-tree-dump vect "vectorized 1 loops"

		=== gcc Summary for unix/-m32 ===

# of expected passes		134606
# of unexpected failures	129
# of unexpected successes	23
# of expected failures		439
# of unresolved testcases	1
# of unsupported tests		2404

		=== gcc Summary ===

# of expected passes		271446
# of unexpected failures	266
# of unexpected successes	46
# of expected failures		875
# of unresolved testcases	2
# of unsupported tests		4630
/export/gnu/import/git/gcc-test-intel64corei7/bld/gcc/xgcc  version 8.0.0 20180110 (experimental) [trunk revision 256415] (GCC) 

		=== gfortran tests ===


Running target unix

		=== gfortran Summary for unix ===

# of expected passes		46564
# of expected failures		92
# of unsupported tests		78

Running target unix/-m32

		=== gfortran Summary for unix/-m32 ===

# of expected passes		46347
# of expected failures		92
# of unsupported tests		181

		=== gfortran Summary ===

# of expected passes		92911
# of expected failures		184
# of unsupported tests		259
/export/gnu/import/git/gcc-test-intel64corei7/bld/gcc/gfortran  version 8.0.0 20180110 (experimental) [trunk revision 256415] (GCC) 

		=== g++ tests ===


Running target unix
FAIL: g++.dg/ipa/devirt-22.C  -std=gnu++11  scan-ipa-dump-times cp "Discovered a virtual call to a known target" 1 (found 2 times)
FAIL: g++.dg/ipa/devirt-22.C  -std=gnu++14  scan-ipa-dump-times cp "Discovered a virtual call to a known target" 1 (found 2 times)
FAIL: g++.dg/ipa/devirt-22.C  -std=gnu++98  scan-ipa-dump-times cp "Discovered a virtual call to a known target" 1 (found 2 times)
FAIL: g++.dg/guality/pr55665.C   -O2  line 23 p == 40
FAIL: g++.dg/vect/slp-pr56812.cc  -std=c++11  scan-tree-dump-times slp1 "basic block vectorized" 1 (found 0 times)
FAIL: g++.dg/vect/slp-pr56812.cc  -std=c++14  scan-tree-dump-times slp1 "basic block vectorized" 1 (found 0 times)
FAIL: g++.dg/vect/slp-pr56812.cc  -std=c++98  scan-tree-dump-times slp1 "basic block vectorized" 1 (found 0 times)

		=== g++ Summary for unix ===

# of expected passes		121520
# of unexpected failures	7
# of expected failures		479
# of unsupported tests		4688

Running target unix/-m32
FAIL: g++.dg/ipa/devirt-22.C  -std=gnu++11  scan-ipa-dump-times cp "Discovered a virtual call to a known target" 1 (found 2 times)
FAIL: g++.dg/ipa/devirt-22.C  -std=gnu++14  scan-ipa-dump-times cp "Discovered a virtual call to a known target" 1 (found 2 times)
FAIL: g++.dg/ipa/devirt-22.C  -std=gnu++98  scan-ipa-dump-times cp "Discovered a virtual call to a known target" 1 (found 2 times)
FAIL: g++.dg/template/nontype10.C  -std=c++11 (test for excess errors)
FAIL: g++.dg/template/nontype10.C  -std=c++14 (test for excess errors)
FAIL: g++.dg/template/nontype10.C  -std=c++98 (test for excess errors)
FAIL: g++.dg/guality/pr55665.C   -O2  line 23 p == 40
FAIL: c-c++-common/ubsan/ptr-overflow-sanitization-1.c   -O0   scan-tree-dump-times optimized "__ubsan_handle_pointer_overflow" 17 (found 14 times)
FAIL: c-c++-common/ubsan/ptr-overflow-sanitization-1.c   -O1   scan-tree-dump-times optimized "__ubsan_handle_pointer_overflow" 17 (found 14 times)
FAIL: c-c++-common/ubsan/ptr-overflow-sanitization-1.c   -O2   scan-tree-dump-times optimized "__ubsan_handle_pointer_overflow" 17 (found 14 times)
FAIL: c-c++-common/ubsan/ptr-overflow-sanitization-1.c   -O3 -g   scan-tree-dump-times optimized "__ubsan_handle_pointer_overflow" 17 (found 14 times)
FAIL: c-c++-common/ubsan/ptr-overflow-sanitization-1.c   -Os   scan-tree-dump-times optimized "__ubsan_handle_pointer_overflow" 17 (found 14 times)
FAIL: g++.dg/vect/slp-pr56812.cc  -std=c++11  scan-tree-dump-times slp1 "basic block vectorized" 1 (found 0 times)
FAIL: g++.dg/vect/slp-pr56812.cc  -std=c++14  scan-tree-dump-times slp1 "basic block vectorized" 1 (found 0 times)
FAIL: g++.dg/vect/slp-pr56812.cc  -std=c++98  scan-tree-dump-times slp1 "basic block vectorized" 1 (found 0 times)

		=== g++ Summary for unix/-m32 ===

# of expected passes		119715
# of unexpected failures	15
# of expected failures		476
# of unsupported tests		4525

		=== g++ Summary ===

# of expected passes		241235
# of unexpected failures	22
# of expected failures		955
# of unsupported tests		9213
/export/gnu/import/git/gcc-test-intel64corei7/bld/gcc/xg++  version 8.0.0 20180110 (experimental) [trunk revision 256415] (GCC) 

		=== objc tests ===


Running target unix

		=== objc Summary for unix ===

# of expected passes		2797
# of expected failures		6
# of unsupported tests		68

Running target unix/-m32

		=== objc Summary for unix/-m32 ===

# of expected passes		2797
# of expected failures		6
# of unsupported tests		68

		=== objc Summary ===

# of expected passes		5594
# of expected failures		12
# of unsupported tests		136
/export/gnu/import/git/gcc-test-intel64corei7/bld/gcc/xgcc  version 8.0.0 20180110 (experimental) [trunk revision 256415] (GCC) 

		=== libatomic tests ===


Running target unix/-m32

		=== libatomic Summary for unix/-m32 ===

# of expected passes		44
# of unsupported tests		5

Running target unix

		=== libatomic Summary for unix ===

# of expected passes		54

		=== libatomic Summary ===

# of expected passes		98
# of unsupported tests		5
		=== libgomp tests ===


Running target unix/-m32
FAIL: libgomp.graphite/force-parallel-1.c scan-tree-dump-times graphite "2 loops carried no dependency" 1 (found 0 times)
FAIL: libgomp.graphite/force-parallel-1.c scan-tree-dump-times optimized "loopfn" 8 (found 12 times)

		=== libgomp Summary for unix/-m32 ===

# of expected passes		5355
# of unexpected failures	2
# of unsupported tests		302

Running target unix
FAIL: libgomp.graphite/force-parallel-1.c scan-tree-dump-times graphite "2 loops carried no dependency" 1 (found 0 times)
FAIL: libgomp.graphite/force-parallel-1.c scan-tree-dump-times optimized "loopfn" 8 (found 12 times)

		=== libgomp Summary for unix ===

# of expected passes		5355
# of unexpected failures	2
# of unsupported tests		302

		=== libgomp Summary ===

# of expected passes		10710
# of unexpected failures	4
# of unsupported tests		604
		=== libitm tests ===


Running target unix/-m32

		=== libitm Summary for unix/-m32 ===

# of expected passes		42
# of expected failures		3
# of unsupported tests		1

Running target unix

		=== libitm Summary for unix ===

# of expected passes		42
# of expected failures		3
# of unsupported tests		1

		=== libitm Summary ===

# of expected passes		84
# of expected failures		6
# of unsupported tests		2
		=== libstdc++ tests ===


Running target unix

		=== libstdc++ Summary for unix ===

# of expected passes		12825
# of expected failures		70
# of unsupported tests		255

Running target unix/-m32

		=== libstdc++ Summary for unix/-m32 ===

# of expected passes		12833
# of expected failures		70
# of unsupported tests		251

		=== libstdc++ Summary ===

# of expected passes		25658
# of expected failures		140
# of unsupported tests		506

Compiler version: 8.0.0 20180110 (experimental) [trunk revision 256415] (GCC) 
Platform: x86_64-pc-linux-gnu
configure flags: --with-arch=corei7 --with-cpu=intel --prefix=/usr/8.0.0 --enable-clocale=gnu --with-system-zlib --enable-shared --with-demangler-in-ld --enable-libmpx --with-fpmath=sse


Index Nav: [Date Index] [Subject Index] [Author Index] [Thread Index]
Message Nav: [Date Prev] [Date Next] [Thread Prev] [Thread Next]