This is the mail archive of the gcc-testresults@gcc.gnu.org mailing list for the GCC project.


Index Nav: [Date Index] [Subject Index] [Author Index] [Thread Index]
Message Nav: [Date Prev] [Date Next] [Thread Prev] [Thread Next]
Other format: [Raw text]

Results for 7.2.1 20180108 [gcc-7-branch revision 256347] (GCC) testsuite on powerpc64-unknown-linux-gnu


Linux 2.6.32-696.13.2.el6.ppc64 ppc64
GNU C Library stable release version 2.12
GNU ld (GNU Binutils) 2.26.20160125
GNU assembler (GNU Binutils) 2.26.20160125
GNU Make 3.81

DejaGnu:
	Expect version is	5.44.1.15
	Tcl version is		8.5
	Framework version is	1.4.4

64-bit

LAST_UPDATED: Mon Jan  8 17:03:16 UTC 2018 (revision 256347)

Native configuration is powerpc64-unknown-linux-gnu

		=== gcc tests ===


Running target unix/-m32
FAIL: c-c++-common/asan/heap-overflow-1.c   -O1  output pattern test, is =================================================================
FAIL: c-c++-common/asan/heap-overflow-1.c   -O2  output pattern test, is =================================================================
FAIL: c-c++-common/asan/heap-overflow-1.c   -O2 -flto -fno-use-linker-plugin -flto-partition=none  output pattern test, is =================================================================
FAIL: c-c++-common/asan/heap-overflow-1.c   -O2 -flto -fuse-linker-plugin -fno-fat-lto-objects  output pattern test, is =================================================================
FAIL: c-c++-common/asan/heap-overflow-1.c   -O3 -g  output pattern test, is =================================================================
FAIL: c-c++-common/asan/heap-overflow-1.c   -Os  output pattern test, is =================================================================
FAIL: c-c++-common/asan/sanity-check-pure-c-1.c   -O1  output pattern test, is =================================================================
FAIL: c-c++-common/asan/sanity-check-pure-c-1.c   -O2  output pattern test, is =================================================================
FAIL: c-c++-common/asan/sanity-check-pure-c-1.c   -O2 -flto -fno-use-linker-plugin -flto-partition=none  output pattern test, is =================================================================
FAIL: c-c++-common/asan/sanity-check-pure-c-1.c   -O2 -flto -fuse-linker-plugin -fno-fat-lto-objects  output pattern test, is =================================================================
FAIL: c-c++-common/asan/sanity-check-pure-c-1.c   -O3 -g  output pattern test, is =================================================================
FAIL: c-c++-common/asan/sanity-check-pure-c-1.c   -Os  output pattern test, is =================================================================
FAIL: c-c++-common/asan/strncpy-overflow-1.c   -O1  output pattern test, is =================================================================
FAIL: c-c++-common/asan/strncpy-overflow-1.c   -O2  output pattern test, is =================================================================
FAIL: c-c++-common/asan/strncpy-overflow-1.c   -O2 -flto -fno-use-linker-plugin -flto-partition=none  output pattern test, is =================================================================
FAIL: c-c++-common/asan/strncpy-overflow-1.c   -O2 -flto -fuse-linker-plugin -fno-fat-lto-objects  output pattern test, is =================================================================
FAIL: c-c++-common/asan/strncpy-overflow-1.c   -O3 -g  output pattern test, is =================================================================
FAIL: c-c++-common/asan/strncpy-overflow-1.c   -Os  output pattern test, is =================================================================
FAIL: c-c++-common/asan/use-after-free-1.c   -O1  output pattern test, is =================================================================
FAIL: c-c++-common/asan/use-after-free-1.c   -O2  output pattern test, is =================================================================
FAIL: c-c++-common/asan/use-after-free-1.c   -O2 -flto -fno-use-linker-plugin -flto-partition=none  output pattern test, is =================================================================
FAIL: c-c++-common/asan/use-after-free-1.c   -O2 -flto -fuse-linker-plugin -fno-fat-lto-objects  output pattern test, is =================================================================
FAIL: c-c++-common/asan/use-after-free-1.c   -O3 -g  output pattern test, is =================================================================
FAIL: c-c++-common/asan/use-after-free-1.c   -Os  output pattern test, is =================================================================
FAIL: gcc.dg/ipa/iinline-attr.c scan-ipa-dump inline "hooray[^\\\\n]*inline copy in test"
FAIL: gcc.dg/torture/float32-basic.c   -O0  execution test
FAIL: gcc.dg/torture/float32-basic.c   -O1  execution test
FAIL: gcc.dg/torture/float32-basic.c   -O2  execution test
FAIL: gcc.dg/torture/float32-basic.c   -O2 -flto -fno-use-linker-plugin -flto-partition=none  execution test
FAIL: gcc.dg/torture/float32-basic.c   -O2 -flto -fuse-linker-plugin -fno-fat-lto-objects  execution test
FAIL: gcc.dg/torture/float32-basic.c   -O3 -g  execution test
FAIL: gcc.dg/torture/float32-basic.c   -Os  execution test
FAIL: gcc.dg/vect/bb-slp-pr65935.c -flto -ffat-lto-objects  scan-tree-dump-times slp1 "basic block vectorized" 1
FAIL: gcc.dg/vect/bb-slp-pr65935.c scan-tree-dump-times slp1 "basic block vectorized" 1
FAIL: gcc.dg/vect/bb-slp-subgroups-1.c -flto -ffat-lto-objects  scan-tree-dump-times slp2 "Basic block will be vectorized using SLP" 1
FAIL: gcc.dg/vect/bb-slp-subgroups-1.c -flto -ffat-lto-objects  scan-tree-dump-times slp2 "basic block vectorized" 1
FAIL: gcc.dg/vect/bb-slp-subgroups-1.c scan-tree-dump-times slp2 "Basic block will be vectorized using SLP" 1
FAIL: gcc.dg/vect/bb-slp-subgroups-1.c scan-tree-dump-times slp2 "basic block vectorized" 1
FAIL: gcc.dg/vect/bb-slp-subgroups-2.c -flto -ffat-lto-objects  scan-tree-dump-times slp2 "Basic block will be vectorized using SLP" 1
FAIL: gcc.dg/vect/bb-slp-subgroups-2.c -flto -ffat-lto-objects  scan-tree-dump-times slp2 "basic block vectorized" 1
FAIL: gcc.dg/vect/bb-slp-subgroups-2.c scan-tree-dump-times slp2 "Basic block will be vectorized using SLP" 1
FAIL: gcc.dg/vect/bb-slp-subgroups-2.c scan-tree-dump-times slp2 "basic block vectorized" 1
FAIL: gcc.dg/vect/bb-slp-subgroups-3.c -flto -ffat-lto-objects  scan-tree-dump-times slp2 "Basic block will be vectorized using SLP" 1
FAIL: gcc.dg/vect/bb-slp-subgroups-3.c -flto -ffat-lto-objects  scan-tree-dump-times slp2 "basic block vectorized" 1
FAIL: gcc.dg/vect/bb-slp-subgroups-3.c scan-tree-dump-times slp2 "Basic block will be vectorized using SLP" 1
FAIL: gcc.dg/vect/bb-slp-subgroups-3.c scan-tree-dump-times slp2 "basic block vectorized" 1
FAIL: gcc.dg/vect/no-tree-sra-bb-slp-pr50730.c scan-tree-dump-times slp2 "basic block vectorized" 1
FAIL: gcc.dg/vect/no-vfa-vect-depend-2.c scan-tree-dump-times vect "vectorized 1 loops" 1
FAIL: gcc.dg/vect/no-vfa-vect-depend-3.c scan-tree-dump-times vect "vectorized 1 loops" 4
FAIL: gcc.dg/vect/pr25413.c -flto -ffat-lto-objects  scan-tree-dump-times vect "not vectorized: unsupported unaligned store" 1
FAIL: gcc.dg/vect/pr25413.c -flto -ffat-lto-objects  scan-tree-dump-times vect "vector alignment may not be reachable" 1
FAIL: gcc.dg/vect/pr25413.c -flto -ffat-lto-objects  scan-tree-dump-times vect "vectorized 1 loops" 0
FAIL: gcc.dg/vect/pr25413.c scan-tree-dump-times vect "not vectorized: unsupported unaligned store" 1
FAIL: gcc.dg/vect/pr25413.c scan-tree-dump-times vect "vector alignment may not be reachable" 1
FAIL: gcc.dg/vect/pr25413.c scan-tree-dump-times vect "vectorized 1 loops" 0
FAIL: gcc.dg/vect/pr46032.c -flto -ffat-lto-objects  scan-tree-dump-times vect "note: vectorized 1 loop" 1
FAIL: gcc.dg/vect/pr46032.c scan-tree-dump-times vect "note: vectorized 1 loop" 1
FAIL: gcc.dg/vect/pr62171.c -flto -ffat-lto-objects  scan-tree-dump-not vect "versioned"
FAIL: gcc.dg/vect/pr62171.c scan-tree-dump-not vect "versioned"
FAIL: gcc.dg/vect/slp-43.c -flto -ffat-lto-objects  scan-tree-dump-times vect "vectorized 1 loops" 2
FAIL: gcc.dg/vect/slp-43.c scan-tree-dump-times vect "vectorized 1 loops" 2
FAIL: gcc.dg/vect/vect-117.c -flto -ffat-lto-objects  scan-tree-dump-times vect "vectorized 1 loops" 1
FAIL: gcc.dg/vect/vect-117.c scan-tree-dump-times vect "vectorized 1 loops" 1
XPASS: gcc.dg/vect/vect-24.c -flto -ffat-lto-objects  scan-tree-dump-times vect "vectorized 3 loops" 1
XPASS: gcc.dg/vect/vect-24.c scan-tree-dump-times vect "vectorized 3 loops" 1
FAIL: gcc.dg/vect/vect-31.c -flto -ffat-lto-objects  scan-tree-dump-times vect "vectorized 4 loops" 1
FAIL: gcc.dg/vect/vect-31.c scan-tree-dump-times vect "vectorized 4 loops" 1
FAIL: gcc.dg/vect/vect-strided-a-u8-i2-gap.c -flto -ffat-lto-objects  scan-tree-dump-times vect "vectorized 1 loops" 1
FAIL: gcc.dg/vect/vect-strided-a-u8-i2-gap.c scan-tree-dump-times vect "vectorized 1 loops" 1
FAIL: gcc.target/powerpc/vec-cmpne-long.c execution test

		=== gcc Summary for unix/-m32 ===


Running target unix/-m64
FAIL: c-c++-common/asan/swapcontext-test-1.c   -O0  execution test
FAIL: c-c++-common/asan/swapcontext-test-1.c   -O1  execution test
FAIL: c-c++-common/asan/swapcontext-test-1.c   -O2  execution test
FAIL: c-c++-common/asan/swapcontext-test-1.c   -O2 -flto -fno-use-linker-plugin -flto-partition=none  execution test
FAIL: c-c++-common/asan/swapcontext-test-1.c   -O2 -flto -fuse-linker-plugin -fno-fat-lto-objects  execution test
FAIL: c-c++-common/asan/swapcontext-test-1.c   -O3 -fomit-frame-pointer -funroll-loops -fpeel-loops -ftracer -finline-functions  execution test
FAIL: c-c++-common/asan/swapcontext-test-1.c   -O3 -g  execution test
FAIL: c-c++-common/asan/swapcontext-test-1.c   -Os  execution test
FAIL: gcc.dg/sms-4.c scan-rtl-dump-times sms "SMS succeeded" 1
FAIL: gcc.dg/ipa/iinline-attr.c scan-ipa-dump inline "hooray[^\\\\n]*inline copy in test"
XPASS: gcc.dg/tree-ssa/ssa-dom-cse-2.c scan-tree-dump optimized "return 28;"
FAIL: gcc.dg/vect/bb-slp-pr65935.c -flto -ffat-lto-objects  scan-tree-dump-times slp1 "basic block vectorized" 1
FAIL: gcc.dg/vect/bb-slp-pr65935.c scan-tree-dump-times slp1 "basic block vectorized" 1
FAIL: gcc.dg/vect/bb-slp-subgroups-1.c -flto -ffat-lto-objects  scan-tree-dump-times slp2 "Basic block will be vectorized using SLP" 1
FAIL: gcc.dg/vect/bb-slp-subgroups-1.c -flto -ffat-lto-objects  scan-tree-dump-times slp2 "basic block vectorized" 1
FAIL: gcc.dg/vect/bb-slp-subgroups-1.c scan-tree-dump-times slp2 "Basic block will be vectorized using SLP" 1
FAIL: gcc.dg/vect/bb-slp-subgroups-1.c scan-tree-dump-times slp2 "basic block vectorized" 1
FAIL: gcc.dg/vect/bb-slp-subgroups-2.c -flto -ffat-lto-objects  scan-tree-dump-times slp2 "Basic block will be vectorized using SLP" 1
FAIL: gcc.dg/vect/bb-slp-subgroups-2.c -flto -ffat-lto-objects  scan-tree-dump-times slp2 "basic block vectorized" 1
FAIL: gcc.dg/vect/bb-slp-subgroups-2.c scan-tree-dump-times slp2 "Basic block will be vectorized using SLP" 1
FAIL: gcc.dg/vect/bb-slp-subgroups-2.c scan-tree-dump-times slp2 "basic block vectorized" 1
FAIL: gcc.dg/vect/bb-slp-subgroups-3.c -flto -ffat-lto-objects  scan-tree-dump-times slp2 "Basic block will be vectorized using SLP" 1
FAIL: gcc.dg/vect/bb-slp-subgroups-3.c -flto -ffat-lto-objects  scan-tree-dump-times slp2 "basic block vectorized" 1
FAIL: gcc.dg/vect/bb-slp-subgroups-3.c scan-tree-dump-times slp2 "Basic block will be vectorized using SLP" 1
FAIL: gcc.dg/vect/bb-slp-subgroups-3.c scan-tree-dump-times slp2 "basic block vectorized" 1
FAIL: gcc.dg/vect/no-tree-sra-bb-slp-pr50730.c scan-tree-dump-times slp2 "basic block vectorized" 1
FAIL: gcc.dg/vect/no-vfa-vect-depend-2.c scan-tree-dump-times vect "vectorized 1 loops" 1
FAIL: gcc.dg/vect/no-vfa-vect-depend-3.c scan-tree-dump-times vect "vectorized 1 loops" 4
FAIL: gcc.dg/vect/pr46032.c -flto -ffat-lto-objects  scan-tree-dump-times vect "note: vectorized 1 loop" 1
FAIL: gcc.dg/vect/pr46032.c scan-tree-dump-times vect "note: vectorized 1 loop" 1
FAIL: gcc.dg/vect/pr62171.c -flto -ffat-lto-objects  scan-tree-dump-not vect "versioned"
FAIL: gcc.dg/vect/pr62171.c scan-tree-dump-not vect "versioned"
FAIL: gcc.dg/vect/slp-43.c -flto -ffat-lto-objects  scan-tree-dump-times vect "vectorized 1 loops" 2
FAIL: gcc.dg/vect/slp-43.c scan-tree-dump-times vect "vectorized 1 loops" 2
FAIL: gcc.dg/vect/vect-117.c -flto -ffat-lto-objects  scan-tree-dump-times vect "vectorized 1 loops" 1
FAIL: gcc.dg/vect/vect-117.c scan-tree-dump-times vect "vectorized 1 loops" 1
XPASS: gcc.dg/vect/vect-24.c -flto -ffat-lto-objects  scan-tree-dump-times vect "vectorized 3 loops" 1
XPASS: gcc.dg/vect/vect-24.c scan-tree-dump-times vect "vectorized 3 loops" 1
FAIL: gcc.dg/vect/vect-31.c -flto -ffat-lto-objects  scan-tree-dump-times vect "vectorized 4 loops" 1
FAIL: gcc.dg/vect/vect-31.c scan-tree-dump-times vect "vectorized 4 loops" 1
FAIL: gcc.dg/vect/vect-strided-a-u8-i2-gap.c -flto -ffat-lto-objects  scan-tree-dump-times vect "vectorized 1 loops" 1
FAIL: gcc.dg/vect/vect-strided-a-u8-i2-gap.c scan-tree-dump-times vect "vectorized 1 loops" 1
FAIL: gcc.target/powerpc/bool3-p7.c scan-assembler-not [ \\t]xxlnor 
FAIL: gcc.target/powerpc/bool3-p8.c scan-assembler-not [ \\t]xxlnor 
FAIL: gcc.target/powerpc/pr79799-2.c scan-assembler-not \\\\mxxextractuw\\\\M
FAIL: gcc.target/powerpc/vec-cmpne-long.c execution test

		=== gcc Summary for unix/-m64 ===


		=== gcc Summary ===

/home/gccbuild/build/nightly/build-gcc-7/gcc/xgcc  version 7.2.1 20180108 [gcc-7-branch revision 256347] (GCC) 

		=== gfortran tests ===


Running target unix/-m32
FAIL: gfortran.dg/ieee/large_2.f90   -O0  execution test
FAIL: gfortran.dg/ieee/large_2.f90   -O1  execution test
FAIL: gfortran.dg/ieee/large_2.f90   -O2  execution test
FAIL: gfortran.dg/ieee/large_2.f90   -O3 -fomit-frame-pointer -funroll-loops -fpeel-loops -ftracer -finline-functions  execution test
FAIL: gfortran.dg/ieee/large_2.f90   -O3 -g  execution test
FAIL: gfortran.dg/ieee/large_2.f90   -Os  execution test
FAIL: gfortran.dg/vect/fast-math-pr37021.f90   -O   scan-tree-dump vect "vectorized 2 loops"
FAIL: gfortran.dg/vect/pr52580.f   -O   scan-tree-dump-times vect "LOOP VECTORIZED" 1
FAIL: gfortran.dg/vect/pr62283-2.f   -O   scan-tree-dump slp2 "basic block vectorized"
FAIL: gfortran.dg/vect/vect-8.f90   -O   scan-tree-dump-times vect "vectorized 21 loops" 1
FAIL: gfortran.dg/vect/vect-gems.f90   -O   scan-tree-dump-times vect "vectorized 1 loops" 1

		=== gfortran Summary for unix/-m32 ===

# of expected passes		4050

Running target unix/-m64
FAIL: gfortran.dg/ieee/large_2.f90   -O0  execution test
FAIL: gfortran.dg/ieee/large_2.f90   -O1  execution test
FAIL: gfortran.dg/ieee/large_2.f90   -O2  execution test
FAIL: gfortran.dg/ieee/large_2.f90   -O3 -fomit-frame-pointer -funroll-loops -fpeel-loops -ftracer -finline-functions  execution test
FAIL: gfortran.dg/ieee/large_2.f90   -O3 -g  execution test
FAIL: gfortran.dg/ieee/large_2.f90   -Os  execution test
FAIL: gfortran.dg/vect/fast-math-pr37021.f90   -O   scan-tree-dump vect "vectorized 2 loops"
FAIL: gfortran.dg/vect/pr52580.f   -O   scan-tree-dump-times vect "LOOP VECTORIZED" 1
FAIL: gfortran.dg/vect/pr62283-2.f   -O   scan-tree-dump slp2 "basic block vectorized"
FAIL: gfortran.dg/vect/vect-8.f90   -O   scan-tree-dump-times vect "vectorized 21 loops" 1
FAIL: gfortran.dg/vect/vect-gems.f90   -O   scan-tree-dump-times vect "vectorized 1 loops" 1

		=== gfortran Summary for unix/-m64 ===

# of expected passes		4050

		=== gfortran Summary ===

# of expected passes		8100
/home/gccbuild/build/nightly/build-gcc-7/gcc/testsuite/gfortran/../../gfortran  version 7.2.1 20180108 [gcc-7-branch revision 256347] (GCC) 

		=== g++ tests ===


Running target unix/-m32
FAIL: c-c++-common/asan/heap-overflow-1.c   -O1  output pattern test, is =================================================================
FAIL: c-c++-common/asan/heap-overflow-1.c   -O2  output pattern test, is =================================================================
FAIL: c-c++-common/asan/heap-overflow-1.c   -O2 -flto -fno-use-linker-plugin -flto-partition=none  output pattern test, is =================================================================
FAIL: c-c++-common/asan/heap-overflow-1.c   -O2 -flto -fuse-linker-plugin -fno-fat-lto-objects  output pattern test, is =================================================================
FAIL: c-c++-common/asan/heap-overflow-1.c   -O3 -g  output pattern test, is =================================================================
FAIL: c-c++-common/asan/heap-overflow-1.c   -Os  output pattern test, is =================================================================
FAIL: c-c++-common/asan/sanity-check-pure-c-1.c   -O1  output pattern test, is =================================================================
FAIL: c-c++-common/asan/sanity-check-pure-c-1.c   -O2  output pattern test, is =================================================================
FAIL: c-c++-common/asan/sanity-check-pure-c-1.c   -O2 -flto -fno-use-linker-plugin -flto-partition=none  output pattern test, is =================================================================
FAIL: c-c++-common/asan/sanity-check-pure-c-1.c   -O2 -flto -fuse-linker-plugin -fno-fat-lto-objects  output pattern test, is =================================================================
FAIL: c-c++-common/asan/sanity-check-pure-c-1.c   -O3 -g  output pattern test, is =================================================================
FAIL: c-c++-common/asan/sanity-check-pure-c-1.c   -Os  output pattern test, is =================================================================
FAIL: c-c++-common/asan/strncpy-overflow-1.c   -O1  output pattern test, is =================================================================
FAIL: c-c++-common/asan/strncpy-overflow-1.c   -O2  output pattern test, is =================================================================
FAIL: c-c++-common/asan/strncpy-overflow-1.c   -O2 -flto -fno-use-linker-plugin -flto-partition=none  output pattern test, is =================================================================
FAIL: c-c++-common/asan/strncpy-overflow-1.c   -O2 -flto -fuse-linker-plugin -fno-fat-lto-objects  output pattern test, is =================================================================
FAIL: c-c++-common/asan/strncpy-overflow-1.c   -O3 -g  output pattern test, is =================================================================
FAIL: c-c++-common/asan/strncpy-overflow-1.c   -Os  output pattern test, is =================================================================
FAIL: c-c++-common/asan/use-after-free-1.c   -O1  output pattern test, is =================================================================
FAIL: c-c++-common/asan/use-after-free-1.c   -O2  output pattern test, is =================================================================
FAIL: c-c++-common/asan/use-after-free-1.c   -O2 -flto -fno-use-linker-plugin -flto-partition=none  output pattern test, is =================================================================
FAIL: c-c++-common/asan/use-after-free-1.c   -O2 -flto -fuse-linker-plugin -fno-fat-lto-objects  output pattern test, is =================================================================
FAIL: c-c++-common/asan/use-after-free-1.c   -O3 -g  output pattern test, is =================================================================
FAIL: c-c++-common/asan/use-after-free-1.c   -Os  output pattern test, is =================================================================
FAIL: g++.dg/asan/deep-stack-uaf-1.C   -O0  output pattern test, is =================================================================
FAIL: g++.dg/asan/deep-stack-uaf-1.C   -O1  output pattern test, is =================================================================
FAIL: g++.dg/asan/deep-stack-uaf-1.C   -O2  output pattern test, is =================================================================
FAIL: g++.dg/asan/deep-stack-uaf-1.C   -O3 -g  output pattern test, is =================================================================
FAIL: g++.dg/asan/deep-stack-uaf-1.C   -Os  output pattern test, is =================================================================
FAIL: g++.dg/tls/thread_local-order2.C  -std=c++11 execution test
FAIL: g++.dg/tls/thread_local-order2.C  -std=c++14 execution test

		=== g++ Summary for unix/-m32 ===

# of expected passes		20333
# of expected failures		61
# of unsupported tests		86

Running target unix/-m64
FAIL: c-c++-common/asan/swapcontext-test-1.c   -O0  execution test
FAIL: c-c++-common/asan/swapcontext-test-1.c   -O1  execution test
FAIL: c-c++-common/asan/swapcontext-test-1.c   -O2  execution test
FAIL: c-c++-common/asan/swapcontext-test-1.c   -O2 -flto -fno-use-linker-plugin -flto-partition=none  execution test
FAIL: c-c++-common/asan/swapcontext-test-1.c   -O2 -flto -fuse-linker-plugin -fno-fat-lto-objects  execution test
FAIL: c-c++-common/asan/swapcontext-test-1.c   -O3 -fomit-frame-pointer -funroll-loops -fpeel-loops -ftracer -finline-functions  execution test
FAIL: c-c++-common/asan/swapcontext-test-1.c   -O3 -g  execution test
FAIL: c-c++-common/asan/swapcontext-test-1.c   -Os  execution test
FAIL: g++.dg/tls/thread_local-order2.C  -std=c++11 execution test
FAIL: g++.dg/tls/thread_local-order2.C  -std=c++14 execution test

		=== g++ Summary for unix/-m64 ===

# of expected passes		20240
# of expected failures		61
# of unsupported tests		89

		=== g++ Summary ===

# of expected passes		40573
# of expected failures		122
# of unsupported tests		175
/home/gccbuild/build/nightly/build-gcc-7/gcc/testsuite/g++/../../xg++  version 7.2.1 20180108 [gcc-7-branch revision 256347] (GCC) 

		=== go tests ===


Running target unix/-m32
FAIL: go.test/test/ken/cplx2.go execution,  -O2 -g 

		=== go Summary for unix/-m32 ===

# of expected passes		6875
# of unexpected failures	1
# of expected failures		1
# of untested testcases		11
# of unsupported tests		3

Running target unix/-m64
FAIL: go.test/test/ken/cplx2.go execution,  -O2 -g 

		=== go Summary for unix/-m64 ===

# of expected passes		6755
# of unexpected failures	1
# of expected failures		1
# of untested testcases		11
# of unsupported tests		3

		=== go Summary ===

# of expected passes		13630
# of unexpected failures	2
# of expected failures		2
# of untested testcases		22
# of unsupported tests		6
/home/gccbuild/build/nightly/build-gcc-7/gcc/testsuite/go/../../gccgo  version 7.2.1 20180108 [gcc-7-branch revision 256347] (GCC) 

		=== obj-c++ tests ===


Running target unix/-m32

		=== obj-c++ Summary for unix/-m32 ===

# of expected passes		56

Running target unix/-m64

		=== obj-c++ Summary for unix/-m64 ===

# of expected passes		56

		=== obj-c++ Summary ===

# of expected passes		2910
# of expected failures		12
# of unsupported tests		154
/home/gccbuild/build/nightly/build-gcc-7/gcc/testsuite/obj-c++/../../xg++  version 7.2.1 20180108 [gcc-7-branch revision 256347] (GCC) 

		=== objc tests ===


Running target unix/-m32

		=== objc Summary for unix/-m32 ===

# of expected passes		56

Running target unix/-m64

		=== objc Summary for unix/-m64 ===

# of expected passes		56

		=== objc Summary ===

# of expected passes		112
/home/gccbuild/build/nightly/build-gcc-7/gcc/xgcc  version 7.2.1 20180108 [gcc-7-branch revision 256347] (GCC) 

		=== libatomic tests ===


Running target unix/-m32

		=== libatomic Summary for unix/-m32 ===

# of expected passes		44
# of unsupported tests		5

Running target unix/-m64

		=== libatomic Summary for unix/-m64 ===

# of expected passes		54

		=== libatomic Summary ===

# of expected passes		98
# of unsupported tests		5
		=== libffi tests ===


Running target unix/-m32

		=== libffi Summary for unix/-m32 ===

# of expected passes		24

Running target unix/-m64

		=== libffi Summary for unix/-m64 ===

# of expected passes		24

		=== libffi Summary ===

# of expected passes		3868
# of unsupported tests		56
		=== libgo tests ===


Running target unix
FAIL: internal/trace

		=== libgo Summary for unix ===

# of expected passes		144
# of unexpected failures	1

Running target unix/-m32
FAIL: runtime
FAIL: internal/trace
FAIL: net/http
FAIL: runtime/internal/atomic
FAIL: sync/atomic

		=== libgo Summary for unix/-m32 ===

# of expected passes		140
# of unexpected failures	5

		=== libgo Summary ===

# of expected passes		284
# of unexpected failures	6
/home/gccbuild/build/nightly/build-gcc-7/./gcc/gccgo version 7.2.1 20180108 [gcc-7-branch revision 256347] (GCC)

		=== libgomp tests ===


Running target unix/-m32
FAIL: libgomp.oacc-c/../libgomp.oacc-c-c++-common/atomic_update-1.c -DACC_DEVICE_TYPE_host=1 -DACC_MEM_SHARED=1  -O2  execution test
FAIL: libgomp.oacc-c++/../libgomp.oacc-c-c++-common/atomic_update-1.c -DACC_DEVICE_TYPE_host=1 -DACC_MEM_SHARED=1  -O2  execution test

		=== libgomp Summary for unix/-m32 ===

# of expected passes		811
# of unsupported tests		50

Running target unix/-m64

		=== libgomp Summary for unix/-m64 ===

# of expected passes		811
# of unsupported tests		50

		=== libgomp Summary ===

# of expected passes		10136
# of unexpected failures	2
# of unsupported tests		758
		=== libitm tests ===


Running target unix/-m32

		=== libitm Summary for unix/-m32 ===

# of expected passes		16
# of expected failures		1
# of unsupported tests		1

Running target unix/-m64

		=== libitm Summary for unix/-m64 ===

# of expected passes		16
# of expected failures		1
# of unsupported tests		1

		=== libitm Summary ===

# of expected passes		84
# of expected failures		6
# of unsupported tests		2
		=== libstdc++ tests ===


Running target unix/-m32
FAIL: libstdc++-abi/abi_check

		=== libstdc++ Summary for unix/-m32 ===

# of unsupported tests		1

Running target unix/-m64

		=== libstdc++ Summary for unix/-m64 ===

# of unsupported tests		1

		=== libstdc++ Summary ===

# of unsupported tests		2

Compiler version: 7.2.1 20180108 [gcc-7-branch revision 256347] (GCC) 
Platform: powerpc64-unknown-linux-gnu
configure flags: --prefix=/opt/gcc-nightly/7 --with-as=/home/gccbuild/binutils/install/binutils-2.26/bin/as --with-ld=/home/gccbuild/binutils/install/binutils-2.26/bin/ld --enable-languages=c,c++,fortran,objc,obj-c++,go --with-cpu=power7


Index Nav: [Date Index] [Subject Index] [Author Index] [Thread Index]
Message Nav: [Date Prev] [Date Next] [Thread Prev] [Thread Next]