This is the mail archive of the gcc-testresults@gcc.gnu.org mailing list for the GCC project.


Index Nav: [Date Index] [Subject Index] [Author Index] [Thread Index]
Message Nav: [Date Prev] [Date Next] [Thread Prev] [Thread Next]
Other format: [Raw text]

Results for 6.4.1 20180105 [gcc-6-branch revision 256270] (GCC) testsuite on sparc-sun-solaris2.11


LAST_UPDATED: Fri Jan  5 09:57:48 UTC 2018 (revision 256270)

		=== acats tests ===

		=== acats Summary ===
# of expected passes		2320
# of unexpected failures	0
Native configuration is sparc-sun-solaris2.11

		=== g++ tests ===


Running target unix

		=== g++ Summary for unix ===

# of expected passes		93867
# of expected failures		323
# of unsupported tests		4082

Running target unix/-m64

		=== g++ Summary for unix/-m64 ===

# of expected passes		95733
# of expected failures		323
# of unsupported tests		4062

		=== g++ Summary ===

# of expected passes		189600
# of expected failures		646
# of unsupported tests		8144
/var/gcc/regression/gcc-6-branch/11-gcc/build/gcc/testsuite/g++/../../xg++  version 6.4.1 20180105 [gcc-6-branch revision 256270] (GCC) 

		=== gcc tests ===


Running target unix
FAIL: gcc.dg/visibility-22.c execution test
FAIL: gcc.dg/simulate-thread/atomic-other-int.c   -O2 -g  thread simulation test
FAIL: gcc.dg/simulate-thread/atomic-other-int.c   -O3 -g  thread simulation test
FAIL: gcc.dg/simulate-thread/speculative-store-4.c   -O0 -g  thread simulation test
FAIL: gcc.dg/simulate-thread/speculative-store-4.c   -O2 -g  thread simulation test
FAIL: gcc.dg/simulate-thread/speculative-store-4.c   -O3 -g  thread simulation test
FAIL: gcc.dg/simulate-thread/speculative-store.c   -O0 -g  thread simulation test
FAIL: gcc.dg/torture/pr60092.c   -O0  execution test
WARNING: profopt.exp does not support dg-error
FAIL: gcc.dg/vect/pr71264.c -flto -ffat-lto-objects  scan-tree-dump vect "vectorized 1 loops in function"
FAIL: gcc.dg/vect/pr71264.c scan-tree-dump vect "vectorized 1 loops in function"

		=== gcc Summary for unix ===

# of expected passes		89020
# of unexpected failures	10
# of expected failures		345
# of unsupported tests		2193

Running target unix/-m64
FAIL: gcc.dg/visibility-22.c execution test
FAIL: gcc.dg/torture/pr60092.c   -O0  execution test
WARNING: profopt.exp does not support dg-error
FAIL: gcc.dg/vect/pr71264.c -flto -ffat-lto-objects  scan-tree-dump vect "vectorized 1 loops in function"
FAIL: gcc.dg/vect/pr71264.c scan-tree-dump vect "vectorized 1 loops in function"

		=== gcc Summary for unix/-m64 ===

# of expected passes		90004
# of unexpected failures	4
# of expected failures		333
# of unsupported tests		2018

		=== gcc Summary ===

# of expected passes		179024
# of unexpected failures	14
# of expected failures		678
# of unsupported tests		4211
/var/gcc/regression/gcc-6-branch/11-gcc/build/gcc/xgcc  version 6.4.1 20180105 [gcc-6-branch revision 256270] (GCC) 

		=== gfortran tests ===


Running target unix

		=== gfortran Summary for unix ===

# of expected passes		42704
# of expected failures		80
# of unsupported tests		229

Running target unix/-m64

		=== gfortran Summary for unix/-m64 ===

# of expected passes		42951
# of expected failures		80
# of unsupported tests		108

		=== gfortran Summary ===

# of expected passes		85655
# of expected failures		160
# of unsupported tests		337
/var/gcc/regression/gcc-6-branch/11-gcc/build/gcc/testsuite/gfortran/../../gfortran  version 6.4.1 20180105 [gcc-6-branch revision 256270] (GCC) 

		=== gnat tests ===


Running target unix

		=== gnat Summary for unix ===

# of expected passes		2500
# of expected failures		22
# of unsupported tests		21

Running target unix/-m64

		=== gnat Summary for unix/-m64 ===

# of expected passes		2500
# of expected failures		22
# of unsupported tests		21

		=== gnat Summary ===

# of expected passes		5000
# of expected failures		44
# of unsupported tests		42
/var/gcc/regression/gcc-6-branch/11-gcc/build/gcc/gnatmake version 6.4.1 20180105 [gcc-6-branch revision 256270]

		=== go tests ===


Running target unix
FAIL: go.test/test/fixedbugs/issue4562.go execution,  -O2 -g 
FAIL: go.test/test/nil.go execution,  -O2 -g 

		=== go Summary for unix ===

# of expected passes		7361
# of unexpected failures	2
# of expected failures		1
# of untested testcases		11
# of unsupported tests		3

Running target unix/-m64
FAIL: go.test/test/fixedbugs/issue4562.go execution,  -O2 -g 
FAIL: go.test/test/nil.go execution,  -O2 -g 

		=== go Summary for unix/-m64 ===

# of expected passes		7241
# of unexpected failures	2
# of expected failures		1
# of untested testcases		11
# of unsupported tests		3

		=== go Summary ===

# of expected passes		14602
# of unexpected failures	4
# of expected failures		2
# of untested testcases		22
# of unsupported tests		6
		=== obj-c++ tests ===


Running target unix

		=== obj-c++ Summary for unix ===

# of expected passes		1454
# of expected failures		2
# of unsupported tests		77

Running target unix/-m64

		=== obj-c++ Summary for unix/-m64 ===

# of expected passes		1446
# of expected failures		10
# of unsupported tests		77

		=== obj-c++ Summary ===

# of expected passes		2900
# of expected failures		12
# of unsupported tests		154
/var/gcc/regression/gcc-6-branch/11-gcc/build/gcc/testsuite/obj-c++/../../xg++  version 6.4.1 20180105 [gcc-6-branch revision 256270] (GCC) 

		=== objc tests ===


Running target unix

		=== objc Summary for unix ===

# of expected passes		2789
# of unsupported tests		68

Running target unix/-m64

		=== objc Summary for unix/-m64 ===

# of expected passes		2789
# of unsupported tests		68

		=== objc Summary ===

# of expected passes		5578
# of unsupported tests		136
/var/gcc/regression/gcc-6-branch/11-gcc/build/gcc/xgcc  version 6.4.1 20180105 [gcc-6-branch revision 256270] (GCC) 

		=== boehm-gc tests ===


Running target unix

		=== boehm-gc Summary for unix ===

# of expected passes		12
# of unsupported tests		1

Running target unix/-m64

		=== boehm-gc Summary for unix/-m64 ===

# of expected passes		12
# of unsupported tests		1

		=== boehm-gc Summary ===

# of expected passes		24
# of unsupported tests		2
		=== libatomic tests ===


Running target unix

		=== libatomic Summary for unix ===

# of expected passes		44
# of unsupported tests		5

Running target unix/-m64

		=== libatomic Summary for unix/-m64 ===

# of expected passes		54

		=== libatomic Summary ===

# of expected passes		98
# of unsupported tests		5
		=== libffi tests ===


Running target unix

		=== libffi Summary for unix ===

# of expected passes		2214

Running target unix/-m64

		=== libffi Summary for unix/-m64 ===

# of expected passes		2214

		=== libffi Summary ===

# of expected passes		4428
		=== libgo tests ===


Running target unix
FAIL: reflect
FAIL: time
FAIL: go/build

		=== libgo Summary for unix ===

# of expected passes		131
# of unexpected failures	3

Running target unix/-m64
FAIL: time
FAIL: go/build

		=== libgo Summary for unix/-m64 ===

# of expected passes		132
# of unexpected failures	2

		=== libgo Summary ===

# of expected passes		263
# of unexpected failures	5
		=== libgomp tests ===


Running target unix

		=== libgomp Summary for unix ===

# of expected passes		5075
# of unsupported tests		322

Running target unix/-m64

		=== libgomp Summary for unix/-m64 ===

# of expected passes		5075
# of unsupported tests		322

		=== libgomp Summary ===

# of expected passes		10150
# of unsupported tests		644
		=== libitm tests ===


Running target unix

		=== libitm Summary for unix ===

# of expected passes		42
# of expected failures		3
# of unsupported tests		1

Running target unix/-m64

		=== libitm Summary for unix/-m64 ===

# of expected passes		42
# of expected failures		3
# of unsupported tests		1

		=== libitm Summary ===

# of expected passes		84
# of expected failures		6
# of unsupported tests		2
		=== libjava tests ===


Running target unix

		=== libjava Summary for unix ===

# of expected passes		2582
# of expected failures		4

Running target unix/-m64

		=== libjava Summary for unix/-m64 ===

# of expected passes		2582
# of expected failures		4

		=== libjava Summary ===

# of expected passes		5164
# of expected failures		8
		=== libstdc++ tests ===


Running target unix

		=== libstdc++ Summary for unix ===

# of expected passes		10193
# of expected failures		67
# of unsupported tests		625

Running target unix/-m64

		=== libstdc++ Summary for unix/-m64 ===

# of expected passes		10193
# of expected failures		67
# of unsupported tests		625

		=== libstdc++ Summary ===

# of expected passes		20386
# of expected failures		134
# of unsupported tests		1250

Compiler version: 6.4.1 20180105 [gcc-6-branch revision 256270] (GCC) 
Platform: sparc-sun-solaris2.11
configure flags: --prefix=/vol/gcc --target=sparc-sun-solaris2.11 --enable-objc-gc --enable-libmudflap --with-as=/usr/ccs/bin/as --without-gnu-as --with-gmp-include=/vol/gcc/include --with-gmp-lib=/vol/gcc/lib --with-mpfr-include=/vol/gcc/include --with-mpfr-lib=/vol/gcc/lib --with-mpc-include=/vol/gcc/include --with-mpc-lib=/vol/gcc/lib --enable-languages=all,ada,obj-c++,go --with-isl-include=/vol/gcc/include --with-isl-lib=/vol/gcc/lib --build=sparc-sun-solaris2.11 --host=sparc-sun-solaris2.11
BOOT_CFLAGS=-g -O2


Index Nav: [Date Index] [Subject Index] [Author Index] [Thread Index]
Message Nav: [Date Prev] [Date Next] [Thread Prev] [Thread Next]