This is the mail archive of the gcc-testresults@gcc.gnu.org mailing list for the GCC project.


Index Nav: [Date Index] [Subject Index] [Author Index] [Thread Index]
Message Nav: [Date Prev] [Date Next] [Thread Prev] [Thread Next]
Other format: [Raw text]

Results for 7.2.1 20180105 [gcc-7-branch revision 256271] (GCC) testsuite on sparc-sun-solaris2.11


LAST_UPDATED: Fri Jan  5 09:55:15 UTC 2018 (revision 256271)

		=== acats tests ===

		=== acats Summary ===
# of expected passes		2320
# of unexpected failures	0
Native configuration is sparc-sun-solaris2.11

		=== g++ tests ===


Running target unix

		=== g++ Summary for unix ===

# of expected passes		103781
# of expected failures		391
# of unsupported tests		4615

Running target unix/-m64

		=== g++ Summary for unix/-m64 ===

# of expected passes		105675
# of expected failures		391
# of unsupported tests		4587

		=== g++ Summary ===

# of expected passes		209456
# of expected failures		782
# of unsupported tests		9202
/var/gcc/regression/gcc-7-branch/11-gcc-gas/build/gcc/testsuite/g++/../../xg++  version 7.2.1 20180105 [gcc-7-branch revision 256271] (GCC) 

		=== gcc tests ===


Running target unix
XPASS: gcc.dg/pr78768.c -Wformat-overflow (test for warnings, line 11)
FAIL: gcc.dg/visibility-22.c execution test
FAIL: gcc.dg/plugin/must-tail-call-1.c -fplugin=./must_tail_call_plugin.so (test for excess errors)
FAIL: gcc.dg/simulate-thread/atomic-other-int.c   -O2 -g  thread simulation test
FAIL: gcc.dg/simulate-thread/atomic-other-int.c   -O3 -g  thread simulation test
FAIL: gcc.dg/simulate-thread/speculative-store-4.c   -O0 -g  thread simulation test
FAIL: gcc.dg/simulate-thread/speculative-store.c   -O0 -g  thread simulation test
FAIL: gcc.dg/torture/pr60092.c   -O0  execution test

		=== gcc Summary for unix ===

# of expected passes		99892
# of unexpected failures	7
# of unexpected successes	1
# of expected failures		406
# of unsupported tests		2628

Running target unix/-m64
XPASS: gcc.dg/pr78768.c -Wformat-overflow (test for warnings, line 11)
FAIL: gcc.dg/visibility-22.c execution test
FAIL: gcc.dg/plugin/must-tail-call-1.c -fplugin=./must_tail_call_plugin.so (test for excess errors)
FAIL: gcc.dg/torture/pr60092.c   -O0  execution test

		=== gcc Summary for unix/-m64 ===

# of expected passes		100951
# of unexpected failures	3
# of unexpected successes	1
# of expected failures		391
# of unsupported tests		2420

		=== gcc Summary ===

# of expected passes		200843
# of unexpected failures	10
# of unexpected successes	2
# of expected failures		797
# of unsupported tests		5048
/var/gcc/regression/gcc-7-branch/11-gcc-gas/build/gcc/xgcc  version 7.2.1 20180105 [gcc-7-branch revision 256271] (GCC) 

		=== gfortran tests ===


Running target unix

		=== gfortran Summary for unix ===

# of expected passes		44942
# of expected failures		89
# of unsupported tests		243

Running target unix/-m64

		=== gfortran Summary for unix/-m64 ===

# of expected passes		45189
# of expected failures		89
# of unsupported tests		122

		=== gfortran Summary ===

# of expected passes		90131
# of expected failures		178
# of unsupported tests		365
/var/gcc/regression/gcc-7-branch/11-gcc-gas/build/gcc/testsuite/gfortran/../../gfortran  version 7.2.1 20180105 [gcc-7-branch revision 256271] (GCC) 

		=== gnat tests ===


Running target unix

		=== gnat Summary for unix ===

# of expected passes		2549
# of expected failures		24
# of unsupported tests		23

Running target unix/-m64

		=== gnat Summary for unix/-m64 ===

# of expected passes		2549
# of expected failures		24
# of unsupported tests		23

		=== gnat Summary ===

# of expected passes		5098
# of expected failures		48
# of unsupported tests		46
/var/gcc/regression/gcc-7-branch/11-gcc-gas/build/gcc/gnatmake version 7.2.1 20180105 [gcc-7-branch revision 256271]

		=== go tests ===


Running target unix

		=== go Summary for unix ===

# of expected passes		7362
# of expected failures		1
# of untested testcases		11
# of unsupported tests		3

Running target unix/-m64

		=== go Summary for unix/-m64 ===

# of expected passes		7242
# of expected failures		1
# of untested testcases		11
# of unsupported tests		3

		=== go Summary ===

# of expected passes		14604
# of expected failures		2
# of untested testcases		22
# of unsupported tests		6
		=== obj-c++ tests ===


Running target unix

		=== obj-c++ Summary for unix ===

# of expected passes		1459
# of expected failures		2
# of unsupported tests		77

Running target unix/-m64

		=== obj-c++ Summary for unix/-m64 ===

# of expected passes		1451
# of expected failures		10
# of unsupported tests		77

		=== obj-c++ Summary ===

# of expected passes		2910
# of expected failures		12
# of unsupported tests		154
/var/gcc/regression/gcc-7-branch/11-gcc-gas/build/gcc/testsuite/obj-c++/../../xg++  version 7.2.1 20180105 [gcc-7-branch revision 256271] (GCC) 

		=== objc tests ===


Running target unix

		=== objc Summary for unix ===

# of expected passes		2803
# of unsupported tests		68

Running target unix/-m64

		=== objc Summary for unix/-m64 ===

# of expected passes		2803
# of unsupported tests		68

		=== objc Summary ===

# of expected passes		5606
# of unsupported tests		136
/var/gcc/regression/gcc-7-branch/11-gcc-gas/build/gcc/xgcc  version 7.2.1 20180105 [gcc-7-branch revision 256271] (GCC) 

		=== libatomic tests ===


Running target unix

		=== libatomic Summary for unix ===

# of expected passes		44
# of unsupported tests		5

Running target unix/-m64

		=== libatomic Summary for unix/-m64 ===

# of expected passes		54

		=== libatomic Summary ===

# of expected passes		98
# of unsupported tests		5
		=== libffi tests ===


Running target unix

		=== libffi Summary for unix ===

# of expected passes		2214

Running target unix/-m64

		=== libffi Summary for unix/-m64 ===

# of expected passes		2214

		=== libffi Summary ===

# of expected passes		4428
		=== libgo tests ===


Running target unix
FAIL: net
FAIL: go/build
FAIL: net/http

		=== libgo Summary for unix ===

# of expected passes		143
# of unexpected failures	3

Running target unix/-m64
FAIL: net
FAIL: go/build
FAIL: os/signal

		=== libgo Summary for unix/-m64 ===

# of expected passes		143
# of unexpected failures	3

		=== libgo Summary ===

# of expected passes		286
# of unexpected failures	6
		=== libgomp tests ===


Running target unix

		=== libgomp Summary for unix ===

# of expected passes		5109
# of unsupported tests		382

Running target unix/-m64

		=== libgomp Summary for unix/-m64 ===

# of expected passes		5109
# of unsupported tests		382

		=== libgomp Summary ===

# of expected passes		10218
# of unsupported tests		764
		=== libitm tests ===


Running target unix

		=== libitm Summary for unix ===

# of expected passes		42
# of expected failures		3
# of unsupported tests		1

Running target unix/-m64

		=== libitm Summary for unix/-m64 ===

# of expected passes		42
# of expected failures		3
# of unsupported tests		1

		=== libitm Summary ===

# of expected passes		84
# of expected failures		6
# of unsupported tests		2
		=== libstdc++ tests ===


Running target unix

		=== libstdc++ Summary for unix ===

# of expected passes		10856
# of expected failures		67
# of unsupported tests		638

Running target unix/-m64

		=== libstdc++ Summary for unix/-m64 ===

# of expected passes		10856
# of expected failures		67
# of unsupported tests		638

		=== libstdc++ Summary ===

# of expected passes		21712
# of expected failures		134
# of unsupported tests		1276

Compiler version: 7.2.1 20180105 [gcc-7-branch revision 256271] (GCC) 
Platform: sparc-sun-solaris2.11
configure flags: --prefix=/vol/gcc --target=sparc-sun-solaris2.11 --enable-objc-gc --with-target-bdw-gc-include=/vol/gcc/include --with-target-bdw-gc-lib=/vol/gcc/lib,sparcv9=/vol/gcc/lib/sparcv9 --enable-libmudflap --with-as=/vol/gcc/bin/gas-2.29 --with-gnu-as --with-gmp-include=/vol/gcc/include --with-gmp-lib=/vol/gcc/lib --with-mpfr-include=/vol/gcc/include --with-mpfr-lib=/vol/gcc/lib --with-mpc-include=/vol/gcc/include --with-mpc-lib=/vol/gcc/lib --enable-languages=all,ada,obj-c++,go --with-isl-include=/vol/gcc/include --with-isl-lib=/vol/gcc/lib --build=sparc-sun-solaris2.11 --host=sparc-sun-solaris2.11
BOOT_CFLAGS=-g -O2


Index Nav: [Date Index] [Subject Index] [Author Index] [Thread Index]
Message Nav: [Date Prev] [Date Next] [Thread Prev] [Thread Next]