This is the mail archive of the gcc-testresults@gcc.gnu.org mailing list for the GCC project.


Index Nav: [Date Index] [Subject Index] [Author Index] [Thread Index]
Message Nav: [Date Prev] [Date Next] [Thread Prev] [Thread Next]
Other format: [Raw text]

Results for 7.2.1 20180105 [gcc-7-branch revision 256271] (GCC) testsuite on i386-pc-solaris2.11


LAST_UPDATED: Fri Jan  5 09:55:15 UTC 2018 (revision 256271)

		=== acats tests ===

		=== acats Summary ===
# of expected passes		2320
# of unexpected failures	0
Native configuration is i386-pc-solaris2.11

		=== g++ tests ===


Running target unix

		=== g++ Summary for unix ===

# of expected passes		105178
# of expected failures		394
# of unsupported tests		4105

Running target unix/-m64

		=== g++ Summary for unix/-m64 ===

# of expected passes		106525
# of expected failures		394
# of unsupported tests		4343

		=== g++ Summary ===

# of expected passes		211703
# of expected failures		788
# of unsupported tests		8448
/var/gcc/regression/gcc-7-branch/11-gcc/build/gcc/testsuite/g++/../../xg++  version 7.2.1 20180105 [gcc-7-branch revision 256271] (GCC) 

		=== gcc tests ===


Running target unix
FAIL: gcc.c-torture/compile/pr61159.c   -O0  (test for excess errors)
FAIL: gcc.c-torture/compile/pr61159.c   -O1  (test for excess errors)
FAIL: gcc.c-torture/compile/pr61159.c   -O2  (test for excess errors)
FAIL: gcc.c-torture/compile/pr61159.c   -O2 -flto  (test for excess errors)
FAIL: gcc.c-torture/compile/pr61159.c   -O2 -flto -flto-partition=none  (test for excess errors)
FAIL: gcc.c-torture/compile/pr61159.c   -O3 -g  (test for excess errors)
FAIL: gcc.c-torture/compile/pr61159.c   -Os  (test for excess errors)
FAIL: gcc.dg/attr-weakref-1.c (test for excess errors)
WARNING: gcc.dg/attr-weakref-1.c compilation failed to produce executable
XPASS: gcc.dg/pr78768.c -Wformat-overflow (test for warnings, line 11)
FAIL: gcc.dg/visibility-22.c execution test
FAIL: gcc.dg/simulate-thread/atomic-load-longlong.c   -O3 -g  thread simulation test
FAIL: gcc.dg/torture/pr60092.c   -O0  execution test
FAIL: gcc.target/i386/pr80569.c (test for excess errors)

		=== gcc Summary for unix ===

# of expected passes		116547
# of unexpected failures	12
# of unexpected successes	1
# of expected failures		377
# of unsupported tests		2535

Running target unix/-m64
FAIL: gcc.c-torture/compile/pr61159.c   -O0  (test for excess errors)
FAIL: gcc.c-torture/compile/pr61159.c   -O1  (test for excess errors)
FAIL: gcc.c-torture/compile/pr61159.c   -O2  (test for excess errors)
FAIL: gcc.c-torture/compile/pr61159.c   -O2 -flto  (test for excess errors)
FAIL: gcc.c-torture/compile/pr61159.c   -O2 -flto -flto-partition=none  (test for excess errors)
FAIL: gcc.c-torture/compile/pr61159.c   -O3 -g  (test for excess errors)
FAIL: gcc.c-torture/compile/pr61159.c   -Os  (test for excess errors)
FAIL: gcc.dg/attr-weakref-1.c (test for excess errors)
WARNING: gcc.dg/attr-weakref-1.c compilation failed to produce executable
XPASS: gcc.dg/pr78768.c -Wformat-overflow (test for warnings, line 11)
FAIL: gcc.dg/visibility-22.c execution test
FAIL: gcc.dg/rtl/x86_64/final.c (internal compiler error)
FAIL: gcc.dg/rtl/x86_64/final.c (test for excess errors)
UNRESOLVED: gcc.dg/rtl/x86_64/final.c scan-assembler .cfi_endproc
UNRESOLVED: gcc.dg/rtl/x86_64/final.c scan-assembler .cfi_startproc
UNRESOLVED: gcc.dg/rtl/x86_64/final.c scan-assembler ret
UNRESOLVED: gcc.dg/rtl/x86_64/final.c scan-assembler test_1:
FAIL: gcc.dg/torture/pr60092.c   -O0  execution test
FAIL: gcc.target/i386/pr80569.c (test for excess errors)

		=== gcc Summary for unix/-m64 ===

# of expected passes		118021
# of unexpected failures	13
# of unexpected successes	1
# of expected failures		371
# of unresolved testcases	4
# of unsupported tests		2521

		=== gcc Summary ===

# of expected passes		234568
# of unexpected failures	25
# of unexpected successes	2
# of expected failures		748
# of unresolved testcases	4
# of unsupported tests		5056
/var/gcc/regression/gcc-7-branch/11-gcc/build/gcc/xgcc  version 7.2.1 20180105 [gcc-7-branch revision 256271] (GCC) 

		=== gfortran tests ===


Running target unix

		=== gfortran Summary for unix ===

# of expected passes		45051
# of expected failures		87
# of unsupported tests		189

Running target unix/-m64

		=== gfortran Summary for unix/-m64 ===

# of expected passes		45268
# of expected failures		87
# of unsupported tests		86

		=== gfortran Summary ===

# of expected passes		90319
# of expected failures		174
# of unsupported tests		275
/var/gcc/regression/gcc-7-branch/11-gcc/build/gcc/testsuite/gfortran/../../gfortran  version 7.2.1 20180105 [gcc-7-branch revision 256271] (GCC) 

		=== gnat tests ===


Running target unix

		=== gnat Summary for unix ===

# of expected passes		2583
# of expected failures		24
# of unsupported tests		7

Running target unix/-m64

		=== gnat Summary for unix/-m64 ===

# of expected passes		2583
# of expected failures		24
# of unsupported tests		7

		=== gnat Summary ===

# of expected passes		5166
# of expected failures		48
# of unsupported tests		14
/var/gcc/regression/gcc-7-branch/11-gcc/build/gcc/gnatmake version 7.2.1 20180105 [gcc-7-branch revision 256271]

		=== go tests ===


Running target unix

		=== go Summary for unix ===

# of expected passes		7365
# of expected failures		1
# of untested testcases		10
# of unsupported tests		2

Running target unix/-m64

		=== go Summary for unix/-m64 ===

# of expected passes		7246
# of expected failures		1
# of untested testcases		10
# of unsupported tests		1

		=== go Summary ===

# of expected passes		14611
# of expected failures		2
# of untested testcases		20
# of unsupported tests		3
		=== obj-c++ tests ===


Running target unix

		=== obj-c++ Summary for unix ===

# of expected passes		1459
# of expected failures		2
# of unsupported tests		77

Running target unix/-m64

		=== obj-c++ Summary for unix/-m64 ===

# of expected passes		1451
# of expected failures		10
# of unsupported tests		77

		=== obj-c++ Summary ===

# of expected passes		2910
# of expected failures		12
# of unsupported tests		154
/var/gcc/regression/gcc-7-branch/11-gcc/build/gcc/testsuite/obj-c++/../../xg++  version 7.2.1 20180105 [gcc-7-branch revision 256271] (GCC) 

		=== objc tests ===


Running target unix

		=== objc Summary for unix ===

# of expected passes		2797
# of expected failures		6
# of unsupported tests		68

Running target unix/-m64

		=== objc Summary for unix/-m64 ===

# of expected passes		2797
# of expected failures		6
# of unsupported tests		68

		=== objc Summary ===

# of expected passes		5594
# of expected failures		12
# of unsupported tests		136
/var/gcc/regression/gcc-7-branch/11-gcc/build/gcc/xgcc  version 7.2.1 20180105 [gcc-7-branch revision 256271] (GCC) 

		=== libatomic tests ===


Running target unix

		=== libatomic Summary for unix ===

# of expected passes		44
# of unsupported tests		5

Running target unix/-m64

		=== libatomic Summary for unix/-m64 ===

# of expected passes		54

		=== libatomic Summary ===

# of expected passes		98
# of unsupported tests		5
		=== libffi tests ===


Running target unix

		=== libffi Summary for unix ===

# of expected passes		2799

Running target unix/-m64

		=== libffi Summary for unix/-m64 ===

# of expected passes		2214

		=== libffi Summary ===

# of expected passes		5013
		=== libgo tests ===


Running target unix
FAIL: go/build
FAIL: runtime/pprof

		=== libgo Summary for unix ===

# of expected passes		144
# of unexpected failures	2

Running target unix/-m64
FAIL: go/build
FAIL: runtime/pprof

		=== libgo Summary for unix/-m64 ===

# of expected passes		144
# of unexpected failures	2

		=== libgo Summary ===

# of expected passes		288
# of unexpected failures	4
/var/gcc/regression/gcc-7-branch/11-gcc/build/./gcc/gccgo version 7.2.1 20180105 [gcc-7-branch revision 256271] (GCC)

		=== libgomp tests ===


Running target unix

		=== libgomp Summary for unix ===

# of expected passes		5111
# of unsupported tests		381

Running target unix/-m64

		=== libgomp Summary for unix/-m64 ===

# of expected passes		5111
# of unsupported tests		381

		=== libgomp Summary ===

# of expected passes		10222
# of unsupported tests		762
		=== libitm tests ===


Running target unix

		=== libitm Summary for unix ===

# of expected passes		42
# of expected failures		3
# of unsupported tests		1

Running target unix/-m64

		=== libitm Summary for unix/-m64 ===

# of expected passes		42
# of expected failures		3
# of unsupported tests		1

		=== libitm Summary ===

# of expected passes		84
# of expected failures		6
# of unsupported tests		2
		=== libstdc++ tests ===


Running target unix

		=== libstdc++ Summary for unix ===

# of expected passes		10885
# of expected failures		67
# of unsupported tests		624

Running target unix/-m64

		=== libstdc++ Summary for unix/-m64 ===

# of expected passes		10877
# of expected failures		67
# of unsupported tests		628

		=== libstdc++ Summary ===

# of expected passes		21762
# of expected failures		134
# of unsupported tests		1252

Compiler version: 7.2.1 20180105 [gcc-7-branch revision 256271] (GCC) 
Platform: i386-pc-solaris2.11
configure flags: --prefix=/vol/gcc --target=i386-pc-solaris2.11 --enable-objc-gc --with-target-bdw-gc-include=/vol/gcc/include --with-target-bdw-gc-lib=/vol/gcc/lib,amd64=/vol/gcc/lib/amd64 --enable-libmudflap --with-as=/usr/ccs/bin/as --without-gnu-as --with-gmp-include=/vol/gcc/include --with-gmp-lib=/vol/gcc/lib --with-mpfr-include=/vol/gcc/include --with-mpfr-lib=/vol/gcc/lib --with-mpc-include=/vol/gcc/include --with-mpc-lib=/vol/gcc/lib --enable-languages=all,ada,obj-c++,go --with-isl-include=/vol/gcc/include --with-isl-lib=/vol/gcc/lib --build=i386-pc-solaris2.11 --host=i386-pc-solaris2.11
BOOT_CFLAGS=-g -O2


Index Nav: [Date Index] [Subject Index] [Author Index] [Thread Index]
Message Nav: [Date Prev] [Date Next] [Thread Prev] [Thread Next]