This is the mail archive of the gcc-testresults@gcc.gnu.org mailing list for the GCC project.


Index Nav: [Date Index] [Subject Index] [Author Index] [Thread Index]
Message Nav: [Date Prev] [Date Next] [Thread Prev] [Thread Next]
Other format: [Raw text]

Results for 8.0.0 20180101 (experimental) (gcc trunk r256059 with mips64r2 n64) testsuite on mips64el-unknown-linux-gnu


Architecture:          mips64
Byte Order:            Little Endian
CPU(s):                8
On-line CPU(s) list:   0-7
Thread(s) per core:    1
Core(s) per socket:    1
Socket(s):             8
NUMA node(s):          2
NUMA node0 CPU(s):     0-3
NUMA node1 CPU(s):     4-7

system type		: lst-loongson3-eva
machine			: Unknown
processor		: 0
cpu model		: ICT Loongson-3A2000 V0.8  FPU V0.1
BogoMIPS		: 1992.00
wait instruction	: yes
microsecond timers	: yes
tlb_entries		: 1088
extra interrupt vector	: no
hardware watchpoint	: yes, count: 0, address/irw mask: []
isa			: mips1 mips2 mips3 mips4 mips5 mips64r2
ASEs implemented	: dsp dsp2 vz
shadow register sets	: 1
kscratch registers	: 6
core			: 0
VCED exceptions		: not available
VCEI exceptions		: not available

Build time:
real	330m46.808s
user	1917m54.457s
sys	48m46.195s
 Build is ok   
Test time:
real	360m38.171s
user	1815m42.230s
sys	474m31.914s
 Test is error

Native configuration is mips64el-unknown-linux-gnu

		=== gcc tests ===


Running target unix
FAIL: c-c++-common/Warray-bounds-4.c  -Wc++-compat   (test for warnings, line 67)
FAIL: c-c++-common/Wrestrict.c  -Wc++-compat  (test for excess errors)
FAIL: gcc.dg/attr-ifunc-1.c execution test
FAIL: gcc.dg/attr-ifunc-4.c (test for excess errors)
UNRESOLVED: gcc.dg/attr-ifunc-4.c compilation failed to produce executable
FAIL: gcc.dg/attr-ifunc-5.c execution test
FAIL: gcc.dg/gimplefe-26.c (internal compiler error)
FAIL: gcc.dg/gimplefe-26.c (test for excess errors)
FAIL: gcc.dg/localalias.c execution test
FAIL: gcc.dg/pr21643.c scan-tree-dump-times reassoc1 "Optimizing range tests c_[0-9]*.D. -.0, 31. and -.32, 32.[\\n\\r]* into" 6 (found 5 times)
FAIL: gcc.dg/pr44194-1.c scan-rtl-dump dse1 "global deletions = (2|3)"
FAIL: gcc.dg/pr44194-1.c scan-rtl-dump-not final "insn[: ][^\\n]*set \\\\(mem(?![^\\n]*scratch)"
XPASS: gcc.dg/pr78768.c -Wformat-overflow (test for warnings, line 12)
FAIL: gcc.dg/uninit-19.c  (test for warnings, line 24)
FAIL: gcc.dg/uninit-19.c (test for excess errors)
XPASS: gcc.dg/guality/example.c   -O0  execution test
XPASS: gcc.dg/guality/example.c   -O1  execution test
XPASS: gcc.dg/guality/guality.c   -O0  execution test
XPASS: gcc.dg/guality/guality.c   -O1  execution test
XPASS: gcc.dg/guality/guality.c   -O2  execution test
XPASS: gcc.dg/guality/guality.c   -O2 -flto -fno-use-linker-plugin -flto-partition=none  execution test
XPASS: gcc.dg/guality/guality.c   -Os  execution test
XPASS: gcc.dg/guality/inline-params-2.c   -O2 -flto -fuse-linker-plugin -fno-fat-lto-objects  execution test
XPASS: gcc.dg/guality/inline-params.c   -O2  execution test
XPASS: gcc.dg/guality/inline-params.c   -O2 -flto -fno-use-linker-plugin -flto-partition=none  execution test
XPASS: gcc.dg/guality/inline-params.c   -O2 -flto -fuse-linker-plugin -fno-fat-lto-objects  execution test
XPASS: gcc.dg/guality/inline-params.c   -O3 -g  execution test
XPASS: gcc.dg/guality/inline-params.c   -Os  execution test
XPASS: gcc.dg/guality/pr41353-1.c   -O0  line 28 j == 28 + 37
FAIL: gcc.dg/guality/pr41447-1.c   -O3 -g  execution test
FAIL: gcc.dg/guality/pr43051-1.c   -O3 -fomit-frame-pointer -funroll-loops -fpeel-loops -ftracer -finline-functions  line 35 v == 1
FAIL: gcc.dg/guality/pr43051-1.c   -O3 -fomit-frame-pointer -funroll-loops -fpeel-loops -ftracer -finline-functions  line 40 v == 1
FAIL: gcc.dg/guality/pr43051-1.c   -Os  line 35 v == 1
FAIL: gcc.dg/guality/pr43051-1.c   -Os  line 40 v == 1
FAIL: gcc.dg/guality/pr43479.c   -O1  line 13 h == 9
FAIL: gcc.dg/guality/pr43479.c   -O1  line 18 h == 9
FAIL: gcc.dg/guality/pr45882.c   -O1  line 16 b == 7
FAIL: gcc.dg/guality/pr45882.c   -O1  line 16 c == 11
FAIL: gcc.dg/guality/pr45882.c   -O1  line 16 d == 112
FAIL: gcc.dg/guality/pr45882.c   -O1  line 16 e == 142
FAIL: gcc.dg/guality/pr45882.c   -O2  line 16 b == 7
FAIL: gcc.dg/guality/pr45882.c   -O2  line 16 c == 11
FAIL: gcc.dg/guality/pr45882.c   -O2  line 16 d == 112
FAIL: gcc.dg/guality/pr45882.c   -O2  line 16 e == 142
FAIL: gcc.dg/guality/pr45882.c   -O2 -flto -fno-use-linker-plugin -flto-partition=none  line 16 b == 7
FAIL: gcc.dg/guality/pr45882.c   -O2 -flto -fno-use-linker-plugin -flto-partition=none  line 16 c == 11
FAIL: gcc.dg/guality/pr45882.c   -O2 -flto -fno-use-linker-plugin -flto-partition=none  line 16 d == 112
FAIL: gcc.dg/guality/pr45882.c   -O2 -flto -fno-use-linker-plugin -flto-partition=none  line 16 e == 142
FAIL: gcc.dg/guality/pr45882.c   -O2 -flto -fuse-linker-plugin -fno-fat-lto-objects  line 16 b == 7
FAIL: gcc.dg/guality/pr45882.c   -O2 -flto -fuse-linker-plugin -fno-fat-lto-objects  line 16 c == 11
FAIL: gcc.dg/guality/pr45882.c   -O2 -flto -fuse-linker-plugin -fno-fat-lto-objects  line 16 d == 112
FAIL: gcc.dg/guality/pr45882.c   -O2 -flto -fuse-linker-plugin -fno-fat-lto-objects  line 16 e == 142
FAIL: gcc.dg/guality/pr45882.c   -O3 -g  line 16 b == 7
FAIL: gcc.dg/guality/pr45882.c   -O3 -g  line 16 c == 11
FAIL: gcc.dg/guality/pr45882.c   -O3 -g  line 16 d == 112
FAIL: gcc.dg/guality/pr45882.c   -O3 -g  line 16 e == 142
FAIL: gcc.dg/guality/pr45882.c   -Os  line 16 b == 7
FAIL: gcc.dg/guality/pr45882.c   -Os  line 16 c == 11
FAIL: gcc.dg/guality/pr45882.c   -Os  line 16 d == 112
FAIL: gcc.dg/guality/pr45882.c   -Os  line 16 e == 142
FAIL: gcc.dg/guality/pr54519-1.c   -O1  line 20 x == 36
FAIL: gcc.dg/guality/pr54519-1.c   -O1  line 20 y == 25
FAIL: gcc.dg/guality/pr54519-1.c   -O1  line 23 x == 98
FAIL: gcc.dg/guality/pr54519-1.c   -O1  line 23 y == 117
FAIL: gcc.dg/guality/pr54519-1.c   -O2  line 20 x == 36
FAIL: gcc.dg/guality/pr54519-1.c   -O2  line 23 x == 98
FAIL: gcc.dg/guality/pr54519-1.c   -O2 -flto -fno-use-linker-plugin -flto-partition=none  line 20 x == 36
FAIL: gcc.dg/guality/pr54519-1.c   -O2 -flto -fno-use-linker-plugin -flto-partition=none  line 20 y == 25
FAIL: gcc.dg/guality/pr54519-1.c   -O2 -flto -fno-use-linker-plugin -flto-partition=none  line 20 z == 6
FAIL: gcc.dg/guality/pr54519-1.c   -O2 -flto -fno-use-linker-plugin -flto-partition=none  line 23 x == 98
FAIL: gcc.dg/guality/pr54519-1.c   -O2 -flto -fno-use-linker-plugin -flto-partition=none  line 23 y == 117
FAIL: gcc.dg/guality/pr54519-1.c   -O2 -flto -fno-use-linker-plugin -flto-partition=none  line 23 z == 8
FAIL: gcc.dg/guality/pr54519-1.c   -Os  line 20 x == 36
FAIL: gcc.dg/guality/pr54519-1.c   -Os  line 23 x == 98
FAIL: gcc.dg/guality/pr54519-2.c   -O1  line 17 x == 6
FAIL: gcc.dg/guality/pr54519-2.c   -O2  line 17 x == 6
FAIL: gcc.dg/guality/pr54519-2.c   -O2 -flto -fno-use-linker-plugin -flto-partition=none  line 17 x == 6
FAIL: gcc.dg/guality/pr54519-2.c   -O2 -flto -fno-use-linker-plugin -flto-partition=none  line 17 y == 25
FAIL: gcc.dg/guality/pr54519-2.c   -O2 -flto -fuse-linker-plugin -fno-fat-lto-objects  line 17 y == 25
FAIL: gcc.dg/guality/pr54519-3.c   -O2 -flto -fno-use-linker-plugin -flto-partition=none  line 20 y == 25
FAIL: gcc.dg/guality/pr54519-3.c   -O2 -flto -fno-use-linker-plugin -flto-partition=none  line 20 z == 6
FAIL: gcc.dg/guality/pr54519-3.c   -O2 -flto -fno-use-linker-plugin -flto-partition=none  line 23 y == 117
FAIL: gcc.dg/guality/pr54519-3.c   -O2 -flto -fno-use-linker-plugin -flto-partition=none  line 23 z == 8
FAIL: gcc.dg/guality/pr54519-3.c   -O2 -flto -fuse-linker-plugin -fno-fat-lto-objects  line 20 y == 25
FAIL: gcc.dg/guality/pr54519-3.c   -O2 -flto -fuse-linker-plugin -fno-fat-lto-objects  line 20 z == 6
FAIL: gcc.dg/guality/pr54519-3.c   -O2 -flto -fuse-linker-plugin -fno-fat-lto-objects  line 23 y == 117
FAIL: gcc.dg/guality/pr54519-3.c   -O2 -flto -fuse-linker-plugin -fno-fat-lto-objects  line 23 z == 8
FAIL: gcc.dg/guality/pr54519-4.c   -O2 -flto -fno-use-linker-plugin -flto-partition=none  line 17 y == 25
FAIL: gcc.dg/guality/pr54519-4.c   -O2 -flto -fuse-linker-plugin -fno-fat-lto-objects  line 17 y == 25
FAIL: gcc.dg/guality/pr54519-5.c   -O1  line 17 x == 6
FAIL: gcc.dg/guality/pr54519-5.c   -O1  line 17 y == 25
FAIL: gcc.dg/guality/pr54519-5.c   -O2  line 17 y == 25
FAIL: gcc.dg/guality/pr54519-5.c   -O2 -flto -fno-use-linker-plugin -flto-partition=none  line 17 y == 25
FAIL: gcc.dg/guality/pr54519-5.c   -O2 -flto -fuse-linker-plugin -fno-fat-lto-objects  line 17 y == 25
FAIL: gcc.dg/guality/pr54519-5.c   -Os  line 17 y == 25
FAIL: gcc.dg/guality/pr54551.c   -O1  line 18 a == 4
FAIL: gcc.dg/guality/pr54693-2.c   -O1  line 21 x == 10 - i
FAIL: gcc.dg/guality/pr54693-2.c   -O1  line 21 y == 20 - 2 * i
FAIL: gcc.dg/guality/pr54693-2.c   -O2  line 21 x == 10 - i
FAIL: gcc.dg/guality/pr54693-2.c   -O2  line 21 y == 20 - 2 * i
FAIL: gcc.dg/guality/pr54693-2.c   -O2 -flto -fno-use-linker-plugin -flto-partition=none  line 21 x == 10 - i
FAIL: gcc.dg/guality/pr54693-2.c   -O2 -flto -fno-use-linker-plugin -flto-partition=none  line 21 y == 20 - 2 * i
FAIL: gcc.dg/guality/pr54693-2.c   -O2 -flto -fuse-linker-plugin -fno-fat-lto-objects  line 21 y == 20 - 2 * i
FAIL: gcc.dg/guality/pr54693-2.c   -O2 -flto -fuse-linker-plugin -fno-fat-lto-objects  line 21 z == 30 - 3 * i
FAIL: gcc.dg/guality/pr54693-2.c   -O3 -fomit-frame-pointer -funroll-loops -fpeel-loops -ftracer -finline-functions  line 21 y == 20 - 2 * i
FAIL: gcc.dg/guality/pr54693-2.c   -O3 -g  line 21 x == 10 - i
FAIL: gcc.dg/guality/pr54693-2.c   -O3 -g  line 21 y == 20 - 2 * i
FAIL: gcc.dg/guality/pr54693.c   -Os  line 22 i == c - 48
XPASS: gcc.dg/guality/pr54970.c   -O0  line 31 a[0] == 4
XPASS: gcc.dg/guality/pr54970.c   -O0  line 36 a[0] == 4
XPASS: gcc.dg/guality/pr54970.c   -O0  line 45 a[0] == 4
XPASS: gcc.dg/guality/pr54970.c   -O0  line 45 p[-2] == 4
XPASS: gcc.dg/guality/pr54970.c   -O0  line 45 q[-1] == 4
FAIL: gcc.dg/guality/pr56154-2.c   -O1  line pr56154-2.c:30 x == 28
FAIL: gcc.dg/guality/pr56154-2.c   -O2  line pr56154-2.c:30 x == 28
FAIL: gcc.dg/guality/pr56154-2.c   -O3 -g  line pr56154-2.c:30 x == 28
FAIL: gcc.dg/guality/pr56154-2.c   -Os  line pr56154-2.c:30 x == 28
FAIL: gcc.dg/guality/pr56154-3.c   -O1  line pr56154-3.c:22 x == 28
FAIL: gcc.dg/guality/pr58791-2.c   -O2 -flto -fno-use-linker-plugin -flto-partition=none  line pr58791-2.c:27 d & 1 == 1
FAIL: gcc.dg/guality/pr68860-1.c   -O2 -flto -fno-use-linker-plugin -flto-partition=none  line 14 arg1 == 1
FAIL: gcc.dg/guality/pr68860-1.c   -O2 -flto -fno-use-linker-plugin -flto-partition=none  line 14 arg2 == 2
FAIL: gcc.dg/guality/pr68860-1.c   -O2 -flto -fno-use-linker-plugin -flto-partition=none  line 14 arg3 == 3
FAIL: gcc.dg/guality/pr68860-1.c   -O2 -flto -fno-use-linker-plugin -flto-partition=none  line 14 arg4 == 4
FAIL: gcc.dg/guality/pr68860-1.c   -O2 -flto -fno-use-linker-plugin -flto-partition=none  line 14 arg5 == 5
FAIL: gcc.dg/guality/pr68860-1.c   -O2 -flto -fno-use-linker-plugin -flto-partition=none  line 14 arg6 == 6
FAIL: gcc.dg/guality/pr68860-1.c   -O2 -flto -fno-use-linker-plugin -flto-partition=none  line 16 arg1 == 1
FAIL: gcc.dg/guality/pr68860-1.c   -O2 -flto -fno-use-linker-plugin -flto-partition=none  line 16 arg2 == 2
FAIL: gcc.dg/guality/pr68860-1.c   -O2 -flto -fno-use-linker-plugin -flto-partition=none  line 16 arg3 == 3
FAIL: gcc.dg/guality/pr68860-1.c   -O2 -flto -fno-use-linker-plugin -flto-partition=none  line 16 arg4 == 4
FAIL: gcc.dg/guality/pr68860-1.c   -O2 -flto -fno-use-linker-plugin -flto-partition=none  line 16 arg5 == 5
FAIL: gcc.dg/guality/pr68860-1.c   -O2 -flto -fno-use-linker-plugin -flto-partition=none  line 16 arg6 == 6
FAIL: gcc.dg/guality/pr68860-1.c   -O2 -flto -fuse-linker-plugin -fno-fat-lto-objects  line 14 arg1 == 1
FAIL: gcc.dg/guality/pr68860-1.c   -O2 -flto -fuse-linker-plugin -fno-fat-lto-objects  line 14 arg2 == 2
FAIL: gcc.dg/guality/pr68860-1.c   -O2 -flto -fuse-linker-plugin -fno-fat-lto-objects  line 14 arg3 == 3
FAIL: gcc.dg/guality/pr68860-1.c   -O2 -flto -fuse-linker-plugin -fno-fat-lto-objects  line 14 arg4 == 4
FAIL: gcc.dg/guality/pr68860-1.c   -O2 -flto -fuse-linker-plugin -fno-fat-lto-objects  line 14 arg5 == 5
FAIL: gcc.dg/guality/pr68860-1.c   -O2 -flto -fuse-linker-plugin -fno-fat-lto-objects  line 14 arg6 == 6
FAIL: gcc.dg/guality/pr68860-1.c   -O2 -flto -fuse-linker-plugin -fno-fat-lto-objects  line 16 arg1 == 1
FAIL: gcc.dg/guality/pr68860-1.c   -O2 -flto -fuse-linker-plugin -fno-fat-lto-objects  line 16 arg2 == 2
FAIL: gcc.dg/guality/pr68860-1.c   -O2 -flto -fuse-linker-plugin -fno-fat-lto-objects  line 16 arg3 == 3
FAIL: gcc.dg/guality/pr68860-1.c   -O2 -flto -fuse-linker-plugin -fno-fat-lto-objects  line 16 arg4 == 4
FAIL: gcc.dg/guality/pr68860-1.c   -O2 -flto -fuse-linker-plugin -fno-fat-lto-objects  line 16 arg5 == 5
FAIL: gcc.dg/guality/pr68860-1.c   -O2 -flto -fuse-linker-plugin -fno-fat-lto-objects  line 16 arg6 == 6
FAIL: gcc.dg/guality/sra-1.c   -O1  line 43 a.i == 4
FAIL: gcc.dg/guality/sra-1.c   -O2  line 43 a.i == 4
FAIL: gcc.dg/guality/sra-1.c   -O2 -flto -fno-use-linker-plugin -flto-partition=none  line 43 a.i == 4
FAIL: gcc.dg/guality/sra-1.c   -O2 -flto -fuse-linker-plugin -fno-fat-lto-objects  line 43 a.i == 4
FAIL: gcc.dg/guality/sra-1.c   -O3 -g  line 43 a.i == 4
FAIL: gcc.dg/guality/vla-1.c   -O1  line 17 sizeof (a) == 6
FAIL: gcc.dg/guality/vla-1.c   -O1  line 24 i == 5
FAIL: gcc.dg/guality/vla-1.c   -O2  line 17 sizeof (a) == 6
FAIL: gcc.dg/guality/vla-1.c   -O2 -flto -fno-use-linker-plugin -flto-partition=none  line 17 sizeof (a) == 6
FAIL: gcc.dg/guality/vla-1.c   -O2 -flto -fno-use-linker-plugin -flto-partition=none  line 24 sizeof (a) == 17 * sizeof (short)
FAIL: gcc.dg/guality/vla-1.c   -O2 -flto -fuse-linker-plugin -fno-fat-lto-objects  line 17 sizeof (a) == 6
FAIL: gcc.dg/guality/vla-1.c   -O2 -flto -fuse-linker-plugin -fno-fat-lto-objects  line 24 sizeof (a) == 17 * sizeof (short)
FAIL: gcc.dg/guality/vla-1.c   -O3 -g  line 17 sizeof (a) == 6
FAIL: gcc.dg/guality/vla-1.c   -Os  line 17 sizeof (a) == 6
FAIL: gcc.dg/ipa/iinline-attr.c scan-ipa-dump inline "hooray[^\\\\n]*inline copy in test"
FAIL: gcc.dg/ipa/inline-1.c scan-ipa-dump inline "op2 change 9.990000. of time"
FAIL: gcc.dg/ipa/inline-1.c scan-ipa-dump inline "op3 change 9.990000. of time"
FAIL: gcc.dg/ipa/inline-1.c scan-ipa-dump inline "op4 change 9.990000. of time"
FAIL: gcc.dg/ipa/inline-1.c scan-ipa-dump inline "op5 change 9.990000. of time"
FAIL: gcc.dg/torture/c99-contract-1.c   -O1  execution test
FAIL: gcc.dg/torture/c99-contract-1.c   -O2  execution test
FAIL: gcc.dg/torture/c99-contract-1.c   -O2 -flto -fno-use-linker-plugin -flto-partition=none  execution test
FAIL: gcc.dg/torture/c99-contract-1.c   -O2 -flto -fuse-linker-plugin -fno-fat-lto-objects  execution test
FAIL: gcc.dg/torture/c99-contract-1.c   -O3 -g  execution test
FAIL: gcc.dg/torture/c99-contract-1.c   -Os  execution test
FAIL: gcc.dg/tree-ssa/phi-opt-11.c scan-tree-dump-times optimized "if" 0 (found 2 times)
FAIL: gcc.dg/tree-ssa/ssa-dom-cse-2.c scan-tree-dump optimized "return 28;"
FAIL: gcc.dg/vect/pr81633.c  -mmsa execution test
FAIL: gcc.dg/vect/pr81633.c -flto -ffat-lto-objects -mmsa execution test
FAIL: gcc.dg/vect/pr81815.c  -mmsa execution test
FAIL: gcc.dg/vect/pr81815.c -flto -ffat-lto-objects -mmsa execution test
FAIL: gcc.dg/vect/vect-strided-shift-1.c  -mpaired-single  scan-tree-dump-times vect "vectorized 1 loops in function" 1 (found 0 times)
FAIL: gcc.dg/vect/vect-strided-shift-1.c -flto -ffat-lto-objects -mpaired-single  scan-tree-dump-times vect "vectorized 1 loops in function" 1 (found 0 times)
FAIL: gcc.dg/vect/vect-tail-nomask-1.c  -mmsa execution test
FAIL: gcc.dg/vect/vect-tail-nomask-1.c -flto -ffat-lto-objects -mmsa execution test
FAIL: gcc.target/mips/branch-cost-2.c   -Os   scan-assembler \\t(movz|movn)\\t
FAIL: gcc.target/mips/branch-cost-2.c   -Os   scan-assembler-not \\t(bne|beq)\\t
FAIL: gcc.target/mips/data-sym-pool.c   -O0   scan-assembler \\tlw\\t\\\\\$[0-9]+,(.L([0-9]+))\\n.*\\t\\\\.type\\t(__pool_frob_\\\\2), @object\\n\\\\3:\\n\\t\\\\.align\\t2\\n\\\\1:\\n\\t\\\\.word\\t305419896\\n\\t\\\\.type\\t(__pend_frob_\\\\2), @function\\n\\\\4:\\n\\t\\\\.insn\\n
XPASS: gcc.target/mips/dspr2-MULT.c   -O2   scan-assembler \\\\\$ac1
XPASS: gcc.target/mips/dspr2-MULT.c   -O2 -flto -fno-use-linker-plugin -flto-partition=none   scan-assembler \\\\\$ac1
XPASS: gcc.target/mips/dspr2-MULT.c   -O2 -flto -fuse-linker-plugin -fno-fat-lto-objects   scan-assembler \\\\\$ac1
XPASS: gcc.target/mips/dspr2-MULT.c   -O3 -g   scan-assembler \\\\\$ac1
XPASS: gcc.target/mips/dspr2-MULTU.c   -O2   scan-assembler \\\\\$ac1
XPASS: gcc.target/mips/dspr2-MULTU.c   -O2 -flto -fno-use-linker-plugin -flto-partition=none   scan-assembler \\\\\$ac1
XPASS: gcc.target/mips/dspr2-MULTU.c   -O2 -flto -fuse-linker-plugin -fno-fat-lto-objects   scan-assembler \\\\\$ac1
XPASS: gcc.target/mips/dspr2-MULTU.c   -O3 -g   scan-assembler \\\\\$ac1
FAIL: gcc.target/mips/fix-r4000-1.c   -O1   scan-assembler-times \\\\tmult\\\\t\\\\\$[45],\\\\\$[45][^\\\\n]+mulsi3_r4000[^\\\\n]+\\\\n\\\\tmflo\\\\t\\\\\$2\\\\n 2 (found 0 times)
FAIL: gcc.target/mips/fix-r4000-1.c   -O2   scan-assembler-times \\\\tmult\\\\t\\\\\$[45],\\\\\$[45][^\\\\n]+mulsi3_r4000[^\\\\n]+\\\\n\\\\tmflo\\\\t\\\\\$2\\\\n 2 (found 0 times)
FAIL: gcc.target/mips/fix-r4000-1.c   -O2 -flto -fno-use-linker-plugin -flto-partition=none   scan-assembler-times \\\\tmult\\\\t\\\\\$[45],\\\\\$[45][^\\\\n]+mulsi3_r4000[^\\\\n]+\\\\n\\\\tmflo\\\\t\\\\\$2\\\\n 2 (found 0 times)
FAIL: gcc.target/mips/fix-r4000-1.c   -O2 -flto -fuse-linker-plugin -fno-fat-lto-objects   scan-assembler-times \\\\tmult\\\\t\\\\\$[45],\\\\\$[45][^\\\\n]+mulsi3_r4000[^\\\\n]+\\\\n\\\\tmflo\\\\t\\\\\$2\\\\n 2 (found 0 times)
FAIL: gcc.target/mips/fix-r4000-1.c   -O3 -g   scan-assembler-times \\\\tmult\\\\t\\\\\$[45],\\\\\$[45][^\\\\n]+mulsi3_r4000[^\\\\n]+\\\\n\\\\tmflo\\\\t\\\\\$2\\\\n 2 (found 0 times)
FAIL: gcc.target/mips/fix-r4000-1.c   -Os   scan-assembler-times \\\\tmult\\\\t\\\\\$[45],\\\\\$[45][^\\\\n]+mulsi3_r4000[^\\\\n]+\\\\n\\\\tmflo\\\\t\\\\\$2\\\\n 2 (found 0 times)
FAIL: gcc.target/mips/fix-r4000-10.c   -O1   scan-assembler \\\\tdmultu\\\\t\\\\\$[45],\\\\\$[45][^\\\\n]+umulditi3_r4000[^\\\\n]+\\\\n\\\\tmflo\\\\t\\\\\$2\\\\n\\\\tmfhi\\\\t\\\\\$3\\\\n
FAIL: gcc.target/mips/fix-r4000-10.c   -O2   scan-assembler \\\\tdmultu\\\\t\\\\\$[45],\\\\\$[45][^\\\\n]+umulditi3_r4000[^\\\\n]+\\\\n\\\\tmflo\\\\t\\\\\$2\\\\n\\\\tmfhi\\\\t\\\\\$3\\\\n
FAIL: gcc.target/mips/fix-r4000-10.c   -O2 -flto -fno-use-linker-plugin -flto-partition=none   scan-assembler \\\\tdmultu\\\\t\\\\\$[45],\\\\\$[45][^\\\\n]+umulditi3_r4000[^\\\\n]+\\\\n\\\\tmflo\\\\t\\\\\$2\\\\n\\\\tmfhi\\\\t\\\\\$3\\\\n
FAIL: gcc.target/mips/fix-r4000-10.c   -O2 -flto -fuse-linker-plugin -fno-fat-lto-objects   scan-assembler \\\\tdmultu\\\\t\\\\\$[45],\\\\\$[45][^\\\\n]+umulditi3_r4000[^\\\\n]+\\\\n\\\\tmflo\\\\t\\\\\$2\\\\n\\\\tmfhi\\\\t\\\\\$3\\\\n
FAIL: gcc.target/mips/fix-r4000-10.c   -O3 -g   scan-assembler \\\\tdmultu\\\\t\\\\\$[45],\\\\\$[45][^\\\\n]+umulditi3_r4000[^\\\\n]+\\\\n\\\\tmflo\\\\t\\\\\$2\\\\n\\\\tmfhi\\\\t\\\\\$3\\\\n
FAIL: gcc.target/mips/fix-r4000-10.c   -Os   scan-assembler \\\\tdmultu\\\\t\\\\\$[45],\\\\\$[45][^\\\\n]+umulditi3_r4000[^\\\\n]+\\\\n\\\\tmflo\\\\t\\\\\$2\\\\n\\\\tmfhi\\\\t\\\\\$3\\\\n
FAIL: gcc.target/mips/fix-r4000-2.c   -O1   scan-assembler \\\\tmult\\\\t\\\\\$[45],\\\\\$[45][^\\\\n]+mulsidi3_32bit_r4000[^\\\\n]+\\\\n\\\\tmflo\\\\t\\\\\$3\\\\n\\\\tmfhi\\\\t\\\\\$2\\\\n
FAIL: gcc.target/mips/fix-r4000-2.c   -O2   scan-assembler \\\\tmult\\\\t\\\\\$[45],\\\\\$[45][^\\\\n]+mulsidi3_32bit_r4000[^\\\\n]+\\\\n\\\\tmflo\\\\t\\\\\$3\\\\n\\\\tmfhi\\\\t\\\\\$2\\\\n
FAIL: gcc.target/mips/fix-r4000-2.c   -O2 -flto -fno-use-linker-plugin -flto-partition=none   scan-assembler \\\\tmult\\\\t\\\\\$[45],\\\\\$[45][^\\\\n]+mulsidi3_32bit_r4000[^\\\\n]+\\\\n\\\\tmflo\\\\t\\\\\$3\\\\n\\\\tmfhi\\\\t\\\\\$2\\\\n
FAIL: gcc.target/mips/fix-r4000-2.c   -O2 -flto -fuse-linker-plugin -fno-fat-lto-objects   scan-assembler \\\\tmult\\\\t\\\\\$[45],\\\\\$[45][^\\\\n]+mulsidi3_32bit_r4000[^\\\\n]+\\\\n\\\\tmflo\\\\t\\\\\$3\\\\n\\\\tmfhi\\\\t\\\\\$2\\\\n
FAIL: gcc.target/mips/fix-r4000-2.c   -O3 -g   scan-assembler \\\\tmult\\\\t\\\\\$[45],\\\\\$[45][^\\\\n]+mulsidi3_32bit_r4000[^\\\\n]+\\\\n\\\\tmflo\\\\t\\\\\$3\\\\n\\\\tmfhi\\\\t\\\\\$2\\\\n
FAIL: gcc.target/mips/fix-r4000-2.c   -Os   scan-assembler \\\\tmult\\\\t\\\\\$[45],\\\\\$[45][^\\\\n]+mulsidi3_32bit_r4000[^\\\\n]+\\\\n\\\\tmflo\\\\t\\\\\$3\\\\n\\\\tmfhi\\\\t\\\\\$2\\\\n
FAIL: gcc.target/mips/fix-r4000-3.c   -O1   scan-assembler \\\\tmultu\\\\t\\\\\$[45],\\\\\$[45][^\\\\n]+umulsidi3_32bit_r4000[^\\\\n]+\\\\n\\\\tmflo\\\\t\\\\\$3\\\\n\\\\tmfhi\\\\t\\\\\$2\\\\n
FAIL: gcc.target/mips/fix-r4000-3.c   -O2   scan-assembler \\\\tmultu\\\\t\\\\\$[45],\\\\\$[45][^\\\\n]+umulsidi3_32bit_r4000[^\\\\n]+\\\\n\\\\tmflo\\\\t\\\\\$3\\\\n\\\\tmfhi\\\\t\\\\\$2\\\\n
FAIL: gcc.target/mips/fix-r4000-3.c   -O2 -flto -fno-use-linker-plugin -flto-partition=none   scan-assembler \\\\tmultu\\\\t\\\\\$[45],\\\\\$[45][^\\\\n]+umulsidi3_32bit_r4000[^\\\\n]+\\\\n\\\\tmflo\\\\t\\\\\$3\\\\n\\\\tmfhi\\\\t\\\\\$2\\\\n
FAIL: gcc.target/mips/fix-r4000-3.c   -O2 -flto -fuse-linker-plugin -fno-fat-lto-objects   scan-assembler \\\\tmultu\\\\t\\\\\$[45],\\\\\$[45][^\\\\n]+umulsidi3_32bit_r4000[^\\\\n]+\\\\n\\\\tmflo\\\\t\\\\\$3\\\\n\\\\tmfhi\\\\t\\\\\$2\\\\n
FAIL: gcc.target/mips/fix-r4000-3.c   -O3 -g   scan-assembler \\\\tmultu\\\\t\\\\\$[45],\\\\\$[45][^\\\\n]+umulsidi3_32bit_r4000[^\\\\n]+\\\\n\\\\tmflo\\\\t\\\\\$3\\\\n\\\\tmfhi\\\\t\\\\\$2\\\\n
FAIL: gcc.target/mips/fix-r4000-3.c   -Os   scan-assembler \\\\tmultu\\\\t\\\\\$[45],\\\\\$[45][^\\\\n]+umulsidi3_32bit_r4000[^\\\\n]+\\\\n\\\\tmflo\\\\t\\\\\$3\\\\n\\\\tmfhi\\\\t\\\\\$2\\\\n
FAIL: gcc.target/mips/fix-r4000-4.c   -O1   scan-assembler \\\\tmult\\\\t\\\\\$[45],\\\\\$[45][^\\\\n]+mulsidi3_32bit_r4000[^\\\\n]+\\\\n\\\\tmflo\\\\t\\\\\$2\\\\n\\\\tmfhi\\\\t\\\\\$3\\\\n
FAIL: gcc.target/mips/fix-r4000-4.c   -O2   scan-assembler \\\\tmult\\\\t\\\\\$[45],\\\\\$[45][^\\\\n]+mulsidi3_32bit_r4000[^\\\\n]+\\\\n\\\\tmflo\\\\t\\\\\$2\\\\n\\\\tmfhi\\\\t\\\\\$3\\\\n
FAIL: gcc.target/mips/fix-r4000-4.c   -O2 -flto -fno-use-linker-plugin -flto-partition=none   scan-assembler \\\\tmult\\\\t\\\\\$[45],\\\\\$[45][^\\\\n]+mulsidi3_32bit_r4000[^\\\\n]+\\\\n\\\\tmflo\\\\t\\\\\$2\\\\n\\\\tmfhi\\\\t\\\\\$3\\\\n
FAIL: gcc.target/mips/fix-r4000-4.c   -O2 -flto -fuse-linker-plugin -fno-fat-lto-objects   scan-assembler \\\\tmult\\\\t\\\\\$[45],\\\\\$[45][^\\\\n]+mulsidi3_32bit_r4000[^\\\\n]+\\\\n\\\\tmflo\\\\t\\\\\$2\\\\n\\\\tmfhi\\\\t\\\\\$3\\\\n
FAIL: gcc.target/mips/fix-r4000-4.c   -O3 -g   scan-assembler \\\\tmult\\\\t\\\\\$[45],\\\\\$[45][^\\\\n]+mulsidi3_32bit_r4000[^\\\\n]+\\\\n\\\\tmflo\\\\t\\\\\$2\\\\n\\\\tmfhi\\\\t\\\\\$3\\\\n
FAIL: gcc.target/mips/fix-r4000-4.c   -Os   scan-assembler \\\\tmult\\\\t\\\\\$[45],\\\\\$[45][^\\\\n]+mulsidi3_32bit_r4000[^\\\\n]+\\\\n\\\\tmflo\\\\t\\\\\$2\\\\n\\\\tmfhi\\\\t\\\\\$3\\\\n
FAIL: gcc.target/mips/fix-r4000-5.c   -O1   scan-assembler \\\\tmultu\\\\t\\\\\$[45],\\\\\$[45][^\\\\n]+umulsidi3_32bit_r4000[^\\\\n]+\\\\n\\\\tmflo\\\\t\\\\\$2\\\\n\\\\tmfhi\\\\t\\\\\$3\\\\n
FAIL: gcc.target/mips/fix-r4000-5.c   -O2   scan-assembler \\\\tmultu\\\\t\\\\\$[45],\\\\\$[45][^\\\\n]+umulsidi3_32bit_r4000[^\\\\n]+\\\\n\\\\tmflo\\\\t\\\\\$2\\\\n\\\\tmfhi\\\\t\\\\\$3\\\\n
FAIL: gcc.target/mips/fix-r4000-5.c   -O2 -flto -fno-use-linker-plugin -flto-partition=none   scan-assembler \\\\tmultu\\\\t\\\\\$[45],\\\\\$[45][^\\\\n]+umulsidi3_32bit_r4000[^\\\\n]+\\\\n\\\\tmflo\\\\t\\\\\$2\\\\n\\\\tmfhi\\\\t\\\\\$3\\\\n
FAIL: gcc.target/mips/fix-r4000-5.c   -O2 -flto -fuse-linker-plugin -fno-fat-lto-objects   scan-assembler \\\\tmultu\\\\t\\\\\$[45],\\\\\$[45][^\\\\n]+umulsidi3_32bit_r4000[^\\\\n]+\\\\n\\\\tmflo\\\\t\\\\\$2\\\\n\\\\tmfhi\\\\t\\\\\$3\\\\n
FAIL: gcc.target/mips/fix-r4000-5.c   -O3 -g   scan-assembler \\\\tmultu\\\\t\\\\\$[45],\\\\\$[45][^\\\\n]+umulsidi3_32bit_r4000[^\\\\n]+\\\\n\\\\tmflo\\\\t\\\\\$2\\\\n\\\\tmfhi\\\\t\\\\\$3\\\\n
FAIL: gcc.target/mips/fix-r4000-5.c   -Os   scan-assembler \\\\tmultu\\\\t\\\\\$[45],\\\\\$[45][^\\\\n]+umulsidi3_32bit_r4000[^\\\\n]+\\\\n\\\\tmflo\\\\t\\\\\$2\\\\n\\\\tmfhi\\\\t\\\\\$3\\\\n
FAIL: gcc.target/mips/fix-r4000-6.c   -O1   scan-assembler-times \\\\tdmult\\\\t\\\\\$[45],\\\\\$[45][^\\\\n]+muldi3_r4000[^\\\\n]+\\\\n\\\\tmflo\\\\t\\\\\$2\\\\n 2 (found 0 times)
FAIL: gcc.target/mips/fix-r4000-6.c   -O2   scan-assembler-times \\\\tdmult\\\\t\\\\\$[45],\\\\\$[45][^\\\\n]+muldi3_r4000[^\\\\n]+\\\\n\\\\tmflo\\\\t\\\\\$2\\\\n 2 (found 0 times)
FAIL: gcc.target/mips/fix-r4000-6.c   -O2 -flto -fno-use-linker-plugin -flto-partition=none   scan-assembler-times \\\\tdmult\\\\t\\\\\$[45],\\\\\$[45][^\\\\n]+muldi3_r4000[^\\\\n]+\\\\n\\\\tmflo\\\\t\\\\\$2\\\\n 2 (found 0 times)
FAIL: gcc.target/mips/fix-r4000-6.c   -O2 -flto -fuse-linker-plugin -fno-fat-lto-objects   scan-assembler-times \\\\tdmult\\\\t\\\\\$[45],\\\\\$[45][^\\\\n]+muldi3_r4000[^\\\\n]+\\\\n\\\\tmflo\\\\t\\\\\$2\\\\n 2 (found 0 times)
FAIL: gcc.target/mips/fix-r4000-6.c   -O3 -g   scan-assembler-times \\\\tdmult\\\\t\\\\\$[45],\\\\\$[45][^\\\\n]+muldi3_r4000[^\\\\n]+\\\\n\\\\tmflo\\\\t\\\\\$2\\\\n 2 (found 0 times)
FAIL: gcc.target/mips/fix-r4000-6.c   -Os   scan-assembler-times \\\\tdmult\\\\t\\\\\$[45],\\\\\$[45][^\\\\n]+muldi3_r4000[^\\\\n]+\\\\n\\\\tmflo\\\\t\\\\\$2\\\\n 2 (found 0 times)
FAIL: gcc.target/mips/fix-r4000-9.c   -O1   scan-assembler \\\\tdmult\\\\t\\\\\$[45],\\\\\$[45][^\\\\n]+mulditi3_r4000[^\\\\n]+\\\\n\\\\tmflo\\\\t\\\\\$2\\\\n\\\\tmfhi\\\\t\\\\\$3\\\\n
FAIL: gcc.target/mips/fix-r4000-9.c   -O2   scan-assembler \\\\tdmult\\\\t\\\\\$[45],\\\\\$[45][^\\\\n]+mulditi3_r4000[^\\\\n]+\\\\n\\\\tmflo\\\\t\\\\\$2\\\\n\\\\tmfhi\\\\t\\\\\$3\\\\n
FAIL: gcc.target/mips/fix-r4000-9.c   -O2 -flto -fno-use-linker-plugin -flto-partition=none   scan-assembler \\\\tdmult\\\\t\\\\\$[45],\\\\\$[45][^\\\\n]+mulditi3_r4000[^\\\\n]+\\\\n\\\\tmflo\\\\t\\\\\$2\\\\n\\\\tmfhi\\\\t\\\\\$3\\\\n
FAIL: gcc.target/mips/fix-r4000-9.c   -O2 -flto -fuse-linker-plugin -fno-fat-lto-objects   scan-assembler \\\\tdmult\\\\t\\\\\$[45],\\\\\$[45][^\\\\n]+mulditi3_r4000[^\\\\n]+\\\\n\\\\tmflo\\\\t\\\\\$2\\\\n\\\\tmfhi\\\\t\\\\\$3\\\\n
FAIL: gcc.target/mips/fix-r4000-9.c   -O3 -g   scan-assembler \\\\tdmult\\\\t\\\\\$[45],\\\\\$[45][^\\\\n]+mulditi3_r4000[^\\\\n]+\\\\n\\\\tmflo\\\\t\\\\\$2\\\\n\\\\tmfhi\\\\t\\\\\$3\\\\n
FAIL: gcc.target/mips/fix-r4000-9.c   -Os   scan-assembler \\\\tdmult\\\\t\\\\\$[45],\\\\\$[45][^\\\\n]+mulditi3_r4000[^\\\\n]+\\\\n\\\\tmflo\\\\t\\\\\$2\\\\n\\\\tmfhi\\\\t\\\\\$3\\\\n
FAIL: gcc.target/mips/insn-pseudo-1.c   -O3 -g   scan-assembler \\tbeqz\\t\\\\\$[0-9]+,(.L[0-9]+)\\n.*\\n\\\\1:\\n\\t\\\\.insn\\n(?:.L[0-9]+ = \\\\.\\n)?\\t\\\\.end\\tunreachable\\n
FAIL: gcc.target/mips/insn-pseudo-2.c   -O3 -g   scan-assembler \\tbeqz\\t\\\\\$[0-9]+,(.L[0-9]+)\\n.*\\n\\\\1:\\n\\t\\\\.insn\\n(?:.L[0-9]+ = \\\\.\\n)?\\t\\\\.end\\tunreachable\\n
FAIL: gcc.target/mips/insn-pseudo-3.c   -O3 -g   scan-assembler \\tbeqz\\t\\\\\$[0-9]+,(.L[0-9]+)\\n.*\\n\\\\1:\\n\\t\\\\.insn\\n(?:.L[0-9]+ = \\\\.\\n)?\\t\\\\.end\\tunreachable\\n
FAIL: gcc.target/mips/insn-pseudo-4.c   -O0   scan-assembler \\tlw\\t(\\\\\$[0-9]+),(.L[0-9]+)\\n.*\\tbeqz\\t\\\\1,(.L[0-9]+)\\n.*\\n\\\\3:\\n\\t\\\\.insn\\n(?:.L[0-9]+ = \\\\.\\n)?\\t\\\\.type\\t__pool_unreachable_[0-9]+, @object\\n__pool_unreachable_[0-9]+:\\n\\t\\\\.align\\t2\\n\\\\2:\\n\\t\\\\.word\\t305419896\\n
FAIL: gcc.target/mips/insn-pseudo-4.c   -O3 -g   scan-assembler \\tlw\\t(\\\\\$[0-9]+),(.L[0-9]+)\\n.*\\tbeqz\\t\\\\1,(.L[0-9]+)\\n.*\\n\\\\3:\\n\\t\\\\.insn\\n(?:.L[0-9]+ = \\\\.\\n)?\\t\\\\.type\\t__pool_unreachable_[0-9]+, @object\\n__pool_unreachable_[0-9]+:\\n\\t\\\\.align\\t2\\n\\\\2:\\n\\t\\\\.word\\t305419896\\n
FAIL: gcc.target/mips/interrupt_handler-4.c   -O0   scan-assembler v0:.*ins\\t\\\\\$27,\\\\\$0,8,1.*.end\\tv0
FAIL: gcc.target/mips/interrupt_handler-4.c   -O0   scan-assembler v1:.*ins\\t\\\\\$27,\\\\\$0,8,2.*.end\\tv1
FAIL: gcc.target/mips/interrupt_handler-4.c   -O0   scan-assembler v2:.*ins\\t\\\\\$27,\\\\\$0,8,3.*.end\\tv2
FAIL: gcc.target/mips/interrupt_handler-4.c   -O0   scan-assembler v3:.*ins\\t\\\\\$27,\\\\\$0,8,4.*.end\\tv3
FAIL: gcc.target/mips/interrupt_handler-4.c   -O0   scan-assembler v4:.*ins\\t\\\\\$27,\\\\\$0,8,5.*.end\\tv4
FAIL: gcc.target/mips/interrupt_handler-4.c   -O0   scan-assembler v5:.*ins\\t\\\\\$27,\\\\\$0,8,6.*.end\\tv5
FAIL: gcc.target/mips/interrupt_handler-4.c   -O0   scan-assembler v6:.*ins\\t\\\\\$27,\\\\\$0,8,7.*.end\\tv6
FAIL: gcc.target/mips/interrupt_handler-4.c   -O0   scan-assembler v7:.*ins\\t\\\\\$27,\\\\\$0,8,8.*.end\\tv7
FAIL: gcc.target/mips/interrupt_handler-4.c   -O0   scan-assembler-times mfc0\\t\\\\\$27,\\\\\$14 11 (found 3 times)
FAIL: gcc.target/mips/interrupt_handler-4.c   -O0  (test for excess errors)
FAIL: gcc.target/mips/interrupt_handler-4.c   -O1   scan-assembler v0:.*ins\\t\\\\\$27,\\\\\$0,8,1.*.end\\tv0
FAIL: gcc.target/mips/interrupt_handler-4.c   -O1   scan-assembler v1:.*ins\\t\\\\\$27,\\\\\$0,8,2.*.end\\tv1
FAIL: gcc.target/mips/interrupt_handler-4.c   -O1   scan-assembler v2:.*ins\\t\\\\\$27,\\\\\$0,8,3.*.end\\tv2
FAIL: gcc.target/mips/interrupt_handler-4.c   -O1   scan-assembler v3:.*ins\\t\\\\\$27,\\\\\$0,8,4.*.end\\tv3
FAIL: gcc.target/mips/interrupt_handler-4.c   -O1   scan-assembler v4:.*ins\\t\\\\\$27,\\\\\$0,8,5.*.end\\tv4
FAIL: gcc.target/mips/interrupt_handler-4.c   -O1   scan-assembler v5:.*ins\\t\\\\\$27,\\\\\$0,8,6.*.end\\tv5
FAIL: gcc.target/mips/interrupt_handler-4.c   -O1   scan-assembler v6:.*ins\\t\\\\\$27,\\\\\$0,8,7.*.end\\tv6
FAIL: gcc.target/mips/interrupt_handler-4.c   -O1   scan-assembler v7:.*ins\\t\\\\\$27,\\\\\$0,8,8.*.end\\tv7
FAIL: gcc.target/mips/interrupt_handler-4.c   -O1   scan-assembler-times mfc0\\t\\\\\$27,\\\\\$14 11 (found 3 times)
FAIL: gcc.target/mips/interrupt_handler-4.c   -O1  (test for excess errors)
FAIL: gcc.target/mips/interrupt_handler-4.c   -O2   scan-assembler v0:.*ins\\t\\\\\$27,\\\\\$0,8,1.*.end\\tv0
FAIL: gcc.target/mips/interrupt_handler-4.c   -O2   scan-assembler v1:.*ins\\t\\\\\$27,\\\\\$0,8,2.*.end\\tv1
FAIL: gcc.target/mips/interrupt_handler-4.c   -O2   scan-assembler v2:.*ins\\t\\\\\$27,\\\\\$0,8,3.*.end\\tv2
FAIL: gcc.target/mips/interrupt_handler-4.c   -O2   scan-assembler v3:.*ins\\t\\\\\$27,\\\\\$0,8,4.*.end\\tv3
FAIL: gcc.target/mips/interrupt_handler-4.c   -O2   scan-assembler v4:.*ins\\t\\\\\$27,\\\\\$0,8,5.*.end\\tv4
FAIL: gcc.target/mips/interrupt_handler-4.c   -O2   scan-assembler v5:.*ins\\t\\\\\$27,\\\\\$0,8,6.*.end\\tv5
FAIL: gcc.target/mips/interrupt_handler-4.c   -O2   scan-assembler v6:.*ins\\t\\\\\$27,\\\\\$0,8,7.*.end\\tv6
FAIL: gcc.target/mips/interrupt_handler-4.c   -O2   scan-assembler v7:.*ins\\t\\\\\$27,\\\\\$0,8,8.*.end\\tv7
FAIL: gcc.target/mips/interrupt_handler-4.c   -O2   scan-assembler-times mfc0\\t\\\\\$27,\\\\\$14 11 (found 3 times)
FAIL: gcc.target/mips/interrupt_handler-4.c   -O2  (test for excess errors)
FAIL: gcc.target/mips/interrupt_handler-4.c   -O2 -flto -fno-use-linker-plugin -flto-partition=none   scan-assembler v0:.*ins\\t\\\\\$27,\\\\\$0,8,1.*.end\\tv0
FAIL: gcc.target/mips/interrupt_handler-4.c   -O2 -flto -fno-use-linker-plugin -flto-partition=none   scan-assembler v1:.*ins\\t\\\\\$27,\\\\\$0,8,2.*.end\\tv1
FAIL: gcc.target/mips/interrupt_handler-4.c   -O2 -flto -fno-use-linker-plugin -flto-partition=none   scan-assembler v2:.*ins\\t\\\\\$27,\\\\\$0,8,3.*.end\\tv2
FAIL: gcc.target/mips/interrupt_handler-4.c   -O2 -flto -fno-use-linker-plugin -flto-partition=none   scan-assembler v3:.*ins\\t\\\\\$27,\\\\\$0,8,4.*.end\\tv3
FAIL: gcc.target/mips/interrupt_handler-4.c   -O2 -flto -fno-use-linker-plugin -flto-partition=none   scan-assembler v4:.*ins\\t\\\\\$27,\\\\\$0,8,5.*.end\\tv4
FAIL: gcc.target/mips/interrupt_handler-4.c   -O2 -flto -fno-use-linker-plugin -flto-partition=none   scan-assembler v5:.*ins\\t\\\\\$27,\\\\\$0,8,6.*.end\\tv5
FAIL: gcc.target/mips/interrupt_handler-4.c   -O2 -flto -fno-use-linker-plugin -flto-partition=none   scan-assembler v6:.*ins\\t\\\\\$27,\\\\\$0,8,7.*.end\\tv6
FAIL: gcc.target/mips/interrupt_handler-4.c   -O2 -flto -fno-use-linker-plugin -flto-partition=none   scan-assembler v7:.*ins\\t\\\\\$27,\\\\\$0,8,8.*.end\\tv7
FAIL: gcc.target/mips/interrupt_handler-4.c   -O2 -flto -fno-use-linker-plugin -flto-partition=none   scan-assembler-times mfc0\\t\\\\\$27,\\\\\$14 11 (found 3 times)
FAIL: gcc.target/mips/interrupt_handler-4.c   -O2 -flto -fno-use-linker-plugin -flto-partition=none  (test for excess errors)
FAIL: gcc.target/mips/interrupt_handler-4.c   -O2 -flto -fuse-linker-plugin -fno-fat-lto-objects   scan-assembler v0:.*ins\\t\\\\\$27,\\\\\$0,8,1.*.end\\tv0
FAIL: gcc.target/mips/interrupt_handler-4.c   -O2 -flto -fuse-linker-plugin -fno-fat-lto-objects   scan-assembler v1:.*ins\\t\\\\\$27,\\\\\$0,8,2.*.end\\tv1
FAIL: gcc.target/mips/interrupt_handler-4.c   -O2 -flto -fuse-linker-plugin -fno-fat-lto-objects   scan-assembler v2:.*ins\\t\\\\\$27,\\\\\$0,8,3.*.end\\tv2
FAIL: gcc.target/mips/interrupt_handler-4.c   -O2 -flto -fuse-linker-plugin -fno-fat-lto-objects   scan-assembler v3:.*ins\\t\\\\\$27,\\\\\$0,8,4.*.end\\tv3
FAIL: gcc.target/mips/interrupt_handler-4.c   -O2 -flto -fuse-linker-plugin -fno-fat-lto-objects   scan-assembler v4:.*ins\\t\\\\\$27,\\\\\$0,8,5.*.end\\tv4
FAIL: gcc.target/mips/interrupt_handler-4.c   -O2 -flto -fuse-linker-plugin -fno-fat-lto-objects   scan-assembler v5:.*ins\\t\\\\\$27,\\\\\$0,8,6.*.end\\tv5
FAIL: gcc.target/mips/interrupt_handler-4.c   -O2 -flto -fuse-linker-plugin -fno-fat-lto-objects   scan-assembler v6:.*ins\\t\\\\\$27,\\\\\$0,8,7.*.end\\tv6
FAIL: gcc.target/mips/interrupt_handler-4.c   -O2 -flto -fuse-linker-plugin -fno-fat-lto-objects   scan-assembler v7:.*ins\\t\\\\\$27,\\\\\$0,8,8.*.end\\tv7
FAIL: gcc.target/mips/interrupt_handler-4.c   -O2 -flto -fuse-linker-plugin -fno-fat-lto-objects   scan-assembler-times mfc0\\t\\\\\$27,\\\\\$14 11 (found 3 times)
FAIL: gcc.target/mips/interrupt_handler-4.c   -O2 -flto -fuse-linker-plugin -fno-fat-lto-objects  (test for excess errors)
FAIL: gcc.target/mips/interrupt_handler-4.c   -O3 -g   scan-assembler v0:.*ins\\t\\\\\$27,\\\\\$0,8,1.*.end\\tv0
FAIL: gcc.target/mips/interrupt_handler-4.c   -O3 -g   scan-assembler v1:.*ins\\t\\\\\$27,\\\\\$0,8,2.*.end\\tv1
FAIL: gcc.target/mips/interrupt_handler-4.c   -O3 -g   scan-assembler v2:.*ins\\t\\\\\$27,\\\\\$0,8,3.*.end\\tv2
FAIL: gcc.target/mips/interrupt_handler-4.c   -O3 -g   scan-assembler v3:.*ins\\t\\\\\$27,\\\\\$0,8,4.*.end\\tv3
FAIL: gcc.target/mips/interrupt_handler-4.c   -O3 -g   scan-assembler v4:.*ins\\t\\\\\$27,\\\\\$0,8,5.*.end\\tv4
FAIL: gcc.target/mips/interrupt_handler-4.c   -O3 -g   scan-assembler v5:.*ins\\t\\\\\$27,\\\\\$0,8,6.*.end\\tv5
FAIL: gcc.target/mips/interrupt_handler-4.c   -O3 -g   scan-assembler v6:.*ins\\t\\\\\$27,\\\\\$0,8,7.*.end\\tv6
FAIL: gcc.target/mips/interrupt_handler-4.c   -O3 -g   scan-assembler v7:.*ins\\t\\\\\$27,\\\\\$0,8,8.*.end\\tv7
FAIL: gcc.target/mips/interrupt_handler-4.c   -O3 -g   scan-assembler-times mfc0\\t\\\\\$27,\\\\\$14 11 (found 3 times)
FAIL: gcc.target/mips/interrupt_handler-4.c   -O3 -g  (test for excess errors)
FAIL: gcc.target/mips/interrupt_handler-4.c   -Os   scan-assembler v0:.*ins\\t\\\\\$27,\\\\\$0,8,1.*.end\\tv0
FAIL: gcc.target/mips/interrupt_handler-4.c   -Os   scan-assembler v1:.*ins\\t\\\\\$27,\\\\\$0,8,2.*.end\\tv1
FAIL: gcc.target/mips/interrupt_handler-4.c   -Os   scan-assembler v2:.*ins\\t\\\\\$27,\\\\\$0,8,3.*.end\\tv2
FAIL: gcc.target/mips/interrupt_handler-4.c   -Os   scan-assembler v3:.*ins\\t\\\\\$27,\\\\\$0,8,4.*.end\\tv3
FAIL: gcc.target/mips/interrupt_handler-4.c   -Os   scan-assembler v4:.*ins\\t\\\\\$27,\\\\\$0,8,5.*.end\\tv4
FAIL: gcc.target/mips/interrupt_handler-4.c   -Os   scan-assembler v5:.*ins\\t\\\\\$27,\\\\\$0,8,6.*.end\\tv5
FAIL: gcc.target/mips/interrupt_handler-4.c   -Os   scan-assembler v6:.*ins\\t\\\\\$27,\\\\\$0,8,7.*.end\\tv6
FAIL: gcc.target/mips/interrupt_handler-4.c   -Os   scan-assembler v7:.*ins\\t\\\\\$27,\\\\\$0,8,8.*.end\\tv7
FAIL: gcc.target/mips/interrupt_handler-4.c   -Os   scan-assembler-times mfc0\\t\\\\\$27,\\\\\$14 11 (found 3 times)
FAIL: gcc.target/mips/interrupt_handler-4.c   -Os  (test for excess errors)
FAIL: gcc.target/mips/madd-7.c   -O2   scan-assembler \\tmadd\\t
FAIL: gcc.target/mips/madd-7.c   -O2   scan-assembler-not \\tmul\\t
FAIL: gcc.target/mips/madd-7.c   -O2 -flto -fno-use-linker-plugin -flto-partition=none   scan-assembler \\tmadd\\t
FAIL: gcc.target/mips/madd-7.c   -O2 -flto -fno-use-linker-plugin -flto-partition=none   scan-assembler-not \\tmul\\t
FAIL: gcc.target/mips/madd-7.c   -O2 -flto -fuse-linker-plugin -fno-fat-lto-objects   scan-assembler \\tmadd\\t
FAIL: gcc.target/mips/madd-7.c   -O2 -flto -fuse-linker-plugin -fno-fat-lto-objects   scan-assembler-not \\tmul\\t
FAIL: gcc.target/mips/madd-7.c   -O3 -g   scan-assembler \\tmadd\\t
FAIL: gcc.target/mips/madd-7.c   -O3 -g   scan-assembler-not \\tmul\\t
FAIL: gcc.target/mips/mips32-dsp-run.c   -O0  execution test
FAIL: gcc.target/mips/mips32-dsp-run.c   -O1  execution test
FAIL: gcc.target/mips/mips32-dsp-run.c   -O2  execution test
FAIL: gcc.target/mips/mips32-dsp-run.c   -O2 -flto -fno-use-linker-plugin -flto-partition=none  execution test
FAIL: gcc.target/mips/mips32-dsp-run.c   -O2 -flto -fuse-linker-plugin -fno-fat-lto-objects  execution test
FAIL: gcc.target/mips/mips32-dsp-run.c   -O3 -fomit-frame-pointer -funroll-loops -fpeel-loops -ftracer -finline-functions  execution test
FAIL: gcc.target/mips/mips32-dsp-run.c   -O3 -g  execution test
FAIL: gcc.target/mips/mips32-dsp-run.c   -Os  execution test
FAIL: gcc.target/mips/msub-7.c   -O2   scan-assembler \\tmsub\\t
FAIL: gcc.target/mips/msub-7.c   -O2   scan-assembler-not \\tmul\\t
FAIL: gcc.target/mips/msub-7.c   -O2 -flto -fno-use-linker-plugin -flto-partition=none   scan-assembler \\tmsub\\t
FAIL: gcc.target/mips/msub-7.c   -O2 -flto -fno-use-linker-plugin -flto-partition=none   scan-assembler-not \\tmul\\t
FAIL: gcc.target/mips/msub-7.c   -O2 -flto -fuse-linker-plugin -fno-fat-lto-objects   scan-assembler \\tmsub\\t
FAIL: gcc.target/mips/msub-7.c   -O2 -flto -fuse-linker-plugin -fno-fat-lto-objects   scan-assembler-not \\tmul\\t
FAIL: gcc.target/mips/msub-7.c   -O3 -g   scan-assembler \\tmsub\\t
FAIL: gcc.target/mips/msub-7.c   -O3 -g   scan-assembler-not \\tmul\\t
FAIL: gcc.target/mips/save-restore-3.c   -O0   scan-assembler \\tsave\\t\\\\\$4-\\\\\$6,
FAIL: gcc.target/mips/umips-store16-2.c   -O0   scan-assembler \\tsb\\t\\\\\$0,0\\\\(\\\\\$[0-9]+\\\\)[^\\n]*length = 2
FAIL: gcc.target/mips/umips-store16-2.c   -O0   scan-assembler \\tsh\\t\\\\\$0,0\\\\(\\\\\$[0-9]+\\\\)[^\\n]*length = 2
FAIL: gcc.target/mips/umips-store16-2.c   -O0   scan-assembler \\tsw\\t\\\\\$0,0\\\\(\\\\\$[0-9]+\\\\)[^\\n]*length = 2
FAIL: gcc.target/mips/umips-store16-2.c   -O1   scan-assembler \\tsb\\t\\\\\$0,0\\\\(\\\\\$[0-9]+\\\\)[^\\n]*length = 2
FAIL: gcc.target/mips/umips-store16-2.c   -O1   scan-assembler \\tsh\\t\\\\\$0,0\\\\(\\\\\$[0-9]+\\\\)[^\\n]*length = 2
FAIL: gcc.target/mips/umips-store16-2.c   -O1   scan-assembler \\tsw\\t\\\\\$0,0\\\\(\\\\\$[0-9]+\\\\)[^\\n]*length = 2
FAIL: gcc.target/mips/umips-store16-2.c   -O2   scan-assembler \\tsb\\t\\\\\$0,0\\\\(\\\\\$[0-9]+\\\\)[^\\n]*length = 2
FAIL: gcc.target/mips/umips-store16-2.c   -O2   scan-assembler \\tsh\\t\\\\\$0,0\\\\(\\\\\$[0-9]+\\\\)[^\\n]*length = 2
FAIL: gcc.target/mips/umips-store16-2.c   -O2   scan-assembler \\tsw\\t\\\\\$0,0\\\\(\\\\\$[0-9]+\\\\)[^\\n]*length = 2
FAIL: gcc.target/mips/umips-store16-2.c   -O2 -flto -fno-use-linker-plugin -flto-partition=none   scan-assembler \\tsb\\t\\\\\$0,0\\\\(\\\\\$[0-9]+\\\\)[^\\n]*length = 2
FAIL: gcc.target/mips/umips-store16-2.c   -O2 -flto -fno-use-linker-plugin -flto-partition=none   scan-assembler \\tsh\\t\\\\\$0,0\\\\(\\\\\$[0-9]+\\\\)[^\\n]*length = 2
FAIL: gcc.target/mips/umips-store16-2.c   -O2 -flto -fno-use-linker-plugin -flto-partition=none   scan-assembler \\tsw\\t\\\\\$0,0\\\\(\\\\\$[0-9]+\\\\)[^\\n]*length = 2
FAIL: gcc.target/mips/umips-store16-2.c   -O2 -flto -fuse-linker-plugin -fno-fat-lto-objects   scan-assembler \\tsb\\t\\\\\$0,0\\\\(\\\\\$[0-9]+\\\\)[^\\n]*length = 2
FAIL: gcc.target/mips/umips-store16-2.c   -O2 -flto -fuse-linker-plugin -fno-fat-lto-objects   scan-assembler \\tsh\\t\\\\\$0,0\\\\(\\\\\$[0-9]+\\\\)[^\\n]*length = 2
FAIL: gcc.target/mips/umips-store16-2.c   -O2 -flto -fuse-linker-plugin -fno-fat-lto-objects   scan-assembler \\tsw\\t\\\\\$0,0\\\\(\\\\\$[0-9]+\\\\)[^\\n]*length = 2
FAIL: gcc.target/mips/umips-store16-2.c   -O3 -g   scan-assembler \\tsb\\t\\\\\$0,0\\\\(\\\\\$[0-9]+\\\\)[^\\n]*length = 2
FAIL: gcc.target/mips/umips-store16-2.c   -O3 -g   scan-assembler \\tsh\\t\\\\\$0,0\\\\(\\\\\$[0-9]+\\\\)[^\\n]*length = 2
FAIL: gcc.target/mips/umips-store16-2.c   -O3 -g   scan-assembler \\tsw\\t\\\\\$0,0\\\\(\\\\\$[0-9]+\\\\)[^\\n]*length = 2
FAIL: gcc.target/mips/umips-store16-2.c   -Os   scan-assembler \\tsb\\t\\\\\$0,0\\\\(\\\\\$[0-9]+\\\\)[^\\n]*length = 2
FAIL: gcc.target/mips/umips-store16-2.c   -Os   scan-assembler \\tsh\\t\\\\\$0,0\\\\(\\\\\$[0-9]+\\\\)[^\\n]*length = 2
FAIL: gcc.target/mips/umips-store16-2.c   -Os   scan-assembler \\tsw\\t\\\\\$0,0\\\\(\\\\\$[0-9]+\\\\)[^\\n]*length = 2

		=== gcc Summary ===

# of expected passes		126095
# of unexpected failures	329
# of unexpected successes	28
# of expected failures		484
# of unresolved testcases	1
# of unsupported tests		3877
/home/xuchenghua/GCC/test/gcc-r256059_obj/gcc/xgcc  version 8.0.0 20180101 (experimental) (gcc trunk r256059 with mips64r2 n64) 

		=== gfortran tests ===


Running target unix
FAIL: gfortran.dg/bind_c_array_params_2.f90   -O   scan-assembler-times [ \\t][\$,_0-9]*myBindC 1 (found 0 times)
FAIL: gfortran.dg/coarray_lib_this_image_1.f90   -O   scan-tree-dump-times original "myucobound =[^\\n\\r]* parm...dim\\\\[1\\\\].lbound \\\\+ [^\\n\\r]*_gfortran_caf_num_images \\\\(0, -1\\\\).? \\\\+ -?[0-9]+\\\\);" 1 (found 0 times)
FAIL: gfortran.dg/coarray_lib_this_image_2.f90   -O   scan-tree-dump-times original "myucobound =[^\\n\\r]* parm...dim\\\\[1\\\\].lbound \\\\+ [^\\n\\r]*_gfortran_caf_num_images \\\\(0, -1\\\\).? \\\\+ -?[0-9]+\\\\);" 1 (found 0 times)
FAIL: gfortran.dg/elemental_subroutine_3.f90   -O1  (test for excess errors)
FAIL: gfortran.dg/elemental_subroutine_3.f90   -O2  (test for excess errors)
FAIL: gfortran.dg/elemental_subroutine_3.f90   -O3 -fomit-frame-pointer -funroll-loops -fpeel-loops -ftracer -finline-functions  (test for excess errors)
FAIL: gfortran.dg/elemental_subroutine_3.f90   -O3 -g  (test for excess errors)
FAIL: gfortran.dg/elemental_subroutine_3.f90   -Os  (test for excess errors)
FAIL: gfortran.dg/vect/pr60510.f  -mmsa  -O0  execution test
FAIL: gfortran.dg/vect/pr60510.f  -mmsa  -O1  execution test
FAIL: gfortran.dg/vect/pr60510.f  -mmsa  -O2  execution test
FAIL: gfortran.dg/vect/pr60510.f  -mmsa  -O3 -fomit-frame-pointer -funroll-loops -fpeel-loops -ftracer -finline-functions  execution test
FAIL: gfortran.dg/vect/pr60510.f  -mmsa  -O3 -g  execution test
FAIL: gfortran.dg/vect/pr60510.f  -mmsa  -Os  execution test

		=== gfortran Summary ===

# of expected passes		46342
# of unexpected failures	14
# of expected failures		82
# of unsupported tests		128
/home/xuchenghua/GCC/test/gcc-r256059_obj/gcc/testsuite/gfortran/../../gfortran  version 8.0.0 20180101 (experimental) (gcc trunk r256059 with mips64r2 n64) 

		=== g++ tests ===


Running target unix
FAIL: c-c++-common/Warray-bounds-4.c  -std=gnu++11  (test for warnings, line 67)
FAIL: c-c++-common/Warray-bounds-4.c  -std=gnu++14  (test for warnings, line 67)
FAIL: c-c++-common/Warray-bounds-4.c  -std=gnu++98  (test for warnings, line 67)
FAIL: c-c++-common/Wrestrict.c  -std=gnu++11 (test for excess errors)
FAIL: c-c++-common/Wrestrict.c  -std=gnu++14 (test for excess errors)
FAIL: c-c++-common/Wrestrict.c  -std=gnu++98 (test for excess errors)
FAIL: g++.dg/ipa/devirt-22.C  -std=gnu++11  scan-ipa-dump-times cp "Discovered a virtual call to a known target" 1 (found 2 times)
FAIL: g++.dg/ipa/devirt-22.C  -std=gnu++14  scan-ipa-dump-times cp "Discovered a virtual call to a known target" 1 (found 2 times)
FAIL: g++.dg/ipa/devirt-22.C  -std=gnu++98  scan-ipa-dump-times cp "Discovered a virtual call to a known target" 1 (found 2 times)

		=== g++ Summary ===

# of expected passes		111778
# of unexpected failures	9
# of expected failures		490
# of unsupported tests		4893
/home/xuchenghua/GCC/test/gcc-r256059_obj/gcc/testsuite/g++/../../xg++  version 8.0.0 20180101 (experimental) (gcc trunk r256059 with mips64r2 n64) 

		=== libatomic tests ===


Running target unix

		=== libatomic Summary ===

# of expected passes		54
		=== libgomp tests ===


Running target unix
FAIL: libgomp.c/for-3.c execution test
FAIL: libgomp.c/for-5.c execution test
FAIL: libgomp.c/loop-1.c execution test
FAIL: libgomp.c/loop-12.c execution test
FAIL: libgomp.c/loop-6.c execution test
FAIL: libgomp.c/pr29947-1.c execution test
FAIL: libgomp.c++/for-10.C execution test
FAIL: libgomp.c++/for-11.C execution test
FAIL: libgomp.c++/for-13.C execution test
FAIL: libgomp.c++/for-14.C execution test
FAIL: libgomp.c++/for-9.C execution test
FAIL: libgomp.c++/monotonic-2.C execution test
FAIL: libgomp.fortran/do1.f90   -O1  execution test
FAIL: libgomp.fortran/do1.f90   -O3 -fomit-frame-pointer -funroll-loops -fpeel-loops -ftracer -finline-functions  execution test
FAIL: libgomp.fortran/do2.f90   -Os  execution test
FAIL: libgomp.fortran/doacross2.f90   -O1  execution test
FAIL: libgomp.fortran/omp_parse1.f90   -O3 -g  execution test

		=== libgomp Summary ===

# of expected passes		5196
# of unexpected failures	17
# of unsupported tests		351
		=== libstdc++ tests ===


Running target unix
FAIL: libstdc++-abi/abi_check
FAIL: 27_io/filesystem/operations/last_write_time.cc execution test
FAIL: experimental/filesystem/operations/last_write_time.cc execution test
FAIL: ext/special_functions/hyperg/check_value.cc execution test
FAIL: tr1/5_numerical_facilities/special_functions/17_hyperg/check_value.cc execution test

		=== libstdc++ Summary ===

# of expected passes		12542
# of unexpected failures	5
# of expected failures		70
# of unsupported tests		281

Compiler version: 8.0.0 20180101 (experimental) (gcc trunk r256059 with mips64r2 n64) 
Platform: mips64el-unknown-linux-gnu
configure flags: MISSING=texinfo MAKEINFO=missing --prefix=/home/xuchenghua/toolchain/gcc-trunk-r256059 --enable-bootstrap --enable-shared --enable-threads=posix --enable-multilib--with-system-zlib --enable-__cxa_atexit --disable-libunwind-exceptions --enable-gnu-unique-object --enable-linker-build-id --enable-languages=c,c++,fortran --enable-plugin --enable-initfini-array --disable-libgcj --with-arch=mips64r2 --with-abi=64 --disable-multilib --enable-gnu-indirect-function --with-long-double-128 --build=mips64el-linux-gnu --target=mips64el-linux-gnu --with-pkgversion='gcc trunk r256059 with mips64r2 n64' --disable-werror


Index Nav: [Date Index] [Subject Index] [Author Index] [Thread Index]
Message Nav: [Date Prev] [Date Next] [Thread Prev] [Thread Next]