This is the mail archive of the
gcc-testresults@gcc.gnu.org
mailing list for the GCC project.
Results for 8.0.0 20171222 (experimental) [trunk revision 255982] (GCC) testsuite on x86_64-unknown-dragonfly5.1
- From: zrj at leaf dot dragonflybsd dot org (Rimvydas Jasinskas)
- To: gcc-testresults at gcc dot gnu dot org
- Date: Sat, 23 Dec 2017 08:36:38 -0800 (PST)
- Subject: Results for 8.0.0 20171222 (experimental) [trunk revision 255982] (GCC) testsuite on x86_64-unknown-dragonfly5.1
- Authentication-results: sourceware.org; auth=none
gcc.target/i386/pr80969-3.c: (#define alloca __builtin_alloca)
libgomp.oacc-c-c++-common/loop-dim-default.c: (ditto)
testsuite/gcc.target/x86_64/abi/ms-sysv/ms-sysv.c: (don't include <alloca.h> on DragonFly)
LAST_UPDATED: Fri Dec 22 18:16:00 UTC 2017 (revision 255982)
Native configuration is x86_64-unknown-dragonfly5.1
=== g++ tests ===
Running target unix
FAIL: g++.dg/init/new39.C -std=c++98 execution test
FAIL: g++.dg/init/new39.C -std=c++11 execution test
FAIL: g++.dg/init/new39.C -std=c++14 execution test
FAIL: g++.dg/ipa/devirt-22.C -std=gnu++98 scan-ipa-dump-times cp "Discovered a virtual call to a known target" 1 (found 2 times)
FAIL: g++.dg/ipa/devirt-22.C -std=gnu++11 scan-ipa-dump-times cp "Discovered a virtual call to a known target" 1 (found 2 times)
FAIL: g++.dg/ipa/devirt-22.C -std=gnu++14 scan-ipa-dump-times cp "Discovered a virtual call to a known target" 1 (found 2 times)
FAIL: g++.dg/gcov/pr16855-priority.C -std=gnu++98 line 22: is #####:should be 1
FAIL: g++.dg/gcov/pr16855-priority.C -std=gnu++98 gcov: 1 failures in line counts, 0 in branch percentages, 0 in return percentages, 0 in intermediate format
FAIL: g++.dg/gcov/pr16855-priority.C -std=gnu++11 line 22: is #####:should be 1
FAIL: g++.dg/gcov/pr16855-priority.C -std=gnu++11 gcov: 1 failures in line counts, 0 in branch percentages, 0 in return percentages, 0 in intermediate format
FAIL: g++.dg/gcov/pr16855-priority.C -std=gnu++14 line 22: is #####:should be 1
FAIL: g++.dg/gcov/pr16855-priority.C -std=gnu++14 gcov: 1 failures in line counts, 0 in branch percentages, 0 in return percentages, 0 in intermediate format
FAIL: g++.dg/gcov/pr16855.C -std=gnu++98 line 21: is #####:should be 1
FAIL: g++.dg/gcov/pr16855.C -std=gnu++98 gcov: 1 failures in line counts, 0 in branch percentages, 0 in return percentages, 0 in intermediate format
FAIL: g++.dg/gcov/pr16855.C -std=gnu++11 line 21: is #####:should be 1
FAIL: g++.dg/gcov/pr16855.C -std=gnu++11 gcov: 1 failures in line counts, 0 in branch percentages, 0 in return percentages, 0 in intermediate format
FAIL: g++.dg/gcov/pr16855.C -std=gnu++14 line 21: is #####:should be 1
FAIL: g++.dg/gcov/pr16855.C -std=gnu++14 gcov: 1 failures in line counts, 0 in branch percentages, 0 in return percentages, 0 in intermediate format
FAIL: g++.dg/vect/slp-pr56812.cc -std=c++98 scan-tree-dump-times slp1 "basic block vectorized" 1 (found 0 times)
FAIL: g++.dg/vect/slp-pr56812.cc -std=c++11 scan-tree-dump-times slp1 "basic block vectorized" 1 (found 0 times)
FAIL: g++.dg/vect/slp-pr56812.cc -std=c++14 scan-tree-dump-times slp1 "basic block vectorized" 1 (found 0 times)
FAIL: g++.old-deja/g++.other/init18.C -std=c++98 execution test
FAIL: g++.old-deja/g++.other/init18.C -std=c++11 execution test
FAIL: g++.old-deja/g++.other/init18.C -std=c++14 execution test
FAIL: g++.old-deja/g++.other/init19.C -std=c++98 execution test
FAIL: g++.old-deja/g++.other/init19.C -std=c++11 execution test
FAIL: g++.old-deja/g++.other/init19.C -std=c++14 execution test
=== g++ Summary ===
# of expected passes 112754
# of unexpected failures 27
# of expected failures 482
# of unsupported tests 4497
/H2/scratch/gcc_trunk/gcc/xg++ version 8.0.0 20171222 (experimental) [trunk revision 255982] (GCC)
=== gcc tests ===
Running target unix
FAIL: gcc.dg/builtins-58.c scan-assembler-not pow\\\\M
FAIL: gcc.dg/builtins-59.c scan-tree-dump gimple "__builtin_cexpi"
FAIL: gcc.dg/builtins-59.c scan-tree-dump-not gimple "sincos"
FAIL: gcc.dg/builtins-61.c scan-tree-dump optimized "cexpi"
FAIL: gcc.dg/builtins-61.c scan-tree-dump optimized "sin"
FAIL: gcc.dg/builtins-61.c scan-tree-dump optimized "cos"
FAIL: gcc.dg/builtins-61.c scan-tree-dump optimized "return 0.0"
FAIL: gcc.dg/builtins-62.c scan-tree-dump-times optimized "cexpi" 3 (found 0 times)
FAIL: gcc.dg/builtins-65.c (test for excess errors)
FAIL: gcc.dg/gimplefe-26.c (internal compiler error)
FAIL: gcc.dg/gimplefe-26.c (test for excess errors)
XPASS: gcc.dg/pr78768.c -Wformat-overflow (test for warnings, line 12)
XPASS: gcc.dg/guality/example.c -O0 execution test
XPASS: gcc.dg/guality/example.c -O1 execution test
XPASS: gcc.dg/guality/guality.c -O0 execution test
XPASS: gcc.dg/guality/guality.c -O1 execution test
XPASS: gcc.dg/guality/guality.c -O2 execution test
XPASS: gcc.dg/guality/guality.c -O3 -g execution test
XPASS: gcc.dg/guality/guality.c -Os execution test
XPASS: gcc.dg/guality/guality.c -O2 -flto -fno-use-linker-plugin -flto-partition=none execution test
XPASS: gcc.dg/guality/guality.c -O2 -flto -fuse-linker-plugin -fno-fat-lto-objects execution test
XPASS: gcc.dg/guality/inline-params-2.c -O2 -flto -fuse-linker-plugin -fno-fat-lto-objects execution test
XPASS: gcc.dg/guality/inline-params.c -O2 execution test
XPASS: gcc.dg/guality/inline-params.c -O3 -g execution test
XPASS: gcc.dg/guality/inline-params.c -Os execution test
XPASS: gcc.dg/guality/inline-params.c -O2 -flto -fno-use-linker-plugin -flto-partition=none execution test
XPASS: gcc.dg/guality/inline-params.c -O2 -flto -fuse-linker-plugin -fno-fat-lto-objects execution test
XPASS: gcc.dg/guality/pr41353-1.c -O0 line 28 j == 28 + 37
FAIL: gcc.dg/guality/pr41616-1.c -O3 -g execution test
FAIL: gcc.dg/guality/pr41616-1.c -O2 -flto -fuse-linker-plugin -fno-fat-lto-objects execution test
FAIL: gcc.dg/guality/pr54519-1.c -O2 -flto -fno-use-linker-plugin -flto-partition=none line 20 y == 25
FAIL: gcc.dg/guality/pr54519-1.c -O2 -flto -fno-use-linker-plugin -flto-partition=none line 20 z == 6
FAIL: gcc.dg/guality/pr54519-1.c -O2 -flto -fno-use-linker-plugin -flto-partition=none line 23 y == 117
FAIL: gcc.dg/guality/pr54519-1.c -O2 -flto -fno-use-linker-plugin -flto-partition=none line 23 z == 8
FAIL: gcc.dg/guality/pr54519-2.c -O2 -flto -fno-use-linker-plugin -flto-partition=none line 17 y == 25
FAIL: gcc.dg/guality/pr54519-2.c -O2 -flto -fuse-linker-plugin -fno-fat-lto-objects line 17 y == 25
FAIL: gcc.dg/guality/pr54519-3.c -O2 -flto -fno-use-linker-plugin -flto-partition=none line 20 y == 25
FAIL: gcc.dg/guality/pr54519-3.c -O2 -flto -fno-use-linker-plugin -flto-partition=none line 20 z == 6
FAIL: gcc.dg/guality/pr54519-3.c -O2 -flto -fno-use-linker-plugin -flto-partition=none line 23 y == 117
FAIL: gcc.dg/guality/pr54519-3.c -O2 -flto -fno-use-linker-plugin -flto-partition=none line 23 z == 8
FAIL: gcc.dg/guality/pr54519-3.c -O2 -flto -fuse-linker-plugin -fno-fat-lto-objects line 20 y == 25
FAIL: gcc.dg/guality/pr54519-3.c -O2 -flto -fuse-linker-plugin -fno-fat-lto-objects line 20 z == 6
FAIL: gcc.dg/guality/pr54519-3.c -O2 -flto -fuse-linker-plugin -fno-fat-lto-objects line 23 y == 117
FAIL: gcc.dg/guality/pr54519-3.c -O2 -flto -fuse-linker-plugin -fno-fat-lto-objects line 23 z == 8
FAIL: gcc.dg/guality/pr54519-4.c -O2 -flto -fno-use-linker-plugin -flto-partition=none line 17 y == 25
FAIL: gcc.dg/guality/pr54519-4.c -O2 -flto -fuse-linker-plugin -fno-fat-lto-objects line 17 y == 25
FAIL: gcc.dg/guality/pr54519-5.c -O2 -flto -fno-use-linker-plugin -flto-partition=none line 17 y == 25
FAIL: gcc.dg/guality/pr54519-5.c -O2 -flto -fuse-linker-plugin -fno-fat-lto-objects line 17 y == 25
XPASS: gcc.dg/guality/pr54970.c -O0 line 31 a[0] == 4
XPASS: gcc.dg/guality/pr54970.c -O0 line 36 a[0] == 4
XPASS: gcc.dg/guality/pr54970.c -O0 line 45 a[0] == 4
XPASS: gcc.dg/guality/pr54970.c -O0 line 45 p[-2] == 4
XPASS: gcc.dg/guality/pr54970.c -O0 line 45 q[-1] == 4
FAIL: gcc.dg/guality/pr58791-4.c -O1 line pr58791-4.c:32 i == 486
FAIL: gcc.dg/guality/pr58791-4.c -O1 line pr58791-4.c:32 i2 == 487
FAIL: gcc.dg/guality/pr58791-4.c -O2 line pr58791-4.c:32 i == 486
FAIL: gcc.dg/guality/pr58791-4.c -O2 line pr58791-4.c:32 i2 == 487
FAIL: gcc.dg/guality/pr58791-4.c -O3 -g line pr58791-4.c:32 i == 486
FAIL: gcc.dg/guality/pr58791-4.c -O3 -g line pr58791-4.c:32 i2 == 487
FAIL: gcc.dg/guality/pr58791-4.c -Os line pr58791-4.c:32 i == 486
FAIL: gcc.dg/guality/pr58791-4.c -Os line pr58791-4.c:32 i2 == 487
FAIL: gcc.dg/guality/pr58791-4.c -O2 -flto -fno-use-linker-plugin -flto-partition=none line pr58791-4.c:32 i == 486
FAIL: gcc.dg/guality/pr58791-4.c -O2 -flto -fno-use-linker-plugin -flto-partition=none line pr58791-4.c:32 i2 == 487
FAIL: gcc.dg/guality/pr58791-4.c -O2 -flto -fuse-linker-plugin -fno-fat-lto-objects line pr58791-4.c:32 i == 486
FAIL: gcc.dg/guality/pr58791-4.c -O2 -flto -fuse-linker-plugin -fno-fat-lto-objects line pr58791-4.c:32 i2 == 487
FAIL: gcc.dg/guality/pr68037-1.c -O2 line 33 error == 0x12345670
FAIL: gcc.dg/guality/pr68037-1.c -O2 line 33 frame->ip == 0x12345671
FAIL: gcc.dg/guality/pr68037-1.c -O2 line 33 frame->cs == 0x12345672
FAIL: gcc.dg/guality/pr68037-1.c -O2 line 33 frame->flags == 0x12345673
FAIL: gcc.dg/guality/pr68037-1.c -O2 line 33 frame->sp == 0x12345674
FAIL: gcc.dg/guality/pr68037-1.c -O2 line 33 frame->ss == 0x12345675
FAIL: gcc.dg/guality/pr68037-1.c -O3 -g line 33 error == 0x12345670
FAIL: gcc.dg/guality/pr68037-1.c -O3 -g line 33 frame->ip == 0x12345671
FAIL: gcc.dg/guality/pr68037-1.c -O3 -g line 33 frame->cs == 0x12345672
FAIL: gcc.dg/guality/pr68037-1.c -O3 -g line 33 frame->flags == 0x12345673
FAIL: gcc.dg/guality/pr68037-1.c -O3 -g line 33 frame->sp == 0x12345674
FAIL: gcc.dg/guality/pr68037-1.c -O3 -g line 33 frame->ss == 0x12345675
FAIL: gcc.dg/guality/pr68037-1.c -Os line 33 error == 0x12345670
FAIL: gcc.dg/guality/pr68037-1.c -Os line 33 frame->ip == 0x12345671
FAIL: gcc.dg/guality/pr68037-1.c -Os line 33 frame->cs == 0x12345672
FAIL: gcc.dg/guality/pr68037-1.c -Os line 33 frame->flags == 0x12345673
FAIL: gcc.dg/guality/pr68037-1.c -Os line 33 frame->sp == 0x12345674
FAIL: gcc.dg/guality/pr68037-1.c -Os line 33 frame->ss == 0x12345675
FAIL: gcc.dg/guality/pr68037-1.c -O2 -flto -fno-use-linker-plugin -flto-partition=none line 33 error == 0x12345670
FAIL: gcc.dg/guality/pr68037-1.c -O2 -flto -fno-use-linker-plugin -flto-partition=none line 33 frame->ip == 0x12345671
FAIL: gcc.dg/guality/pr68037-1.c -O2 -flto -fno-use-linker-plugin -flto-partition=none line 33 frame->cs == 0x12345672
FAIL: gcc.dg/guality/pr68037-1.c -O2 -flto -fno-use-linker-plugin -flto-partition=none line 33 frame->flags == 0x12345673
FAIL: gcc.dg/guality/pr68037-1.c -O2 -flto -fno-use-linker-plugin -flto-partition=none line 33 frame->sp == 0x12345674
FAIL: gcc.dg/guality/pr68037-1.c -O2 -flto -fno-use-linker-plugin -flto-partition=none line 33 frame->ss == 0x12345675
FAIL: gcc.dg/guality/pr68037-1.c -O2 -flto -fuse-linker-plugin -fno-fat-lto-objects line 33 error == 0x12345670
FAIL: gcc.dg/guality/pr68037-1.c -O2 -flto -fuse-linker-plugin -fno-fat-lto-objects line 33 frame->ip == 0x12345671
FAIL: gcc.dg/guality/pr68037-1.c -O2 -flto -fuse-linker-plugin -fno-fat-lto-objects line 33 frame->cs == 0x12345672
FAIL: gcc.dg/guality/pr68037-1.c -O2 -flto -fuse-linker-plugin -fno-fat-lto-objects line 33 frame->flags == 0x12345673
FAIL: gcc.dg/guality/pr68037-1.c -O2 -flto -fuse-linker-plugin -fno-fat-lto-objects line 33 frame->sp == 0x12345674
FAIL: gcc.dg/guality/pr68037-1.c -O2 -flto -fuse-linker-plugin -fno-fat-lto-objects line 33 frame->ss == 0x12345675
FAIL: gcc.dg/guality/pr68860-1.c -O2 -flto -fno-use-linker-plugin -flto-partition=none line 14 arg1 == 1
FAIL: gcc.dg/guality/pr68860-1.c -O2 -flto -fno-use-linker-plugin -flto-partition=none line 14 arg2 == 2
FAIL: gcc.dg/guality/pr68860-1.c -O2 -flto -fno-use-linker-plugin -flto-partition=none line 14 arg3 == 3
FAIL: gcc.dg/guality/pr68860-1.c -O2 -flto -fno-use-linker-plugin -flto-partition=none line 14 arg4 == 4
FAIL: gcc.dg/guality/pr68860-1.c -O2 -flto -fno-use-linker-plugin -flto-partition=none line 14 arg5 == 5
FAIL: gcc.dg/guality/pr68860-1.c -O2 -flto -fno-use-linker-plugin -flto-partition=none line 14 arg6 == 6
FAIL: gcc.dg/guality/pr68860-1.c -O2 -flto -fno-use-linker-plugin -flto-partition=none line 16 arg1 == 1
FAIL: gcc.dg/guality/pr68860-1.c -O2 -flto -fno-use-linker-plugin -flto-partition=none line 16 arg2 == 2
FAIL: gcc.dg/guality/pr68860-1.c -O2 -flto -fno-use-linker-plugin -flto-partition=none line 16 arg3 == 3
FAIL: gcc.dg/guality/pr68860-1.c -O2 -flto -fno-use-linker-plugin -flto-partition=none line 16 arg4 == 4
FAIL: gcc.dg/guality/pr68860-1.c -O2 -flto -fno-use-linker-plugin -flto-partition=none line 16 arg5 == 5
FAIL: gcc.dg/guality/pr68860-1.c -O2 -flto -fno-use-linker-plugin -flto-partition=none line 16 arg6 == 6
FAIL: gcc.dg/guality/pr68860-1.c -O2 -flto -fuse-linker-plugin -fno-fat-lto-objects line 14 arg1 == 1
FAIL: gcc.dg/guality/pr68860-1.c -O2 -flto -fuse-linker-plugin -fno-fat-lto-objects line 14 arg2 == 2
FAIL: gcc.dg/guality/pr68860-1.c -O2 -flto -fuse-linker-plugin -fno-fat-lto-objects line 14 arg3 == 3
FAIL: gcc.dg/guality/pr68860-1.c -O2 -flto -fuse-linker-plugin -fno-fat-lto-objects line 14 arg4 == 4
FAIL: gcc.dg/guality/pr68860-1.c -O2 -flto -fuse-linker-plugin -fno-fat-lto-objects line 14 arg5 == 5
FAIL: gcc.dg/guality/pr68860-1.c -O2 -flto -fuse-linker-plugin -fno-fat-lto-objects line 14 arg6 == 6
FAIL: gcc.dg/guality/pr68860-1.c -O2 -flto -fuse-linker-plugin -fno-fat-lto-objects line 16 arg1 == 1
FAIL: gcc.dg/guality/pr68860-1.c -O2 -flto -fuse-linker-plugin -fno-fat-lto-objects line 16 arg2 == 2
FAIL: gcc.dg/guality/pr68860-1.c -O2 -flto -fuse-linker-plugin -fno-fat-lto-objects line 16 arg3 == 3
FAIL: gcc.dg/guality/pr68860-1.c -O2 -flto -fuse-linker-plugin -fno-fat-lto-objects line 16 arg4 == 4
FAIL: gcc.dg/guality/pr68860-1.c -O2 -flto -fuse-linker-plugin -fno-fat-lto-objects line 16 arg5 == 5
FAIL: gcc.dg/guality/pr68860-1.c -O2 -flto -fuse-linker-plugin -fno-fat-lto-objects line 16 arg6 == 6
FAIL: gcc.dg/guality/vla-1.c -O0 line 17 sizeof (a) == 6
FAIL: gcc.dg/guality/vla-1.c -O0 line 24 sizeof (a) == 17 * sizeof (short)
FAIL: gcc.dg/guality/vla-1.c -O1 line 17 sizeof (a) == 6
FAIL: gcc.dg/guality/vla-1.c -O1 line 24 sizeof (a) == 17 * sizeof (short)
FAIL: gcc.dg/guality/vla-1.c -O2 line 17 sizeof (a) == 6
FAIL: gcc.dg/guality/vla-1.c -O2 line 24 sizeof (a) == 17 * sizeof (short)
FAIL: gcc.dg/guality/vla-1.c -O3 -g line 17 sizeof (a) == 6
FAIL: gcc.dg/guality/vla-1.c -O3 -g line 24 sizeof (a) == 17 * sizeof (short)
FAIL: gcc.dg/guality/vla-1.c -Os line 17 sizeof (a) == 6
FAIL: gcc.dg/guality/vla-1.c -Os line 24 sizeof (a) == 17 * sizeof (short)
FAIL: gcc.dg/guality/vla-1.c -O2 -flto -fno-use-linker-plugin -flto-partition=none line 17 sizeof (a) == 6
FAIL: gcc.dg/guality/vla-1.c -O2 -flto -fno-use-linker-plugin -flto-partition=none line 24 sizeof (a) == 17 * sizeof (short)
FAIL: gcc.dg/guality/vla-1.c -O2 -flto -fuse-linker-plugin -fno-fat-lto-objects line 17 sizeof (a) == 6
FAIL: gcc.dg/guality/vla-1.c -O2 -flto -fuse-linker-plugin -fno-fat-lto-objects line 24 sizeof (a) == 17 * sizeof (short)
FAIL: gcc.dg/guality/vla-2.c -O0 line 16 sizeof (a) == 5 * sizeof (int)
FAIL: gcc.dg/guality/vla-2.c -O0 line 25 sizeof (a) == 6 * sizeof (int)
FAIL: gcc.dg/guality/vla-2.c -O1 line 16 sizeof (a) == 5 * sizeof (int)
FAIL: gcc.dg/guality/vla-2.c -O1 line 25 sizeof (a) == 6 * sizeof (int)
FAIL: gcc.dg/guality/vla-2.c -O2 line 16 sizeof (a) == 5 * sizeof (int)
FAIL: gcc.dg/guality/vla-2.c -O2 line 25 sizeof (a) == 6 * sizeof (int)
FAIL: gcc.dg/guality/vla-2.c -O3 -g line 16 sizeof (a) == 5 * sizeof (int)
FAIL: gcc.dg/guality/vla-2.c -O3 -g line 25 sizeof (a) == 6 * sizeof (int)
FAIL: gcc.dg/guality/vla-2.c -Os line 16 sizeof (a) == 5 * sizeof (int)
FAIL: gcc.dg/guality/vla-2.c -Os line 25 sizeof (a) == 6 * sizeof (int)
FAIL: gcc.dg/guality/vla-2.c -O2 -flto -fno-use-linker-plugin -flto-partition=none line 16 sizeof (a) == 5 * sizeof (int)
FAIL: gcc.dg/guality/vla-2.c -O2 -flto -fno-use-linker-plugin -flto-partition=none line 25 sizeof (a) == 6 * sizeof (int)
FAIL: gcc.dg/guality/vla-2.c -O2 -flto -fuse-linker-plugin -fno-fat-lto-objects line 16 sizeof (a) == 5 * sizeof (int)
FAIL: gcc.dg/guality/vla-2.c -O2 -flto -fuse-linker-plugin -fno-fat-lto-objects line 25 sizeof (a) == 6 * sizeof (int)
FAIL: gcc.dg/ipa/inline-1.c scan-ipa-dump inline "op2 change 9.990000. of time"
FAIL: gcc.dg/ipa/inline-1.c scan-ipa-dump inline "op3 change 9.990000. of time"
FAIL: gcc.dg/ipa/inline-1.c scan-ipa-dump inline "op4 change 9.990000. of time"
FAIL: gcc.dg/ipa/inline-1.c scan-ipa-dump inline "op5 change 9.990000. of time"
FAIL: largefile.c -O0 -g -I. -Dwith_PCH (test for excess errors)
FAIL: gcc.dg/pch/largefile.c -O0 -g assembly comparison
FAIL: largefile.c -O0 -I. -Dwith_PCH (test for excess errors)
FAIL: gcc.dg/pch/largefile.c -O0 assembly comparison
FAIL: largefile.c -O1 -I. -Dwith_PCH (test for excess errors)
FAIL: gcc.dg/pch/largefile.c -O1 assembly comparison
FAIL: largefile.c -O2 -I. -Dwith_PCH (test for excess errors)
FAIL: gcc.dg/pch/largefile.c -O2 assembly comparison
FAIL: largefile.c -O3 -g -I. -Dwith_PCH (test for excess errors)
FAIL: gcc.dg/pch/largefile.c -O3 -g assembly comparison
FAIL: largefile.c -Os -I. -Dwith_PCH (test for excess errors)
FAIL: gcc.dg/pch/largefile.c -Os assembly comparison
FAIL: gcc.dg/torture/builtin-convert-1.c -O1 (test for excess errors)
FAIL: gcc.dg/torture/builtin-convert-1.c -O2 (test for excess errors)
FAIL: gcc.dg/torture/builtin-convert-1.c -O3 -g (test for excess errors)
FAIL: gcc.dg/torture/builtin-convert-1.c -Os (test for excess errors)
FAIL: gcc.dg/torture/builtin-convert-1.c -O2 -flto -fno-use-linker-plugin -flto-partition=none (test for excess errors)
FAIL: gcc.dg/torture/builtin-convert-2.c -O1 (test for excess errors)
FAIL: gcc.dg/torture/builtin-convert-2.c -O2 (test for excess errors)
FAIL: gcc.dg/torture/builtin-convert-2.c -O3 -g (test for excess errors)
FAIL: gcc.dg/torture/builtin-convert-2.c -Os (test for excess errors)
FAIL: gcc.dg/torture/builtin-convert-2.c -O2 -flto -fno-use-linker-plugin -flto-partition=none (test for excess errors)
FAIL: gcc.dg/torture/pr68264.c -O0 execution test
FAIL: gcc.dg/torture/pr68264.c -O1 execution test
FAIL: gcc.dg/torture/pr68264.c -O2 execution test
FAIL: gcc.dg/torture/pr68264.c -O3 -g execution test
FAIL: gcc.dg/torture/pr68264.c -Os execution test
FAIL: gcc.dg/torture/pr68264.c -O2 -flto -fno-use-linker-plugin -flto-partition=none execution test
FAIL: gcc.dg/torture/pr68264.c -O2 -flto -fuse-linker-plugin -fno-fat-lto-objects execution test
FAIL: gcc.dg/tree-ssa/copy-sign-1.c scan-tree-dump-times gimple "copysign" 8 (found 0 times)
FAIL: gcc.dg/tree-ssa/minmax-2.c scan-tree-dump optimized "__builtin_fmin"
FAIL: gcc.dg/tree-ssa/mult-abs-2.c scan-tree-dump-times gimple "ABS" 8 (found 0 times)
FAIL: gcc.dg/tree-ssa/pr71078-1-double.c scan-tree-dump forwprop1 "__builtin_copysign"
FAIL: gcc.dg/tree-ssa/pr71078-1-long-double.c scan-tree-dump forwprop1 "__builtin_copysignl"
FAIL: gcc.dg/tree-ssa/pr71078-1.c scan-tree-dump forwprop1 "__builtin_copysignf"
FAIL: gcc.dg/tree-ssa/pr71078-2-double.c scan-tree-dump forwprop1 "__builtin_copysign"
FAIL: gcc.dg/tree-ssa/pr71078-2-long-double.c scan-tree-dump forwprop1 "__builtin_copysignl"
FAIL: gcc.dg/tree-ssa/pr71078-2.c scan-tree-dump forwprop1 "__builtin_copysignf"
FAIL: gcc.dg/tree-ssa/pr71078-3.c scan-tree-dump forwprop1 "__builtin_copysign"
XPASS: gcc.dg/vect/vect-95.c scan-tree-dump-times vect "Alignment of access forced using peeling" 0
XPASS: gcc.dg/vect/vect-95.c -flto -ffat-lto-objects scan-tree-dump-times vect "Alignment of access forced using peeling" 0
FAIL: gcc.target/i386/avx512f-rint-sfix-vec-2.c scan-assembler-times vcvtpd2dq[^\\n]+ymm[0-9](?:\\n|[ \\\\t]+#) 2 (found 0 times)
FAIL: gcc.target/i386/avx512f-rint-sfix-vec-2.c scan-assembler-times vinserti64x4[^\\n]+zmm[0-9](?:\\n|[ \\\\t]+#) 1 (found 0 times)
FAIL: gcc.target/i386/avx512f-rintf-sfix-vec-2.c scan-assembler-times vcvtps2dq[^\\n]+zmm[0-9](?:\\n|[ \\\\t]+#) 1 (found 0 times)
FAIL: gcc.target/i386/pr61403.c scan-assembler rsqrtps
FAIL: gcc.target/x86_64/abi/ms-sysv/ms-sysv.c -mcall-ms2sysv-xlogues -O2 "-DGEN_ARGS=-p0" (test for excess errors)
UNRESOLVED: gcc.target/x86_64/abi/ms-sysv/ms-sysv.c -mcall-ms2sysv-xlogues -O2 "-DGEN_ARGS=-p0" compilation failed to produce executable
FAIL: gcc.target/x86_64/abi/ms-sysv/ms-sysv.c -mcall-ms2sysv-xlogues -O0 -g3 "-DGEN_ARGS=-p0\\ --omit-rbp-clobbers" (test for excess errors)
UNRESOLVED: gcc.target/x86_64/abi/ms-sysv/ms-sysv.c -mcall-ms2sysv-xlogues -O0 -g3 "-DGEN_ARGS=-p0\\ --omit-rbp-clobbers" compilation failed to produce executable
FAIL: gcc.target/x86_64/abi/ms-sysv/ms-sysv.c -mcall-ms2sysv-xlogues -O2 "-DGEN_ARGS=-p1" (test for excess errors)
UNRESOLVED: gcc.target/x86_64/abi/ms-sysv/ms-sysv.c -mcall-ms2sysv-xlogues -O2 "-DGEN_ARGS=-p1" compilation failed to produce executable
FAIL: gcc.target/x86_64/abi/ms-sysv/ms-sysv.c -mcall-ms2sysv-xlogues -O0 -g3 "-DGEN_ARGS=-p1\\ --omit-rbp-clobbers" (test for excess errors)
UNRESOLVED: gcc.target/x86_64/abi/ms-sysv/ms-sysv.c -mcall-ms2sysv-xlogues -O0 -g3 "-DGEN_ARGS=-p1\\ --omit-rbp-clobbers" compilation failed to produce executable
FAIL: gcc.target/x86_64/abi/ms-sysv/ms-sysv.c -mcall-ms2sysv-xlogues -O2 "-DGEN_ARGS=-p5" (test for excess errors)
UNRESOLVED: gcc.target/x86_64/abi/ms-sysv/ms-sysv.c -mcall-ms2sysv-xlogues -O2 "-DGEN_ARGS=-p5" compilation failed to produce executable
FAIL: gcc.target/x86_64/abi/ms-sysv/ms-sysv.c -mcall-ms2sysv-xlogues -O0 -g3 "-DGEN_ARGS=-p5\\ --omit-rbp-clobbers" (test for excess errors)
UNRESOLVED: gcc.target/x86_64/abi/ms-sysv/ms-sysv.c -mcall-ms2sysv-xlogues -O0 -g3 "-DGEN_ARGS=-p5\\ --omit-rbp-clobbers" compilation failed to produce executable
=== gcc Summary ===
# of expected passes 125024
# of unexpected failures 178
# of unexpected successes 24
# of expected failures 434
# of unresolved testcases 6
# of unsupported tests 2224
/H2/scratch/gcc_trunk/gcc/xgcc version 8.0.0 20171222 (experimental) [trunk revision 255982] (GCC)
=== gfortran tests ===
Running target unix
=== gfortran Summary ===
# of expected passes 46456
# of expected failures 98
# of unsupported tests 88
/H2/scratch/gcc_trunk/gcc/gfortran version 8.0.0 20171222 (experimental) [trunk revision 255982] (GCC)
=== objc tests ===
Running target unix
=== objc Summary ===
# of expected passes 2797
# of expected failures 6
# of unsupported tests 68
/H2/scratch/gcc_trunk/gcc/xgcc version 8.0.0 20171222 (experimental) [trunk revision 255982] (GCC)
=== libatomic tests ===
Running target unix
=== libatomic Summary ===
# of expected passes 54
=== libgomp tests ===
Running target unix
FAIL: libgomp.c/examples-4/target-3.c execution test
FAIL: libgomp.graphite/force-parallel-1.c scan-tree-dump-times graphite "2 loops carried no dependency" 1 (found 0 times)
FAIL: libgomp.graphite/force-parallel-1.c scan-tree-dump-times optimized "loopfn" 8 (found 12 times)
=== libgomp Summary ===
# of expected passes 5370
# of unexpected failures 3
# of unsupported tests 292
=== libitm tests ===
Running target unix
=== libitm Summary ===
# of expected passes 42
# of expected failures 3
# of unsupported tests 1
=== libstdc++ tests ===
Running target unix
FAIL: 22_locale/codecvt/max_length/wchar_t/4.cc execution test
FAIL: 22_locale/ctype/is/char/wrapped_env.cc execution test
FAIL: 22_locale/ctype/is/char/wrapped_locale.cc execution test
FAIL: 22_locale/ctype/is/wchar_t/wrapped_env.cc execution test
FAIL: 22_locale/ctype/is/wchar_t/wrapped_locale.cc execution test
FAIL: 22_locale/locale/cons/12658_thread-1.cc execution test
FAIL: 22_locale/locale/cons/12658_thread-2.cc execution test
FAIL: 22_locale/locale/cons/29217.cc execution test
FAIL: 22_locale/locale/cons/38368.cc execution test
FAIL: 22_locale/locale/cons/40184.cc execution test
FAIL: 22_locale/locale/cons/5.cc execution test
FAIL: 22_locale/messages/13631.cc execution test
FAIL: 22_locale/messages/members/char/1.cc execution test
FAIL: 22_locale/messages/members/char/2.cc execution test
FAIL: 22_locale/messages/members/char/wrapped_env.cc execution test
FAIL: 22_locale/messages/members/char/wrapped_locale.cc execution test
FAIL: 22_locale/messages_byname/named_equivalence.cc execution test
FAIL: 22_locale/money_get/get/char/16.cc execution test
FAIL: 22_locale/money_get/get/char/18.cc execution test
FAIL: 22_locale/money_get/get/char/2.cc execution test
FAIL: 22_locale/money_get/get/char/4.cc execution test
FAIL: 22_locale/money_get/get/char/wrapped_env.cc execution test
FAIL: 22_locale/money_get/get/char/wrapped_locale.cc execution test
FAIL: 22_locale/money_get/get/wchar_t/1.cc execution test
FAIL: 22_locale/money_get/get/wchar_t/16.cc execution test
FAIL: 22_locale/money_get/get/wchar_t/18.cc execution test
FAIL: 22_locale/money_get/get/wchar_t/2.cc execution test
FAIL: 22_locale/money_get/get/wchar_t/4.cc execution test
FAIL: 22_locale/money_get/get/wchar_t/wrapped_env.cc execution test
FAIL: 22_locale/money_get/get/wchar_t/wrapped_locale.cc execution test
FAIL: 22_locale/money_put/put/char/2.cc execution test
FAIL: 22_locale/money_put/put/char/9780-3.cc execution test
FAIL: 22_locale/money_put/put/char/wrapped_env.cc execution test
FAIL: 22_locale/money_put/put/char/wrapped_locale.cc execution test
FAIL: 22_locale/money_put/put/wchar_t/1.cc execution test
FAIL: 22_locale/money_put/put/wchar_t/2.cc execution test
FAIL: 22_locale/money_put/put/wchar_t/3.cc execution test
FAIL: 22_locale/money_put/put/wchar_t/wrapped_env.cc execution test
FAIL: 22_locale/money_put/put/wchar_t/wrapped_locale.cc execution test
FAIL: 22_locale/numpunct/members/char/3.cc execution test
FAIL: 22_locale/time_get/get_date/char/2.cc execution test
FAIL: 22_locale/time_get/get_date/char/wrapped_env.cc execution test
FAIL: 22_locale/time_get/get_date/char/wrapped_locale.cc execution test
FAIL: 22_locale/time_get/get_date/wchar_t/2.cc execution test
FAIL: 22_locale/time_get/get_date/wchar_t/wrapped_env.cc execution test
FAIL: 22_locale/time_get/get_date/wchar_t/wrapped_locale.cc execution test
FAIL: 22_locale/time_get/get_time/char/2.cc execution test
FAIL: 22_locale/time_get/get_time/char/wrapped_env.cc execution test
FAIL: 22_locale/time_get/get_time/char/wrapped_locale.cc execution test
FAIL: 22_locale/time_get/get_time/wchar_t/2.cc execution test
FAIL: 22_locale/time_get/get_time/wchar_t/wrapped_env.cc execution test
FAIL: 22_locale/time_get/get_time/wchar_t/wrapped_locale.cc execution test
FAIL: 22_locale/time_get/get_weekday/char/38081-1.cc execution test
FAIL: 22_locale/time_get/get_weekday/char/38081-2.cc execution test
FAIL: 22_locale/time_put/put/char/2.cc execution test
FAIL: 22_locale/time_put/put/char/3.cc execution test
FAIL: 22_locale/time_put/put/char/4.cc execution test
FAIL: 22_locale/time_put/put/char/wrapped_env.cc execution test
FAIL: 22_locale/time_put/put/char/wrapped_locale.cc execution test
FAIL: 22_locale/time_put/put/wchar_t/2.cc execution test
FAIL: 22_locale/time_put/put/wchar_t/3.cc execution test
FAIL: 22_locale/time_put/put/wchar_t/4.cc execution test
FAIL: 22_locale/time_put/put/wchar_t/wrapped_env.cc execution test
FAIL: 22_locale/time_put/put/wchar_t/wrapped_locale.cc execution test
FAIL: 27_io/basic_filebuf/overflow/wchar_t/11305-1.cc execution test
FAIL: 27_io/basic_filebuf/overflow/wchar_t/11305-2.cc execution test
FAIL: 27_io/basic_filebuf/overflow/wchar_t/11305-3.cc execution test
FAIL: 27_io/basic_filebuf/overflow/wchar_t/11305-4.cc execution test
FAIL: 27_io/filesystem/operations/last_write_time.cc execution test
FAIL: 27_io/headers/cstdio/types_std.cc (test for excess errors)
FAIL: 27_io/manipulators/extended/get_time/char/2.cc execution test
FAIL: 28_regex/algorithms/regex_match/extended/wstring_locale.cc execution test
FAIL: 28_regex/iterators/regex_token_iterator/wchar_t/wstring_02.cc execution test
FAIL: 30_threads/condition_variable/54185.cc execution test
FAIL: 30_threads/thread/native_handle/typesizes.cc (test for excess errors)
UNRESOLVED: 30_threads/thread/native_handle/typesizes.cc compilation failed to produce executable
FAIL: experimental/filesystem/operations/last_write_time.cc execution test
=== libstdc++ Summary ===
# of expected passes 11799
# of unexpected failures 76
# of expected failures 73
# of unresolved testcases 1
# of unsupported tests 325
Compiler version: 8.0.0 20171222 (experimental) [trunk revision 255982] (GCC)
Platform: x86_64-unknown-dragonfly5.1
configure flags: --prefix=/H2/scratch/gcc_171222 --disable-libcilkrts