This is the mail archive of the
gcc-testresults@gcc.gnu.org
mailing list for the GCC project.
Results for 8.0.0 20171215 (experimental) [trunk revision 255680] (GCC) testsuite on x86_64-pc-solaris2.11
- From: Rainer Orth <ro at CeBiTec dot Uni-Bielefeld dot DE>
- To: gcc-testresults at gcc dot gnu dot org
- Date: Sat, 16 Dec 2017 15:27:18 +0100 (MET)
- Subject: Results for 8.0.0 20171215 (experimental) [trunk revision 255680] (GCC) testsuite on x86_64-pc-solaris2.11
- Authentication-results: sourceware.org; auth=none
LAST_UPDATED: Fri Dec 15 10:00:43 UTC 2017 (revision 255680)
Native configuration is x86_64-pc-solaris2.11
=== libatomic tests ===
Running target unix/-m32
=== libatomic Summary for unix/-m32 ===
# of expected passes 44
# of unsupported tests 5
Running target unix
=== libatomic Summary for unix ===
# of expected passes 54
=== libatomic Summary ===
# of expected passes 98
# of unsupported tests 5
=== libffi tests ===
Running target unix/-m32
=== libffi Summary for unix/-m32 ===
# of expected passes 2799
Running target unix
=== libffi Summary for unix ===
# of expected passes 2214
=== libffi Summary ===
# of expected passes 5013
=== libgo tests ===
Running target unix
FAIL: net
FAIL: runtime
FAIL: crypto/tls
FAIL: database/sql
FAIL: go/build
FAIL: go/printer
FAIL: image/jpeg
FAIL: net/http
FAIL: net/http/httptest
FAIL: net/http/httputil
FAIL: os/exec
FAIL: runtime/pprof
FAIL: runtime/trace
=== libgo Summary for unix ===
# of expected passes 143
# of unexpected failures 13
Running target unix/-m32
FAIL: runtime
FAIL: go/build
=== libgo Summary for unix/-m32 ===
# of expected passes 154
# of unexpected failures 2
=== libgo Summary ===
# of expected passes 297
# of unexpected failures 15
/var/gcc/regression/trunk/11-gcc-gas-64/build/./gcc/gccgo version 8.0.0 20171215 (experimental) [trunk revision 255680] (GCC)
=== libgomp tests ===
Running target unix/-m32
FAIL: libgomp.graphite/force-parallel-1.c scan-tree-dump-times graphite "2 loops carried no dependency" 1 (found 0 times)
FAIL: libgomp.graphite/force-parallel-1.c scan-tree-dump-times optimized "loopfn" 8 (found 12 times)
FAIL: libgomp.graphite/force-parallel-4.c scan-tree-dump-times graphite "2 loops carried no dependency" 1 (found 0 times)
FAIL: libgomp.graphite/force-parallel-4.c scan-tree-dump-times optimized "loopfn.1" 4 (found 0 times)
FAIL: libgomp.graphite/force-parallel-8.c scan-tree-dump-times graphite "5 loops carried no dependency" 1 (found 0 times)
=== libgomp Summary for unix/-m32 ===
# of expected passes 5344
# of unexpected failures 5
# of unsupported tests 304
Running target unix
FAIL: libgomp.graphite/force-parallel-1.c scan-tree-dump-times graphite "2 loops carried no dependency" 1 (found 0 times)
FAIL: libgomp.graphite/force-parallel-1.c scan-tree-dump-times optimized "loopfn" 8 (found 12 times)
FAIL: libgomp.graphite/force-parallel-4.c scan-tree-dump-times graphite "2 loops carried no dependency" 1 (found 0 times)
FAIL: libgomp.graphite/force-parallel-4.c scan-tree-dump-times optimized "loopfn.1" 4 (found 0 times)
FAIL: libgomp.graphite/force-parallel-8.c scan-tree-dump-times graphite "5 loops carried no dependency" 1 (found 0 times)
=== libgomp Summary for unix ===
# of expected passes 5344
# of unexpected failures 5
# of unsupported tests 304
=== libgomp Summary ===
# of expected passes 10688
# of unexpected failures 10
# of unsupported tests 608
=== libitm tests ===
Running target unix/-m32
=== libitm Summary for unix/-m32 ===
# of expected passes 42
# of expected failures 3
# of unsupported tests 1
Running target unix
=== libitm Summary for unix ===
# of expected passes 42
# of expected failures 3
# of unsupported tests 1
=== libitm Summary ===
# of expected passes 84
# of expected failures 6
# of unsupported tests 2
=== libstdc++ tests ===
Running target unix
=== libstdc++ Summary for unix ===
# of expected passes 11261
# of expected failures 70
# of unsupported tests 635
Running target unix/-m32
FAIL: experimental/memory_resource/resource_adaptor.cc execution test
=== libstdc++ Summary for unix/-m32 ===
# of expected passes 11268
# of unexpected failures 1
# of expected failures 70
# of unsupported tests 631
=== libstdc++ Summary ===
# of expected passes 22529
# of unexpected failures 1
# of expected failures 140
# of unsupported tests 1266
=== acats tests ===
FAIL: c954025
=== acats Summary ===
# of expected passes 2319
# of unexpected failures 1
=== g++ tests ===
Running target unix
FAIL: g++.dg/ipa/devirt-22.C -std=gnu++11 scan-ipa-dump-times cp "Discovered a virtual call to a known target" 1 (found 2 times)
FAIL: g++.dg/ipa/devirt-22.C -std=gnu++14 scan-ipa-dump-times cp "Discovered a virtual call to a known target" 1 (found 2 times)
FAIL: g++.dg/ipa/devirt-22.C -std=gnu++98 scan-ipa-dump-times cp "Discovered a virtual call to a known target" 1 (found 2 times)
FAIL: g++.dg/pr79095-4.C -std=gnu++98 (test for warnings, line )
FAIL: g++.dg/pr79095-4.C -std=gnu++98 scan-tree-dump-times vrp2 "__builtin_memset \\\\(_[0-9]+, 0, [0-9]+\\\\)" 1 (found 0 times)
FAIL: g++.dg/vect/slp-pr56812.cc -std=c++11 scan-tree-dump-times slp1 "basic block vectorized" 1 (found 0 times)
FAIL: g++.dg/vect/slp-pr56812.cc -std=c++14 scan-tree-dump-times slp1 "basic block vectorized" 1 (found 0 times)
FAIL: g++.dg/vect/slp-pr56812.cc -std=c++98 scan-tree-dump-times slp1 "basic block vectorized" 1 (found 0 times)
=== g++ Summary for unix ===
# of expected passes 111270
# of unexpected failures 8
# of expected failures 442
# of unsupported tests 4489
Running target unix/-m32
FAIL: g++.dg/ipa/devirt-22.C -std=gnu++11 scan-ipa-dump-times cp "Discovered a virtual call to a known target" 1 (found 2 times)
FAIL: g++.dg/ipa/devirt-22.C -std=gnu++14 scan-ipa-dump-times cp "Discovered a virtual call to a known target" 1 (found 2 times)
FAIL: g++.dg/ipa/devirt-22.C -std=gnu++98 scan-ipa-dump-times cp "Discovered a virtual call to a known target" 1 (found 2 times)
FAIL: g++.dg/opt/pr59470.C -std=gnu++11 (test for excess errors)
WARNING: g++.dg/opt/pr59470.C -std=gnu++11 compilation failed to produce executable
FAIL: g++.dg/opt/pr59470.C -std=gnu++14 (test for excess errors)
WARNING: g++.dg/opt/pr59470.C -std=gnu++14 compilation failed to produce executable
FAIL: g++.dg/opt/pr59470.C -std=gnu++98 (test for excess errors)
WARNING: g++.dg/opt/pr59470.C -std=gnu++98 compilation failed to produce executable
FAIL: g++.dg/pr62079.C (internal compiler error)
FAIL: g++.dg/pr62079.C (test for excess errors)
FAIL: g++.dg/pr79095-4.C -std=gnu++98 (test for warnings, line )
FAIL: g++.dg/pr79095-4.C -std=gnu++98 scan-tree-dump-times vrp2 "__builtin_memset \\\\(_[0-9]+, 0, [0-9]+\\\\)" 1 (found 0 times)
FAIL: g++.dg/template/nontype10.C -std=c++11 (test for excess errors)
FAIL: g++.dg/template/nontype10.C -std=c++14 (test for excess errors)
FAIL: g++.dg/template/nontype10.C -std=c++98 (test for excess errors)
FAIL: g++.dg/vect/slp-pr56812.cc -std=c++11 scan-tree-dump-times slp1 "basic block vectorized" 1 (found 0 times)
FAIL: g++.dg/vect/slp-pr56812.cc -std=c++14 scan-tree-dump-times slp1 "basic block vectorized" 1 (found 0 times)
FAIL: g++.dg/vect/slp-pr56812.cc -std=c++98 scan-tree-dump-times slp1 "basic block vectorized" 1 (found 0 times)
=== g++ Summary for unix/-m32 ===
# of expected passes 109750
# of unexpected failures 16
# of expected failures 439
# of unsupported tests 4303
=== g++ Summary ===
# of expected passes 221020
# of unexpected failures 24
# of expected failures 881
# of unsupported tests 8792
/var/gcc/regression/trunk/11-gcc-gas-64/build/gcc/testsuite/g++/../../xg++ version 8.0.0 20171215 (experimental) [trunk revision 255680] (GCC)
=== gcc tests ===
Running target unix
FAIL: gcc.dg/debug/pr41893-1.c -gdwarf-2 -g3 (test for excess errors)
FAIL: gcc.dg/debug/pr41893-1.c -gdwarf-2 -g3 -O (test for excess errors)
FAIL: gcc.dg/debug/pr41893-1.c -gdwarf-2 -g3 -O3 (test for excess errors)
FAIL: gcc.dg/visibility-22.c execution test
FAIL: gcc.dg/ipa/inline-1.c scan-ipa-dump inline "op2 change 9.990000. of time"
FAIL: gcc.dg/ipa/inline-1.c scan-ipa-dump inline "op3 change 9.990000. of time"
FAIL: gcc.dg/ipa/inline-1.c scan-ipa-dump inline "op4 change 9.990000. of time"
FAIL: gcc.dg/ipa/inline-1.c scan-ipa-dump inline "op5 change 9.990000. of time"
FAIL: gcc.dg/rtl/x86_64/final.c (internal compiler error)
FAIL: gcc.dg/rtl/x86_64/final.c (test for excess errors)
UNRESOLVED: gcc.dg/rtl/x86_64/final.c scan-assembler .cfi_endproc
UNRESOLVED: gcc.dg/rtl/x86_64/final.c scan-assembler .cfi_startproc
UNRESOLVED: gcc.dg/rtl/x86_64/final.c scan-assembler ret
UNRESOLVED: gcc.dg/rtl/x86_64/final.c scan-assembler test_1:
FAIL: gcc.dg/torture/pr60092.c -O0 execution test
XPASS: gcc.dg/vect/vect-95.c -flto -ffat-lto-objects scan-tree-dump-times vect "Alignment of access forced using peeling" 0
XPASS: gcc.dg/vect/vect-95.c scan-tree-dump-times vect "Alignment of access forced using peeling" 0
=== gcc Summary for unix ===
# of expected passes 120714
# of unexpected failures 11
# of unexpected successes 2
# of expected failures 376
# of unresolved testcases 4
# of unsupported tests 2119
Running target unix/-m32
FAIL: gcc.dg/debug/pr41893-1.c -gdwarf-2 -g3 (test for excess errors)
FAIL: gcc.dg/debug/pr41893-1.c -gdwarf-2 -g3 -O (test for excess errors)
FAIL: gcc.dg/debug/pr41893-1.c -gdwarf-2 -g3 -O3 (test for excess errors)
FAIL: gcc.dg/visibility-22.c execution test
FAIL: gcc.dg/ipa/inline-1.c scan-ipa-dump inline "op2 change 9.990000. of time"
FAIL: gcc.dg/ipa/inline-1.c scan-ipa-dump inline "op3 change 9.990000. of time"
FAIL: gcc.dg/ipa/inline-1.c scan-ipa-dump inline "op4 change 9.990000. of time"
FAIL: gcc.dg/ipa/inline-1.c scan-ipa-dump inline "op5 change 9.990000. of time"
FAIL: gcc.dg/torture/pr60092.c -O0 execution test
XPASS: gcc.dg/vect/vect-95.c -flto -ffat-lto-objects scan-tree-dump-times vect "Alignment of access forced using peeling" 0
XPASS: gcc.dg/vect/vect-95.c scan-tree-dump-times vect "Alignment of access forced using peeling" 0
FAIL: gcc.target/i386/pr50038.c scan-assembler-times movzbl 2 (found 3 times)
=== gcc Summary for unix/-m32 ===
# of expected passes 119048
# of unexpected failures 10
# of unexpected successes 2
# of expected failures 381
# of unsupported tests 2182
=== gcc Summary ===
# of expected passes 239762
# of unexpected failures 21
# of unexpected successes 4
# of expected failures 757
# of unresolved testcases 4
# of unsupported tests 4301
/var/gcc/regression/trunk/11-gcc-gas-64/build/gcc/xgcc version 8.0.0 20171215 (experimental) [trunk revision 255680] (GCC)
=== gfortran tests ===
Running target unix
=== gfortran Summary for unix ===
# of expected passes 46396
# of expected failures 92
# of unsupported tests 88
Running target unix/-m32
=== gfortran Summary for unix/-m32 ===
# of expected passes 46179
# of expected failures 92
# of unsupported tests 191
=== gfortran Summary ===
# of expected passes 92575
# of expected failures 184
# of unsupported tests 279
/var/gcc/regression/trunk/11-gcc-gas-64/build/gcc/testsuite/gfortran/../../gfortran version 8.0.0 20171215 (experimental) [trunk revision 255680] (GCC)
=== gnat tests ===
Running target unix
=== gnat Summary for unix ===
# of expected passes 2652
# of expected failures 24
# of unsupported tests 7
Running target unix/-m32
=== gnat Summary for unix/-m32 ===
# of expected passes 2652
# of expected failures 24
# of unsupported tests 7
=== gnat Summary ===
# of expected passes 5304
# of expected failures 48
# of unsupported tests 14
/var/gcc/regression/trunk/11-gcc-gas-64/build/gcc/gnatmake version 8.0.0 20171215 (experimental) [trunk revision 255680]
=== go tests ===
Running target unix
FAIL: ./index0-out.go execution, -O0 -g -fno-var-tracking-assignments
FAIL: go.test/test/64bit.go execution
FAIL: go.test/test/append.go execution, -O2 -g
FAIL: go.test/test/chan/doubleselect.go execution, -O2 -g
FAIL: go.test/test/gc1.go execution, -O2 -g
FAIL: go.test/test/mapnan.go execution, -O2 -g
=== go Summary for unix ===
# of expected passes 7238
# of unexpected failures 6
# of expected failures 1
# of untested testcases 10
# of unsupported tests 1
Running target unix/-m32
FAIL: ./index0-out.go execution, -O0 -g -fno-var-tracking-assignments
=== go Summary for unix/-m32 ===
# of expected passes 7364
# of unexpected failures 1
# of expected failures 1
# of untested testcases 10
# of unsupported tests 2
=== go Summary ===
# of expected passes 14602
# of unexpected failures 7
# of expected failures 2
# of untested testcases 20
# of unsupported tests 3
=== obj-c++ tests ===
Running target unix/-m32
=== obj-c++ Summary for unix/-m32 ===
# of expected passes 1464
# of expected failures 2
# of unsupported tests 77
Running target unix
=== obj-c++ Summary for unix ===
# of expected passes 1456
# of expected failures 10
# of unsupported tests 77
=== obj-c++ Summary ===
# of expected passes 2920
# of expected failures 12
# of unsupported tests 154
/var/gcc/regression/trunk/11-gcc-gas-64/build/gcc/testsuite/obj-c++/../../xg++ version 8.0.0 20171215 (experimental) [trunk revision 255680] (GCC)
=== objc tests ===
Running target unix
=== objc Summary for unix ===
# of expected passes 2797
# of expected failures 6
# of unsupported tests 68
Running target unix/-m32
=== objc Summary for unix/-m32 ===
# of expected passes 2797
# of expected failures 6
# of unsupported tests 68
=== objc Summary ===
# of expected passes 5594
# of expected failures 12
# of unsupported tests 136
/var/gcc/regression/trunk/11-gcc-gas-64/build/gcc/xgcc version 8.0.0 20171215 (experimental) [trunk revision 255680] (GCC)
=== gotools tests ===
FAIL: go test cmd/go
FAIL: TestBreakpoint
FAIL: TestCgoCCodeSIGPROF
FAIL: TestCgoCallbackGC
FAIL: TestCgoCheckBytes
FAIL: TestCgoCrashHandler
FAIL: TestCgoExecSignalMask
FAIL: TestCgoExternalThreadPanic
FAIL: TestCgoExternalThreadSIGPROF
FAIL: TestCgoExternalThreadSignal
FAIL: TestCgoNumGoroutine
FAIL: TestCgoPanicDeadlock
FAIL: TestCgoSignalDeadlock
FAIL: TestCgoTraceback
FAIL: TestCrashDumpsAllThreads
FAIL: TestEnsureDropM
FAIL: TestPanicTraceback
FAIL: go test runtime
FAIL: go test misc/cgo/test
FAIL: TestCompileWithoutShared
FAIL: TestEarlySignalHandler
FAIL: TestInstall
FAIL: TestOsSignal
FAIL: TestPIE
FAIL: TestSIGPROF
FAIL: TestSigaltstack
FAIL: TestSignalForwarding
FAIL: TestSignalForwardingExternal
FAIL: go test misc/cgo/testcarchive
=== gotools Summary ===
# of expected passes 130
# of unexpected failures 29
# of untested testcases 45
/var/gcc/regression/trunk/11-gcc-gas-64/build/./gcc/gccgo version 8.0.0 20171215 (experimental) [trunk revision 255680] (GCC)
Compiler version: 8.0.0 20171215 (experimental) [trunk revision 255680] (GCC)
Platform: x86_64-pc-solaris2.11
configure flags: --prefix=/vol/gcc --target=amd64-pc-solaris2.11 --enable-objc-gc --with-target-bdw-gc-include=/vol/gcc/include --with-target-bdw-gc-lib=/vol/gcc/lib/amd64,32=/vol/gcc/lib --enable-libmudflap --with-as=/vol/gcc/bin/amd64/gas-2.29 --with-gnu-as --with-gmp-include=/vol/gcc/include --with-gmp-lib=/vol/gcc/lib/amd64 --with-mpfr-include=/vol/gcc/include --with-mpfr-lib=/vol/gcc/lib/amd64 --with-mpc-include=/vol/gcc/include --with-mpc-lib=/vol/gcc/lib/amd64 --enable-languages=all,ada,obj-c++,go --with-isl-include=/vol/gcc/include --with-isl-lib=/vol/gcc/lib/amd64 --build=amd64-pc-solaris2.11 --host=amd64-pc-solaris2.11
BOOT_CFLAGS=-g -O2