This is the mail archive of the
gcc-testresults@gcc.gnu.org
mailing list for the GCC project.
Results for 8.0.0 20171109 (experimental) [trunk revision 254585] (GCC) testsuite on hppa64-hp-hpux11.11
- From: John David Anglin <dave at hiauly3 dot hia dot nrc dot ca>
- To: dave at hiauly3 dot hia dot nrc dot ca, gcc-testresults at gcc dot gnu dot org
- Date: Mon, 4 Dec 2017 07:47:18 -0500 (EST)
- Subject: Results for 8.0.0 20171109 (experimental) [trunk revision 254585] (GCC) testsuite on hppa64-hp-hpux11.11
- Authentication-results: sourceware.org; auth=none
Native configuration is hppa64-hp-hpux11.11
=== g++ tests ===
Running target unix
FAIL: g++.dg/cpp0x/rv-trivial-bug.C -std=c++11 (test for excess errors)
FAIL: g++.dg/cpp0x/rv-trivial-bug.C -std=c++14 (test for excess errors)
WARNING: program timed out.
FAIL: g++.dg/lto/20081109 cp_lto_20081109_0.o-cp_lto_20081109_1.o execute -O0 -flto -flto-partition=none
FAIL: g++.dg/lto/20081109 cp_lto_20081109_0.o-cp_lto_20081109_1.o execute -O2 -flto -flto-partition=none
FAIL: g++.dg/lto/20081109 cp_lto_20081109_0.o-cp_lto_20081109_1.o execute -O0 -flto -flto-partition=1to1
FAIL: g++.dg/lto/20081109 cp_lto_20081109_0.o-cp_lto_20081109_1.o execute -O2 -flto -flto-partition=1to1
FAIL: g++.dg/lto/20081109 cp_lto_20081109_0.o-cp_lto_20081109_1.o execute -O0 -flto
FAIL: g++.dg/lto/20081109 cp_lto_20081109_0.o-cp_lto_20081109_1.o execute -O2 -flto
FAIL: g++.dg/lto/20101010-4 cp_lto_20101010-4_0.o-cp_lto_20101010-4_0.o link, -std=c++0x -flto -g -r -nostdlib
UNRESOLVED: g++.dg/lto/20101010-4 cp_lto_20101010-4_0.o-cp_lto_20101010-4_0.o execute -std=c++0x -flto -g -r -nostdlib
FAIL: g++.dg/lto/20101015-2 cp_lto_20101015-2_0.o-cp_lto_20101015-2_0.o link, -g -flto
UNRESOLVED: g++.dg/lto/20101015-2 cp_lto_20101015-2_0.o-cp_lto_20101015-2_0.o execute -g -flto
FAIL: g++.dg/lto/pr42987 cp_lto_pr42987_0.o-cp_lto_pr42987_1.o link, -flto -g
UNRESOLVED: g++.dg/lto/pr42987 cp_lto_pr42987_0.o-cp_lto_pr42987_1.o execute -flto -g
FAIL: g++.dg/lto/pr42987 cp_lto_pr42987_0.o-cp_lto_pr42987_1.o link, -flto -flto-partition=none -g
UNRESOLVED: g++.dg/lto/pr42987 cp_lto_pr42987_0.o-cp_lto_pr42987_1.o execute -flto -flto-partition=none -g
FAIL: g++.dg/lto/pr48207-2 cp_lto_pr48207-2_0.o-cp_lto_pr48207-2_0.o link, -flto -g
UNRESOLVED: g++.dg/lto/pr48207-2 cp_lto_pr48207-2_0.o-cp_lto_pr48207-2_0.o execute -flto -g
FAIL: g++.dg/lto/pr48207-3 cp_lto_pr48207-3_0.o-cp_lto_pr48207-3_0.o link, -flto -g
UNRESOLVED: g++.dg/lto/pr48207-3 cp_lto_pr48207-3_0.o-cp_lto_pr48207-3_0.o execute -flto -g
FAIL: g++.dg/lto/pr48207 cp_lto_pr48207_0.o-cp_lto_pr48207_0.o link, -flto -g
UNRESOLVED: g++.dg/lto/pr48207 cp_lto_pr48207_0.o-cp_lto_pr48207_0.o execute -flto -g
FAIL: g++.dg/lto/pr48354-1 cp_lto_pr48354-1_0.o-cp_lto_pr48354-1_0.o link, -g -flto
UNRESOLVED: g++.dg/lto/pr48354-1 cp_lto_pr48354-1_0.o-cp_lto_pr48354-1_0.o execute -g -flto
FAIL: g++.dg/lto/pr48508-1 cp_lto_pr48508-1_0.o-cp_lto_pr48508-1_1.o link, -g -O2 -flto -flto-partition=none
UNRESOLVED: g++.dg/lto/pr48508-1 cp_lto_pr48508-1_0.o-cp_lto_pr48508-1_1.o execute -g -O2 -flto -flto-partition=none
FAIL: g++.dg/lto/pr51564-1 cp_lto_pr51564-1_0.o-cp_lto_pr51564-1_0.o link, -flto -g
UNRESOLVED: g++.dg/lto/pr51564-1 cp_lto_pr51564-1_0.o-cp_lto_pr51564-1_0.o execute -flto -g
FAIL: g++.dg/lto/pr51567-1 cp_lto_pr51567-1_0.o-cp_lto_pr51567-1_0.o link, -flto -g
UNRESOLVED: g++.dg/lto/pr51567-1 cp_lto_pr51567-1_0.o-cp_lto_pr51567-1_0.o execute -flto -g
FAIL: g++.dg/lto/pr51572-2 cp_lto_pr51572-2_0.o-cp_lto_pr51572-2_0.o link, -g -flto
UNRESOLVED: g++.dg/lto/pr51572-2 cp_lto_pr51572-2_0.o-cp_lto_pr51572-2_0.o execute -g -flto
FAIL: g++.dg/lto/pr51573-1 cp_lto_pr51573-1_0.o-cp_lto_pr51573-1_0.o link, -flto -g
UNRESOLVED: g++.dg/lto/pr51573-1 cp_lto_pr51573-1_0.o-cp_lto_pr51573-1_0.o execute -flto -g
FAIL: g++.dg/lto/pr51650-1 cp_lto_pr51650-1_0.o-cp_lto_pr51650-1_0.o link, -flto -g
UNRESOLVED: g++.dg/lto/pr51650-1 cp_lto_pr51650-1_0.o-cp_lto_pr51650-1_0.o execute -flto -g
FAIL: g++.dg/lto/pr51650-2 cp_lto_pr51650-2_0.o-cp_lto_pr51650-2_0.o link, -flto -g
UNRESOLVED: g++.dg/lto/pr51650-2 cp_lto_pr51650-2_0.o-cp_lto_pr51650-2_0.o execute -flto -g
FAIL: g++.dg/lto/pr51650-3 cp_lto_pr51650-3_0.o-cp_lto_pr51650-3_0.o link, -flto -g
UNRESOLVED: g++.dg/lto/pr51650-3 cp_lto_pr51650-3_0.o-cp_lto_pr51650-3_0.o execute -flto -g
FAIL: g++.dg/lto/pr52605 cp_lto_pr52605_0.o-cp_lto_pr52605_0.o link, -flto -g
UNRESOLVED: g++.dg/lto/pr52605 cp_lto_pr52605_0.o-cp_lto_pr52605_0.o execute -flto -g
FAIL: g++.dg/lto/pr53470 cp_lto_pr53470_0.o-cp_lto_pr53470_0.o link, -g -flto
UNRESOLVED: g++.dg/lto/pr53470 cp_lto_pr53470_0.o-cp_lto_pr53470_0.o execute -g -flto
FAIL: g++.dg/lto/pr65193 cp_lto_pr65193_0.o-cp_lto_pr65193_0.o link, -fPIC -r -nostdlib -flto -O2 -g -Wno-return-type
UNRESOLVED: g++.dg/lto/pr65193 cp_lto_pr65193_0.o-cp_lto_pr65193_0.o execute -fPIC -r -nostdlib -flto -O2 -g -Wno-return-type
FAIL: g++.dg/lto/pr65316 cp_lto_pr65316_0.o-cp_lto_pr65316_1.o link, -flto -std=c++11 -g2 -fno-lto-odr-type-merging -O2 -Wno-return-type
UNRESOLVED: g++.dg/lto/pr65316 cp_lto_pr65316_0.o-cp_lto_pr65316_1.o execute -flto -std=c++11 -g2 -fno-lto-odr-type-merging -O2 -Wno-return-type
FAIL: g++.dg/lto/pr65549 cp_lto_pr65549_0.o-cp_lto_pr65549_0.o link, -std=gnu++14 -flto -g -Wno-return-type
UNRESOLVED: g++.dg/lto/pr65549 cp_lto_pr65549_0.o-cp_lto_pr65549_0.o execute -std=gnu++14 -flto -g -Wno-return-type
FAIL: g++.dg/lto/pr65549 cp_lto_pr65549_0.o-cp_lto_pr65549_0.o link, -std=gnu++14 -flto -g -O2 -fno-inline -flto-partition=max -Wno-return-type
UNRESOLVED: g++.dg/lto/pr65549 cp_lto_pr65549_0.o-cp_lto_pr65549_0.o execute -std=gnu++14 -flto -g -O2 -fno-inline -flto-partition=max -Wno-return-type
FAIL: g++.dg/lto/pr69077 cp_lto_pr69077_0.o-cp_lto_pr69077_1.o link, -O3 -g -flto
UNRESOLVED: g++.dg/lto/pr69077 cp_lto_pr69077_0.o-cp_lto_pr69077_1.o execute -O3 -g -flto
FAIL: g++.dg/lto/pr69137 cp_lto_pr69137_0.o-cp_lto_pr69137_0.o link, -std=c++11 -g -flto
UNRESOLVED: g++.dg/lto/pr69137 cp_lto_pr69137_0.o-cp_lto_pr69137_0.o execute -std=c++11 -g -flto
FAIL: g++.dg/lto/pr79000 cp_lto_pr79000_0.o-cp_lto_pr79000_1.o link, -flto -g
UNRESOLVED: g++.dg/lto/pr79000 cp_lto_pr79000_0.o-cp_lto_pr79000_1.o execute -flto -g
FAIL: g++.dg/lto/pr82414 cp_lto_pr82414_0.o-cp_lto_pr82414_0.o link, -flto -g
UNRESOLVED: g++.dg/lto/pr82414 cp_lto_pr82414_0.o-cp_lto_pr82414_0.o execute -flto -g
FAIL: g++.dg/torture/pr49115.C -O2 -flto -flto-partition=none execution test
FAIL: g++.dg/torture/pr49115.C -O2 -flto execution test
FAIL: g++.dg/torture/pr60750.C -O2 -flto -flto-partition=none execution test
FAIL: g++.dg/torture/pr60750.C -O2 -flto execution test
FAIL: g++.dg/torture/pr68184.C -O2 -flto -flto-partition=none execution test
FAIL: g++.dg/torture/pr68184.C -O2 -flto execution test
FAIL: g++.dg/torture/stackalign/throw-3.C -O2 -flto -flto-partition=none execution test
FAIL: g++.dg/torture/stackalign/throw-3.C -O2 -flto -flto-partition=none -fpic execution test
FAIL: g++.dg/torture/stackalign/throw-3.C -O2 -flto execution test
FAIL: g++.dg/torture/stackalign/throw-3.C -O2 -flto -fpic execution test
=== g++ Summary ===
# of expected passes 103704
# of unexpected failures 44
# of expected failures 376
# of unresolved testcases 26
# of unsupported tests 5007
/test/gnu/gcc/objdir/gcc/testsuite/g++/../../xg++ version 8.0.0 20171109 (experimental) [trunk revision 254585] (GCC)
=== gcc tests ===
Running target unix
FAIL: gcc.dg/atomic/c11-atomic-exec-5.c -O0 execution test
FAIL: gcc.dg/atomic/c11-atomic-exec-5.c -O1 execution test
FAIL: gcc.dg/atomic/c11-atomic-exec-5.c -O2 execution test
FAIL: gcc.dg/atomic/c11-atomic-exec-5.c -O3 -fomit-frame-pointer -funroll-loops -fpeel-loops -ftracer -finline-functions execution test
FAIL: gcc.dg/atomic/c11-atomic-exec-5.c -O3 -g execution test
FAIL: gcc.dg/atomic/c11-atomic-exec-5.c -Os execution test
FAIL: gcc.dg/atomic/c11-atomic-exec-5.c -O2 -flto -flto-partition=none execution test
FAIL: gcc.dg/atomic/c11-atomic-exec-5.c -O2 -flto execution test
FAIL: gcc.dg/debug/pr41893-1.c -gdwarf-2 -g1 (test for excess errors)
FAIL: gcc.dg/debug/pr41893-1.c -gdwarf-2 -g1 -O (test for excess errors)
FAIL: gcc.dg/debug/pr41893-1.c -gdwarf-2 -g1 -O3 (test for excess errors)
FAIL: gcc.dg/debug/pr41893-1.c -gdwarf-2 (test for excess errors)
FAIL: gcc.dg/debug/pr41893-1.c -gdwarf-2 -O (test for excess errors)
FAIL: gcc.dg/debug/pr41893-1.c -gdwarf-2 -O3 (test for excess errors)
FAIL: gcc.dg/debug/pr41893-1.c -gdwarf-2 -g3 (test for excess errors)
FAIL: gcc.dg/debug/pr41893-1.c -gdwarf-2 -g3 -O (test for excess errors)
FAIL: gcc.dg/debug/pr41893-1.c -gdwarf-2 -g3 -O3 (test for excess errors)
FAIL: gcc.dg/pr43557-1.c (test for excess errors)
XPASS: gcc.dg/sibcall-3.c execution test
XPASS: gcc.dg/sibcall-4.c execution test
FAIL: gcc.dg/graphite/scop-19.c scan-tree-dump-times graphite "number of SCoPs: 0" 1 (found 2 times)
WARNING: program timed out.
FAIL: gcc.dg/lto/20090914-1 c_lto_20090914-1_0.o-c_lto_20090914-1_0.o link, -flto
UNRESOLVED: gcc.dg/lto/20090914-1 c_lto_20090914-1_0.o-c_lto_20090914-1_0.o execute -flto
FAIL: gcc.dg/lto/20100426 c_lto_20100426_0.o-c_lto_20100426_0.o link, -r -nostdlib -flto -g
UNRESOLVED: gcc.dg/lto/20100426 c_lto_20100426_0.o-c_lto_20100426_0.o execute -r -nostdlib -flto -g
FAIL: gcc.dg/lto/20111207-2 c_lto_20111207-2_0.o-c_lto_20111207-2_0.o link, -g -O -flto
UNRESOLVED: gcc.dg/lto/20111207-2 c_lto_20111207-2_0.o-c_lto_20111207-2_0.o execute -g -O -flto
FAIL: gcc.dg/lto/20111213-1 c_lto_20111213-1_0.o-c_lto_20111213-1_0.o link, -flto -g
UNRESOLVED: gcc.dg/lto/20111213-1 c_lto_20111213-1_0.o-c_lto_20111213-1_0.o execute -flto -g
FAIL: gcc.dg/lto/pr51572-1 c_lto_pr51572-1_0.o-c_lto_pr51572-1_0.o link, -flto -g
UNRESOLVED: gcc.dg/lto/pr51572-1 c_lto_pr51572-1_0.o-c_lto_pr51572-1_0.o execute -flto -g
FAIL: gcc.dg/lto/pr53470 c_lto_pr53470_0.o-c_lto_pr53470_0.o link, -flto -g
UNRESOLVED: gcc.dg/lto/pr53470 c_lto_pr53470_0.o-c_lto_pr53470_0.o execute -flto -g
FAIL: gcc.dg/lto/pr59323-2 c_lto_pr59323-2_0.o-c_lto_pr59323-2_0.o link, -O2 -g -flto
UNRESOLVED: gcc.dg/lto/pr59323-2 c_lto_pr59323-2_0.o-c_lto_pr59323-2_0.o execute -O2 -g -flto
FAIL: gcc.dg/lto/pr59323 c_lto_pr59323_0.o-c_lto_pr59323_0.o link, -O2 -g -flto
UNRESOLVED: gcc.dg/lto/pr59323 c_lto_pr59323_0.o-c_lto_pr59323_0.o execute -O2 -g -flto
FAIL: gcc.dg/lto/pr64415 c_lto_pr64415_0.o-c_lto_pr64415_1.o link, -O -flto -fpic
UNRESOLVED: gcc.dg/lto/pr64415 c_lto_pr64415_0.o-c_lto_pr64415_1.o execute -O -flto -fpic
FAIL: gcc.dg/plugin/must-tail-call-1.c -fplugin=./must_tail_call_plugin.so (test for excess errors)
XPASS: gcc.dg/torture/pr47917.c -O1 execution test
XPASS: gcc.dg/torture/pr47917.c -O2 execution test
XPASS: gcc.dg/torture/pr47917.c -O3 -g execution test
XPASS: gcc.dg/torture/pr47917.c -Os execution test
XPASS: gcc.dg/torture/pr47917.c -O2 -flto -flto-partition=none execution test
XPASS: gcc.dg/torture/pr47917.c -O2 -flto execution test
FAIL: gcc.dg/torture/pr52451.c -O0 execution test
FAIL: gcc.dg/torture/pr52451.c -O1 execution test
FAIL: gcc.dg/torture/pr52451.c -O2 execution test
FAIL: gcc.dg/torture/pr52451.c -O3 -g execution test
FAIL: gcc.dg/torture/pr52451.c -Os execution test
FAIL: gcc.dg/torture/pr52451.c -O2 -flto -flto-partition=none execution test
FAIL: gcc.dg/torture/pr52451.c -O2 -flto execution test
FAIL: gcc.dg/tree-ssa/builtin-sprintf.c execution test
FAIL: gcc.dg/tree-ssa/cswtch-4.c scan-tree-dump-times switchconv "Switch converted" 2 (found 0 times)
FAIL: gcc.dg/tree-ssa/cswtch-4.c scan-tree-dump-times switchconv "= CSWTCH" 2 (found 0 times)
FAIL: gcc.dg/tree-ssa/cswtch-5.c scan-tree-dump-times switchconv "Switch converted" 2 (found 0 times)
FAIL: gcc.dg/tree-ssa/cswtch-5.c scan-tree-dump-times switchconv "= CSWTCH" 2 (found 0 times)
FAIL: gcc.dg/tree-ssa/sra-17.c scan-tree-dump-times esra "Removing load: a = \\\\*.?L.?C.?.?.?0;" 1 (found 0 times)
FAIL: gcc.dg/tree-ssa/sra-17.c scan-tree-dump-times esra "SR\\\\.[0-9_]+ = \\\\*.?L.?C.?.?.?0\\\\[" 4 (found 0 times)
FAIL: gcc.dg/tree-ssa/sra-18.c scan-tree-dump-times esra "Removing load: a = \\\\*.?L.?C.?.?.?0;" 1 (found 0 times)
FAIL: gcc.dg/tree-ssa/sra-18.c scan-tree-dump-times esra "SR\\\\.[0-9_]+ = \\\\*.?L.?C.?.?.?0\\\\.b\\\\[0\\\\]\\\\.f\\\\[0\\\\]\\\\.x" 1 (found 0 times)
FAIL: gcc.dg/tree-ssa/sra-18.c scan-tree-dump-times esra "SR\\\\.[0-9_]+ = \\\\*.?L.?C.?.?.?0\\\\.b\\\\[0\\\\]\\\\.f\\\\[1\\\\]\\\\.x" 1 (found 0 times)
FAIL: gcc.dg/tree-ssa/sra-18.c scan-tree-dump-times esra "SR\\\\.[0-9_]+ = \\\\*.?L.?C.?.?.?0\\\\.b\\\\[1\\\\]\\\\.f\\\\[0\\\\]\\\\.x" 1 (found 0 times)
FAIL: gcc.dg/tree-ssa/sra-18.c scan-tree-dump-times esra "SR\\\\.[0-9_]+ = \\\\*.?L.?C.?.?.?0\\\\.b\\\\[1\\\\]\\\\.f\\\\[1\\\\]\\\\.x" 1 (found 0 times)
FAIL: gcc.target/hppa/shadd-3.c scan-assembler-times sh.add 5 (found 3 times)
=== gcc Summary ===
# of expected passes 93340
# of unexpected failures 49
# of unexpected successes 8
# of expected failures 241
# of unresolved testcases 9
# of unsupported tests 2365
/test/gnu/gcc/objdir/gcc/xgcc version 8.0.0 20171109 (experimental) [trunk revision 254585] (GCC)
=== gfortran tests ===
Running target unix
FAIL: gfortran.dg/elemental_subroutine_3.f90 -O1 (test for excess errors)
FAIL: gfortran.dg/elemental_subroutine_3.f90 -O2 (test for excess errors)
FAIL: gfortran.dg/elemental_subroutine_3.f90 -O3 -fomit-frame-pointer -funroll-loops -fpeel-loops -ftracer -finline-functions (test for excess errors)
FAIL: gfortran.dg/elemental_subroutine_3.f90 -O3 -g (test for excess errors)
FAIL: gfortran.dg/elemental_subroutine_3.f90 -Os (test for excess errors)
FAIL: gfortran.dg/fmt_fw_d.f90 -O0 execution test
FAIL: gfortran.dg/fmt_fw_d.f90 -O1 execution test
FAIL: gfortran.dg/fmt_fw_d.f90 -O2 execution test
FAIL: gfortran.dg/fmt_fw_d.f90 -O3 -fomit-frame-pointer -funroll-loops -fpeel-loops -ftracer -finline-functions execution test
FAIL: gfortran.dg/fmt_fw_d.f90 -O3 -g execution test
FAIL: gfortran.dg/fmt_fw_d.f90 -Os execution test
FAIL: gfortran.dg/matmul_10.f90 -O3 -fomit-frame-pointer -funroll-loops -fpeel-loops -ftracer -finline-functions (internal compiler error)
FAIL: gfortran.dg/matmul_10.f90 -O3 -fomit-frame-pointer -funroll-loops -fpeel-loops -ftracer -finline-functions (test for excess errors)
UNRESOLVED: gfortran.dg/matmul_10.f90 -O3 -fomit-frame-pointer -funroll-loops -fpeel-loops -ftracer -finline-functions compilation failed to produce executable
FAIL: gfortran.dg/matmul_10.f90 -O3 -g (internal compiler error)
FAIL: gfortran.dg/matmul_10.f90 -O3 -g (test for excess errors)
UNRESOLVED: gfortran.dg/matmul_10.f90 -O3 -g compilation failed to produce executable
FAIL: gfortran.dg/save_6.f90 -O0 (test for excess errors)
FAIL: gfortran.dg/save_6.f90 -O1 (test for excess errors)
FAIL: gfortran.dg/save_6.f90 -O2 (test for excess errors)
FAIL: gfortran.dg/save_6.f90 -O3 -fomit-frame-pointer -funroll-loops -fpeel-loops -ftracer -finline-functions (test for excess errors)
FAIL: gfortran.dg/save_6.f90 -O3 -g (test for excess errors)
FAIL: gfortran.dg/save_6.f90 -Os (test for excess errors)
FAIL: gfortran.dg/submodule_6.f08 -O3 -g (test for excess errors)
FAIL: gfortran.dg/lto/20091016-1 f_lto_20091016-1_0.o-f_lto_20091016-1_0.o link, -flto -g -fPIC -r -nostdlib
UNRESOLVED: gfortran.dg/lto/20091016-1 f_lto_20091016-1_0.o-f_lto_20091016-1_0.o execute -flto -g -fPIC -r -nostdlib
FAIL: gfortran.dg/lto/20091016-1 f_lto_20091016-1_0.o-f_lto_20091016-1_0.o link, -O -flto -g -fPIC -r -nostdlib
UNRESOLVED: gfortran.dg/lto/20091016-1 f_lto_20091016-1_0.o-f_lto_20091016-1_0.o execute -O -flto -g -fPIC -r -nostdlib
FAIL: gfortran.dg/lto/pr41521 f_lto_pr41521_0.o-f_lto_pr41521_1.o link, -g -flto -Wno-lto-type-mismatch
UNRESOLVED: gfortran.dg/lto/pr41521 f_lto_pr41521_0.o-f_lto_pr41521_1.o execute -g -flto -Wno-lto-type-mismatch
FAIL: gfortran.dg/lto/pr41521 f_lto_pr41521_0.o-f_lto_pr41521_1.o link, -g -O -flto -Wno-lto-type-mismatch
UNRESOLVED: gfortran.dg/lto/pr41521 f_lto_pr41521_0.o-f_lto_pr41521_1.o execute -g -O -flto -Wno-lto-type-mismatch
FAIL: gfortran.dg/lto/pr46911 f_lto_pr46911_0.o-f_lto_pr46911_0.o link, -O2 -flto -g
UNRESOLVED: gfortran.dg/lto/pr46911 f_lto_pr46911_0.o-f_lto_pr46911_0.o execute -O2 -flto -g
FAIL: gfortran.dg/lto/pr47839 f_lto_pr47839_0.o-f_lto_pr47839_1.o link, -g -flto
UNRESOLVED: gfortran.dg/lto/pr47839 f_lto_pr47839_0.o-f_lto_pr47839_1.o execute -g -flto
=== gfortran Summary ===
# of expected passes 44579
# of unexpected failures 28
# of expected failures 109
# of unresolved testcases 8
# of unsupported tests 355
/test/gnu/gcc/objdir/gcc/testsuite/gfortran/../../gfortran version 8.0.0 20171109 (experimental) [trunk revision 254585] (GCC)
=== obj-c++ tests ===
Running target unix
=== obj-c++ Summary ===
# of expected passes 1456
# of expected failures 10
# of unsupported tests 77
/test/gnu/gcc/objdir/gcc/testsuite/obj-c++/../../xg++ version 8.0.0 20171109 (experimental) [trunk revision 254585] (GCC)
=== objc tests ===
Running target unix
=== objc Summary ===
# of expected passes 2801
# of unsupported tests 69
/test/gnu/gcc/objdir/gcc/xgcc version 8.0.0 20171109 (experimental) [trunk revision 254585] (GCC)
=== libatomic tests ===
Running target unix
=== libatomic Summary ===
# of expected passes 44
# of unsupported tests 5
=== libgomp tests ===
Running target unix
FAIL: libgomp.c/pr81687-2.c (test for excess errors)
FAIL: libgomp.c++/pr69393.C (test for excess errors)
=== libgomp Summary ===
# of expected passes 5185
# of unexpected failures 2
# of unsupported tests 364
=== libstdc++ tests ===
Running target unix
FAIL: 20_util/shared_ptr/thread/default_weaktoshared.cc (test for excess errors)
FAIL: 20_util/shared_ptr/thread/default_weaktoshared.cc execution test
FAIL: 20_util/shared_ptr/thread/mutex_weaktoshared.cc (test for excess errors)
FAIL: 20_util/shared_ptr/thread/mutex_weaktoshared.cc execution test
FAIL: 22_locale/num_put/put/char/14220.cc execution test
FAIL: 22_locale/num_put/put/wchar_t/14220.cc execution test
FAIL: 27_io/basic_ostream/inserters_arithmetic/char/4402.cc execution test
FAIL: 27_io/basic_ostream/inserters_arithmetic/wchar_t/4402.cc execution test
FAIL: 30_threads/thread/cons/terminate.cc (test for excess errors)
UNRESOLVED: 30_threads/thread/cons/terminate.cc compilation failed to produce executable
=== libstdc++ Summary ===
# of expected passes 10468
# of unexpected failures 9
# of expected failures 70
# of unresolved testcases 1
# of unsupported tests 912
Compiler version: 8.0.0 20171109 (experimental) [trunk revision 254585] (GCC)
Platform: hppa64-hp-hpux11.11
configure flags:Test Run By dave on Sat Dec 2 19:19:09 2017