This is the mail archive of the
gcc-testresults@gcc.gnu.org
mailing list for the GCC project.
Results for 8.0.0 20171114 (experimental) [trunk revision 254740] (GCC) testsuite on x86_64-pc-linux-gnu
- From: Andreas Tobler <andreast dot dev at gmail dot com>
- To: <gcc-testresults at gcc dot gnu dot org>
- Date: Wed, 15 Nov 2017 17:17:39 +0100
- Subject: Results for 8.0.0 20171114 (experimental) [trunk revision 254740] (GCC) testsuite on x86_64-pc-linux-gnu
- Authentication-results: sourceware.org; auth=none
LAST_UPDATED: Tue Nov 14 21:40:46 UTC 2017 (revision 254740)
Native configuration is x86_64-pc-linux-gnu
=== gcc tests ===
Running target unix
FAIL: c-c++-common/asan/swapcontext-test-1.c -O0 execution test
FAIL: c-c++-common/asan/swapcontext-test-1.c -O1 execution test
FAIL: c-c++-common/asan/swapcontext-test-1.c -O2 execution test
FAIL: c-c++-common/asan/swapcontext-test-1.c -O2 -flto -fno-use-linker-plugin -flto-partition=none execution test
FAIL: c-c++-common/asan/swapcontext-test-1.c -O2 -flto -fuse-linker-plugin -fno-fat-lto-objects execution test
FAIL: c-c++-common/asan/swapcontext-test-1.c -O3 -fomit-frame-pointer -funroll-loops -fpeel-loops -ftracer -finline-functions execution test
FAIL: c-c++-common/asan/swapcontext-test-1.c -O3 -g execution test
FAIL: c-c++-common/asan/swapcontext-test-1.c -Os execution test
FAIL: gcc.dg/cpp/macsyntx.c (test for warnings, line 54)
FAIL: gcc.dg/cpp/macsyntx.c (test for warnings, line 55)
FAIL: gcc.dg/cpp/macsyntx.c (test for warnings, line 62)
FAIL: gcc.dg/cpp/sysmac1.c (test for warnings, line 25)
FAIL: gcc.dg/20050503-1.c scan-assembler-not call
XPASS: gcc.dg/pr78768.c -Wformat-overflow (test for warnings, line 12)
FAIL: gcc.dg/strncpy-fix-1.c (test for excess errors)
UNRESOLVED: gcc.dg/lto/chkp-ctor-merge c_lto_chkp-ctor-merge_0.o-c_lto_chkp-ctor-merge_0.o execute -O2 -flto -fcheck-pointer-bounds -mmpx -nodefaultlibs -lc
FAIL: gcc.dg/lto/chkp-ctor-merge c_lto_chkp-ctor-merge_0.o-c_lto_chkp-ctor-merge_0.o link, -O2 -flto -fcheck-pointer-bounds -mmpx -nodefaultlibs -lc (internal compiler error)
FAIL: gcc.dg/tree-prof/20050826-2.c scan-tree-dump-not dom2 "Invalid sum"
FAIL: gcc.dg/vect/pr65947-14.c -flto -ffat-lto-objects execution test
FAIL: gcc.dg/vect/pr65947-14.c execution test
=== gcc Summary for unix ===
# of expected passes 133142
# of unexpected failures 18
# of unexpected successes 1
# of expected failures 369
# of unresolved testcases 1
# of unsupported tests 2122
Running target unix/-m32
FAIL: c-c++-common/asan/swapcontext-test-1.c -O0 execution test
FAIL: c-c++-common/asan/swapcontext-test-1.c -O1 execution test
FAIL: c-c++-common/asan/swapcontext-test-1.c -O2 execution test
FAIL: c-c++-common/asan/swapcontext-test-1.c -O2 -flto -fno-use-linker-plugin -flto-partition=none execution test
FAIL: c-c++-common/asan/swapcontext-test-1.c -O2 -flto -fuse-linker-plugin -fno-fat-lto-objects execution test
FAIL: c-c++-common/asan/swapcontext-test-1.c -O3 -fomit-frame-pointer -funroll-loops -fpeel-loops -ftracer -finline-functions execution test
FAIL: c-c++-common/asan/swapcontext-test-1.c -O3 -g execution test
FAIL: c-c++-common/asan/swapcontext-test-1.c -Os execution test
FAIL: gcc.dg/cpp/macsyntx.c (test for warnings, line 54)
FAIL: gcc.dg/cpp/macsyntx.c (test for warnings, line 55)
FAIL: gcc.dg/cpp/macsyntx.c (test for warnings, line 62)
FAIL: gcc.dg/cpp/sysmac1.c (test for warnings, line 25)
FAIL: gcc.dg/20050503-1.c scan-assembler-not call
XPASS: gcc.dg/pr78768.c -Wformat-overflow (test for warnings, line 12)
FAIL: gcc.dg/strncpy-fix-1.c (test for excess errors)
UNRESOLVED: gcc.dg/lto/chkp-ctor-merge c_lto_chkp-ctor-merge_0.o-c_lto_chkp-ctor-merge_0.o execute -O2 -flto -fcheck-pointer-bounds -mmpx -nodefaultlibs -lc
FAIL: gcc.dg/lto/chkp-ctor-merge c_lto_chkp-ctor-merge_0.o-c_lto_chkp-ctor-merge_0.o link, -O2 -flto -fcheck-pointer-bounds -mmpx -nodefaultlibs -lc (internal compiler error)
FAIL: gcc.dg/tree-prof/20050826-2.c scan-tree-dump-not dom2 "Invalid sum"
FAIL: c-c++-common/ubsan/ptr-overflow-sanitization-1.c -O0 scan-tree-dump-times optimized "__ubsan_handle_pointer_overflow" 17 (found 14 times)
FAIL: c-c++-common/ubsan/ptr-overflow-sanitization-1.c -O1 scan-tree-dump-times optimized "__ubsan_handle_pointer_overflow" 17 (found 14 times)
FAIL: c-c++-common/ubsan/ptr-overflow-sanitization-1.c -O2 scan-tree-dump-times optimized "__ubsan_handle_pointer_overflow" 17 (found 14 times)
FAIL: c-c++-common/ubsan/ptr-overflow-sanitization-1.c -O3 -g scan-tree-dump-times optimized "__ubsan_handle_pointer_overflow" 17 (found 14 times)
FAIL: c-c++-common/ubsan/ptr-overflow-sanitization-1.c -Os scan-tree-dump-times optimized "__ubsan_handle_pointer_overflow" 17 (found 14 times)
FAIL: gcc.dg/vect/pr65947-14.c -flto -ffat-lto-objects execution test
FAIL: gcc.dg/vect/pr65947-14.c execution test
FAIL: gcc.target/i386/pr50038.c scan-assembler-times movzbl 2 (found 3 times)
=== gcc Summary for unix/-m32 ===
# of expected passes 131453
# of unexpected failures 24
# of unexpected successes 1
# of expected failures 373
# of unresolved testcases 1
# of unsupported tests 2210
=== gcc Summary ===
# of expected passes 264595
# of unexpected failures 42
# of unexpected successes 2
# of expected failures 742
# of unresolved testcases 2
# of unsupported tests 4332
/export/devel/build/gcc/head/objdir/gcc/xgcc version 8.0.0 20171114 (experimental) [trunk revision 254740] (GCC)
=== gfortran tests ===
Running target unix
FAIL: gfortran.dg/pr78240.f90 -O (test for excess errors)
=== gfortran Summary for unix ===
# of expected passes 46037
# of unexpected failures 1
# of expected failures 81
# of unsupported tests 71
Running target unix/-m32
FAIL: gfortran.dg/pr78240.f90 -O (test for excess errors)
=== gfortran Summary for unix/-m32 ===
# of expected passes 45818
# of unexpected failures 1
# of expected failures 81
# of unsupported tests 176
=== gfortran Summary ===
# of expected passes 91855
# of unexpected failures 2
# of expected failures 162
# of unsupported tests 247
/export/devel/build/gcc/head/objdir/gcc/gfortran version 8.0.0 20171114 (experimental) [trunk revision 254740] (GCC)
=== g++ tests ===
Running target unix
FAIL: c-c++-common/asan/swapcontext-test-1.c -O0 execution test
FAIL: c-c++-common/asan/swapcontext-test-1.c -O1 execution test
FAIL: c-c++-common/asan/swapcontext-test-1.c -O2 execution test
FAIL: c-c++-common/asan/swapcontext-test-1.c -O2 -flto -fno-use-linker-plugin -flto-partition=none execution test
FAIL: c-c++-common/asan/swapcontext-test-1.c -O2 -flto -fuse-linker-plugin -fno-fat-lto-objects execution test
FAIL: c-c++-common/asan/swapcontext-test-1.c -O3 -fomit-frame-pointer -funroll-loops -fpeel-loops -ftracer -finline-functions execution test
FAIL: c-c++-common/asan/swapcontext-test-1.c -O3 -g execution test
FAIL: c-c++-common/asan/swapcontext-test-1.c -Os execution test
FAIL: c-c++-common/Wstringop-truncation.c -std=gnu++11 (test for warnings, line 211)
FAIL: c-c++-common/Wstringop-truncation.c -std=gnu++11 (test for warnings, line 212)
FAIL: g++.dg/cpp0x/lambda/lambda-switch.C -std=c++11 (test for warnings, line 19)
FAIL: g++.dg/cpp0x/lambda/lambda-switch.C -std=c++11 (test for excess errors)
FAIL: g++.dg/cpp0x/lambda/lambda-switch.C -std=c++14 (test for warnings, line 19)
FAIL: g++.dg/cpp0x/lambda/lambda-switch.C -std=c++14 (test for excess errors)
=== g++ Summary for unix ===
# of expected passes 120524
# of unexpected failures 14
# of expected failures 431
# of unsupported tests 4628
Running target unix/-m32
FAIL: c-c++-common/asan/swapcontext-test-1.c -O0 execution test
FAIL: c-c++-common/asan/swapcontext-test-1.c -O1 execution test
FAIL: c-c++-common/asan/swapcontext-test-1.c -O2 execution test
FAIL: c-c++-common/asan/swapcontext-test-1.c -O2 -flto -fno-use-linker-plugin -flto-partition=none execution test
FAIL: c-c++-common/asan/swapcontext-test-1.c -O2 -flto -fuse-linker-plugin -fno-fat-lto-objects execution test
FAIL: c-c++-common/asan/swapcontext-test-1.c -O3 -fomit-frame-pointer -funroll-loops -fpeel-loops -ftracer -finline-functions execution test
FAIL: c-c++-common/asan/swapcontext-test-1.c -O3 -g execution test
FAIL: c-c++-common/asan/swapcontext-test-1.c -Os execution test
FAIL: g++.dg/cpp0x/lambda/lambda-switch.C -std=c++11 (test for warnings, line 19)
FAIL: g++.dg/cpp0x/lambda/lambda-switch.C -std=c++11 (test for excess errors)
FAIL: g++.dg/cpp0x/lambda/lambda-switch.C -std=c++14 (test for warnings, line 19)
FAIL: g++.dg/cpp0x/lambda/lambda-switch.C -std=c++14 (test for excess errors)
FAIL: g++.dg/pr62079.C (internal compiler error)
FAIL: g++.dg/pr62079.C (test for excess errors)
FAIL: g++.dg/template/nontype10.C -std=c++11 (test for excess errors)
FAIL: g++.dg/template/nontype10.C -std=c++14 (test for excess errors)
FAIL: g++.dg/template/nontype10.C -std=c++98 (test for excess errors)
FAIL: c-c++-common/ubsan/ptr-overflow-sanitization-1.c -O0 scan-tree-dump-times optimized "__ubsan_handle_pointer_overflow" 17 (found 14 times)
FAIL: c-c++-common/ubsan/ptr-overflow-sanitization-1.c -O1 scan-tree-dump-times optimized "__ubsan_handle_pointer_overflow" 17 (found 14 times)
FAIL: c-c++-common/ubsan/ptr-overflow-sanitization-1.c -O2 scan-tree-dump-times optimized "__ubsan_handle_pointer_overflow" 17 (found 14 times)
FAIL: c-c++-common/ubsan/ptr-overflow-sanitization-1.c -O3 -g scan-tree-dump-times optimized "__ubsan_handle_pointer_overflow" 17 (found 14 times)
FAIL: c-c++-common/ubsan/ptr-overflow-sanitization-1.c -Os scan-tree-dump-times optimized "__ubsan_handle_pointer_overflow" 17 (found 14 times)
=== g++ Summary for unix/-m32 ===
# of expected passes 118913
# of unexpected failures 22
# of expected failures 431
# of unsupported tests 4416
=== g++ Summary ===
# of expected passes 239437
# of unexpected failures 36
# of expected failures 862
# of unsupported tests 9044
/export/devel/build/gcc/head/objdir/gcc/xg++ version 8.0.0 20171114 (experimental) [trunk revision 254740] (GCC)
=== objc tests ===
Running target unix
=== objc Summary for unix ===
# of expected passes 2797
# of expected failures 6
# of unsupported tests 68
Running target unix/-m32
=== objc Summary for unix/-m32 ===
# of expected passes 2797
# of expected failures 6
# of unsupported tests 68
=== objc Summary ===
# of expected passes 5594
# of expected failures 12
# of unsupported tests 136
/export/devel/build/gcc/head/objdir/gcc/xgcc version 8.0.0 20171114 (experimental) [trunk revision 254740] (GCC)
=== libatomic tests ===
Running target unix/-m32
=== libatomic Summary for unix/-m32 ===
# of expected passes 44
# of unsupported tests 5
Running target unix
=== libatomic Summary for unix ===
# of expected passes 54
=== libatomic Summary ===
# of expected passes 98
# of unsupported tests 5
=== libgomp tests ===
Running target unix/-m32
=== libgomp Summary for unix/-m32 ===
# of expected passes 5289
# of unsupported tests 290
Running target unix
=== libgomp Summary for unix ===
# of expected passes 5289
# of unsupported tests 290
=== libgomp Summary ===
# of expected passes 10578
# of unsupported tests 580
=== libitm tests ===
Running target unix/-m32
=== libitm Summary for unix/-m32 ===
# of expected passes 42
# of expected failures 3
# of unsupported tests 1
Running target unix
=== libitm Summary for unix ===
# of expected passes 42
# of expected failures 3
# of unsupported tests 1
=== libitm Summary ===
# of expected passes 84
# of expected failures 6
# of unsupported tests 2
=== libstdc++ tests ===
Running target unix
FAIL: 26_numerics/gcd/gcd_neg.cc (test for errors, line 138)
FAIL: 26_numerics/gcd/gcd_neg.cc (test for errors, line 30)
FAIL: 26_numerics/gcd/gcd_neg.cc (test for errors, line 36)
FAIL: 26_numerics/gcd/gcd_neg.cc (test for errors, line 40)
=== libstdc++ Summary for unix ===
# of expected passes 12044
# of unexpected failures 4
# of expected failures 70
# of unsupported tests 563
Running target unix/-m32
FAIL: 26_numerics/gcd/gcd_neg.cc (test for errors, line 138)
FAIL: 26_numerics/gcd/gcd_neg.cc (test for errors, line 30)
FAIL: 26_numerics/gcd/gcd_neg.cc (test for errors, line 36)
FAIL: 26_numerics/gcd/gcd_neg.cc (test for errors, line 40)
=== libstdc++ Summary for unix/-m32 ===
# of expected passes 12052
# of unexpected failures 4
# of expected failures 70
# of unsupported tests 559
=== libstdc++ Summary ===
# of expected passes 24096
# of unexpected failures 8
# of expected failures 140
# of unsupported tests 1122
Compiler version: 8.0.0 20171114 (experimental) [trunk revision 254740] (GCC)
Platform: x86_64-pc-linux-gnu
configure flags: --prefix=/export/devel/build/gcc/head/testbin