This is the mail archive of the
gcc-testresults@gcc.gnu.org
mailing list for the GCC project.
Results for 8.0.0 20171104 (experimental) [master revision 711a520:1a895f2:c76a96ef4f73e60f99f9acb11a5ab9eda1f54464] (Cavium Inc. (Build 2169)) testsuite on aarch64-unknown-linux-gnu
- From: jenkins at cavium dot com
- To: gcc-testresults at gcc dot gnu dot org
- Date: Sat, 4 Nov 2017 15:10:43 -0700
- Subject: Results for 8.0.0 20171104 (experimental) [master revision 711a520:1a895f2:c76a96ef4f73e60f99f9acb11a5ab9eda1f54464] (Cavium Inc. (Build 2169)) testsuite on aarch64-unknown-linux-gnu
- Authentication-results: sourceware.org; auth=none
LAST_UPDATED: Sat Nov 4 20:23:28 UTC 2017 (revision 711a520:1a895f2:c76a96ef4f73e60f99f9acb11a5ab9eda1f54464)
Native configuration is aarch64-unknown-linux-gnu
=== libatomic tests ===
Running target unix
=== libatomic Summary ===
# of expected passes 54
=== libffi tests ===
Running target unix
=== libffi Summary ===
# of expected passes 2214
=== libgo tests ===
Running target unix
=== libgo Summary ===
# of expected passes 155
/data1/jenkins/workspace/BuildThunderX_native_gcc_upstream/objdir/./gcc/gccgo version 8.0.0 20171104 (experimental) [master revision 711a520:1a895f2:c76a96ef4f73e60f99f9acb11a5ab9eda1f54464] (Cavium Inc. (Build 2169))
=== libgomp tests ===
Running target unix
=== libgomp Summary ===
# of expected passes 5161
# of unsupported tests 353
=== libitm tests ===
Running target unix
=== libitm Summary ===
# of expected passes 42
# of expected failures 3
# of unsupported tests 1
=== libstdc++ tests ===
Running target unix
FAIL: 27_io/manipulators/extended/get_money/char/1.cc execution test
=== libstdc++ Summary ===
# of expected passes 11838
# of unexpected failures 1
# of expected failures 70
# of unsupported tests 557
=== gcc tests ===
Running target unix
XPASS: gcc.dg/pr78768.c -Wformat-overflow (test for warnings, line 12)
FAIL: gcc.dg/sancov/cmp0.c -O0 scan-tree-dump-times optimized "__builtin___sanitizer_cov_trace_const_cmp" 7 (found 23 times)
FAIL: gcc.dg/sancov/cmp0.c -O0 scan-tree-dump-times optimized "__builtin___sanitizer_cov_trace_switch \\\\(" 2 (found 0 times)
FAIL: gcc.dg/sancov/cmp0.c -O0 -g scan-tree-dump-times optimized "__builtin___sanitizer_cov_trace_const_cmp" 7 (found 23 times)
FAIL: gcc.dg/sancov/cmp0.c -O0 -g scan-tree-dump-times optimized "__builtin___sanitizer_cov_trace_switch \\\\(" 2 (found 0 times)
FAIL: gcc.dg/tree-prof/switch-case-1.c scan-rtl-dump-times expand ";; basic block[^\\\\n]*count 2000" 1 (found 2 times)
FAIL: gcc.dg/tree-ssa/vrp101.c scan-tree-dump optimized "<bb 2> \\\\[[0-9.]+%\\\\] \\\\[count: [0-9INV]*\\\\]:[\\n\\r ]*return 0;"
FAIL: gcc.dg/vect/pr65947-14.c -flto -ffat-lto-objects execution test
FAIL: gcc.dg/vect/pr65947-14.c execution test
XPASS: gcc.dg/vect/vect-95.c -flto -ffat-lto-objects scan-tree-dump-times vect "Alignment of access forced using peeling" 0
XPASS: gcc.dg/vect/vect-95.c scan-tree-dump-times vect "Alignment of access forced using peeling" 0
FAIL: gcc.target/aarch64/subs_compare_1.c scan-assembler-not cmp\\\\tw[0-9]+, w[0-9]+
FAIL: gcc.target/aarch64/subs_compare_1.c scan-assembler-times subs\\\\tw[0-9]+, w[0-9]+, w[0-9]+ 1 (found 0 times)
FAIL: gcc.target/aarch64/subs_compare_2.c scan-assembler-times subs\\\\tw[0-9]+, w[0-9]+, #4 1 (found 0 times)
FAIL: gcc.target/aarch64/vect-abs-compile.c scan-assembler abs\\\\tv[0-9]+.16b
FAIL: gcc.target/aarch64/vect-abs-compile.c scan-assembler abs\\\\tv[0-9]+.8h
=== gcc Summary ===
# of expected passes 115834
# of unexpected failures 13
# of unexpected successes 3
# of expected failures 342
# of unsupported tests 3260
/data1/jenkins/workspace/BuildThunderX_native_gcc_upstream/objdir/gcc/xgcc version 8.0.0 20171104 (experimental) [master revision 711a520:1a895f2:c76a96ef4f73e60f99f9acb11a5ab9eda1f54464] (Cavium Inc. (Build 2169))
=== gfortran tests ===
Running target unix
FAIL: gfortran.dg/class_array_1.f03 -O3 -fomit-frame-pointer -funroll-loops -fpeel-loops -ftracer -finline-functions (internal compiler error)
FAIL: gfortran.dg/class_array_1.f03 -O3 -fomit-frame-pointer -funroll-loops -fpeel-loops -ftracer -finline-functions (test for excess errors)
UNRESOLVED: gfortran.dg/class_array_1.f03 -O3 -fomit-frame-pointer -funroll-loops -fpeel-loops -ftracer -finline-functions compilation failed to produce executable
FAIL: gfortran.dg/type_to_class_3.f03 -O3 -fomit-frame-pointer -funroll-loops -fpeel-loops -ftracer -finline-functions (internal compiler error)
FAIL: gfortran.dg/type_to_class_3.f03 -O3 -fomit-frame-pointer -funroll-loops -fpeel-loops -ftracer -finline-functions (test for excess errors)
UNRESOLVED: gfortran.dg/type_to_class_3.f03 -O3 -fomit-frame-pointer -funroll-loops -fpeel-loops -ftracer -finline-functions compilation failed to produce executable
FAIL: gfortran.dg/type_to_class_3.f03 -O3 -g (internal compiler error)
FAIL: gfortran.dg/type_to_class_3.f03 -O3 -g (test for excess errors)
UNRESOLVED: gfortran.dg/type_to_class_3.f03 -O3 -g compilation failed to produce executable
FAIL: gfortran.dg/widechar_intrinsics_5.f90 -O3 -fomit-frame-pointer -funroll-loops -fpeel-loops -ftracer -finline-functions (internal compiler error)
FAIL: gfortran.dg/widechar_intrinsics_5.f90 -O3 -fomit-frame-pointer -funroll-loops -fpeel-loops -ftracer -finline-functions (test for excess errors)
UNRESOLVED: gfortran.dg/widechar_intrinsics_5.f90 -O3 -fomit-frame-pointer -funroll-loops -fpeel-loops -ftracer -finline-functions compilation failed to produce executable
FAIL: gfortran.dg/widechar_intrinsics_5.f90 -O3 -g (internal compiler error)
FAIL: gfortran.dg/widechar_intrinsics_5.f90 -O3 -g (test for excess errors)
UNRESOLVED: gfortran.dg/widechar_intrinsics_5.f90 -O3 -g compilation failed to produce executable
=== gfortran Summary ===
# of expected passes 45268
# of unexpected failures 10
# of expected failures 88
# of unresolved testcases 5
# of unsupported tests 80
/data1/jenkins/workspace/BuildThunderX_native_gcc_upstream/objdir/gcc/testsuite/gfortran/../../gfortran version 8.0.0 20171104 (experimental) [master revision 711a520:1a895f2:c76a96ef4f73e60f99f9acb11a5ab9eda1f54464] (Cavium Inc. (Build 2169))
=== g++ tests ===
Running target unix
FAIL: g++.dg/vect/slp-pr56812.cc -std=c++11 scan-tree-dump-times slp1 "basic block vectorized" 1 (found 0 times)
FAIL: g++.dg/vect/slp-pr56812.cc -std=c++14 scan-tree-dump-times slp1 "basic block vectorized" 1 (found 0 times)
FAIL: g++.dg/vect/slp-pr56812.cc -std=c++98 scan-tree-dump-times slp1 "basic block vectorized" 1 (found 0 times)
=== g++ Summary ===
# of expected passes 114380
# of unexpected failures 3
# of expected failures 374
# of unsupported tests 4991
/data1/jenkins/workspace/BuildThunderX_native_gcc_upstream/objdir/gcc/testsuite/g++/../../xg++ version 8.0.0 20171104 (experimental) [master revision 711a520:1a895f2:c76a96ef4f73e60f99f9acb11a5ab9eda1f54464] (Cavium Inc. (Build 2169))
=== go tests ===
Running target unix
FAIL: go.test/test/cmplxdivide.go
FAIL: go.test/test/ken/cplx2.go execution, -O2 -g
WARNING: program timed out.
=== go Summary ===
# of expected passes 7242
# of unexpected failures 2
# of expected failures 1
# of untested testcases 10
# of unsupported tests 3
/data1/jenkins/workspace/BuildThunderX_native_gcc_upstream/objdir/gcc/testsuite/go/../../gccgo version 8.0.0 20171104 (experimental) [master revision 711a520:1a895f2:c76a96ef4f73e60f99f9acb11a5ab9eda1f54464] (Cavium Inc. (Build 2169))
=== gotools tests ===
=== gotools Summary ===
# of expected passes 361
# of untested testcases 132
/data1/jenkins/workspace/BuildThunderX_native_gcc_upstream/objdir/./gcc/gccgo version 8.0.0 20171104 (experimental) [master revision 711a520:1a895f2:c76a96ef4f73e60f99f9acb11a5ab9eda1f54464] (Cavium Inc. (Build 2169))
Compiler version: 8.0.0 20171104 (experimental) [master revision 711a520:1a895f2:c76a96ef4f73e60f99f9acb11a5ab9eda1f54464] (Cavium Inc. (Build 2169))
Platform: aarch64-unknown-linux-gnu
configure flags: --prefix=/data1/jenkins/workspace/BuildThunderX_native_gcc_upstream/objdir/../tools --enable-languages=c,c++,fortran,go --disable-werror --with-sysroot=/ --enable-plugins --enable-gnu-indirect-function --with-pkgversion='Cavium Inc. (Build 2169)'