This is the mail archive of the
gcc-testresults@gcc.gnu.org
mailing list for the GCC project.
Results for 8.0.0 20171031 (experimental) (GCC) (build config: standard; languages: all,go,ada; trunk revision 254278) testsuite on x86_64-pc-linux-gnu
- From: Toon Moene <toon at moene dot org>
- To: <gcc-testresults at gcc dot gnu dot org>
- Date: Wed, 01 Nov 2017 03:44:48 +0100
- Subject: Results for 8.0.0 20171031 (experimental) (GCC) (build config: standard; languages: all,go,ada; trunk revision 254278) testsuite on x86_64-pc-linux-gnu
- Authentication-results: sourceware.org; auth=none
LAST_UPDATED: Tue Oct 31 19:30:12 UTC 2017 (revision 254278)
=== acats tests ===
=== acats Summary ===
# of expected passes 2320
# of unexpected failures 0
Native configuration is x86_64-pc-linux-gnu
=== brig tests ===
Running target unix
=== brig Summary ===
# of unsupported tests 1
=== gcc tests ===
Running target unix
FAIL: gcc.dg/20050503-1.c scan-assembler-not call
XPASS: gcc.dg/pr78768.c -Wformat-overflow (test for warnings, line 12)
FAIL: gcc.dg/graphite/interchange-3.c scan-tree-dump graphite "tiled"
FAIL: gcc.dg/graphite/interchange-7.c scan-tree-dump graphite "tiled"
FAIL: gcc.dg/graphite/interchange-9.c scan-tree-dump graphite "tiled"
FAIL: gcc.dg/graphite/uns-interchange-9.c scan-tree-dump graphite "tiled"
XPASS: gcc.dg/guality/example.c -O0 execution test
XPASS: gcc.dg/guality/example.c -O1 execution test
XPASS: gcc.dg/guality/example.c -O2 execution test
XPASS: gcc.dg/guality/example.c -O2 -flto -fno-use-linker-plugin -flto-partition=none execution test
XPASS: gcc.dg/guality/guality.c -O0 execution test
XPASS: gcc.dg/guality/guality.c -O1 execution test
XPASS: gcc.dg/guality/guality.c -O2 execution test
XPASS: gcc.dg/guality/guality.c -O2 -flto -fno-use-linker-plugin -flto-partition=none execution test
XPASS: gcc.dg/guality/guality.c -O2 -flto -fuse-linker-plugin -fno-fat-lto-objects execution test
XPASS: gcc.dg/guality/guality.c -O3 -g execution test
XPASS: gcc.dg/guality/guality.c -Os execution test
XPASS: gcc.dg/guality/inline-params-2.c -O2 -flto -fuse-linker-plugin -fno-fat-lto-objects execution test
XPASS: gcc.dg/guality/inline-params.c -O2 execution test
XPASS: gcc.dg/guality/inline-params.c -O2 -flto -fno-use-linker-plugin -flto-partition=none execution test
XPASS: gcc.dg/guality/inline-params.c -O2 -flto -fuse-linker-plugin -fno-fat-lto-objects execution test
XPASS: gcc.dg/guality/inline-params.c -O3 -g execution test
XPASS: gcc.dg/guality/inline-params.c -Os execution test
XPASS: gcc.dg/guality/pr41353-1.c -O0 line 28 j == 28 + 37
XPASS: gcc.dg/guality/pr41353-1.c -O1 line 28 j == 28 + 37
XPASS: gcc.dg/guality/pr41353-1.c -O2 line 28 j == 28 + 37
XPASS: gcc.dg/guality/pr41353-1.c -O2 -flto -fno-use-linker-plugin -flto-partition=none line 28 j == 28 + 37
XPASS: gcc.dg/guality/pr41353-1.c -O2 -flto -fuse-linker-plugin -fno-fat-lto-objects line 28 j == 28 + 37
XPASS: gcc.dg/guality/pr41353-1.c -O3 -g line 28 j == 28 + 37
XPASS: gcc.dg/guality/pr41353-1.c -Os line 28 j == 28 + 37
FAIL: gcc.dg/guality/pr41616-1.c -O2 -flto -fuse-linker-plugin -fno-fat-lto-objects execution test
FAIL: gcc.dg/guality/pr41616-1.c -O3 -g execution test
FAIL: gcc.dg/guality/pr45882.c -O2 -flto -fuse-linker-plugin -fno-fat-lto-objects line 16 d == 112
FAIL: gcc.dg/guality/pr45882.c -O2 -flto -fuse-linker-plugin -fno-fat-lto-objects line 16 e == 142
FAIL: gcc.dg/guality/pr54200.c -Os line 20 z == 3
FAIL: gcc.dg/guality/pr54519-1.c -O2 -flto -fno-use-linker-plugin -flto-partition=none line 20 y == 25
FAIL: gcc.dg/guality/pr54519-1.c -O2 -flto -fno-use-linker-plugin -flto-partition=none line 20 z == 6
FAIL: gcc.dg/guality/pr54519-1.c -O2 -flto -fno-use-linker-plugin -flto-partition=none line 23 y == 117
FAIL: gcc.dg/guality/pr54519-1.c -O2 -flto -fno-use-linker-plugin -flto-partition=none line 23 z == 8
FAIL: gcc.dg/guality/pr54519-2.c -O2 -flto -fno-use-linker-plugin -flto-partition=none line 17 y == 25
FAIL: gcc.dg/guality/pr54519-2.c -O2 -flto -fuse-linker-plugin -fno-fat-lto-objects line 17 y == 25
FAIL: gcc.dg/guality/pr54519-3.c -O2 -flto -fno-use-linker-plugin -flto-partition=none line 20 y == 25
FAIL: gcc.dg/guality/pr54519-3.c -O2 -flto -fno-use-linker-plugin -flto-partition=none line 20 z == 6
FAIL: gcc.dg/guality/pr54519-3.c -O2 -flto -fno-use-linker-plugin -flto-partition=none line 23 y == 117
FAIL: gcc.dg/guality/pr54519-3.c -O2 -flto -fno-use-linker-plugin -flto-partition=none line 23 z == 8
FAIL: gcc.dg/guality/pr54519-3.c -O2 -flto -fuse-linker-plugin -fno-fat-lto-objects line 20 y == 25
FAIL: gcc.dg/guality/pr54519-3.c -O2 -flto -fuse-linker-plugin -fno-fat-lto-objects line 20 z == 6
FAIL: gcc.dg/guality/pr54519-3.c -O2 -flto -fuse-linker-plugin -fno-fat-lto-objects line 23 y == 117
FAIL: gcc.dg/guality/pr54519-3.c -O2 -flto -fuse-linker-plugin -fno-fat-lto-objects line 23 z == 8
FAIL: gcc.dg/guality/pr54519-4.c -O2 -flto -fno-use-linker-plugin -flto-partition=none line 17 y == 25
FAIL: gcc.dg/guality/pr54519-4.c -O2 -flto -fuse-linker-plugin -fno-fat-lto-objects line 17 y == 25
FAIL: gcc.dg/guality/pr54519-5.c -O2 -flto -fno-use-linker-plugin -flto-partition=none line 17 y == 25
FAIL: gcc.dg/guality/pr54519-5.c -O2 -flto -fuse-linker-plugin -fno-fat-lto-objects line 17 y == 25
FAIL: gcc.dg/guality/pr68037-1.c -O2 -flto -fuse-linker-plugin -fno-fat-lto-objects line 33 error == 0x12345670
FAIL: gcc.dg/guality/pr68037-1.c -O2 -flto -fuse-linker-plugin -fno-fat-lto-objects line 33 frame->cs == 0x12345672
FAIL: gcc.dg/guality/pr68037-1.c -O2 -flto -fuse-linker-plugin -fno-fat-lto-objects line 33 frame->flags == 0x12345673
FAIL: gcc.dg/guality/pr68037-1.c -O2 -flto -fuse-linker-plugin -fno-fat-lto-objects line 33 frame->ip == 0x12345671
FAIL: gcc.dg/guality/pr68037-1.c -O2 -flto -fuse-linker-plugin -fno-fat-lto-objects line 33 frame->sp == 0x12345674
FAIL: gcc.dg/guality/pr68037-1.c -O2 -flto -fuse-linker-plugin -fno-fat-lto-objects line 33 frame->ss == 0x12345675
FAIL: gcc.dg/guality/pr68860-1.c -O2 -flto -fno-use-linker-plugin -flto-partition=none line 14 arg1 == 1
FAIL: gcc.dg/guality/pr68860-1.c -O2 -flto -fno-use-linker-plugin -flto-partition=none line 14 arg2 == 2
FAIL: gcc.dg/guality/pr68860-1.c -O2 -flto -fno-use-linker-plugin -flto-partition=none line 14 arg3 == 3
FAIL: gcc.dg/guality/pr68860-1.c -O2 -flto -fno-use-linker-plugin -flto-partition=none line 14 arg4 == 4
FAIL: gcc.dg/guality/pr68860-1.c -O2 -flto -fno-use-linker-plugin -flto-partition=none line 14 arg5 == 5
FAIL: gcc.dg/guality/pr68860-1.c -O2 -flto -fno-use-linker-plugin -flto-partition=none line 14 arg6 == 6
FAIL: gcc.dg/guality/pr68860-1.c -O2 -flto -fno-use-linker-plugin -flto-partition=none line 16 arg1 == 1
FAIL: gcc.dg/guality/pr68860-1.c -O2 -flto -fno-use-linker-plugin -flto-partition=none line 16 arg2 == 2
FAIL: gcc.dg/guality/pr68860-1.c -O2 -flto -fno-use-linker-plugin -flto-partition=none line 16 arg3 == 3
FAIL: gcc.dg/guality/pr68860-1.c -O2 -flto -fno-use-linker-plugin -flto-partition=none line 16 arg4 == 4
FAIL: gcc.dg/guality/pr68860-1.c -O2 -flto -fno-use-linker-plugin -flto-partition=none line 16 arg5 == 5
FAIL: gcc.dg/guality/pr68860-1.c -O2 -flto -fno-use-linker-plugin -flto-partition=none line 16 arg6 == 6
FAIL: gcc.dg/guality/pr68860-1.c -O2 -flto -fuse-linker-plugin -fno-fat-lto-objects line 14 arg1 == 1
FAIL: gcc.dg/guality/pr68860-1.c -O2 -flto -fuse-linker-plugin -fno-fat-lto-objects line 14 arg2 == 2
FAIL: gcc.dg/guality/pr68860-1.c -O2 -flto -fuse-linker-plugin -fno-fat-lto-objects line 14 arg3 == 3
FAIL: gcc.dg/guality/pr68860-1.c -O2 -flto -fuse-linker-plugin -fno-fat-lto-objects line 14 arg4 == 4
FAIL: gcc.dg/guality/pr68860-1.c -O2 -flto -fuse-linker-plugin -fno-fat-lto-objects line 14 arg5 == 5
FAIL: gcc.dg/guality/pr68860-1.c -O2 -flto -fuse-linker-plugin -fno-fat-lto-objects line 14 arg6 == 6
FAIL: gcc.dg/guality/pr68860-1.c -O2 -flto -fuse-linker-plugin -fno-fat-lto-objects line 16 arg1 == 1
FAIL: gcc.dg/guality/pr68860-1.c -O2 -flto -fuse-linker-plugin -fno-fat-lto-objects line 16 arg2 == 2
FAIL: gcc.dg/guality/pr68860-1.c -O2 -flto -fuse-linker-plugin -fno-fat-lto-objects line 16 arg3 == 3
FAIL: gcc.dg/guality/pr68860-1.c -O2 -flto -fuse-linker-plugin -fno-fat-lto-objects line 16 arg4 == 4
FAIL: gcc.dg/guality/pr68860-1.c -O2 -flto -fuse-linker-plugin -fno-fat-lto-objects line 16 arg5 == 5
FAIL: gcc.dg/guality/pr68860-1.c -O2 -flto -fuse-linker-plugin -fno-fat-lto-objects line 16 arg6 == 6
FAIL: gcc.dg/guality/vla-1.c -O1 line 17 sizeof (a) == 6
FAIL: gcc.dg/guality/vla-1.c -O2 line 17 sizeof (a) == 6
FAIL: gcc.dg/guality/vla-1.c -O2 -flto -fno-use-linker-plugin -flto-partition=none line 17 sizeof (a) == 6
FAIL: gcc.dg/guality/vla-1.c -O2 -flto -fno-use-linker-plugin -flto-partition=none line 24 sizeof (a) == 17 * sizeof (short)
FAIL: gcc.dg/guality/vla-1.c -O2 -flto -fuse-linker-plugin -fno-fat-lto-objects line 17 sizeof (a) == 6
FAIL: gcc.dg/guality/vla-1.c -O2 -flto -fuse-linker-plugin -fno-fat-lto-objects line 24 sizeof (a) == 17 * sizeof (short)
FAIL: gcc.dg/guality/vla-1.c -O3 -g line 17 sizeof (a) == 6
FAIL: gcc.dg/guality/vla-1.c -Os line 17 sizeof (a) == 6
UNRESOLVED: gcc.dg/lto/chkp-ctor-merge c_lto_chkp-ctor-merge_0.o-c_lto_chkp-ctor-merge_0.o execute -O2 -flto -fcheck-pointer-bounds -mmpx -nodefaultlibs -lc
FAIL: gcc.dg/lto/chkp-ctor-merge c_lto_chkp-ctor-merge_0.o-c_lto_chkp-ctor-merge_0.o link, -O2 -flto -fcheck-pointer-bounds -mmpx -nodefaultlibs -lc (internal compiler error)
FAIL: c-c++-common/torture/builtin-arith-overflow-13.c -O2 -flto -fno-use-linker-plugin -flto-partition=none (test for excess errors)
FAIL: c-c++-common/torture/builtin-arith-overflow-14.c -O2 (test for excess errors)
UNRESOLVED: c-c++-common/torture/builtin-arith-overflow-14.c -O2 compilation failed to produce executable
FAIL: c-c++-common/torture/builtin-arith-overflow-14.c -O2 -flto -fno-use-linker-plugin -flto-partition=none (test for excess errors)
FAIL: c-c++-common/torture/builtin-arith-overflow-15.c -O2 -flto -fno-use-linker-plugin -flto-partition=none (test for excess errors)
FAIL: c-c++-common/torture/builtin-arith-overflow-17.c -O2 -flto -fno-use-linker-plugin -flto-partition=none (test for excess errors)
FAIL: c-c++-common/torture/builtin-arith-overflow-p-16.c -O2 -flto -fno-use-linker-plugin -flto-partition=none (test for excess errors)
FAIL: c-c++-common/torture/builtin-arith-overflow-p-17.c -O2 -flto -fno-use-linker-plugin -flto-partition=none (test for excess errors)
WARNING: program timed out
WARNING: program timed out
WARNING: program timed out
WARNING: program timed out
WARNING: program timed out
WARNING: program timed out
WARNING: program timed out
UNRESOLVED: gcc.dg/tree-prof/section-attr-1.c compilation, -fprofile-use -D_PROFILE_USE
FAIL: gcc.dg/tree-prof/section-attr-1.c execution, -fprofile-generate -D_PROFILE_GENERATE
UNRESOLVED: gcc.dg/tree-prof/section-attr-1.c execution, -fprofile-use -D_PROFILE_USE
UNRESOLVED: gcc.dg/tree-prof/section-attr-2.c compilation, -fprofile-use -D_PROFILE_USE
FAIL: gcc.dg/tree-prof/section-attr-2.c execution, -fprofile-generate -D_PROFILE_GENERATE
UNRESOLVED: gcc.dg/tree-prof/section-attr-2.c execution, -fprofile-use -D_PROFILE_USE
WARNING: program timed out.
WARNING: program timed out.
FAIL: c-c++-common/ubsan/float-cast-overflow-7.c -O2 -flto -fno-use-linker-plugin -flto-partition=none (test for excess errors)
FAIL: gcc.dg/ubsan/float-cast-overflow-atomic.c -O2 -flto -fno-use-linker-plugin -flto-partition=none (test for excess errors)
FAIL: gcc.dg/ubsan/float-cast-overflow-atomic.c -Os (test for excess errors)
WARNING: program timed out
WARNING: program timed out
WARNING: program timed out
FAIL: gcc.dg/vect/pr65947-14.c -flto -ffat-lto-objects execution test
FAIL: gcc.dg/vect/pr65947-14.c execution test
FAIL: gcc.target/i386/avx-1.c (test for excess errors)
FAIL: gcc.target/i386/pr61403.c scan-assembler blend
FAIL: gcc.target/i386/pr70263-2.c scan-rtl-dump ira "Adding REG_EQUIV to insn [0-9]+ for source of insn [0-9]+"
FAIL: gcc.target/i386/sse-13.c (test for excess errors)
FAIL: gcc.target/i386/sse-23.c (test for excess errors)
FAIL: gcc.target/i386/sse-24.c (test for excess errors)
FAIL: gcc.target/i386/sse-25.c (test for excess errors)
FAIL: gcc.target/i386/vperm-v4sf-2.c (test for excess errors)
UNRESOLVED: gcc.target/i386/vperm-v4sf-2.c compilation failed to produce executable
FAIL: gcc.target/i386/vperm-v4si-2-sse4.c (test for excess errors)
UNRESOLVED: gcc.target/i386/vperm-v4si-2-sse4.c compilation failed to produce executable
FAIL: gcc.target/i386/vperm-v4si-2.c (test for excess errors)
UNRESOLVED: gcc.target/i386/vperm-v4si-2.c compilation failed to produce executable
FAIL: gcc.target/i386/vperm-v4si-2x.c (test for excess errors)
UNRESOLVED: gcc.target/i386/vperm-v4si-2x.c compilation failed to produce executable
WARNING: program timed out
WARNING: program timed out
WARNING: program timed out
WARNING: program timed out
WARNING: program timed out
WARNING: program timed out
WARNING: program timed out
WARNING: program timed out
WARNING: program timed out
WARNING: Could not build gcc.target/x86_64/abi/ms-sysv generator
WARNING: Could not build gcc.target/x86_64/abi/ms-sysv generator
FAIL: gcc.target/x86_64/abi/ms-sysv/ms-sysv.c -O2 "-DGEN_ARGS=-p0" (test for excess errors)
UNRESOLVED: gcc.target/x86_64/abi/ms-sysv/ms-sysv.c -O2 "-DGEN_ARGS=-p0" compilation failed to produce executable
FAIL: gcc.target/x86_64/abi/ms-sysv/ms-sysv.c -mcall-ms2sysv-xlogues -O2 "-DGEN_ARGS=-p5" (test for excess errors)
UNRESOLVED: gcc.target/x86_64/abi/ms-sysv/ms-sysv.c -mcall-ms2sysv-xlogues -O2 "-DGEN_ARGS=-p5" compilation failed to produce executable
WARNING: program timed out
WARNING: program timed out
=== gcc Summary ===
# of expected passes 137105
# of unexpected failures 94
# of unexpected successes 25
# of expected failures 373
# of unresolved testcases 12
# of unsupported tests 2197
/scratch/toon/build47996/gcc/xgcc version 8.0.0 20171031 (experimental) (GCC)
=== gfortran tests ===
Running target unix
=== gfortran Summary ===
# of expected passes 46065
# of expected failures 91
# of unsupported tests 76
/scratch/toon/build47996/gcc/gfortran version 8.0.0 20171031 (experimental) (GCC)
=== g++ tests ===
Running target unix
FAIL: g++.dg/guality/pr55665.C -O2 line 23 p == 40
=== g++ Summary ===
# of expected passes 120460
# of unexpected failures 1
# of expected failures 380
# of unsupported tests 4558
/scratch/toon/build47996/gcc/xg++ version 8.0.0 20171031 (experimental) (GCC)
=== gnat tests ===
Running target unix
=== gnat Summary ===
# of expected passes 2631
# of expected failures 24
# of unsupported tests 3
/scratch/toon/build47996/gcc/gnatmake version 8.0.0 20171031 (experimental)
=== go tests ===
Running target unix
FAIL: ./index0-out.go execution, -O0 -g -fno-var-tracking-assignments
=== go Summary ===
# of expected passes 7253
# of unexpected failures 1
# of expected failures 1
# of untested testcases 6
# of unsupported tests 1
/scratch/toon/build47996/gcc/gccgo version 8.0.0 20171031 (experimental) (GCC)
=== obj-c++ tests ===
Running target unix
=== obj-c++ Summary ===
# of expected passes 1456
# of expected failures 10
# of unsupported tests 77
/scratch/toon/build47996/gcc/xg++ version 8.0.0 20171031 (experimental) (GCC)
=== objc tests ===
Running target unix
=== objc Summary ===
# of expected passes 2797
# of expected failures 6
# of unsupported tests 68
/scratch/toon/build47996/gcc/xgcc version 8.0.0 20171031 (experimental) (GCC)
=== gotools tests ===
FAIL: go test runtime
FAIL: TestCgoCallbackGC
=== gotools Summary ===
# of expected passes 361
# of unexpected failures 2
# of untested testcases 132
/scratch/toon/build47996/./gcc/gccgo version 8.0.0 20171031 (experimental) (GCC)
=== libatomic tests ===
Running target unix
=== libatomic Summary ===
# of expected passes 54
=== libffi tests ===
Running target unix
=== libffi Summary ===
# of expected passes 2214
=== libgo tests ===
Running target unix
=== libgo Summary ===
# of expected passes 155
/scratch/toon/build47996/./gcc/gccgo version 8.0.0 20171031 (experimental) (GCC)
=== libgomp tests ===
Running target unix
WARNING: program timed out.
FAIL: libgomp.fortran/examples-4/teams-4.f90 -O0 execution test
WARNING: program timed out.
FAIL: libgomp.fortran/examples-4/teams-4.f90 -O1 execution test
WARNING: program timed out.
FAIL: libgomp.fortran/examples-4/teams-4.f90 -O2 execution test
WARNING: program timed out.
FAIL: libgomp.fortran/examples-4/teams-4.f90 -O3 -fomit-frame-pointer -funroll-loops -fpeel-loops -ftracer -finline-functions execution test
WARNING: program timed out.
FAIL: libgomp.fortran/examples-4/teams-4.f90 -O3 -g execution test
WARNING: program timed out
FAIL: libgomp.fortran/vla8.f90 -O3 -fomit-frame-pointer -funroll-loops -fpeel-loops -ftracer -finline-functions (test for excess errors)
UNRESOLVED: libgomp.fortran/vla8.f90 -O3 -fomit-frame-pointer -funroll-loops -fpeel-loops -ftracer -finline-functions compilation failed to produce executable
WARNING: program timed out
FAIL: libgomp.fortran/vla8.f90 -O3 -g (test for excess errors)
UNRESOLVED: libgomp.fortran/vla8.f90 -O3 -g compilation failed to produce executable
WARNING: program timed out.
FAIL: libgomp.graphite/force-parallel-6.c execution test
WARNING: program timed out.
FAIL: libgomp.graphite/force-parallel-8.c execution test
=== libgomp Summary ===
# of expected passes 5318
# of unexpected failures 9
# of unresolved testcases 2
# of unsupported tests 292
=== libitm tests ===
Running target unix
=== libitm Summary ===
# of expected passes 42
# of expected failures 3
# of unsupported tests 1
=== libstdc++ tests ===
Running target unix
FAIL: 27_io/basic_ios/imbue/14072.cc (test for excess errors)
UNRESOLVED: 27_io/basic_ios/imbue/14072.cc compilation failed to produce executable
FAIL: 27_io/filesystem/iterators/directory_iterator.cc (test for excess errors)
UNRESOLVED: 27_io/filesystem/iterators/directory_iterator.cc compilation failed to produce executable
FAIL: 27_io/filesystem/iterators/pop.cc (test for excess errors)
UNRESOLVED: 27_io/filesystem/iterators/pop.cc compilation failed to produce executable
FAIL: 27_io/filesystem/operations/equivalent.cc (test for excess errors)
UNRESOLVED: 27_io/filesystem/operations/equivalent.cc compilation failed to produce executable
FAIL: 27_io/filesystem/operations/proximate.cc (test for excess errors)
UNRESOLVED: 27_io/filesystem/operations/proximate.cc compilation failed to produce executable
FAIL: 27_io/filesystem/operations/relative.cc (test for excess errors)
UNRESOLVED: 27_io/filesystem/operations/relative.cc compilation failed to produce executable
FAIL: 27_io/filesystem/operations/remove_all.cc (test for excess errors)
UNRESOLVED: 27_io/filesystem/operations/remove_all.cc compilation failed to produce executable
FAIL: 27_io/filesystem/path/assign/assign.cc (test for excess errors)
UNRESOLVED: 27_io/filesystem/path/assign/assign.cc compilation failed to produce executable
FAIL: 27_io/filesystem/path/decompose/extension.cc (test for excess errors)
UNRESOLVED: 27_io/filesystem/path/decompose/extension.cc compilation failed to produce executable
FAIL: 27_io/filesystem/path/decompose/stem.cc (test for excess errors)
UNRESOLVED: 27_io/filesystem/path/decompose/stem.cc compilation failed to produce executable
FAIL: 27_io/filesystem/path/generation/normal.cc (test for excess errors)
UNRESOLVED: 27_io/filesystem/path/generation/normal.cc compilation failed to produce executable
FAIL: 27_io/filesystem/path/generation/relative.cc (test for excess errors)
UNRESOLVED: 27_io/filesystem/path/generation/relative.cc compilation failed to produce executable
FAIL: 27_io/filesystem/path/itr/traversal.cc (test for excess errors)
UNRESOLVED: 27_io/filesystem/path/itr/traversal.cc compilation failed to produce executable
FAIL: 28_regex/algorithms/regex_match/ecma/wchar_t/anymatcher.cc (test for excess errors)
UNRESOLVED: 28_regex/algorithms/regex_match/ecma/wchar_t/anymatcher.cc compilation failed to produce executable
FAIL: 28_regex/algorithms/regex_match/ecma/wchar_t/cjk_match.cc (test for excess errors)
UNRESOLVED: 28_regex/algorithms/regex_match/ecma/wchar_t/cjk_match.cc compilation failed to produce executable
FAIL: 28_regex/algorithms/regex_match/ecma/wchar_t/hex.cc (test for excess errors)
UNRESOLVED: 28_regex/algorithms/regex_match/ecma/wchar_t/hex.cc compilation failed to produce executable
FAIL: experimental/filesystem/iterators/directory_iterator.cc (test for excess errors)
UNRESOLVED: experimental/filesystem/iterators/directory_iterator.cc compilation failed to produce executable
FAIL: experimental/filesystem/iterators/pop.cc (test for excess errors)
UNRESOLVED: experimental/filesystem/iterators/pop.cc compilation failed to produce executable
FAIL: experimental/filesystem/iterators/recursive_directory_iterator.cc (test for excess errors)
UNRESOLVED: experimental/filesystem/iterators/recursive_directory_iterator.cc compilation failed to produce executable
FAIL: experimental/filesystem/operations/canonical.cc (test for excess errors)
UNRESOLVED: experimental/filesystem/operations/canonical.cc compilation failed to produce executable
FAIL: experimental/filesystem/operations/copy.cc (test for excess errors)
UNRESOLVED: experimental/filesystem/operations/copy.cc compilation failed to produce executable
FAIL: experimental/filesystem/operations/create_symlink.cc (test for excess errors)
UNRESOLVED: experimental/filesystem/operations/create_symlink.cc compilation failed to produce executable
FAIL: experimental/filesystem/operations/current_path.cc (test for excess errors)
UNRESOLVED: experimental/filesystem/operations/current_path.cc compilation failed to produce executable
FAIL: experimental/filesystem/operations/equivalent.cc (test for excess errors)
UNRESOLVED: experimental/filesystem/operations/equivalent.cc compilation failed to produce executable
FAIL: experimental/filesystem/operations/exists.cc (test for excess errors)
UNRESOLVED: experimental/filesystem/operations/exists.cc compilation failed to produce executable
FAIL: experimental/filesystem/operations/is_empty.cc (test for excess errors)
UNRESOLVED: experimental/filesystem/operations/is_empty.cc compilation failed to produce executable
FAIL: experimental/filesystem/operations/permissions.cc (test for excess errors)
UNRESOLVED: experimental/filesystem/operations/permissions.cc compilation failed to produce executable
FAIL: experimental/filesystem/operations/temp_directory_path.cc (test for excess errors)
UNRESOLVED: experimental/filesystem/operations/temp_directory_path.cc compilation failed to produce executable
FAIL: experimental/filesystem/path/append/path.cc (test for excess errors)
UNRESOLVED: experimental/filesystem/path/append/path.cc compilation failed to produce executable
FAIL: experimental/filesystem/path/assign/assign.cc (test for excess errors)
UNRESOLVED: experimental/filesystem/path/assign/assign.cc compilation failed to produce executable
FAIL: experimental/filesystem/path/assign/copy.cc (test for excess errors)
UNRESOLVED: experimental/filesystem/path/assign/copy.cc compilation failed to produce executable
FAIL: experimental/filesystem/path/decompose/extension.cc (test for excess errors)
UNRESOLVED: experimental/filesystem/path/decompose/extension.cc compilation failed to produce executable
FAIL: experimental/filesystem/path/decompose/filename.cc (test for excess errors)
UNRESOLVED: experimental/filesystem/path/decompose/filename.cc compilation failed to produce executable
FAIL: experimental/filesystem/path/decompose/root_path.cc (test for excess errors)
UNRESOLVED: experimental/filesystem/path/decompose/root_path.cc compilation failed to produce executable
FAIL: experimental/filesystem/path/decompose/stem.cc (test for excess errors)
UNRESOLVED: experimental/filesystem/path/decompose/stem.cc compilation failed to produce executable
FAIL: experimental/filesystem/path/itr/traversal.cc (test for excess errors)
UNRESOLVED: experimental/filesystem/path/itr/traversal.cc compilation failed to produce executable
FAIL: experimental/filesystem/path/modifiers/replace_extension.cc (test for excess errors)
FAIL: experimental/filesystem/path/modifiers/replace_extension.cc execution test
FAIL: experimental/filesystem/path/modifiers/replace_filename.cc (test for excess errors)
FAIL: experimental/filesystem/path/modifiers/replace_filename.cc execution test
FAIL: ext/pb_ds/regression/hash_map_rand.cc (test for excess errors)
UNRESOLVED: ext/pb_ds/regression/hash_map_rand.cc compilation failed to produce executable
FAIL: ext/pb_ds/regression/hash_set_rand.cc (test for excess errors)
UNRESOLVED: ext/pb_ds/regression/hash_set_rand.cc compilation failed to produce executable
FAIL: ext/pb_ds/regression/list_update_map_rand.cc (test for excess errors)
UNRESOLVED: ext/pb_ds/regression/list_update_map_rand.cc compilation failed to produce executable
FAIL: ext/pb_ds/regression/list_update_set_rand.cc (test for excess errors)
UNRESOLVED: ext/pb_ds/regression/list_update_set_rand.cc compilation failed to produce executable
FAIL: ext/pb_ds/regression/priority_queue_rand.cc (test for excess errors)
UNRESOLVED: ext/pb_ds/regression/priority_queue_rand.cc compilation failed to produce executable
FAIL: ext/pb_ds/regression/tree_map_rand.cc (test for excess errors)
UNRESOLVED: ext/pb_ds/regression/tree_map_rand.cc compilation failed to produce executable
FAIL: ext/pb_ds/regression/tree_set_rand.cc (test for excess errors)
UNRESOLVED: ext/pb_ds/regression/tree_set_rand.cc compilation failed to produce executable
FAIL: ext/pb_ds/regression/trie_map_rand.cc (test for excess errors)
UNRESOLVED: ext/pb_ds/regression/trie_map_rand.cc compilation failed to produce executable
FAIL: ext/pb_ds/regression/trie_set_rand.cc (test for excess errors)
UNRESOLVED: ext/pb_ds/regression/trie_set_rand.cc compilation failed to produce executable
FAIL: ext/vstring/requirements/exception/basic.cc (test for excess errors)
UNRESOLVED: ext/vstring/requirements/exception/basic.cc compilation failed to produce executable
WARNING: program timed out
WARNING: program timed out
WARNING: program timed out
WARNING: program timed out
WARNING: program timed out
WARNING: program timed out
WARNING: program timed out
WARNING: program timed out
WARNING: program timed out
WARNING: program timed out
WARNING: program timed out
WARNING: program timed out
WARNING: program timed out
WARNING: program timed out
WARNING: program timed out
WARNING: program timed out
WARNING: program timed out
WARNING: program timed out
WARNING: program timed out
WARNING: program timed out
WARNING: program timed out
WARNING: program timed out
WARNING: program timed out
WARNING: program timed out
WARNING: program timed out
WARNING: program timed out
WARNING: program timed out
WARNING: program timed out
WARNING: program timed out
WARNING: program timed out
WARNING: program timed out
WARNING: program timed out
WARNING: program timed out
WARNING: program timed out
WARNING: program timed out
WARNING: program timed out
WARNING: program timed out
WARNING: program timed out
WARNING: program timed out
WARNING: program timed out
WARNING: program timed out
WARNING: program timed out
WARNING: program timed out
WARNING: program timed out
WARNING: program timed out
WARNING: program timed out
WARNING: program timed out
WARNING: program timed out
ERROR: could not compile testsuite_abi.cc
ERROR: could not compile testsuite_abi.cc
ERROR: could not compile testsuite_abi.cc
ERROR: could not compile testsuite_abi.cc
WARNING: program timed out
WARNING: program timed out
WARNING: program timed out
WARNING: program timed out
ERROR: tcl error sourcing /home/toon/compilers/trunk/libstdc++-v3/testsuite/libstdc++-prettyprinters/prettyprinters.exp.
ERROR: tcl error sourcing /home/toon/compilers/trunk/libstdc++-v3/testsuite/libstdc++-prettyprinters/prettyprinters.exp.
ERROR: tcl error sourcing /home/toon/compilers/trunk/libstdc++-v3/testsuite/libstdc++-prettyprinters/prettyprinters.exp.
ERROR: tcl error sourcing /home/toon/compilers/trunk/libstdc++-v3/testsuite/libstdc++-prettyprinters/prettyprinters.exp.
ERROR: could not compile testsuite_abi.cc
WARNING: program timed out
ERROR: tcl error sourcing /home/toon/compilers/trunk/libstdc++-v3/testsuite/libstdc++-xmethods/xmethods.exp.
=== libstdc++ Summary ===
# of expected passes 11336
# of unexpected failures 50
# of expected failures 70
# of unresolved testcases 46
# of unsupported tests 564
Compiler version: 8.0.0 20171031 (experimental) (GCC)
Platform: x86_64-pc-linux-gnu
configure flags: --prefix=/home/toon/compilers/install --with-gnu-as --with-gnu-ld --enable-languages=all,go,ada --disable-multilib --disable-nls