This is the mail archive of the
gcc-testresults@gcc.gnu.org
mailing list for the GCC project.
Results for 5.5.0 (GCC) testsuite on hppa64-hp-hpux11.11
- From: John David Anglin <dave at hiauly3 dot hia dot nrc dot ca>
- To: dave at hiauly3 dot hia dot nrc dot ca, gcc-testresults at gcc dot gnu dot org
- Date: Sun, 29 Oct 2017 19:56:49 -0400 (EDT)
- Subject: Results for 5.5.0 (GCC) testsuite on hppa64-hp-hpux11.11
- Authentication-results: sourceware.org; auth=none
Native configuration is hppa64-hp-hpux11.11
=== g++ tests ===
Running target unix
WARNING: program timed out.
=== g++ Summary ===
# of expected passes 80603
# of expected failures 294
# of unsupported tests 4180
/mnt/gnu/gcc/objdir-test/gcc/testsuite/g++/../../xg++ version 5.5.0 (GCC)
=== gcc tests ===
Running target unix
FAIL: gcc.dg/atomic/c11-atomic-exec-5.c -O0 execution test
FAIL: gcc.dg/atomic/c11-atomic-exec-5.c -O1 execution test
FAIL: gcc.dg/atomic/c11-atomic-exec-5.c -O2 execution test
FAIL: gcc.dg/atomic/c11-atomic-exec-5.c -O3 -fomit-frame-pointer execution test
FAIL: gcc.dg/atomic/c11-atomic-exec-5.c -O3 -fomit-frame-pointer -funroll-loops execution test
FAIL: gcc.dg/atomic/c11-atomic-exec-5.c -O3 -fomit-frame-pointer -funroll-all-loops -finline-functions execution test
FAIL: gcc.dg/atomic/c11-atomic-exec-5.c -O3 -g execution test
FAIL: gcc.dg/atomic/c11-atomic-exec-5.c -Os execution test
FAIL: gcc.dg/atomic/c11-atomic-exec-5.c -O2 -flto -flto-partition=none execution test
FAIL: gcc.dg/atomic/c11-atomic-exec-5.c -O2 -flto execution test
XPASS: gcc.dg/sibcall-3.c execution test
XPASS: gcc.dg/sibcall-4.c execution test
WARNING: program timed out.
=== gcc Summary ===
# of expected passes 86047
# of unexpected failures 10
# of unexpected successes 2
# of expected failures 141
# of unsupported tests 1989
/mnt/gnu/gcc/objdir-test/gcc/xgcc version 5.5.0 (GCC)
=== gfortran tests ===
Running target unix
FAIL: gfortran.dg/coarray/event_2.f90 -fcoarray=lib -O2 -lcaf_single -latomic execution test
=== gfortran Summary ===
# of expected passes 48375
# of unexpected failures 1
# of expected failures 89
# of unsupported tests 411
/mnt/gnu/gcc/objdir-test/gcc/testsuite/gfortran/../../gfortran version 5.5.0 (GCC)
=== obj-c++ tests ===
Running target unix
=== obj-c++ Summary ===
# of expected passes 1445
# of expected failures 10
# of unsupported tests 86
/mnt/gnu/gcc/objdir-test/gcc/testsuite/obj-c++/../../xg++ version 5.5.0 (GCC)
=== objc tests ===
Running target unix
=== objc Summary ===
# of expected passes 3014
# of unsupported tests 75
/mnt/gnu/gcc/objdir-test/gcc/xgcc version 5.5.0 (GCC)
=== libatomic tests ===
Running target unix
=== libatomic Summary ===
# of expected passes 44
# of unsupported tests 5
=== libgomp tests ===
Running target unix
FAIL: libgomp.c/pr81687-1.c (test for excess errors)
FAIL: libgomp.c/pr81687-2.c (test for excess errors)
=== libgomp Summary ===
# of expected passes 5806
# of unexpected failures 2
# of unsupported tests 309
=== libstdc++ tests ===
Running target unix
FAIL: 30_threads/thread/70503.cc (test for excess errors)
=== libstdc++ Summary ===
# of expected passes 8748
# of unexpected failures 1
# of expected failures 65
# of unsupported tests 1036
Compiler version: 5.5.0 (GCC)
Platform: hppa64-hp-hpux11.11
configure flags:Test Run By dave on Wed Oct 25 17:56:35 2017