This is the mail archive of the
gcc-testresults@gcc.gnu.org
mailing list for the GCC project.
Results for 8.0.0 20171026 (experimental) [trunk revision 254106] (GCC) testsuite on powerpc64-unknown-linux-gnu
- From: "Bill Seurer (POWER7)" <seurer at linux dot vnet dot ibm dot com>
- To: gcc-testresults at gcc dot gnu dot org
- Date: Thu, 26 Oct 2017 15:23:51 -0500
- Subject: Results for 8.0.0 20171026 (experimental) [trunk revision 254106] (GCC) testsuite on powerpc64-unknown-linux-gnu
- Authentication-results: sourceware.org; auth=none
Linux 2.6.32-696.13.2.el6.ppc64 ppc64
GNU C Library stable release version 2.12
GNU ld (GNU Binutils) 2.26.20160125
GNU assembler (GNU Binutils) 2.26.20160125
GNU Make 3.81
DejaGnu:
Expect version is 5.44.1.15
Tcl version is 8.5
Framework version is 1.4.4
64-bit
LAST_UPDATED: Thu Oct 26 15:35:13 UTC 2017 (revision 254106)
Native configuration is powerpc64-unknown-linux-gnu
=== gcc tests ===
Running target unix/-m32
FAIL: c-c++-common/asan/alloca_big_alignment.c -O0 output pattern test, is ==130870==AddressSanitizer CHECK failed: gcc/libsanitizer/asan/asan_poisoning.cc:34 "((AddrIsAlignedByGranularity(addr))) != (0)" (0x0, 0x0)
FAIL: c-c++-common/asan/alloca_big_alignment.c -O2 -flto -fuse-linker-plugin -fno-fat-lto-objects output pattern test, is ==8311==AddressSanitizer CHECK failed: gcc/libsanitizer/asan/asan_poisoning.cc:34 "((AddrIsAlignedByGranularity(addr))) != (0)" (0x0, 0x0)
FAIL: c-c++-common/asan/alloca_big_alignment.c -Os output pattern test, is ==4517==AddressSanitizer CHECK failed: gcc/libsanitizer/asan/asan_poisoning.cc:34 "((AddrIsAlignedByGranularity(addr))) != (0)" (0x0, 0x0)
FAIL: c-c++-common/asan/alloca_detect_custom_size.c -O0 output pattern test, is ==9116==AddressSanitizer CHECK failed: gcc/libsanitizer/asan/asan_poisoning.cc:34 "((AddrIsAlignedByGranularity(addr))) != (0)" (0x0, 0x0)
FAIL: c-c++-common/asan/alloca_detect_custom_size.c -O2 output pattern test, is ==10524==AddressSanitizer CHECK failed: gcc/libsanitizer/asan/asan_poisoning.cc:34 "((AddrIsAlignedByGranularity(addr))) != (0)" (0x0, 0x0)
FAIL: c-c++-common/asan/alloca_detect_custom_size.c -O2 -flto -fno-use-linker-plugin -flto-partition=none output pattern test, is ==13867==AddressSanitizer CHECK failed: gcc/libsanitizer/asan/asan_poisoning.cc:34 "((AddrIsAlignedByGranularity(addr))) != (0)" (0x0, 0x0)
FAIL: c-c++-common/asan/alloca_detect_custom_size.c -O2 -flto -fuse-linker-plugin -fno-fat-lto-objects output pattern test, is ==15123==AddressSanitizer CHECK failed: gcc/libsanitizer/asan/asan_poisoning.cc:34 "((AddrIsAlignedByGranularity(addr))) != (0)" (0x0, 0x0)
FAIL: c-c++-common/asan/alloca_detect_custom_size.c -O3 -g output pattern test, is ==11101==AddressSanitizer CHECK failed: gcc/libsanitizer/asan/asan_poisoning.cc:34 "((AddrIsAlignedByGranularity(addr))) != (0)" (0x0, 0x0)
FAIL: c-c++-common/asan/alloca_detect_custom_size.c -Os output pattern test, is ==11780==AddressSanitizer CHECK failed: gcc/libsanitizer/asan/asan_poisoning.cc:34 "((AddrIsAlignedByGranularity(addr))) != (0)" (0x0, 0x0)
FAIL: c-c++-common/asan/alloca_instruments_all_paddings.c -O3 -fomit-frame-pointer -funroll-loops -fpeel-loops -ftracer -finline-functions execution test
FAIL: c-c++-common/asan/alloca_instruments_all_paddings.c -Os execution test
FAIL: c-c++-common/asan/alloca_loop_unpoisoning.c -O0 execution test
FAIL: c-c++-common/asan/alloca_loop_unpoisoning.c -O1 execution test
FAIL: c-c++-common/asan/alloca_loop_unpoisoning.c -O2 -flto -fuse-linker-plugin -fno-fat-lto-objects execution test
FAIL: c-c++-common/asan/alloca_overflow_partial.c -O1 output pattern test, is ==31885==AddressSanitizer CHECK failed: gcc/libsanitizer/asan/asan_poisoning.cc:34 "((AddrIsAlignedByGranularity(addr))) != (0)" (0x0, 0x0)
FAIL: c-c++-common/asan/alloca_overflow_partial.c -O2 output pattern test, is ==32717==AddressSanitizer CHECK failed: gcc/libsanitizer/asan/asan_poisoning.cc:34 "((AddrIsAlignedByGranularity(addr))) != (0)" (0x0, 0x0)
FAIL: c-c++-common/asan/alloca_overflow_partial.c -O2 -flto -fno-use-linker-plugin -flto-partition=none output pattern test, is ==36276==AddressSanitizer CHECK failed: gcc/libsanitizer/asan/asan_poisoning.cc:34 "((AddrIsAlignedByGranularity(addr))) != (0)" (0x0, 0x0)
FAIL: c-c++-common/asan/alloca_overflow_partial.c -O2 -flto -fuse-linker-plugin -fno-fat-lto-objects output pattern test, is ==37662==AddressSanitizer CHECK failed: gcc/libsanitizer/asan/asan_poisoning.cc:34 "((AddrIsAlignedByGranularity(addr))) != (0)" (0x0, 0x0)
FAIL: c-c++-common/asan/alloca_overflow_partial.c -O3 -g output pattern test, is ==33500==AddressSanitizer CHECK failed: gcc/libsanitizer/asan/asan_poisoning.cc:34 "((AddrIsAlignedByGranularity(addr))) != (0)" (0x0, 0x0)
FAIL: c-c++-common/asan/alloca_overflow_right.c -O1 output pattern test, is ==39273==AddressSanitizer CHECK failed: gcc/libsanitizer/asan/asan_poisoning.cc:34 "((AddrIsAlignedByGranularity(addr))) != (0)" (0x0, 0x0)
FAIL: c-c++-common/asan/alloca_overflow_right.c -O2 output pattern test, is ==39947==AddressSanitizer CHECK failed: gcc/libsanitizer/asan/asan_poisoning.cc:34 "((AddrIsAlignedByGranularity(addr))) != (0)" (0x0, 0x0)
FAIL: c-c++-common/asan/alloca_overflow_right.c -O2 -flto -fno-use-linker-plugin -flto-partition=none output pattern test, is ==44112==AddressSanitizer CHECK failed: gcc/libsanitizer/asan/asan_poisoning.cc:34 "((AddrIsAlignedByGranularity(addr))) != (0)" (0x0, 0x0)
FAIL: c-c++-common/asan/alloca_overflow_right.c -O2 -flto -fuse-linker-plugin -fno-fat-lto-objects output pattern test, is ==45373==AddressSanitizer CHECK failed: gcc/libsanitizer/asan/asan_poisoning.cc:34 "((AddrIsAlignedByGranularity(addr))) != (0)" (0x0, 0x0)
FAIL: c-c++-common/asan/alloca_overflow_right.c -O3 -g output pattern test, is ==40794==AddressSanitizer CHECK failed: gcc/libsanitizer/asan/asan_poisoning.cc:34 "((AddrIsAlignedByGranularity(addr))) != (0)" (0x0, 0x0)
FAIL: c-c++-common/asan/alloca_underflow_left.c -O1 output pattern test, is ==127756==AddressSanitizer CHECK failed: gcc/libsanitizer/asan/asan_poisoning.cc:34 "((AddrIsAlignedByGranularity(addr))) != (0)" (0x0, 0x0)
FAIL: c-c++-common/asan/alloca_underflow_left.c -O2 output pattern test, is ==128401==AddressSanitizer CHECK failed: gcc/libsanitizer/asan/asan_poisoning.cc:34 "((AddrIsAlignedByGranularity(addr))) != (0)" (0x0, 0x0)
FAIL: c-c++-common/asan/alloca_underflow_left.c -O2 -flto -fno-use-linker-plugin -flto-partition=none output pattern test, is ==2925==AddressSanitizer CHECK failed: gcc/libsanitizer/asan/asan_poisoning.cc:34 "((AddrIsAlignedByGranularity(addr))) != (0)" (0x0, 0x0)
FAIL: c-c++-common/asan/alloca_underflow_left.c -O2 -flto -fuse-linker-plugin -fno-fat-lto-objects output pattern test, is ==4127==AddressSanitizer CHECK failed: gcc/libsanitizer/asan/asan_poisoning.cc:34 "((AddrIsAlignedByGranularity(addr))) != (0)" (0x0, 0x0)
FAIL: c-c++-common/asan/alloca_underflow_left.c -O3 -g output pattern test, is ==129224==AddressSanitizer CHECK failed: gcc/libsanitizer/asan/asan_poisoning.cc:34 "((AddrIsAlignedByGranularity(addr))) != (0)" (0x0, 0x0)
FAIL: c-c++-common/asan/clone-test-1.c -O0 execution test
FAIL: c-c++-common/asan/clone-test-1.c -O1 execution test
FAIL: c-c++-common/asan/clone-test-1.c -Os execution test
FAIL: c-c++-common/asan/global-overflow-1.c -O2 output pattern test, is ==125808==AddressSanitizer CHECK failed: gcc/libsanitizer/asan/asan_poisoning.cc:34 "((AddrIsAlignedByGranularity(addr))) != (0)" (0x0, 0x0)
FAIL: c-c++-common/asan/global-overflow-1.c -O2 -flto -fno-use-linker-plugin -flto-partition=none output pattern test, is ==129296==AddressSanitizer CHECK failed: gcc/libsanitizer/asan/asan_poisoning.cc:34 "((AddrIsAlignedByGranularity(addr))) != (0)" (0x0, 0x0)
FAIL: c-c++-common/asan/global-overflow-1.c -O3 -g output pattern test, is ==126567==AddressSanitizer CHECK failed: gcc/libsanitizer/asan/asan_poisoning.cc:34 "((AddrIsAlignedByGranularity(addr))) != (0)" (0x0, 0x0)
FAIL: c-c++-common/asan/global-overflow-1.c -Os output pattern test, is ==127178==AddressSanitizer CHECK failed: gcc/libsanitizer/asan/asan_poisoning.cc:34 "((AddrIsAlignedByGranularity(addr))) != (0)" (0x0, 0x0)
FAIL: c-c++-common/asan/halt_on_error-1.c -O0 execution test
FAIL: c-c++-common/asan/halt_on_error-1.c -O2 execution test
FAIL: c-c++-common/asan/halt_on_error-1.c -O2 -flto -fno-use-linker-plugin -flto-partition=none execution test
FAIL: c-c++-common/asan/halt_on_error-1.c -O2 -flto -fuse-linker-plugin -fno-fat-lto-objects execution test
FAIL: c-c++-common/asan/halt_on_error-1.c -O3 -g execution test
FAIL: c-c++-common/asan/halt_on_error-1.c -Os execution test
FAIL: c-c++-common/asan/halt_on_error-2.c -O0 output pattern test, is ==9776==AddressSanitizer CHECK failed: gcc/libsanitizer/asan/asan_poisoning.cc:34 "((AddrIsAlignedByGranularity(addr))) != (0)" (0x0, 0x0)
FAIL: c-c++-common/asan/halt_on_error-2.c -O2 output pattern test, is ==11108==AddressSanitizer CHECK failed: gcc/libsanitizer/asan/asan_poisoning.cc:34 "((AddrIsAlignedByGranularity(addr))) != (0)" (0x0, 0x0)
FAIL: c-c++-common/asan/halt_on_error-2.c -O2 -flto -fno-use-linker-plugin -flto-partition=none output pattern test, is ==14316==AddressSanitizer CHECK failed: gcc/libsanitizer/asan/asan_poisoning.cc:34 "((AddrIsAlignedByGranularity(addr))) != (0)" (0x0, 0x0)
FAIL: c-c++-common/asan/halt_on_error-2.c -O2 -flto -fuse-linker-plugin -fno-fat-lto-objects output pattern test, is ==15557==AddressSanitizer CHECK failed: gcc/libsanitizer/asan/asan_poisoning.cc:34 "((AddrIsAlignedByGranularity(addr))) != (0)" (0x0, 0x0)
FAIL: c-c++-common/asan/halt_on_error-2.c -O3 -g output pattern test, is ==11652==AddressSanitizer CHECK failed: gcc/libsanitizer/asan/asan_poisoning.cc:34 "((AddrIsAlignedByGranularity(addr))) != (0)" (0x0, 0x0)
FAIL: c-c++-common/asan/halt_on_error-2.c -Os output pattern test, is ==12164==AddressSanitizer CHECK failed: gcc/libsanitizer/asan/asan_poisoning.cc:34 "((AddrIsAlignedByGranularity(addr))) != (0)" (0x0, 0x0)
FAIL: c-c++-common/asan/heap-overflow-1.c -O0 output pattern test, is ==16148==AddressSanitizer CHECK failed: gcc/libsanitizer/asan/asan_poisoning.cc:34 "((AddrIsAlignedByGranularity(addr))) != (0)" (0x0, 0x0)
FAIL: c-c++-common/asan/heap-overflow-1.c -O1 output pattern test, is =================================================================
FAIL: c-c++-common/asan/heap-overflow-1.c -O2 output pattern test, is ==17216==AddressSanitizer CHECK failed: gcc/libsanitizer/asan/asan_poisoning.cc:34 "((AddrIsAlignedByGranularity(addr))) != (0)" (0x0, 0x0)
FAIL: c-c++-common/asan/heap-overflow-1.c -O2 -flto -fno-use-linker-plugin -flto-partition=none output pattern test, is ==20380==AddressSanitizer CHECK failed: gcc/libsanitizer/asan/asan_poisoning.cc:34 "((AddrIsAlignedByGranularity(addr))) != (0)" (0x0, 0x0)
FAIL: c-c++-common/asan/heap-overflow-1.c -O2 -flto -fuse-linker-plugin -fno-fat-lto-objects output pattern test, is ==21695==AddressSanitizer CHECK failed: gcc/libsanitizer/asan/asan_poisoning.cc:34 "((AddrIsAlignedByGranularity(addr))) != (0)" (0x0, 0x0)
FAIL: c-c++-common/asan/heap-overflow-1.c -O3 -g output pattern test, is ==17783==AddressSanitizer CHECK failed: gcc/libsanitizer/asan/asan_poisoning.cc:34 "((AddrIsAlignedByGranularity(addr))) != (0)" (0x0, 0x0)
FAIL: c-c++-common/asan/heap-overflow-1.c -Os output pattern test, is =================================================================
FAIL: c-c++-common/asan/memcmp-1.c -O1 output pattern test, is ==129130==AddressSanitizer CHECK failed: gcc/libsanitizer/asan/asan_poisoning.cc:34 "((AddrIsAlignedByGranularity(addr))) != (0)" (0x0, 0x0)
FAIL: c-c++-common/asan/memcmp-1.c -O2 output pattern test, is ==129849==AddressSanitizer CHECK failed: gcc/libsanitizer/asan/asan_poisoning.cc:34 "((AddrIsAlignedByGranularity(addr))) != (0)" (0x0, 0x0)
FAIL: c-c++-common/asan/memcmp-1.c -O2 -flto -fno-use-linker-plugin -flto-partition=none output pattern test, is ==4815==AddressSanitizer CHECK failed: gcc/libsanitizer/asan/asan_poisoning.cc:34 "((AddrIsAlignedByGranularity(addr))) != (0)" (0x0, 0x0)
FAIL: c-c++-common/asan/memcmp-1.c -O2 -flto -fuse-linker-plugin -fno-fat-lto-objects output pattern test, is ==6054==AddressSanitizer CHECK failed: gcc/libsanitizer/asan/asan_poisoning.cc:34 "((AddrIsAlignedByGranularity(addr))) != (0)" (0x0, 0x0)
FAIL: c-c++-common/asan/memcmp-1.c -O3 -g output pattern test, is ==130545==AddressSanitizer CHECK failed: gcc/libsanitizer/asan/asan_poisoning.cc:34 "((AddrIsAlignedByGranularity(addr))) != (0)" (0x0, 0x0)
FAIL: c-c++-common/asan/memcmp-1.c -Os output pattern test, is ==2242==AddressSanitizer CHECK failed: gcc/libsanitizer/asan/asan_poisoning.cc:34 "((AddrIsAlignedByGranularity(addr))) != (0)" (0x0, 0x0)
FAIL: c-c++-common/asan/pr62089.c -O2 -flto -fuse-linker-plugin -fno-fat-lto-objects output pattern test, is ==25008==AddressSanitizer CHECK failed: gcc/libsanitizer/asan/asan_poisoning.cc:34 "((AddrIsAlignedByGranularity(addr))) != (0)" (0x0, 0x0)
FAIL: c-c++-common/asan/pr63888.c -Os execution test
FAIL: c-c++-common/asan/sanity-check-pure-c-1.c -O1 output pattern test, is =================================================================
FAIL: c-c++-common/asan/sanity-check-pure-c-1.c -O2 output pattern test, is =================================================================
FAIL: c-c++-common/asan/sanity-check-pure-c-1.c -O2 -flto -fno-use-linker-plugin -flto-partition=none output pattern test, is =================================================================
FAIL: c-c++-common/asan/sanity-check-pure-c-1.c -O2 -flto -fuse-linker-plugin -fno-fat-lto-objects output pattern test, is =================================================================
FAIL: c-c++-common/asan/sanity-check-pure-c-1.c -O3 -g output pattern test, is =================================================================
FAIL: c-c++-common/asan/sanity-check-pure-c-1.c -Os output pattern test, is =================================================================
FAIL: c-c++-common/asan/stack-overflow-1.c -O2 -flto -fuse-linker-plugin -fno-fat-lto-objects output pattern test, is ==14109==AddressSanitizer CHECK failed: gcc/libsanitizer/asan/asan_poisoning.cc:34 "((AddrIsAlignedByGranularity(addr))) != (0)" (0x0, 0x0)
FAIL: c-c++-common/asan/strlen-overflow-1.c -O1 output pattern test, is ==19406==AddressSanitizer CHECK failed: gcc/libsanitizer/asan/asan_poisoning.cc:34 "((AddrIsAlignedByGranularity(addr))) != (0)" (0x0, 0x0)
FAIL: c-c++-common/asan/strlen-overflow-1.c -O2 output pattern test, is ==20115==AddressSanitizer CHECK failed: gcc/libsanitizer/asan/asan_poisoning.cc:34 "((AddrIsAlignedByGranularity(addr))) != (0)" (0x0, 0x0)
FAIL: c-c++-common/asan/strlen-overflow-1.c -O3 -g output pattern test, is ==20604==AddressSanitizer CHECK failed: gcc/libsanitizer/asan/asan_poisoning.cc:34 "((AddrIsAlignedByGranularity(addr))) != (0)" (0x0, 0x0)
FAIL: c-c++-common/asan/strncpy-overflow-1.c -O1 output pattern test, is =================================================================
FAIL: c-c++-common/asan/strncpy-overflow-1.c -O2 output pattern test, is =================================================================
FAIL: c-c++-common/asan/strncpy-overflow-1.c -O2 -flto -fno-use-linker-plugin -flto-partition=none output pattern test, is ==27334==AddressSanitizer CHECK failed: gcc/libsanitizer/asan/asan_poisoning.cc:34 "((AddrIsAlignedByGranularity(addr))) != (0)" (0x0, 0x0)
FAIL: c-c++-common/asan/strncpy-overflow-1.c -O2 -flto -fuse-linker-plugin -fno-fat-lto-objects output pattern test, is ==29045==AddressSanitizer CHECK failed: gcc/libsanitizer/asan/asan_poisoning.cc:34 "((AddrIsAlignedByGranularity(addr))) != (0)" (0x0, 0x0)
FAIL: c-c++-common/asan/strncpy-overflow-1.c -O3 -g output pattern test, is =================================================================
FAIL: c-c++-common/asan/strncpy-overflow-1.c -Os output pattern test, is =================================================================
FAIL: c-c++-common/asan/swapcontext-test-1.c -O1 execution test
FAIL: c-c++-common/asan/swapcontext-test-1.c -Os execution test
FAIL: c-c++-common/asan/use-after-free-1.c -O1 output pattern test, is =================================================================
FAIL: c-c++-common/asan/use-after-free-1.c -O2 output pattern test, is =================================================================
FAIL: c-c++-common/asan/use-after-free-1.c -O2 -flto -fno-use-linker-plugin -flto-partition=none output pattern test, is =================================================================
FAIL: c-c++-common/asan/use-after-free-1.c -O2 -flto -fuse-linker-plugin -fno-fat-lto-objects output pattern test, is =================================================================
FAIL: c-c++-common/asan/use-after-free-1.c -O3 -g output pattern test, is =================================================================
FAIL: c-c++-common/asan/use-after-free-1.c -Os output pattern test, is =================================================================
FAIL: c-c++-common/asan/use-after-return-1.c -O1 output pattern test, is ==46998==AddressSanitizer CHECK failed: gcc/libsanitizer/asan/asan_poisoning.cc:34 "((AddrIsAlignedByGranularity(addr))) != (0)" (0x0, 0x0)
FAIL: c-c++-common/asan/use-after-return-1.c -O2 output pattern test, is ==47818==AddressSanitizer CHECK failed: gcc/libsanitizer/asan/asan_poisoning.cc:34 "((AddrIsAlignedByGranularity(addr))) != (0)" (0x0, 0x0)
FAIL: c-c++-common/asan/use-after-return-1.c -O3 -g output pattern test, is ==48559==AddressSanitizer CHECK failed: gcc/libsanitizer/asan/asan_poisoning.cc:34 "((AddrIsAlignedByGranularity(addr))) != (0)" (0x0, 0x0)
FAIL: gcc.dg/asan/nosanitize-and-inline.c -O0 execution test
FAIL: gcc.dg/asan/nosanitize-and-inline.c -O3 -fomit-frame-pointer -funroll-loops -fpeel-loops -ftracer -finline-functions execution test
FAIL: gcc.dg/asan/pr79196.c -O0 execution test
FAIL: gcc.dg/asan/pr79196.c -O2 -flto -fno-use-linker-plugin -flto-partition=none execution test
FAIL: gcc.dg/asan/use-after-scope-11.c -Os execution test
FAIL: gcc.dg/pr21643.c scan-tree-dump-times reassoc1 "Optimizing range tests c_[0-9]*.D. -.0, 31. and -.32, 32.[\\n\\r]* into" 6 (found 5 times)
FAIL: gcc.dg/pr56727-2.c scan-assembler @(PLT|plt)
XPASS: gcc.dg/pr78768.c -Wformat-overflow (test for warnings, line 12)
FAIL: gcc.dg/gomp/pr82374.c scan-tree-dump-times vect "vectorized 1 loops" 2 (found 0 times)
FAIL: gcc.dg/ipa/iinline-attr.c scan-ipa-dump inline "hooray[^\\\\n]*inline copy in test"
FAIL: gcc.dg/torture/float32-basic.c -O0 execution test
FAIL: gcc.dg/torture/float32-basic.c -O1 execution test
FAIL: gcc.dg/torture/float32-basic.c -O2 execution test
FAIL: gcc.dg/torture/float32-basic.c -O2 -flto -fno-use-linker-plugin -flto-partition=none execution test
FAIL: gcc.dg/torture/float32-basic.c -O2 -flto -fuse-linker-plugin -fno-fat-lto-objects execution test
FAIL: gcc.dg/torture/float32-basic.c -O3 -g execution test
FAIL: gcc.dg/torture/float32-basic.c -Os execution test
FAIL: gcc.dg/torture/pr52451.c -O0 execution test
FAIL: gcc.dg/torture/pr52451.c -O1 execution test
FAIL: gcc.dg/torture/pr52451.c -O2 execution test
FAIL: gcc.dg/torture/pr52451.c -O2 -flto -fno-use-linker-plugin -flto-partition=none execution test
FAIL: gcc.dg/torture/pr52451.c -O2 -flto -fuse-linker-plugin -fno-fat-lto-objects execution test
FAIL: gcc.dg/torture/pr52451.c -O3 -g execution test
FAIL: gcc.dg/torture/pr52451.c -Os execution test
FAIL: gcc.dg/tree-ssa/builtin-sprintf-warn-18.c (test for warnings, line 78)
FAIL: gcc.dg/tree-ssa/builtin-sprintf-warn-18.c (test for excess errors)
FAIL: gcc.dg/tree-ssa/phi-opt-11.c scan-tree-dump-times optimized "if" 0 (found 2 times)
FAIL: c-c++-common/ubsan/ptr-overflow-sanitization-1.c -O0 scan-tree-dump-times optimized "__ubsan_handle_pointer_overflow" 17 (found 14 times)
FAIL: c-c++-common/ubsan/ptr-overflow-sanitization-1.c -O1 scan-tree-dump-times optimized "__ubsan_handle_pointer_overflow" 17 (found 14 times)
FAIL: c-c++-common/ubsan/ptr-overflow-sanitization-1.c -O2 scan-tree-dump-times optimized "__ubsan_handle_pointer_overflow" 17 (found 14 times)
FAIL: c-c++-common/ubsan/ptr-overflow-sanitization-1.c -O3 -g scan-tree-dump-times optimized "__ubsan_handle_pointer_overflow" 17 (found 14 times)
FAIL: c-c++-common/ubsan/ptr-overflow-sanitization-1.c -Os scan-tree-dump-times optimized "__ubsan_handle_pointer_overflow" 17 (found 14 times)
FAIL: gcc.dg/vect/bb-slp-1.c -flto -ffat-lto-objects scan-tree-dump-times slp1 "basic block vectorized" 1 (found 0 times)
FAIL: gcc.dg/vect/bb-slp-1.c scan-tree-dump-times slp1 "basic block vectorized" 1 (found 0 times)
FAIL: gcc.dg/vect/bb-slp-16.c -flto -ffat-lto-objects scan-tree-dump-times slp1 "basic block vectorized" 1 (found 0 times)
FAIL: gcc.dg/vect/bb-slp-16.c scan-tree-dump-times slp1 "basic block vectorized" 1 (found 0 times)
FAIL: gcc.dg/vect/bb-slp-2.c -flto -ffat-lto-objects scan-tree-dump-times slp1 "basic block vectorized" 1 (found 0 times)
FAIL: gcc.dg/vect/bb-slp-2.c scan-tree-dump-times slp1 "basic block vectorized" 1 (found 0 times)
FAIL: gcc.dg/vect/bb-slp-pr65935.c -flto -ffat-lto-objects scan-tree-dump-times slp1 "basic block vectorized" 2 (found 0 times)
FAIL: gcc.dg/vect/bb-slp-pr65935.c scan-tree-dump-times slp1 "basic block vectorized" 2 (found 0 times)
FAIL: gcc.dg/vect/bb-slp-subgroups-1.c -flto -ffat-lto-objects scan-tree-dump-times slp2 "Basic block will be vectorized using SLP" 1 (found 0 times)
FAIL: gcc.dg/vect/bb-slp-subgroups-1.c -flto -ffat-lto-objects scan-tree-dump-times slp2 "basic block vectorized" 1 (found 0 times)
FAIL: gcc.dg/vect/bb-slp-subgroups-1.c scan-tree-dump-times slp2 "Basic block will be vectorized using SLP" 1 (found 0 times)
FAIL: gcc.dg/vect/bb-slp-subgroups-1.c scan-tree-dump-times slp2 "basic block vectorized" 1 (found 0 times)
FAIL: gcc.dg/vect/bb-slp-subgroups-2.c -flto -ffat-lto-objects scan-tree-dump-times slp2 "Basic block will be vectorized using SLP" 1 (found 0 times)
FAIL: gcc.dg/vect/bb-slp-subgroups-2.c -flto -ffat-lto-objects scan-tree-dump-times slp2 "basic block vectorized" 1 (found 0 times)
FAIL: gcc.dg/vect/bb-slp-subgroups-2.c scan-tree-dump-times slp2 "Basic block will be vectorized using SLP" 1 (found 0 times)
FAIL: gcc.dg/vect/bb-slp-subgroups-2.c scan-tree-dump-times slp2 "basic block vectorized" 1 (found 0 times)
FAIL: gcc.dg/vect/bb-slp-subgroups-3.c -flto -ffat-lto-objects scan-tree-dump-times slp2 "Basic block will be vectorized using SLP" 1 (found 0 times)
FAIL: gcc.dg/vect/bb-slp-subgroups-3.c -flto -ffat-lto-objects scan-tree-dump-times slp2 "basic block vectorized" 1 (found 0 times)
FAIL: gcc.dg/vect/bb-slp-subgroups-3.c scan-tree-dump-times slp2 "Basic block will be vectorized using SLP" 1 (found 0 times)
FAIL: gcc.dg/vect/bb-slp-subgroups-3.c scan-tree-dump-times slp2 "basic block vectorized" 1 (found 0 times)
FAIL: gcc.dg/vect/no-section-anchors-vect-69.c scan-tree-dump-times vect "vectorized 4 loops" 1 (found 0 times)
FAIL: gcc.dg/vect/no-tree-sra-bb-slp-pr50730.c scan-tree-dump-times slp2 "basic block vectorized" 1 (found 0 times)
FAIL: gcc.dg/vect/no-vfa-vect-depend-2.c scan-tree-dump-times vect "vectorized 1 loops" 1 (found 0 times)
FAIL: gcc.dg/vect/no-vfa-vect-depend-3.c scan-tree-dump-times vect "vectorized 1 loops" 4 (found 0 times)
FAIL: gcc.dg/vect/pr25413.c -flto -ffat-lto-objects scan-tree-dump-times vect "not vectorized: unsupported unaligned store" 1 (found 0 times)
FAIL: gcc.dg/vect/pr25413.c -flto -ffat-lto-objects scan-tree-dump-times vect "vector alignment may not be reachable" 1 (found 0 times)
FAIL: gcc.dg/vect/pr25413.c -flto -ffat-lto-objects scan-tree-dump-times vect "vectorized 1 loops" 0 (found 1 times)
FAIL: gcc.dg/vect/pr25413.c scan-tree-dump-times vect "not vectorized: unsupported unaligned store" 1 (found 0 times)
FAIL: gcc.dg/vect/pr25413.c scan-tree-dump-times vect "vector alignment may not be reachable" 1 (found 0 times)
FAIL: gcc.dg/vect/pr25413.c scan-tree-dump-times vect "vectorized 1 loops" 0 (found 1 times)
FAIL: gcc.dg/vect/pr46032.c -flto -ffat-lto-objects scan-tree-dump-times vect "note: vectorized 1 loop" 1 (found 0 times)
FAIL: gcc.dg/vect/pr46032.c scan-tree-dump-times vect "note: vectorized 1 loop" 1 (found 0 times)
FAIL: gcc.dg/vect/pr62171.c -flto -ffat-lto-objects scan-tree-dump-not vect "versioned"
FAIL: gcc.dg/vect/pr62171.c scan-tree-dump-not vect "versioned"
FAIL: gcc.dg/vect/pr65947-14.c -flto -ffat-lto-objects execution test
FAIL: gcc.dg/vect/pr65947-14.c execution test
FAIL: gcc.dg/vect/pr81196.c -flto -ffat-lto-objects scan-tree-dump-times vect "vectorized 1 loops" 2 (found 0 times)
FAIL: gcc.dg/vect/pr81196.c scan-tree-dump-times vect "vectorized 1 loops" 2 (found 0 times)
FAIL: gcc.dg/vect/section-anchors-vect-69.c scan-tree-dump-times vect "vectorized 4 loops" 1 (found 0 times)
FAIL: gcc.dg/vect/slp-43.c -flto -ffat-lto-objects scan-tree-dump-times vect "vectorized 1 loops" 2 (found 13 times)
FAIL: gcc.dg/vect/slp-43.c scan-tree-dump-times vect "vectorized 1 loops" 2 (found 13 times)
FAIL: gcc.dg/vect/slp-perm-9.c -flto -ffat-lto-objects scan-tree-dump-times vect "vectorized 1 loops" 1 (found 2 times)
FAIL: gcc.dg/vect/slp-perm-9.c scan-tree-dump-times vect "vectorized 1 loops" 1 (found 2 times)
FAIL: gcc.dg/vect/vect-117.c -flto -ffat-lto-objects scan-tree-dump-times vect "vectorized 1 loops" 1 (found 0 times)
FAIL: gcc.dg/vect/vect-117.c scan-tree-dump-times vect "vectorized 1 loops" 1 (found 0 times)
XPASS: gcc.dg/vect/vect-24.c -flto -ffat-lto-objects scan-tree-dump-times vect "vectorized 3 loops" 1
XPASS: gcc.dg/vect/vect-24.c scan-tree-dump-times vect "vectorized 3 loops" 1
FAIL: gcc.dg/vect/vect-31.c -flto -ffat-lto-objects scan-tree-dump-times vect "vectorized 4 loops" 1 (found 0 times)
FAIL: gcc.dg/vect/vect-31.c scan-tree-dump-times vect "vectorized 4 loops" 1 (found 0 times)
FAIL: gcc.dg/vect/vect-44.c -flto -ffat-lto-objects scan-tree-dump-times vect "Vectorizing an unaligned access" 3 (found 2 times)
FAIL: gcc.dg/vect/vect-44.c scan-tree-dump-times vect "Vectorizing an unaligned access" 3 (found 2 times)
FAIL: gcc.dg/vect/vect-50.c -flto -ffat-lto-objects scan-tree-dump-times vect "Vectorizing an unaligned access" 3 (found 2 times)
FAIL: gcc.dg/vect/vect-50.c scan-tree-dump-times vect "Vectorizing an unaligned access" 3 (found 2 times)
FAIL: gcc.dg/vect/vect-93.c -flto -ffat-lto-objects scan-tree-dump-times vect "vectorized 2 loops" 2 (found 1 times)
FAIL: gcc.dg/vect/vect-93.c scan-tree-dump-times vect "vectorized 2 loops" 2 (found 1 times)
FAIL: gcc.dg/vect/vect-strided-a-u8-i2-gap.c -flto -ffat-lto-objects scan-tree-dump-times vect "vectorized 1 loops" 1 (found 0 times)
FAIL: gcc.dg/vect/vect-strided-a-u8-i2-gap.c scan-tree-dump-times vect "vectorized 1 loops" 1 (found 0 times)
FAIL: gcc.target/powerpc/builtins-3-runnable.c execution test
FAIL: gcc.target/powerpc/vec-cmpne-long.c execution test
=== gcc Summary for unix/-m32 ===
Running target unix/-m64
FAIL: c-c++-common/asan/swapcontext-test-1.c -O0 execution test
FAIL: c-c++-common/asan/swapcontext-test-1.c -O1 execution test
FAIL: c-c++-common/asan/swapcontext-test-1.c -O2 execution test
FAIL: c-c++-common/asan/swapcontext-test-1.c -O2 -flto -fno-use-linker-plugin -flto-partition=none execution test
FAIL: c-c++-common/asan/swapcontext-test-1.c -O2 -flto -fuse-linker-plugin -fno-fat-lto-objects execution test
FAIL: c-c++-common/asan/swapcontext-test-1.c -O3 -fomit-frame-pointer -funroll-loops -fpeel-loops -ftracer -finline-functions execution test
FAIL: c-c++-common/asan/swapcontext-test-1.c -O3 -g execution test
FAIL: c-c++-common/asan/swapcontext-test-1.c -Os execution test
FAIL: gcc.dg/pr21643.c scan-tree-dump-times reassoc1 "Optimizing range tests c_[0-9]*.D. -.0, 31. and -.32, 32.[\\n\\r]* into" 6 (found 5 times)
FAIL: gcc.dg/pr56727-2.c scan-assembler @(PLT|plt)
XPASS: gcc.dg/pr78768.c -Wformat-overflow (test for warnings, line 12)
FAIL: gcc.dg/sms-1.c scan-rtl-dump-times sms "SMS succeeded" 1 (found 0 times)
FAIL: gcc.dg/gomp/pr82374.c scan-tree-dump-times vect "vectorized 1 loops" 2 (found 0 times)
FAIL: gcc.dg/ipa/iinline-attr.c scan-ipa-dump inline "hooray[^\\\\n]*inline copy in test"
FAIL: gcc.dg/torture/pr52451.c -O0 execution test
FAIL: gcc.dg/torture/pr52451.c -O1 execution test
FAIL: gcc.dg/torture/pr52451.c -O2 execution test
FAIL: gcc.dg/torture/pr52451.c -O2 -flto -fno-use-linker-plugin -flto-partition=none execution test
FAIL: gcc.dg/torture/pr52451.c -O2 -flto -fuse-linker-plugin -fno-fat-lto-objects execution test
FAIL: gcc.dg/torture/pr52451.c -O3 -g execution test
FAIL: gcc.dg/torture/pr52451.c -Os execution test
FAIL: gcc.dg/tree-ssa/builtin-sprintf-warn-18.c (test for warnings, line 78)
FAIL: gcc.dg/tree-ssa/builtin-sprintf-warn-18.c (test for excess errors)
FAIL: gcc.dg/tree-ssa/phi-opt-11.c scan-tree-dump-times optimized "if" 0 (found 2 times)
XPASS: gcc.dg/tree-ssa/ssa-dom-cse-2.c scan-tree-dump optimized "return 28;"
FAIL: gcc.dg/vect/bb-slp-1.c -flto -ffat-lto-objects scan-tree-dump-times slp1 "basic block vectorized" 1 (found 0 times)
FAIL: gcc.dg/vect/bb-slp-1.c scan-tree-dump-times slp1 "basic block vectorized" 1 (found 0 times)
FAIL: gcc.dg/vect/bb-slp-16.c -flto -ffat-lto-objects scan-tree-dump-times slp1 "basic block vectorized" 1 (found 0 times)
FAIL: gcc.dg/vect/bb-slp-16.c scan-tree-dump-times slp1 "basic block vectorized" 1 (found 0 times)
FAIL: gcc.dg/vect/bb-slp-2.c -flto -ffat-lto-objects scan-tree-dump-times slp1 "basic block vectorized" 1 (found 0 times)
FAIL: gcc.dg/vect/bb-slp-2.c scan-tree-dump-times slp1 "basic block vectorized" 1 (found 0 times)
FAIL: gcc.dg/vect/bb-slp-pr65935.c -flto -ffat-lto-objects scan-tree-dump-times slp1 "basic block vectorized" 2 (found 0 times)
FAIL: gcc.dg/vect/bb-slp-pr65935.c scan-tree-dump-times slp1 "basic block vectorized" 2 (found 0 times)
FAIL: gcc.dg/vect/bb-slp-subgroups-1.c -flto -ffat-lto-objects scan-tree-dump-times slp2 "Basic block will be vectorized using SLP" 1 (found 0 times)
FAIL: gcc.dg/vect/bb-slp-subgroups-1.c -flto -ffat-lto-objects scan-tree-dump-times slp2 "basic block vectorized" 1 (found 0 times)
FAIL: gcc.dg/vect/bb-slp-subgroups-1.c scan-tree-dump-times slp2 "Basic block will be vectorized using SLP" 1 (found 0 times)
FAIL: gcc.dg/vect/bb-slp-subgroups-1.c scan-tree-dump-times slp2 "basic block vectorized" 1 (found 0 times)
FAIL: gcc.dg/vect/bb-slp-subgroups-2.c -flto -ffat-lto-objects scan-tree-dump-times slp2 "Basic block will be vectorized using SLP" 1 (found 0 times)
FAIL: gcc.dg/vect/bb-slp-subgroups-2.c -flto -ffat-lto-objects scan-tree-dump-times slp2 "basic block vectorized" 1 (found 0 times)
FAIL: gcc.dg/vect/bb-slp-subgroups-2.c scan-tree-dump-times slp2 "Basic block will be vectorized using SLP" 1 (found 0 times)
FAIL: gcc.dg/vect/bb-slp-subgroups-2.c scan-tree-dump-times slp2 "basic block vectorized" 1 (found 0 times)
FAIL: gcc.dg/vect/bb-slp-subgroups-3.c -flto -ffat-lto-objects scan-tree-dump-times slp2 "Basic block will be vectorized using SLP" 1 (found 0 times)
FAIL: gcc.dg/vect/bb-slp-subgroups-3.c -flto -ffat-lto-objects scan-tree-dump-times slp2 "basic block vectorized" 1 (found 0 times)
FAIL: gcc.dg/vect/bb-slp-subgroups-3.c scan-tree-dump-times slp2 "Basic block will be vectorized using SLP" 1 (found 0 times)
FAIL: gcc.dg/vect/bb-slp-subgroups-3.c scan-tree-dump-times slp2 "basic block vectorized" 1 (found 0 times)
FAIL: gcc.dg/vect/no-section-anchors-vect-69.c scan-tree-dump-times vect "vectorized 4 loops" 1 (found 0 times)
FAIL: gcc.dg/vect/no-tree-sra-bb-slp-pr50730.c scan-tree-dump-times slp2 "basic block vectorized" 1 (found 0 times)
FAIL: gcc.dg/vect/no-vfa-vect-depend-2.c scan-tree-dump-times vect "vectorized 1 loops" 1 (found 0 times)
FAIL: gcc.dg/vect/no-vfa-vect-depend-3.c scan-tree-dump-times vect "vectorized 1 loops" 4 (found 0 times)
FAIL: gcc.dg/vect/pr46032.c -flto -ffat-lto-objects scan-tree-dump-times vect "note: vectorized 1 loop" 1 (found 0 times)
FAIL: gcc.dg/vect/pr46032.c scan-tree-dump-times vect "note: vectorized 1 loop" 1 (found 0 times)
FAIL: gcc.dg/vect/pr62171.c -flto -ffat-lto-objects scan-tree-dump-not vect "versioned"
FAIL: gcc.dg/vect/pr62171.c scan-tree-dump-not vect "versioned"
FAIL: gcc.dg/vect/pr65947-14.c -flto -ffat-lto-objects execution test
FAIL: gcc.dg/vect/pr65947-14.c execution test
FAIL: gcc.dg/vect/pr81196.c -flto -ffat-lto-objects scan-tree-dump-times vect "vectorized 1 loops" 2 (found 0 times)
FAIL: gcc.dg/vect/pr81196.c scan-tree-dump-times vect "vectorized 1 loops" 2 (found 0 times)
FAIL: gcc.dg/vect/section-anchors-vect-69.c scan-tree-dump-times vect "vectorized 4 loops" 1 (found 0 times)
FAIL: gcc.dg/vect/slp-43.c -flto -ffat-lto-objects scan-tree-dump-times vect "vectorized 1 loops" 2 (found 13 times)
FAIL: gcc.dg/vect/slp-43.c scan-tree-dump-times vect "vectorized 1 loops" 2 (found 13 times)
FAIL: gcc.dg/vect/slp-perm-9.c -flto -ffat-lto-objects scan-tree-dump-times vect "vectorized 1 loops" 1 (found 2 times)
FAIL: gcc.dg/vect/slp-perm-9.c scan-tree-dump-times vect "vectorized 1 loops" 1 (found 2 times)
FAIL: gcc.dg/vect/vect-117.c -flto -ffat-lto-objects scan-tree-dump-times vect "vectorized 1 loops" 1 (found 0 times)
FAIL: gcc.dg/vect/vect-117.c scan-tree-dump-times vect "vectorized 1 loops" 1 (found 0 times)
XPASS: gcc.dg/vect/vect-24.c -flto -ffat-lto-objects scan-tree-dump-times vect "vectorized 3 loops" 1
XPASS: gcc.dg/vect/vect-24.c scan-tree-dump-times vect "vectorized 3 loops" 1
FAIL: gcc.dg/vect/vect-31.c -flto -ffat-lto-objects scan-tree-dump-times vect "vectorized 4 loops" 1 (found 0 times)
FAIL: gcc.dg/vect/vect-31.c scan-tree-dump-times vect "vectorized 4 loops" 1 (found 0 times)
FAIL: gcc.dg/vect/vect-44.c -flto -ffat-lto-objects scan-tree-dump-times vect "Vectorizing an unaligned access" 3 (found 2 times)
FAIL: gcc.dg/vect/vect-44.c scan-tree-dump-times vect "Vectorizing an unaligned access" 3 (found 2 times)
FAIL: gcc.dg/vect/vect-50.c -flto -ffat-lto-objects scan-tree-dump-times vect "Vectorizing an unaligned access" 3 (found 2 times)
FAIL: gcc.dg/vect/vect-50.c scan-tree-dump-times vect "Vectorizing an unaligned access" 3 (found 2 times)
FAIL: gcc.dg/vect/vect-93.c -flto -ffat-lto-objects scan-tree-dump-times vect "vectorized 2 loops" 2 (found 1 times)
FAIL: gcc.dg/vect/vect-93.c scan-tree-dump-times vect "vectorized 2 loops" 2 (found 1 times)
FAIL: gcc.dg/vect/vect-strided-a-u8-i2-gap.c -flto -ffat-lto-objects scan-tree-dump-times vect "vectorized 1 loops" 1 (found 0 times)
FAIL: gcc.dg/vect/vect-strided-a-u8-i2-gap.c scan-tree-dump-times vect "vectorized 1 loops" 1 (found 0 times)
FAIL: gcc.target/powerpc/bool3-p7.c scan-assembler-not [ \\t]xxlnor
FAIL: gcc.target/powerpc/bool3-p8.c scan-assembler-not [ \\t]xxlnor
FAIL: gcc.target/powerpc/builtins-3-runnable.c execution test
FAIL: gcc.target/powerpc/loop_align.c scan-assembler .p2align 5,,31
FAIL: gcc.target/powerpc/pr56605.c scan-rtl-dump-times loop2_doloop "\\\\(compare:CC \\\\(subreg:SI \\\\(reg:DI" 1 (found 0 times)
FAIL: gcc.target/powerpc/pr79439.c scan-assembler-times \\\\mnop\\\\M 3 (found 2 times)
FAIL: gcc.target/powerpc/pr79799-2.c scan-assembler-not \\\\mxxextractuw\\\\M
FAIL: gcc.target/powerpc/pr82015.c (test for errors, line 13)
FAIL: gcc.target/powerpc/pr82015.c (test for errors, line 8)
FAIL: gcc.target/powerpc/pr82015.c (test for excess errors)
FAIL: gcc.target/powerpc/vec-cmpne-long.c execution test
=== gcc Summary for unix/-m64 ===
=== gcc Summary ===
/home/gccbuild/build/nightly/build-gcc-trunk/gcc/xgcc version 8.0.0 20171026 (experimental) [trunk revision 254106] (GCC)
=== gfortran tests ===
Running target unix/-m32
FAIL: gfortran.dg/elemental_subroutine_3.f90 -O1 (test for excess errors)
FAIL: gfortran.dg/elemental_subroutine_3.f90 -O2 (test for excess errors)
FAIL: gfortran.dg/elemental_subroutine_3.f90 -O3 -fomit-frame-pointer -funroll-loops -fpeel-loops -ftracer -finline-functions (test for excess errors)
FAIL: gfortran.dg/elemental_subroutine_3.f90 -O3 -g (test for excess errors)
FAIL: gfortran.dg/elemental_subroutine_3.f90 -Os (test for excess errors)
FAIL: gfortran.dg/guality/pr41558.f90 -O2 line 7 s == 'foo'
FAIL: gfortran.dg/guality/pr41558.f90 -O3 -fomit-frame-pointer -funroll-loops -fpeel-loops -ftracer -finline-functions line 7 s == 'foo'
FAIL: gfortran.dg/guality/pr41558.f90 -O3 -g line 7 s == 'foo'
FAIL: gfortran.dg/guality/pr41558.f90 -Os line 7 s == 'foo'
FAIL: gfortran.dg/ieee/large_2.f90 -O0 execution test
FAIL: gfortran.dg/ieee/large_2.f90 -O1 execution test
FAIL: gfortran.dg/ieee/large_2.f90 -O2 execution test
FAIL: gfortran.dg/ieee/large_2.f90 -O3 -fomit-frame-pointer -funroll-loops -fpeel-loops -ftracer -finline-functions execution test
FAIL: gfortran.dg/ieee/large_2.f90 -O3 -g execution test
FAIL: gfortran.dg/ieee/large_2.f90 -Os execution test
FAIL: gfortran.dg/vect/fast-math-pr37021.f90 -O scan-tree-dump vect "vectorized 2 loops"
FAIL: gfortran.dg/vect/pr52580.f -O scan-tree-dump-times vect "LOOP VECTORIZED" 1 (found 0 times)
FAIL: gfortran.dg/vect/pr62283-2.f -O scan-tree-dump slp2 "basic block vectorized"
FAIL: gfortran.dg/vect/vect-8.f90 -O scan-tree-dump-times vect "vectorized 21 loops" 1 (found 0 times)
FAIL: gfortran.dg/vect/vect-gems.f90 -O scan-tree-dump-times vect "vectorized 1 loops" 1 (found 0 times)
=== gfortran Summary for unix/-m32 ===
# of expected passes 4050
Running target unix/-m64
FAIL: gfortran.dg/elemental_subroutine_3.f90 -O1 (test for excess errors)
FAIL: gfortran.dg/elemental_subroutine_3.f90 -O2 (test for excess errors)
FAIL: gfortran.dg/elemental_subroutine_3.f90 -O3 -fomit-frame-pointer -funroll-loops -fpeel-loops -ftracer -finline-functions (test for excess errors)
FAIL: gfortran.dg/elemental_subroutine_3.f90 -O3 -g (test for excess errors)
FAIL: gfortran.dg/elemental_subroutine_3.f90 -Os (test for excess errors)
FAIL: gfortran.dg/guality/pr41558.f90 -O2 line 7 s == 'foo'
FAIL: gfortran.dg/guality/pr41558.f90 -O3 -fomit-frame-pointer -funroll-loops -fpeel-loops -ftracer -finline-functions line 7 s == 'foo'
FAIL: gfortran.dg/guality/pr41558.f90 -O3 -g line 7 s == 'foo'
FAIL: gfortran.dg/guality/pr41558.f90 -Os line 7 s == 'foo'
FAIL: gfortran.dg/ieee/large_2.f90 -O0 execution test
FAIL: gfortran.dg/ieee/large_2.f90 -O1 execution test
FAIL: gfortran.dg/ieee/large_2.f90 -O2 execution test
FAIL: gfortran.dg/ieee/large_2.f90 -O3 -fomit-frame-pointer -funroll-loops -fpeel-loops -ftracer -finline-functions execution test
FAIL: gfortran.dg/ieee/large_2.f90 -O3 -g execution test
FAIL: gfortran.dg/ieee/large_2.f90 -Os execution test
FAIL: gfortran.dg/vect/fast-math-pr37021.f90 -O scan-tree-dump vect "vectorized 2 loops"
FAIL: gfortran.dg/vect/pr52580.f -O scan-tree-dump-times vect "LOOP VECTORIZED" 1 (found 0 times)
FAIL: gfortran.dg/vect/pr62283-2.f -O scan-tree-dump slp2 "basic block vectorized"
FAIL: gfortran.dg/vect/vect-8.f90 -O scan-tree-dump-times vect "vectorized 21 loops" 1 (found 0 times)
FAIL: gfortran.dg/vect/vect-gems.f90 -O scan-tree-dump-times vect "vectorized 1 loops" 1 (found 0 times)
=== gfortran Summary for unix/-m64 ===
# of expected passes 4050
=== gfortran Summary ===
# of expected passes 8100
/home/gccbuild/build/nightly/build-gcc-trunk/gcc/testsuite/gfortran/../../gfortran version 8.0.0 20171026 (experimental) [trunk revision 254106] (GCC)
=== g++ tests ===
Running target unix/-m32
FAIL: c-c++-common/asan/alloca_big_alignment.c -O0 output pattern test, is ==78148==AddressSanitizer CHECK failed: gcc/libsanitizer/asan/asan_poisoning.cc:34 "((AddrIsAlignedByGranularity(addr))) != (0)" (0x0, 0x0)
FAIL: c-c++-common/asan/alloca_big_alignment.c -O2 -flto -fuse-linker-plugin -fno-fat-lto-objects output pattern test, is ==82523==AddressSanitizer CHECK failed: gcc/libsanitizer/asan/asan_poisoning.cc:34 "((AddrIsAlignedByGranularity(addr))) != (0)" (0x0, 0x0)
FAIL: c-c++-common/asan/alloca_big_alignment.c -Os output pattern test, is ==80702==AddressSanitizer CHECK failed: gcc/libsanitizer/asan/asan_poisoning.cc:34 "((AddrIsAlignedByGranularity(addr))) != (0)" (0x0, 0x0)
FAIL: c-c++-common/asan/alloca_detect_custom_size.c -O0 output pattern test, is ==83074==AddressSanitizer CHECK failed: gcc/libsanitizer/asan/asan_poisoning.cc:34 "((AddrIsAlignedByGranularity(addr))) != (0)" (0x0, 0x0)
FAIL: c-c++-common/asan/alloca_detect_custom_size.c -O2 output pattern test, is ==84045==AddressSanitizer CHECK failed: gcc/libsanitizer/asan/asan_poisoning.cc:34 "((AddrIsAlignedByGranularity(addr))) != (0)" (0x0, 0x0)
FAIL: c-c++-common/asan/alloca_detect_custom_size.c -O2 -flto -fno-use-linker-plugin -flto-partition=none output pattern test, is ==86793==AddressSanitizer CHECK failed: gcc/libsanitizer/asan/asan_poisoning.cc:34 "((AddrIsAlignedByGranularity(addr))) != (0)" (0x0, 0x0)
FAIL: c-c++-common/asan/alloca_detect_custom_size.c -O2 -flto -fuse-linker-plugin -fno-fat-lto-objects output pattern test, is ==87140==AddressSanitizer CHECK failed: gcc/libsanitizer/asan/asan_poisoning.cc:34 "((AddrIsAlignedByGranularity(addr))) != (0)" (0x0, 0x0)
FAIL: c-c++-common/asan/alloca_detect_custom_size.c -O3 -g output pattern test, is ==84653==AddressSanitizer CHECK failed: gcc/libsanitizer/asan/asan_poisoning.cc:34 "((AddrIsAlignedByGranularity(addr))) != (0)" (0x0, 0x0)
FAIL: c-c++-common/asan/alloca_detect_custom_size.c -Os output pattern test, is ==85377==AddressSanitizer CHECK failed: gcc/libsanitizer/asan/asan_poisoning.cc:34 "((AddrIsAlignedByGranularity(addr))) != (0)" (0x0, 0x0)
FAIL: c-c++-common/asan/alloca_instruments_all_paddings.c -O3 -fomit-frame-pointer -funroll-loops -fpeel-loops -ftracer -finline-functions execution test
FAIL: c-c++-common/asan/alloca_instruments_all_paddings.c -Os execution test
FAIL: c-c++-common/asan/alloca_loop_unpoisoning.c -O0 execution test
FAIL: c-c++-common/asan/alloca_loop_unpoisoning.c -O1 execution test
FAIL: c-c++-common/asan/alloca_loop_unpoisoning.c -O2 -flto -fuse-linker-plugin -fno-fat-lto-objects execution test
FAIL: c-c++-common/asan/alloca_overflow_partial.c -O1 output pattern test, is ==92120==AddressSanitizer CHECK failed: gcc/libsanitizer/asan/asan_poisoning.cc:34 "((AddrIsAlignedByGranularity(addr))) != (0)" (0x0, 0x0)
FAIL: c-c++-common/asan/alloca_overflow_partial.c -O2 output pattern test, is ==92390==AddressSanitizer CHECK failed: gcc/libsanitizer/asan/asan_poisoning.cc:34 "((AddrIsAlignedByGranularity(addr))) != (0)" (0x0, 0x0)
FAIL: c-c++-common/asan/alloca_overflow_partial.c -O2 -flto -fno-use-linker-plugin -flto-partition=none output pattern test, is ==92950==AddressSanitizer CHECK failed: gcc/libsanitizer/asan/asan_poisoning.cc:34 "((AddrIsAlignedByGranularity(addr))) != (0)" (0x0, 0x0)
FAIL: c-c++-common/asan/alloca_overflow_partial.c -O2 -flto -fuse-linker-plugin -fno-fat-lto-objects output pattern test, is ==93162==AddressSanitizer CHECK failed: gcc/libsanitizer/asan/asan_poisoning.cc:34 "((AddrIsAlignedByGranularity(addr))) != (0)" (0x0, 0x0)
FAIL: c-c++-common/asan/alloca_overflow_partial.c -O3 -g output pattern test, is ==92602==AddressSanitizer CHECK failed: gcc/libsanitizer/asan/asan_poisoning.cc:34 "((AddrIsAlignedByGranularity(addr))) != (0)" (0x0, 0x0)
FAIL: c-c++-common/asan/alloca_overflow_right.c -O1 output pattern test, is ==93476==AddressSanitizer CHECK failed: gcc/libsanitizer/asan/asan_poisoning.cc:34 "((AddrIsAlignedByGranularity(addr))) != (0)" (0x0, 0x0)
FAIL: c-c++-common/asan/alloca_overflow_right.c -O2 output pattern test, is ==93711==AddressSanitizer CHECK failed: gcc/libsanitizer/asan/asan_poisoning.cc:34 "((AddrIsAlignedByGranularity(addr))) != (0)" (0x0, 0x0)
FAIL: c-c++-common/asan/alloca_overflow_right.c -O2 -flto -fno-use-linker-plugin -flto-partition=none output pattern test, is ==94420==AddressSanitizer CHECK failed: gcc/libsanitizer/asan/asan_poisoning.cc:34 "((AddrIsAlignedByGranularity(addr))) != (0)" (0x0, 0x0)
FAIL: c-c++-common/asan/alloca_overflow_right.c -O2 -flto -fuse-linker-plugin -fno-fat-lto-objects output pattern test, is ==94605==AddressSanitizer CHECK failed: gcc/libsanitizer/asan/asan_poisoning.cc:34 "((AddrIsAlignedByGranularity(addr))) != (0)" (0x0, 0x0)
FAIL: c-c++-common/asan/alloca_overflow_right.c -O3 -g output pattern test, is ==93865==AddressSanitizer CHECK failed: gcc/libsanitizer/asan/asan_poisoning.cc:34 "((AddrIsAlignedByGranularity(addr))) != (0)" (0x0, 0x0)
FAIL: c-c++-common/asan/alloca_underflow_left.c -O1 output pattern test, is ==96480==AddressSanitizer CHECK failed: gcc/libsanitizer/asan/asan_poisoning.cc:34 "((AddrIsAlignedByGranularity(addr))) != (0)" (0x0, 0x0)
FAIL: c-c++-common/asan/alloca_underflow_left.c -O2 output pattern test, is ==96755==AddressSanitizer CHECK failed: gcc/libsanitizer/asan/asan_poisoning.cc:34 "((AddrIsAlignedByGranularity(addr))) != (0)" (0x0, 0x0)
FAIL: c-c++-common/asan/alloca_underflow_left.c -O2 -flto -fno-use-linker-plugin -flto-partition=none output pattern test, is ==97947==AddressSanitizer CHECK failed: gcc/libsanitizer/asan/asan_poisoning.cc:34 "((AddrIsAlignedByGranularity(addr))) != (0)" (0x0, 0x0)
FAIL: c-c++-common/asan/alloca_underflow_left.c -O2 -flto -fuse-linker-plugin -fno-fat-lto-objects output pattern test, is ==98498==AddressSanitizer CHECK failed: gcc/libsanitizer/asan/asan_poisoning.cc:34 "((AddrIsAlignedByGranularity(addr))) != (0)" (0x0, 0x0)
FAIL: c-c++-common/asan/alloca_underflow_left.c -O3 -g output pattern test, is ==97020==AddressSanitizer CHECK failed: gcc/libsanitizer/asan/asan_poisoning.cc:34 "((AddrIsAlignedByGranularity(addr))) != (0)" (0x0, 0x0)
FAIL: c-c++-common/asan/clone-test-1.c -O1 execution test
FAIL: c-c++-common/asan/clone-test-1.c -O2 execution test
FAIL: c-c++-common/asan/clone-test-1.c -O2 -flto -fno-use-linker-plugin -flto-partition=none execution test
FAIL: c-c++-common/asan/clone-test-1.c -O2 -flto -fuse-linker-plugin -fno-fat-lto-objects execution test
FAIL: c-c++-common/asan/clone-test-1.c -O3 -fomit-frame-pointer -funroll-loops -fpeel-loops -ftracer -finline-functions execution test
FAIL: c-c++-common/asan/clone-test-1.c -O3 -g execution test
FAIL: c-c++-common/asan/clone-test-1.c -Os execution test
FAIL: c-c++-common/asan/global-overflow-1.c -O2 output pattern test, is ==111205==AddressSanitizer CHECK failed: gcc/libsanitizer/asan/asan_poisoning.cc:34 "((AddrIsAlignedByGranularity(addr))) != (0)" (0x0, 0x0)
FAIL: c-c++-common/asan/global-overflow-1.c -O2 -flto -fno-use-linker-plugin -flto-partition=none output pattern test, is ==112207==AddressSanitizer CHECK failed: gcc/libsanitizer/asan/asan_poisoning.cc:34 "((AddrIsAlignedByGranularity(addr))) != (0)" (0x0, 0x0)
FAIL: c-c++-common/asan/global-overflow-1.c -O3 -g output pattern test, is ==111458==AddressSanitizer CHECK failed: gcc/libsanitizer/asan/asan_poisoning.cc:34 "((AddrIsAlignedByGranularity(addr))) != (0)" (0x0, 0x0)
FAIL: c-c++-common/asan/global-overflow-1.c -Os output pattern test, is ==111699==AddressSanitizer CHECK failed: gcc/libsanitizer/asan/asan_poisoning.cc:34 "((AddrIsAlignedByGranularity(addr))) != (0)" (0x0, 0x0)
FAIL: c-c++-common/asan/halt_on_error-1.c -O0 execution test
FAIL: c-c++-common/asan/halt_on_error-1.c -O2 execution test
FAIL: c-c++-common/asan/halt_on_error-1.c -O2 -flto -fno-use-linker-plugin -flto-partition=none execution test
FAIL: c-c++-common/asan/halt_on_error-1.c -O2 -flto -fuse-linker-plugin -fno-fat-lto-objects execution test
FAIL: c-c++-common/asan/halt_on_error-1.c -O3 -g execution test
FAIL: c-c++-common/asan/halt_on_error-1.c -Os execution test
FAIL: c-c++-common/asan/halt_on_error-2.c -O0 output pattern test, is ==96932==AddressSanitizer CHECK failed: gcc/libsanitizer/asan/asan_poisoning.cc:34 "((AddrIsAlignedByGranularity(addr))) != (0)" (0x0, 0x0)
FAIL: c-c++-common/asan/halt_on_error-2.c -O2 output pattern test, is ==97709==AddressSanitizer CHECK failed: gcc/libsanitizer/asan/asan_poisoning.cc:34 "((AddrIsAlignedByGranularity(addr))) != (0)" (0x0, 0x0)
FAIL: c-c++-common/asan/halt_on_error-2.c -O2 -flto -fno-use-linker-plugin -flto-partition=none output pattern test, is ==98695==AddressSanitizer CHECK failed: gcc/libsanitizer/asan/asan_poisoning.cc:34 "((AddrIsAlignedByGranularity(addr))) != (0)" (0x0, 0x0)
FAIL: c-c++-common/asan/halt_on_error-2.c -O2 -flto -fuse-linker-plugin -fno-fat-lto-objects output pattern test, is ==99011==AddressSanitizer CHECK failed: gcc/libsanitizer/asan/asan_poisoning.cc:34 "((AddrIsAlignedByGranularity(addr))) != (0)" (0x0, 0x0)
FAIL: c-c++-common/asan/halt_on_error-2.c -O3 -g output pattern test, is ==97928==AddressSanitizer CHECK failed: gcc/libsanitizer/asan/asan_poisoning.cc:34 "((AddrIsAlignedByGranularity(addr))) != (0)" (0x0, 0x0)
FAIL: c-c++-common/asan/halt_on_error-2.c -Os output pattern test, is ==98398==AddressSanitizer CHECK failed: gcc/libsanitizer/asan/asan_poisoning.cc:34 "((AddrIsAlignedByGranularity(addr))) != (0)" (0x0, 0x0)
FAIL: c-c++-common/asan/heap-overflow-1.c -O0 output pattern test, is ==99173==AddressSanitizer CHECK failed: gcc/libsanitizer/asan/asan_poisoning.cc:34 "((AddrIsAlignedByGranularity(addr))) != (0)" (0x0, 0x0)
FAIL: c-c++-common/asan/heap-overflow-1.c -O1 output pattern test, is =================================================================
FAIL: c-c++-common/asan/heap-overflow-1.c -O2 output pattern test, is ==99467==AddressSanitizer CHECK failed: gcc/libsanitizer/asan/asan_poisoning.cc:34 "((AddrIsAlignedByGranularity(addr))) != (0)" (0x0, 0x0)
FAIL: c-c++-common/asan/heap-overflow-1.c -O2 -flto -fno-use-linker-plugin -flto-partition=none output pattern test, is ==101329==AddressSanitizer CHECK failed: gcc/libsanitizer/asan/asan_poisoning.cc:34 "((AddrIsAlignedByGranularity(addr))) != (0)" (0x0, 0x0)
FAIL: c-c++-common/asan/heap-overflow-1.c -O2 -flto -fuse-linker-plugin -fno-fat-lto-objects output pattern test, is ==102265==AddressSanitizer CHECK failed: gcc/libsanitizer/asan/asan_poisoning.cc:34 "((AddrIsAlignedByGranularity(addr))) != (0)" (0x0, 0x0)
FAIL: c-c++-common/asan/heap-overflow-1.c -O3 -g output pattern test, is ==99660==AddressSanitizer CHECK failed: gcc/libsanitizer/asan/asan_poisoning.cc:34 "((AddrIsAlignedByGranularity(addr))) != (0)" (0x0, 0x0)
FAIL: c-c++-common/asan/heap-overflow-1.c -Os output pattern test, is =================================================================
FAIL: c-c++-common/asan/memcmp-1.c -O0 output pattern test, is ==100861==AddressSanitizer CHECK failed: gcc/libsanitizer/asan/asan_poisoning.cc:34 "((AddrIsAlignedByGranularity(addr))) != (0)" (0x0, 0x0)
FAIL: c-c++-common/asan/memcmp-1.c -O1 output pattern test, is ==101206==AddressSanitizer CHECK failed: gcc/libsanitizer/asan/asan_poisoning.cc:34 "((AddrIsAlignedByGranularity(addr))) != (0)" (0x0, 0x0)
FAIL: c-c++-common/asan/memcmp-1.c -O2 output pattern test, is ==101579==AddressSanitizer CHECK failed: gcc/libsanitizer/asan/asan_poisoning.cc:34 "((AddrIsAlignedByGranularity(addr))) != (0)" (0x0, 0x0)
FAIL: c-c++-common/asan/memcmp-1.c -O2 -flto -fno-use-linker-plugin -flto-partition=none output pattern test, is ==104001==AddressSanitizer CHECK failed: gcc/libsanitizer/asan/asan_poisoning.cc:34 "((AddrIsAlignedByGranularity(addr))) != (0)" (0x0, 0x0)
FAIL: c-c++-common/asan/memcmp-1.c -O2 -flto -fuse-linker-plugin -fno-fat-lto-objects output pattern test, is ==104515==AddressSanitizer CHECK failed: gcc/libsanitizer/asan/asan_poisoning.cc:34 "((AddrIsAlignedByGranularity(addr))) != (0)" (0x0, 0x0)
FAIL: c-c++-common/asan/memcmp-1.c -O3 -g output pattern test, is ==102130==AddressSanitizer CHECK failed: gcc/libsanitizer/asan/asan_poisoning.cc:34 "((AddrIsAlignedByGranularity(addr))) != (0)" (0x0, 0x0)
FAIL: c-c++-common/asan/memcmp-1.c -Os output pattern test, is ==102698==AddressSanitizer CHECK failed: gcc/libsanitizer/asan/asan_poisoning.cc:34 "((AddrIsAlignedByGranularity(addr))) != (0)" (0x0, 0x0)
FAIL: c-c++-common/asan/pr62089.c -O1 output pattern test, is ==111238==AddressSanitizer CHECK failed: gcc/libsanitizer/asan/asan_poisoning.cc:34 "((AddrIsAlignedByGranularity(addr))) != (0)" (0x0, 0x0)
FAIL: c-c++-common/asan/pr62089.c -O2 output pattern test, is ==111497==AddressSanitizer CHECK failed: gcc/libsanitizer/asan/asan_poisoning.cc:34 "((AddrIsAlignedByGranularity(addr))) != (0)" (0x0, 0x0)
FAIL: c-c++-common/asan/pr62089.c -O2 -flto -fno-use-linker-plugin -flto-partition=none output pattern test, is ==112554==AddressSanitizer CHECK failed: gcc/libsanitizer/asan/asan_poisoning.cc:34 "((AddrIsAlignedByGranularity(addr))) != (0)" (0x0, 0x0)
FAIL: c-c++-common/asan/pr62089.c -O2 -flto -fuse-linker-plugin -fno-fat-lto-objects output pattern test, is ==113026==AddressSanitizer CHECK failed: gcc/libsanitizer/asan/asan_poisoning.cc:34 "((AddrIsAlignedByGranularity(addr))) != (0)" (0x0, 0x0)
FAIL: c-c++-common/asan/pr62089.c -O3 -g output pattern test, is ==111734==AddressSanitizer CHECK failed: gcc/libsanitizer/asan/asan_poisoning.cc:34 "((AddrIsAlignedByGranularity(addr))) != (0)" (0x0, 0x0)
FAIL: c-c++-common/asan/pr63888.c -Os execution test
FAIL: c-c++-common/asan/sanity-check-pure-c-1.c -O1 output pattern test, is =================================================================
FAIL: c-c++-common/asan/sanity-check-pure-c-1.c -O2 output pattern test, is =================================================================
FAIL: c-c++-common/asan/sanity-check-pure-c-1.c -O2 -flto -fno-use-linker-plugin -flto-partition=none output pattern test, is =================================================================
FAIL: c-c++-common/asan/sanity-check-pure-c-1.c -O2 -flto -fuse-linker-plugin -fno-fat-lto-objects output pattern test, is =================================================================
FAIL: c-c++-common/asan/sanity-check-pure-c-1.c -O3 -g output pattern test, is =================================================================
FAIL: c-c++-common/asan/sanity-check-pure-c-1.c -Os output pattern test, is =================================================================
FAIL: c-c++-common/asan/stack-overflow-1.c -O2 -flto -fuse-linker-plugin -fno-fat-lto-objects output pattern test, is ==128087==AddressSanitizer CHECK failed: gcc/libsanitizer/asan/asan_poisoning.cc:34 "((AddrIsAlignedByGranularity(addr))) != (0)" (0x0, 0x0)
FAIL: c-c++-common/asan/strlen-overflow-1.c -O1 output pattern test, is ==121608==AddressSanitizer CHECK failed: gcc/libsanitizer/asan/asan_poisoning.cc:34 "((AddrIsAlignedByGranularity(addr))) != (0)" (0x0, 0x0)
FAIL: c-c++-common/asan/strlen-overflow-1.c -O2 output pattern test, is ==121879==AddressSanitizer CHECK failed: gcc/libsanitizer/asan/asan_poisoning.cc:34 "((AddrIsAlignedByGranularity(addr))) != (0)" (0x0, 0x0)
FAIL: c-c++-common/asan/strlen-overflow-1.c -O3 -g output pattern test, is ==122174==AddressSanitizer CHECK failed: gcc/libsanitizer/asan/asan_poisoning.cc:34 "((AddrIsAlignedByGranularity(addr))) != (0)" (0x0, 0x0)
FAIL: c-c++-common/asan/strncpy-overflow-1.c -O1 output pattern test, is =================================================================
FAIL: c-c++-common/asan/strncpy-overflow-1.c -O2 output pattern test, is ==123436==AddressSanitizer CHECK failed: gcc/libsanitizer/asan/asan_poisoning.cc:34 "((AddrIsAlignedByGranularity(addr))) != (0)" (0x0, 0x0)
FAIL: c-c++-common/asan/strncpy-overflow-1.c -O2 -flto -fno-use-linker-plugin -flto-partition=none output pattern test, is =================================================================
FAIL: c-c++-common/asan/strncpy-overflow-1.c -O2 -flto -fuse-linker-plugin -fno-fat-lto-objects output pattern test, is =================================================================
FAIL: c-c++-common/asan/strncpy-overflow-1.c -O3 -g output pattern test, is ==123820==AddressSanitizer CHECK failed: gcc/libsanitizer/asan/asan_poisoning.cc:34 "((AddrIsAlignedByGranularity(addr))) != (0)" (0x0, 0x0)
FAIL: c-c++-common/asan/strncpy-overflow-1.c -Os output pattern test, is =================================================================
FAIL: c-c++-common/asan/swapcontext-test-1.c -O0 execution test
FAIL: c-c++-common/asan/swapcontext-test-1.c -O1 execution test
FAIL: c-c++-common/asan/swapcontext-test-1.c -O3 -fomit-frame-pointer -funroll-loops -fpeel-loops -ftracer -finline-functions execution test
FAIL: c-c++-common/asan/use-after-free-1.c -O1 output pattern test, is =================================================================
FAIL: c-c++-common/asan/use-after-free-1.c -O2 output pattern test, is =================================================================
FAIL: c-c++-common/asan/use-after-free-1.c -O2 -flto -fno-use-linker-plugin -flto-partition=none output pattern test, is =================================================================
FAIL: c-c++-common/asan/use-after-free-1.c -O2 -flto -fuse-linker-plugin -fno-fat-lto-objects output pattern test, is =================================================================
FAIL: c-c++-common/asan/use-after-free-1.c -O3 -g output pattern test, is =================================================================
FAIL: c-c++-common/asan/use-after-free-1.c -Os output pattern test, is =================================================================
FAIL: c-c++-common/asan/use-after-return-1.c -O1 output pattern test, is ==130256==AddressSanitizer CHECK failed: gcc/libsanitizer/asan/asan_poisoning.cc:34 "((AddrIsAlignedByGranularity(addr))) != (0)" (0x0, 0x0)
FAIL: c-c++-common/asan/use-after-return-1.c -O2 output pattern test, is ==130594==AddressSanitizer CHECK failed: gcc/libsanitizer/asan/asan_poisoning.cc:34 "((AddrIsAlignedByGranularity(addr))) != (0)" (0x0, 0x0)
FAIL: c-c++-common/asan/use-after-return-1.c -O3 -g output pattern test, is ==130845==AddressSanitizer CHECK failed: gcc/libsanitizer/asan/asan_poisoning.cc:34 "((AddrIsAlignedByGranularity(addr))) != (0)" (0x0, 0x0)
FAIL: g++.dg/asan/asan_test.C -O2 execution test
FAIL: g++.dg/asan/deep-stack-uaf-1.C -O0 output pattern test, is =================================================================
FAIL: g++.dg/asan/deep-stack-uaf-1.C -O1 output pattern test, is =================================================================
FAIL: g++.dg/asan/deep-stack-uaf-1.C -O2 output pattern test, is =================================================================
FAIL: g++.dg/asan/deep-stack-uaf-1.C -O3 -g output pattern test, is =================================================================
FAIL: g++.dg/asan/deep-stack-uaf-1.C -Os output pattern test, is =================================================================
FAIL: g++.dg/asan/deep-tail-call-1.C -O2 output pattern test, is ==129613==AddressSanitizer CHECK failed: gcc/libsanitizer/asan/asan_poisoning.cc:34 "((AddrIsAlignedByGranularity(addr))) != (0)" (0x0, 0x0)
FAIL: g++.dg/asan/deep-tail-call-1.C -O2 -flto -fno-use-linker-plugin -flto-partition=none output pattern test, is ==130705==AddressSanitizer CHECK failed: gcc/libsanitizer/asan/asan_poisoning.cc:34 "((AddrIsAlignedByGranularity(addr))) != (0)" (0x0, 0x0)
FAIL: g++.dg/asan/deep-tail-call-1.C -O3 -g output pattern test, is ==129848==AddressSanitizer CHECK failed: gcc/libsanitizer/asan/asan_poisoning.cc:34 "((AddrIsAlignedByGranularity(addr))) != (0)" (0x0, 0x0)
FAIL: g++.dg/asan/deep-tail-call-1.C -Os output pattern test, is ==130175==AddressSanitizer CHECK failed: gcc/libsanitizer/asan/asan_poisoning.cc:34 "((AddrIsAlignedByGranularity(addr))) != (0)" (0x0, 0x0)
FAIL: g++.dg/asan/deep-thread-stack-1.C -O0 output pattern test, is ==2346==AddressSanitizer CHECK failed: gcc/libsanitizer/asan/asan_poisoning.cc:34 "((AddrIsAlignedByGranularity(addr))) != (0)" (0x0, 0x0)
FAIL: g++.dg/asan/deep-thread-stack-1.C -O2 output pattern test, is ==2986==AddressSanitizer CHECK failed: gcc/libsanitizer/asan/asan_poisoning.cc:34 "((AddrIsAlignedByGranularity(addr))) != (0)" (0x0, 0x0)
FAIL: g++.dg/asan/deep-thread-stack-1.C -O2 -flto -fno-use-linker-plugin -flto-partition=none output pattern test, is ==4012==AddressSanitizer CHECK failed: gcc/libsanitizer/asan/asan_poisoning.cc:34 "((AddrIsAlignedByGranularity(addr))) != (0)" (0x0, 0x0)
FAIL: g++.dg/asan/deep-thread-stack-1.C -O2 -flto -fuse-linker-plugin -fno-fat-lto-objects output pattern test, is ==4449==AddressSanitizer CHECK failed: gcc/libsanitizer/asan/asan_poisoning.cc:34 "((AddrIsAlignedByGranularity(addr))) != (0)" (0x0, 0x0)
FAIL: g++.dg/asan/deep-thread-stack-1.C -O3 -g output pattern test, is ==3244==AddressSanitizer CHECK failed: gcc/libsanitizer/asan/asan_poisoning.cc:34 "((AddrIsAlignedByGranularity(addr))) != (0)" (0x0, 0x0)
FAIL: g++.dg/asan/deep-thread-stack-1.C -Os output pattern test, is ==3542==AddressSanitizer CHECK failed: gcc/libsanitizer/asan/asan_poisoning.cc:34 "((AddrIsAlignedByGranularity(addr))) != (0)" (0x0, 0x0)
FAIL: g++.dg/asan/default-options-1.C -O2 execution test
FAIL: g++.dg/asan/default-options-1.C -O2 -flto -fno-use-linker-plugin -flto-partition=none execution test
FAIL: g++.dg/asan/default-options-1.C -O3 -g execution test
FAIL: g++.dg/asan/default-options-1.C -Os execution test
FAIL: g++.dg/asan/interception-failure-test-1.C -O0 execution test
FAIL: g++.dg/asan/interception-failure-test-1.C -O1 execution test
FAIL: g++.dg/asan/interception-failure-test-1.C -O2 execution test
FAIL: g++.dg/asan/interception-failure-test-1.C -O2 -flto -fno-use-linker-plugin -flto-partition=none execution test
FAIL: g++.dg/asan/interception-failure-test-1.C -O2 -flto -fuse-linker-plugin -fno-fat-lto-objects execution test
FAIL: g++.dg/asan/interception-failure-test-1.C -O3 -g execution test
FAIL: g++.dg/asan/interception-malloc-test-1.C -O0 output pattern test, is malloc call
FAIL: g++.dg/asan/interception-malloc-test-1.C -O1 output pattern test, is malloc call
FAIL: g++.dg/asan/interception-malloc-test-1.C -O2 output pattern test, is malloc call
FAIL: g++.dg/asan/interception-malloc-test-1.C -O3 -g output pattern test, is malloc call
FAIL: g++.dg/asan/interception-malloc-test-1.C -Os output pattern test, is malloc call
FAIL: g++.dg/asan/interception-test-1.C -O1 output pattern test, is ==17995==AddressSanitizer CHECK failed: gcc/libsanitizer/asan/asan_poisoning.cc:34 "((AddrIsAlignedByGranularity(addr))) != (0)" (0x0, 0x0)
FAIL: g++.dg/asan/interception-test-1.C -Os output pattern test, is ==18568==AddressSanitizer CHECK failed: gcc/libsanitizer/asan/asan_poisoning.cc:34 "((AddrIsAlignedByGranularity(addr))) != (0)" (0x0, 0x0)
FAIL: g++.dg/asan/large-func-test-1.C -O0 output pattern test, is ==128442==AddressSanitizer CHECK failed: gcc/libsanitizer/asan/asan_poisoning.cc:34 "((AddrIsAlignedByGranularity(addr))) != (0)" (0x0, 0x0)
FAIL: g++.dg/asan/large-func-test-1.C -O2 output pattern test, is ==128967==AddressSanitizer CHECK failed: gcc/libsanitizer/asan/asan_poisoning.cc:34 "((AddrIsAlignedByGranularity(addr))) != (0)" (0x0, 0x0)
FAIL: g++.dg/asan/large-func-test-1.C -O2 -flto -fno-use-linker-plugin -flto-partition=none output pattern test, is ==130169==AddressSanitizer CHECK failed: gcc/libsanitizer/asan/asan_poisoning.cc:34 "((AddrIsAlignedByGranularity(addr))) != (0)" (0x0, 0x0)
FAIL: g++.dg/asan/large-func-test-1.C -O2 -flto -fuse-linker-plugin -fno-fat-lto-objects output pattern test, is ==130591==AddressSanitizer CHECK failed: gcc/libsanitizer/asan/asan_poisoning.cc:34 "((AddrIsAlignedByGranularity(addr))) != (0)" (0x0, 0x0)
FAIL: g++.dg/asan/large-func-test-1.C -O3 -g output pattern test, is ==129257==AddressSanitizer CHECK failed: gcc/libsanitizer/asan/asan_poisoning.cc:34 "((AddrIsAlignedByGranularity(addr))) != (0)" (0x0, 0x0)
FAIL: g++.dg/asan/large-func-test-1.C -Os output pattern test, is ==129526==AddressSanitizer CHECK failed: gcc/libsanitizer/asan/asan_poisoning.cc:34 "((AddrIsAlignedByGranularity(addr))) != (0)" (0x0, 0x0)
FAIL: g++.dg/asan/pr55617.C -O0 execution test
FAIL: g++.dg/asan/pr55617.C -O1 execution test
FAIL: g++.dg/asan/pr55617.C -O2 -flto -fno-use-linker-plugin -flto-partition=none execution test
FAIL: g++.dg/asan/pr69276.C -O0 output pattern test, is ==6054==AddressSanitizer CHECK failed: gcc/libsanitizer/asan/asan_poisoning.cc:34 "((AddrIsAlignedByGranularity(addr))) != (0)" (0x0, 0x0)
FAIL: g++.dg/asan/pr77396-2.C -O0 execution test
FAIL: g++.dg/asan/pr77396-2.C -O2 -flto -fno-use-linker-plugin -flto-partition=none execution test
FAIL: g++.dg/asan/pr77396-2.C -O2 -flto -fuse-linker-plugin -fno-fat-lto-objects execution test
FAIL: g++.dg/asan/pr77396.C -O0 execution test
FAIL: g++.dg/asan/pr81021.C -O0 execution test
FAIL: g++.dg/asan/pr81021.C -O1 execution test
FAIL: g++.dg/asan/pr81021.C -O2 execution test
FAIL: g++.dg/asan/pr81021.C -O3 -g execution test
FAIL: g++.dg/asan/pr81021.C -Os execution test
FAIL: g++.dg/asan/use-after-scope-1.C -O0 output pattern test, is ==18670==AddressSanitizer CHECK failed: gcc/libsanitizer/asan/asan_poisoning.cc:34 "((AddrIsAlignedByGranularity(addr))) != (0)" (0x0, 0x0)
FAIL: g++.dg/asan/use-after-scope-1.C -O2 output pattern test, is ==19761==AddressSanitizer CHECK failed: gcc/libsanitizer/asan/asan_poisoning.cc:34 "((AddrIsAlignedByGranularity(addr))) != (0)" (0x0, 0x0)
FAIL: g++.dg/asan/use-after-scope-1.C -O2 -flto -fno-use-linker-plugin -flto-partition=none output pattern test, is ==21859==AddressSanitizer CHECK failed: gcc/libsanitizer/asan/asan_poisoning.cc:34 "((AddrIsAlignedByGranularity(addr))) != (0)" (0x0, 0x0)
FAIL: g++.dg/asan/use-after-scope-1.C -O2 -flto -fuse-linker-plugin -fno-fat-lto-objects output pattern test, is ==22477==AddressSanitizer CHECK failed: gcc/libsanitizer/asan/asan_poisoning.cc:34 "((AddrIsAlignedByGranularity(addr))) != (0)" (0x0, 0x0)
FAIL: g++.dg/asan/use-after-scope-1.C -O3 -g output pattern test, is ==20335==AddressSanitizer CHECK failed: gcc/libsanitizer/asan/asan_poisoning.cc:34 "((AddrIsAlignedByGranularity(addr))) != (0)" (0x0, 0x0)
FAIL: g++.dg/asan/use-after-scope-1.C -Os output pattern test, is ==20878==AddressSanitizer CHECK failed: gcc/libsanitizer/asan/asan_poisoning.cc:34 "((AddrIsAlignedByGranularity(addr))) != (0)" (0x0, 0x0)
FAIL: g++.dg/asan/use-after-scope-2.C -O0 output pattern test, is ==22734==AddressSanitizer CHECK failed: gcc/libsanitizer/asan/asan_poisoning.cc:34 "((AddrIsAlignedByGranularity(addr))) != (0)" (0x0, 0x0)
FAIL: g++.dg/asan/use-after-scope-2.C -O1 output pattern test, is ==22941==AddressSanitizer CHECK failed: gcc/libsanitizer/asan/asan_poisoning.cc:34 "((AddrIsAlignedByGranularity(addr))) != (0)" (0x0, 0x0)
FAIL: g++.dg/asan/use-after-scope-2.C -O2 output pattern test, is ==23127==AddressSanitizer CHECK failed: gcc/libsanitizer/asan/asan_poisoning.cc:34 "((AddrIsAlignedByGranularity(addr))) != (0)" (0x0, 0x0)
FAIL: g++.dg/asan/use-after-scope-2.C -O3 -g output pattern test, is ==23443==AddressSanitizer CHECK failed: gcc/libsanitizer/asan/asan_poisoning.cc:34 "((AddrIsAlignedByGranularity(addr))) != (0)" (0x0, 0x0)
FAIL: g++.dg/asan/use-after-scope-3.C -O2 -flto -fuse-linker-plugin -fno-fat-lto-objects output pattern test, is ==25862==AddressSanitizer CHECK failed: gcc/libsanitizer/asan/asan_poisoning.cc:34 "((AddrIsAlignedByGranularity(addr))) != (0)" (0x0, 0x0)
FAIL: g++.dg/asan/use-after-scope-3.C -Os output pattern test, is ==25255==AddressSanitizer CHECK failed: gcc/libsanitizer/asan/asan_poisoning.cc:34 "((AddrIsAlignedByGranularity(addr))) != (0)" (0x0, 0x0)
FAIL: g++.dg/asan/use-after-scope-types-1.C -O0 output pattern test, is ==28096==AddressSanitizer CHECK failed: gcc/libsanitizer/asan/asan_poisoning.cc:34 "((AddrIsAlignedByGranularity(addr))) != (0)" (0x0, 0x0)
FAIL: g++.dg/asan/use-after-scope-types-4.C -O0 output pattern test, is ==18416==AddressSanitizer CHECK failed: gcc/libsanitizer/asan/asan_poisoning.cc:34 "((AddrIsAlignedByGranularity(addr))) != (0)" (0x0, 0x0)
FAIL: g++.dg/asan/use-after-scope-types-5.C -O0 output pattern test, is ==24330==AddressSanitizer CHECK failed: gcc/libsanitizer/asan/asan_poisoning.cc:34 "((AddrIsAlignedByGranularity(addr))) != (0)" (0x0, 0x0)
FAIL: g++.dg/template/nontype10.C -std=c++11 (test for excess errors)
FAIL: g++.dg/template/nontype10.C -std=c++14 (test for excess errors)
FAIL: g++.dg/template/nontype10.C -std=c++98 (test for excess errors)
FAIL: g++.dg/tls/thread_local-order2.C -std=c++11 execution test
FAIL: g++.dg/tls/thread_local-order2.C -std=c++14 execution test
FAIL: c-c++-common/ubsan/ptr-overflow-sanitization-1.c -O0 scan-tree-dump-times optimized "__ubsan_handle_pointer_overflow" 17 (found 14 times)
FAIL: c-c++-common/ubsan/ptr-overflow-sanitization-1.c -O1 scan-tree-dump-times optimized "__ubsan_handle_pointer_overflow" 17 (found 14 times)
FAIL: c-c++-common/ubsan/ptr-overflow-sanitization-1.c -O2 scan-tree-dump-times optimized "__ubsan_handle_pointer_overflow" 17 (found 14 times)
FAIL: c-c++-common/ubsan/ptr-overflow-sanitization-1.c -O3 -g scan-tree-dump-times optimized "__ubsan_handle_pointer_overflow" 17 (found 14 times)
FAIL: c-c++-common/ubsan/ptr-overflow-sanitization-1.c -Os scan-tree-dump-times optimized "__ubsan_handle_pointer_overflow" 17 (found 14 times)
=== g++ Summary for unix/-m32 ===
# of expected passes 20357
# of expected failures 61
# of unsupported tests 86
Running target unix/-m64
FAIL: c-c++-common/asan/swapcontext-test-1.c -O0 execution test
FAIL: c-c++-common/asan/swapcontext-test-1.c -O1 execution test
FAIL: c-c++-common/asan/swapcontext-test-1.c -O2 execution test
FAIL: c-c++-common/asan/swapcontext-test-1.c -O2 -flto -fno-use-linker-plugin -flto-partition=none execution test
FAIL: c-c++-common/asan/swapcontext-test-1.c -O2 -flto -fuse-linker-plugin -fno-fat-lto-objects execution test
FAIL: c-c++-common/asan/swapcontext-test-1.c -O3 -fomit-frame-pointer -funroll-loops -fpeel-loops -ftracer -finline-functions execution test
FAIL: c-c++-common/asan/swapcontext-test-1.c -O3 -g execution test
FAIL: c-c++-common/asan/swapcontext-test-1.c -Os execution test
FAIL: g++.dg/asan/asan_test.C -O2 AddressSanitizer_PthreadExitTest execution test
FAIL: g++.dg/asan/asan_test.C -O2 AddressSanitizer_ThreadStackReuseTest execution test
FAIL: g++.dg/tls/thread_local-order2.C -std=c++11 execution test
FAIL: g++.dg/tls/thread_local-order2.C -std=c++14 execution test
=== g++ Summary for unix/-m64 ===
# of expected passes 20264
# of expected failures 61
# of unsupported tests 89
=== g++ Summary ===
# of expected passes 40621
# of expected failures 122
# of unsupported tests 175
/home/gccbuild/build/nightly/build-gcc-trunk/gcc/testsuite/g++/../../xg++ version 8.0.0 20171026 (experimental) [trunk revision 254106] (GCC)
=== go tests ===
Running target unix/-m32
FAIL: ./index0-out.go execution, -O0 -g -fno-var-tracking-assignments
FAIL: go.test/test/ken/cplx2.go execution, -O2 -g
=== go Summary for unix/-m32 ===
# of expected passes 6874
# of unexpected failures 2
# of expected failures 1
# of untested testcases 11
# of unsupported tests 3
Running target unix/-m64
FAIL: ./index0-out.go execution, -O0 -g -fno-var-tracking-assignments
FAIL: go.test/test/ken/cplx2.go execution, -O2 -g
=== go Summary for unix/-m64 ===
# of expected passes 6754
# of unexpected failures 2
# of expected failures 1
# of untested testcases 11
# of unsupported tests 3
=== go Summary ===
# of expected passes 13628
# of unexpected failures 4
# of expected failures 2
# of untested testcases 22
# of unsupported tests 6
/home/gccbuild/build/nightly/build-gcc-trunk/gcc/testsuite/go/../../gccgo version 8.0.0 20171026 (experimental) [trunk revision 254106] (GCC)
=== obj-c++ tests ===
Running target unix/-m32
=== obj-c++ Summary for unix/-m32 ===
# of expected passes 56
Running target unix/-m64
=== obj-c++ Summary for unix/-m64 ===
# of expected passes 56
=== obj-c++ Summary ===
# of expected passes 2920
# of expected failures 12
# of unsupported tests 154
/home/gccbuild/build/nightly/build-gcc-trunk/gcc/testsuite/obj-c++/../../xg++ version 8.0.0 20171026 (experimental) [trunk revision 254106] (GCC)
=== objc tests ===
Running target unix/-m32
=== objc Summary for unix/-m32 ===
# of expected passes 56
Running target unix/-m64
=== objc Summary for unix/-m64 ===
# of expected passes 56
=== objc Summary ===
# of expected passes 112
/home/gccbuild/build/nightly/build-gcc-trunk/gcc/xgcc version 8.0.0 20171026 (experimental) [trunk revision 254106] (GCC)
=== gotools tests ===
FAIL: go test runtime
FAIL: TestCrashHandler
=== gotools Summary ===
# of expected passes 274
# of unexpected failures 2
# of untested testcases 112
/home/gccbuild/build/nightly/build-gcc-trunk/./gcc/gccgo version 8.0.0 20171026 (experimental) [trunk revision 254106] (GCC)
=== libatomic tests ===
Running target unix/-m32
=== libatomic Summary for unix/-m32 ===
# of expected passes 44
# of unsupported tests 5
Running target unix/-m64
=== libatomic Summary for unix/-m64 ===
# of expected passes 54
=== libatomic Summary ===
# of expected passes 98
# of unsupported tests 5
=== libffi tests ===
Running target unix/-m32
=== libffi Summary for unix/-m32 ===
# of expected passes 24
Running target unix/-m64
=== libffi Summary for unix/-m64 ===
# of expected passes 24
=== libffi Summary ===
# of expected passes 3868
# of unsupported tests 56
=== libgo tests ===
Running target unix
FAIL: net
FAIL: os
FAIL: runtime
FAIL: internal/trace
FAIL: net/http
FAIL: os/exec
FAIL: runtime/pprof
=== libgo Summary for unix ===
# of expected passes 148
# of unexpected failures 7
Running target unix/-m32
FAIL: io
FAIL: os
FAIL: runtime
FAIL: internal/trace
FAIL: net/http
FAIL: os/exec
FAIL: runtime/internal/atomic
FAIL: runtime/pprof
FAIL: sync/atomic
=== libgo Summary for unix/-m32 ===
# of expected passes 146
# of unexpected failures 9
=== libgo Summary ===
# of expected passes 294
# of unexpected failures 16
/home/gccbuild/build/nightly/build-gcc-trunk/./gcc/gccgo version 8.0.0 20171026 (experimental) [trunk revision 254106] (GCC)
=== libgomp tests ===
Running target unix/-m32
FAIL: libgomp.oacc-c/../libgomp.oacc-c-c++-common/atomic_update-1.c -DACC_DEVICE_TYPE_host=1 -DACC_MEM_SHARED=1 -O2 execution test
FAIL: libgomp.oacc-c++/../libgomp.oacc-c-c++-common/atomic_update-1.c -DACC_DEVICE_TYPE_host=1 -DACC_MEM_SHARED=1 -O2 execution test
=== libgomp Summary for unix/-m32 ===
# of expected passes 895
# of unsupported tests 32
Running target unix/-m64
=== libgomp Summary for unix/-m64 ===
# of expected passes 895
# of unsupported tests 32
=== libgomp Summary ===
# of expected passes 10324
# of unexpected failures 2
# of unsupported tests 704
=== libitm tests ===
Running target unix/-m32
=== libitm Summary for unix/-m32 ===
# of expected passes 16
# of expected failures 1
# of unsupported tests 1
Running target unix/-m64
=== libitm Summary for unix/-m64 ===
# of expected passes 16
# of expected failures 1
# of unsupported tests 1
=== libitm Summary ===
# of expected passes 84
# of expected failures 6
# of unsupported tests 2
=== libstdc++ tests ===
Running target unix/-m32
=== libstdc++ Summary for unix/-m32 ===
# of unsupported tests 1
Running target unix/-m64
=== libstdc++ Summary for unix/-m64 ===
# of unsupported tests 1
=== libstdc++ Summary ===
# of unsupported tests 2
Compiler version: 8.0.0 20171026 (experimental) [trunk revision 254106] (GCC)
Platform: powerpc64-unknown-linux-gnu
configure flags: --prefix=/opt/gcc-nightly/trunk --with-as=/home/gccbuild/binutils/install/binutils-2.26/bin/as --with-ld=/home/gccbuild/binutils/install/binutils-2.26/bin/ld --enable-languages=c,c++,fortran,objc,obj-c++,go --with-cpu=power7
fail WARNING: Could not generate test framework tests
fail WARNING: Could not generate test framework tests
fail WARNING: Could not generate test framework tests
fail WARNING: Could not generate test framework tests
fail WARNING: Could not generate test framework tests
fail WARNING: Could not generate test framework tests
fail WARNING: Could not generate test framework tests
fail WARNING: Could not generate test framework tests
fail WARNING: Could not generate test framework tests
fail WARNING: Could not generate test framework tests
fail WARNING: Could not generate test framework tests
fail WARNING: Could not generate test framework tests
fail WARNING: Could not generate test framework tests
fail WARNING: Could not generate test framework tests
fail WARNING: Could not generate test framework tests
fail XPASS: gcc.test-framework/dg-bogus-exp-XF.c (test for excess errors)
fail FAIL: gcc.test-framework/dg-do-assemble-exp-P.c (test for excess errors) (PRMS 42)
fail FAIL: gcc.test-framework/dg-do-compile-exp-P.c (test for excess errors) (PRMS 42)
fail FAIL: gcc.test-framework/dg-do-link-exp-P.c (test for excess errors) (PRMS 42)
fail FAIL: gcc.test-framework/dg-do-run-exp-P.c (test for excess errors) (PRMS 42)
fail FAIL: gcc.test-framework/dg-dot-run-exp-P.c (test for excess errors) (PRMS 42)
fail FAIL: gcc.test-framework/dg-dox-run-exp-XF.c (test for excess errors) (PRMS 42)
fail FAIL: gcc.test-framework/dg-output-exp-P.c (test for excess errors) (PRMS 42)
fail FAIL: gcc.test-framework/dg-output-exp-XF.c (test for excess errors) (PRMS 42)
fail FAIL: gcc.test-framework/dg-warning-exp-P.c warning test (test for warnings, line 9) (PRMS 42)
=== Test Framework Summary ===
# of expected passes 68
# of unexpected failures 25