This is the mail archive of the
gcc-testresults@gcc.gnu.org
mailing list for the GCC project.
Results for 8.0.0 20171023 (experimental) [trunk revision 254019] (GCC) testsuite on powerpc64-unknown-linux-gnu
- From: "Bill Seurer (POWER6)" <seurer at linux dot vnet dot ibm dot com>
- To: gcc-testresults at gcc dot gnu dot org
- Date: Mon, 23 Oct 2017 17:55:12 -0500
- Subject: Results for 8.0.0 20171023 (experimental) [trunk revision 254019] (GCC) testsuite on powerpc64-unknown-linux-gnu
- Authentication-results: sourceware.org; auth=none
Linux 2.6.32-696.10.1.el6.ppc64 ppc64
GNU C Library stable release version 2.12
GNU ld (GNU Binutils) 2.26.20160125
GNU assembler (GNU Binutils) 2.26.20160125
GNU Make 3.81
DejaGnu:
Expect version is 5.44.1.15
Tcl version is 8.5
Framework version is 1.4.4
64-bit
LAST_UPDATED: Mon Oct 23 18:07:43 UTC 2017 (revision 254019)
Native configuration is powerpc64-unknown-linux-gnu
=== gcc tests ===
Running target unix/-m32
FAIL: c-c++-common/asan/alloca_big_alignment.c -O0 output pattern test, is ==29892==AddressSanitizer CHECK failed: gcc/libsanitizer/asan/asan_poisoning.cc:34 "((AddrIsAlignedByGranularity(addr))) != (0)" (0x0, 0x0)
FAIL: c-c++-common/asan/alloca_big_alignment.c -O2 -flto -fuse-linker-plugin -fno-fat-lto-objects output pattern test, is ==36931==AddressSanitizer CHECK failed: gcc/libsanitizer/asan/asan_poisoning.cc:34 "((AddrIsAlignedByGranularity(addr))) != (0)" (0x0, 0x0)
FAIL: c-c++-common/asan/alloca_big_alignment.c -Os output pattern test, is ==32714==AddressSanitizer CHECK failed: gcc/libsanitizer/asan/asan_poisoning.cc:34 "((AddrIsAlignedByGranularity(addr))) != (0)" (0x0, 0x0)
FAIL: c-c++-common/asan/alloca_detect_custom_size.c -O0 output pattern test, is ==37767==AddressSanitizer CHECK failed: gcc/libsanitizer/asan/asan_poisoning.cc:34 "((AddrIsAlignedByGranularity(addr))) != (0)" (0x0, 0x0)
FAIL: c-c++-common/asan/alloca_detect_custom_size.c -O2 -flto -fuse-linker-plugin -fno-fat-lto-objects output pattern test, is ==44815==AddressSanitizer CHECK failed: gcc/libsanitizer/asan/asan_poisoning.cc:34 "((AddrIsAlignedByGranularity(addr))) != (0)" (0x0, 0x0)
FAIL: c-c++-common/asan/alloca_detect_custom_size.c -Os output pattern test, is ==40897==AddressSanitizer CHECK failed: gcc/libsanitizer/asan/asan_poisoning.cc:34 "((AddrIsAlignedByGranularity(addr))) != (0)" (0x0, 0x0)
FAIL: c-c++-common/asan/alloca_instruments_all_paddings.c -Os execution test
FAIL: c-c++-common/asan/alloca_loop_unpoisoning.c -O0 execution test
FAIL: c-c++-common/asan/alloca_loop_unpoisoning.c -O1 execution test
FAIL: c-c++-common/asan/alloca_loop_unpoisoning.c -O2 execution test
FAIL: c-c++-common/asan/alloca_loop_unpoisoning.c -O2 -flto -fno-use-linker-plugin -flto-partition=none execution test
FAIL: c-c++-common/asan/alloca_loop_unpoisoning.c -O2 -flto -fuse-linker-plugin -fno-fat-lto-objects execution test
FAIL: c-c++-common/asan/alloca_loop_unpoisoning.c -O3 -fomit-frame-pointer -funroll-loops -fpeel-loops -ftracer -finline-functions execution test
FAIL: c-c++-common/asan/alloca_loop_unpoisoning.c -O3 -g execution test
FAIL: c-c++-common/asan/alloca_overflow_partial.c -O1 output pattern test, is ==60948==AddressSanitizer CHECK failed: gcc/libsanitizer/asan/asan_poisoning.cc:34 "((AddrIsAlignedByGranularity(addr))) != (0)" (0x0, 0x0)
FAIL: c-c++-common/asan/alloca_overflow_partial.c -O2 output pattern test, is ==61518==AddressSanitizer CHECK failed: gcc/libsanitizer/asan/asan_poisoning.cc:34 "((AddrIsAlignedByGranularity(addr))) != (0)" (0x0, 0x0)
FAIL: c-c++-common/asan/alloca_overflow_partial.c -O2 -flto -fno-use-linker-plugin -flto-partition=none output pattern test, is ==64805==AddressSanitizer CHECK failed: gcc/libsanitizer/asan/asan_poisoning.cc:34 "((AddrIsAlignedByGranularity(addr))) != (0)" (0x0, 0x0)
FAIL: c-c++-common/asan/alloca_overflow_partial.c -O2 -flto -fuse-linker-plugin -fno-fat-lto-objects output pattern test, is ==66146==AddressSanitizer CHECK failed: gcc/libsanitizer/asan/asan_poisoning.cc:34 "((AddrIsAlignedByGranularity(addr))) != (0)" (0x0, 0x0)
FAIL: c-c++-common/asan/alloca_overflow_partial.c -O3 -g output pattern test, is ==62157==AddressSanitizer CHECK failed: gcc/libsanitizer/asan/asan_poisoning.cc:34 "((AddrIsAlignedByGranularity(addr))) != (0)" (0x0, 0x0)
FAIL: c-c++-common/asan/alloca_overflow_right.c -O1 output pattern test, is ==67329==AddressSanitizer CHECK failed: gcc/libsanitizer/asan/asan_poisoning.cc:34 "((AddrIsAlignedByGranularity(addr))) != (0)" (0x0, 0x0)
FAIL: c-c++-common/asan/alloca_overflow_right.c -O2 output pattern test, is ==67953==AddressSanitizer CHECK failed: gcc/libsanitizer/asan/asan_poisoning.cc:34 "((AddrIsAlignedByGranularity(addr))) != (0)" (0x0, 0x0)
FAIL: c-c++-common/asan/alloca_overflow_right.c -O2 -flto -fno-use-linker-plugin -flto-partition=none output pattern test, is ==71265==AddressSanitizer CHECK failed: gcc/libsanitizer/asan/asan_poisoning.cc:34 "((AddrIsAlignedByGranularity(addr))) != (0)" (0x0, 0x0)
FAIL: c-c++-common/asan/alloca_overflow_right.c -O2 -flto -fuse-linker-plugin -fno-fat-lto-objects output pattern test, is ==72496==AddressSanitizer CHECK failed: gcc/libsanitizer/asan/asan_poisoning.cc:34 "((AddrIsAlignedByGranularity(addr))) != (0)" (0x0, 0x0)
FAIL: c-c++-common/asan/alloca_overflow_right.c -O3 -g output pattern test, is ==68564==AddressSanitizer CHECK failed: gcc/libsanitizer/asan/asan_poisoning.cc:34 "((AddrIsAlignedByGranularity(addr))) != (0)" (0x0, 0x0)
FAIL: c-c++-common/asan/alloca_underflow_left.c -O1 output pattern test, is ==8536==AddressSanitizer CHECK failed: gcc/libsanitizer/asan/asan_poisoning.cc:34 "((AddrIsAlignedByGranularity(addr))) != (0)" (0x0, 0x0)
FAIL: c-c++-common/asan/alloca_underflow_left.c -O2 output pattern test, is ==9255==AddressSanitizer CHECK failed: gcc/libsanitizer/asan/asan_poisoning.cc:34 "((AddrIsAlignedByGranularity(addr))) != (0)" (0x0, 0x0)
FAIL: c-c++-common/asan/alloca_underflow_left.c -O2 -flto -fno-use-linker-plugin -flto-partition=none output pattern test, is ==12722==AddressSanitizer CHECK failed: gcc/libsanitizer/asan/asan_poisoning.cc:34 "((AddrIsAlignedByGranularity(addr))) != (0)" (0x0, 0x0)
FAIL: c-c++-common/asan/alloca_underflow_left.c -O2 -flto -fuse-linker-plugin -fno-fat-lto-objects output pattern test, is ==13994==AddressSanitizer CHECK failed: gcc/libsanitizer/asan/asan_poisoning.cc:34 "((AddrIsAlignedByGranularity(addr))) != (0)" (0x0, 0x0)
FAIL: c-c++-common/asan/alloca_underflow_left.c -O3 -g output pattern test, is ==9916==AddressSanitizer CHECK failed: gcc/libsanitizer/asan/asan_poisoning.cc:34 "((AddrIsAlignedByGranularity(addr))) != (0)" (0x0, 0x0)
FAIL: c-c++-common/asan/clone-test-1.c -O0 execution test
FAIL: c-c++-common/asan/clone-test-1.c -O1 execution test
FAIL: c-c++-common/asan/global-overflow-1.c -O2 output pattern test, is ==7735==AddressSanitizer CHECK failed: gcc/libsanitizer/asan/asan_poisoning.cc:34 "((AddrIsAlignedByGranularity(addr))) != (0)" (0x0, 0x0)
FAIL: c-c++-common/asan/global-overflow-1.c -O2 -flto -fno-use-linker-plugin -flto-partition=none output pattern test, is ==11270==AddressSanitizer CHECK failed: gcc/libsanitizer/asan/asan_poisoning.cc:34 "((AddrIsAlignedByGranularity(addr))) != (0)" (0x0, 0x0)
FAIL: c-c++-common/asan/global-overflow-1.c -O3 -g output pattern test, is ==8397==AddressSanitizer CHECK failed: gcc/libsanitizer/asan/asan_poisoning.cc:34 "((AddrIsAlignedByGranularity(addr))) != (0)" (0x0, 0x0)
FAIL: c-c++-common/asan/halt_on_error-1.c -O0 execution test
FAIL: c-c++-common/asan/halt_on_error-1.c -O2 -flto -fuse-linker-plugin -fno-fat-lto-objects execution test
FAIL: c-c++-common/asan/halt_on_error-2.c -O0 output pattern test, is ==20277==AddressSanitizer CHECK failed: gcc/libsanitizer/asan/asan_poisoning.cc:34 "((AddrIsAlignedByGranularity(addr))) != (0)" (0x0, 0x0)
FAIL: c-c++-common/asan/halt_on_error-2.c -O2 -flto -fuse-linker-plugin -fno-fat-lto-objects output pattern test, is ==28595==AddressSanitizer CHECK failed: gcc/libsanitizer/asan/asan_poisoning.cc:34 "((AddrIsAlignedByGranularity(addr))) != (0)" (0x0, 0x0)
FAIL: c-c++-common/asan/heap-overflow-1.c -O0 output pattern test, is ==29197==AddressSanitizer CHECK failed: gcc/libsanitizer/asan/asan_poisoning.cc:34 "((AddrIsAlignedByGranularity(addr))) != (0)" (0x0, 0x0)
FAIL: c-c++-common/asan/heap-overflow-1.c -O1 output pattern test, is =================================================================
FAIL: c-c++-common/asan/heap-overflow-1.c -O2 output pattern test, is ==30586==AddressSanitizer CHECK failed: gcc/libsanitizer/asan/asan_poisoning.cc:34 "((AddrIsAlignedByGranularity(addr))) != (0)" (0x0, 0x0)
FAIL: c-c++-common/asan/heap-overflow-1.c -O2 -flto -fno-use-linker-plugin -flto-partition=none output pattern test, is ==34724==AddressSanitizer CHECK failed: gcc/libsanitizer/asan/asan_poisoning.cc:34 "((AddrIsAlignedByGranularity(addr))) != (0)" (0x0, 0x0)
FAIL: c-c++-common/asan/heap-overflow-1.c -O2 -flto -fuse-linker-plugin -fno-fat-lto-objects output pattern test, is ==36161==AddressSanitizer CHECK failed: gcc/libsanitizer/asan/asan_poisoning.cc:34 "((AddrIsAlignedByGranularity(addr))) != (0)" (0x0, 0x0)
FAIL: c-c++-common/asan/heap-overflow-1.c -O3 -g output pattern test, is ==31179==AddressSanitizer CHECK failed: gcc/libsanitizer/asan/asan_poisoning.cc:34 "((AddrIsAlignedByGranularity(addr))) != (0)" (0x0, 0x0)
FAIL: c-c++-common/asan/heap-overflow-1.c -Os output pattern test, is =================================================================
FAIL: c-c++-common/asan/memcmp-1.c -O1 output pattern test, is ==18757==AddressSanitizer CHECK failed: gcc/libsanitizer/asan/asan_poisoning.cc:34 "((AddrIsAlignedByGranularity(addr))) != (0)" (0x0, 0x0)
FAIL: c-c++-common/asan/memcmp-1.c -O2 -flto -fuse-linker-plugin -fno-fat-lto-objects output pattern test, is ==25565==AddressSanitizer CHECK failed: gcc/libsanitizer/asan/asan_poisoning.cc:34 "((AddrIsAlignedByGranularity(addr))) != (0)" (0x0, 0x0)
FAIL: c-c++-common/asan/null-deref-1.c -O2 output pattern test, is AddressSanitizer:DEADLYSIGNAL
FAIL: c-c++-common/asan/null-deref-1.c -O3 -g output pattern test, is AddressSanitizer:DEADLYSIGNAL
FAIL: c-c++-common/asan/pr63888.c -Os execution test
FAIL: c-c++-common/asan/pr71480.c -O2 execution test
FAIL: c-c++-common/asan/pr71480.c -O2 -flto -fno-use-linker-plugin -flto-partition=none execution test
FAIL: c-c++-common/asan/pr71480.c -O2 -flto -fuse-linker-plugin -fno-fat-lto-objects execution test
FAIL: c-c++-common/asan/pr71480.c -O3 -g execution test
FAIL: c-c++-common/asan/pr71480.c -Os execution test
FAIL: c-c++-common/asan/sanity-check-pure-c-1.c -O1 output pattern test, is =================================================================
FAIL: c-c++-common/asan/sanity-check-pure-c-1.c -O2 output pattern test, is =================================================================
FAIL: c-c++-common/asan/sanity-check-pure-c-1.c -O2 -flto -fno-use-linker-plugin -flto-partition=none output pattern test, is =================================================================
FAIL: c-c++-common/asan/sanity-check-pure-c-1.c -O2 -flto -fuse-linker-plugin -fno-fat-lto-objects output pattern test, is =================================================================
FAIL: c-c++-common/asan/sanity-check-pure-c-1.c -O3 -g output pattern test, is =================================================================
FAIL: c-c++-common/asan/sanity-check-pure-c-1.c -Os output pattern test, is =================================================================
FAIL: c-c++-common/asan/stack-overflow-1.c -O2 output pattern test, is ==44455==AddressSanitizer CHECK failed: gcc/libsanitizer/asan/asan_poisoning.cc:34 "((AddrIsAlignedByGranularity(addr))) != (0)" (0x0, 0x0)
FAIL: c-c++-common/asan/stack-overflow-1.c -O2 -flto -fno-use-linker-plugin -flto-partition=none output pattern test, is ==47971==AddressSanitizer CHECK failed: gcc/libsanitizer/asan/asan_poisoning.cc:34 "((AddrIsAlignedByGranularity(addr))) != (0)" (0x0, 0x0)
FAIL: c-c++-common/asan/stack-overflow-1.c -O2 -flto -fuse-linker-plugin -fno-fat-lto-objects output pattern test, is ==49160==AddressSanitizer CHECK failed: gcc/libsanitizer/asan/asan_poisoning.cc:34 "((AddrIsAlignedByGranularity(addr))) != (0)" (0x0, 0x0)
FAIL: c-c++-common/asan/stack-overflow-1.c -O3 -g output pattern test, is ==45112==AddressSanitizer CHECK failed: gcc/libsanitizer/asan/asan_poisoning.cc:34 "((AddrIsAlignedByGranularity(addr))) != (0)" (0x0, 0x0)
FAIL: c-c++-common/asan/stack-overflow-1.c -Os output pattern test, is ==45735==AddressSanitizer CHECK failed: gcc/libsanitizer/asan/asan_poisoning.cc:34 "((AddrIsAlignedByGranularity(addr))) != (0)" (0x0, 0x0)
FAIL: c-c++-common/asan/strlen-overflow-1.c -O1 output pattern test, is ==54494==AddressSanitizer CHECK failed: gcc/libsanitizer/asan/asan_poisoning.cc:34 "((AddrIsAlignedByGranularity(addr))) != (0)" (0x0, 0x0)
FAIL: c-c++-common/asan/strlen-overflow-1.c -Os output pattern test, is ==56519==AddressSanitizer CHECK failed: gcc/libsanitizer/asan/asan_poisoning.cc:34 "((AddrIsAlignedByGranularity(addr))) != (0)" (0x0, 0x0)
FAIL: c-c++-common/asan/strncpy-overflow-1.c -O1 output pattern test, is =================================================================
FAIL: c-c++-common/asan/strncpy-overflow-1.c -O2 output pattern test, is =================================================================
FAIL: c-c++-common/asan/strncpy-overflow-1.c -O2 -flto -fno-use-linker-plugin -flto-partition=none output pattern test, is ==62442==AddressSanitizer CHECK failed: gcc/libsanitizer/asan/asan_poisoning.cc:34 "((AddrIsAlignedByGranularity(addr))) != (0)" (0x0, 0x0)
FAIL: c-c++-common/asan/strncpy-overflow-1.c -O2 -flto -fuse-linker-plugin -fno-fat-lto-objects output pattern test, is ==63616==AddressSanitizer CHECK failed: gcc/libsanitizer/asan/asan_poisoning.cc:34 "((AddrIsAlignedByGranularity(addr))) != (0)" (0x0, 0x0)
FAIL: c-c++-common/asan/strncpy-overflow-1.c -O3 -g output pattern test, is =================================================================
FAIL: c-c++-common/asan/strncpy-overflow-1.c -Os output pattern test, is =================================================================
FAIL: c-c++-common/asan/swapcontext-test-1.c -O1 execution test
FAIL: c-c++-common/asan/swapcontext-test-1.c -Os execution test
FAIL: c-c++-common/asan/use-after-free-1.c -O1 output pattern test, is =================================================================
FAIL: c-c++-common/asan/use-after-free-1.c -O2 output pattern test, is =================================================================
FAIL: c-c++-common/asan/use-after-free-1.c -O2 -flto -fno-use-linker-plugin -flto-partition=none output pattern test, is =================================================================
FAIL: c-c++-common/asan/use-after-free-1.c -O2 -flto -fuse-linker-plugin -fno-fat-lto-objects output pattern test, is =================================================================
FAIL: c-c++-common/asan/use-after-free-1.c -O3 -g output pattern test, is =================================================================
FAIL: c-c++-common/asan/use-after-free-1.c -Os output pattern test, is =================================================================
FAIL: c-c++-common/asan/use-after-return-1.c -O1 output pattern test, is ==79798==AddressSanitizer CHECK failed: gcc/libsanitizer/asan/asan_poisoning.cc:34 "((AddrIsAlignedByGranularity(addr))) != (0)" (0x0, 0x0)
FAIL: c-c++-common/asan/use-after-return-1.c -O2 -flto -fno-use-linker-plugin -flto-partition=none output pattern test, is ==83976==AddressSanitizer CHECK failed: gcc/libsanitizer/asan/asan_poisoning.cc:34 "((AddrIsAlignedByGranularity(addr))) != (0)" (0x0, 0x0)
FAIL: c-c++-common/asan/use-after-return-1.c -O2 -flto -fuse-linker-plugin -fno-fat-lto-objects output pattern test, is ==85215==AddressSanitizer CHECK failed: gcc/libsanitizer/asan/asan_poisoning.cc:34 "((AddrIsAlignedByGranularity(addr))) != (0)" (0x0, 0x0)
FAIL: c-c++-common/asan/use-after-return-1.c -Os output pattern test, is ==81886==AddressSanitizer CHECK failed: gcc/libsanitizer/asan/asan_poisoning.cc:34 "((AddrIsAlignedByGranularity(addr))) != (0)" (0x0, 0x0)
FAIL: gcc.dg/asan/nosanitize-and-inline.c -O0 execution test
FAIL: gcc.dg/asan/nosanitize-and-inline.c -O2 -flto -fuse-linker-plugin -fno-fat-lto-objects execution test
FAIL: gcc.dg/asan/nosanitize-and-inline.c -O3 -fomit-frame-pointer -funroll-loops -fpeel-loops -ftracer -finline-functions execution test
FAIL: gcc.dg/asan/pr79196.c -O0 execution test
FAIL: gcc.dg/asan/pr79196.c -O2 -flto -fno-use-linker-plugin -flto-partition=none execution test
FAIL: gcc.dg/pr21643.c scan-tree-dump-times reassoc1 "Optimizing range tests c_[0-9]*.D. -.0, 31. and -.32, 32.[\\n\\r]* into" 6 (found 5 times)
FAIL: gcc.dg/pr56727-2.c scan-assembler @(PLT|plt)
XPASS: gcc.dg/pr78768.c -Wformat-overflow (test for warnings, line 12)
FAIL: gcc.dg/gomp/pr82374.c scan-tree-dump-times vect "vectorized 1 loops" 2 (found 0 times)
FAIL: gcc.dg/ipa/iinline-attr.c scan-ipa-dump inline "hooray[^\\\\n]*inline copy in test"
FAIL: gcc.dg/torture/float32-basic.c -O0 execution test
FAIL: gcc.dg/torture/float32-basic.c -O1 execution test
FAIL: gcc.dg/torture/float32-basic.c -O2 execution test
FAIL: gcc.dg/torture/float32-basic.c -O2 -flto -fno-use-linker-plugin -flto-partition=none execution test
FAIL: gcc.dg/torture/float32-basic.c -O2 -flto -fuse-linker-plugin -fno-fat-lto-objects execution test
FAIL: gcc.dg/torture/float32-basic.c -O3 -g execution test
FAIL: gcc.dg/torture/float32-basic.c -Os execution test
FAIL: gcc.dg/torture/pr52451.c -O0 execution test
FAIL: gcc.dg/torture/pr52451.c -O1 execution test
FAIL: gcc.dg/torture/pr52451.c -O2 execution test
FAIL: gcc.dg/torture/pr52451.c -O2 -flto -fno-use-linker-plugin -flto-partition=none execution test
FAIL: gcc.dg/torture/pr52451.c -O2 -flto -fuse-linker-plugin -fno-fat-lto-objects execution test
FAIL: gcc.dg/torture/pr52451.c -O3 -g execution test
FAIL: gcc.dg/torture/pr52451.c -Os execution test
FAIL: gcc.dg/tree-ssa/builtin-sprintf-warn-18.c (test for warnings, line 78)
FAIL: gcc.dg/tree-ssa/builtin-sprintf-warn-18.c (test for excess errors)
FAIL: gcc.dg/tree-ssa/phi-opt-11.c scan-tree-dump-times optimized "if" 0 (found 2 times)
FAIL: c-c++-common/ubsan/ptr-overflow-sanitization-1.c -O0 scan-tree-dump-times optimized "__ubsan_handle_pointer_overflow" 17 (found 14 times)
FAIL: c-c++-common/ubsan/ptr-overflow-sanitization-1.c -O1 scan-tree-dump-times optimized "__ubsan_handle_pointer_overflow" 17 (found 14 times)
FAIL: c-c++-common/ubsan/ptr-overflow-sanitization-1.c -O2 scan-tree-dump-times optimized "__ubsan_handle_pointer_overflow" 17 (found 14 times)
FAIL: c-c++-common/ubsan/ptr-overflow-sanitization-1.c -O3 -g scan-tree-dump-times optimized "__ubsan_handle_pointer_overflow" 17 (found 14 times)
FAIL: c-c++-common/ubsan/ptr-overflow-sanitization-1.c -Os scan-tree-dump-times optimized "__ubsan_handle_pointer_overflow" 17 (found 14 times)
FAIL: gcc.dg/vect/bb-slp-1.c -flto -ffat-lto-objects scan-tree-dump-times slp1 "basic block vectorized" 1 (found 0 times)
FAIL: gcc.dg/vect/bb-slp-1.c scan-tree-dump-times slp1 "basic block vectorized" 1 (found 0 times)
FAIL: gcc.dg/vect/bb-slp-16.c -flto -ffat-lto-objects scan-tree-dump-times slp1 "basic block vectorized" 1 (found 0 times)
FAIL: gcc.dg/vect/bb-slp-16.c scan-tree-dump-times slp1 "basic block vectorized" 1 (found 0 times)
FAIL: gcc.dg/vect/bb-slp-2.c -flto -ffat-lto-objects scan-tree-dump-times slp1 "basic block vectorized" 1 (found 0 times)
FAIL: gcc.dg/vect/bb-slp-2.c scan-tree-dump-times slp1 "basic block vectorized" 1 (found 0 times)
FAIL: gcc.dg/vect/bb-slp-pr65935.c -flto -ffat-lto-objects scan-tree-dump-times slp1 "basic block vectorized" 2 (found 0 times)
FAIL: gcc.dg/vect/bb-slp-pr65935.c scan-tree-dump-times slp1 "basic block vectorized" 2 (found 0 times)
FAIL: gcc.dg/vect/bb-slp-subgroups-1.c -flto -ffat-lto-objects scan-tree-dump-times slp2 "Basic block will be vectorized using SLP" 1 (found 0 times)
FAIL: gcc.dg/vect/bb-slp-subgroups-1.c -flto -ffat-lto-objects scan-tree-dump-times slp2 "basic block vectorized" 1 (found 0 times)
FAIL: gcc.dg/vect/bb-slp-subgroups-1.c scan-tree-dump-times slp2 "Basic block will be vectorized using SLP" 1 (found 0 times)
FAIL: gcc.dg/vect/bb-slp-subgroups-1.c scan-tree-dump-times slp2 "basic block vectorized" 1 (found 0 times)
FAIL: gcc.dg/vect/bb-slp-subgroups-2.c -flto -ffat-lto-objects scan-tree-dump-times slp2 "Basic block will be vectorized using SLP" 1 (found 0 times)
FAIL: gcc.dg/vect/bb-slp-subgroups-2.c -flto -ffat-lto-objects scan-tree-dump-times slp2 "basic block vectorized" 1 (found 0 times)
FAIL: gcc.dg/vect/bb-slp-subgroups-2.c scan-tree-dump-times slp2 "Basic block will be vectorized using SLP" 1 (found 0 times)
FAIL: gcc.dg/vect/bb-slp-subgroups-2.c scan-tree-dump-times slp2 "basic block vectorized" 1 (found 0 times)
FAIL: gcc.dg/vect/bb-slp-subgroups-3.c -flto -ffat-lto-objects scan-tree-dump-times slp2 "Basic block will be vectorized using SLP" 1 (found 0 times)
FAIL: gcc.dg/vect/bb-slp-subgroups-3.c -flto -ffat-lto-objects scan-tree-dump-times slp2 "basic block vectorized" 1 (found 0 times)
FAIL: gcc.dg/vect/bb-slp-subgroups-3.c scan-tree-dump-times slp2 "Basic block will be vectorized using SLP" 1 (found 0 times)
FAIL: gcc.dg/vect/bb-slp-subgroups-3.c scan-tree-dump-times slp2 "basic block vectorized" 1 (found 0 times)
FAIL: gcc.dg/vect/no-section-anchors-vect-69.c scan-tree-dump-times vect "vectorized 4 loops" 1 (found 0 times)
FAIL: gcc.dg/vect/no-tree-sra-bb-slp-pr50730.c scan-tree-dump-times slp2 "basic block vectorized" 1 (found 0 times)
FAIL: gcc.dg/vect/no-vfa-vect-depend-2.c scan-tree-dump-times vect "vectorized 1 loops" 1 (found 0 times)
FAIL: gcc.dg/vect/no-vfa-vect-depend-3.c scan-tree-dump-times vect "vectorized 1 loops" 4 (found 0 times)
FAIL: gcc.dg/vect/pr25413.c -flto -ffat-lto-objects scan-tree-dump-times vect "not vectorized: unsupported unaligned store" 1 (found 0 times)
FAIL: gcc.dg/vect/pr25413.c -flto -ffat-lto-objects scan-tree-dump-times vect "vector alignment may not be reachable" 1 (found 0 times)
FAIL: gcc.dg/vect/pr25413.c -flto -ffat-lto-objects scan-tree-dump-times vect "vectorized 1 loops" 0 (found 1 times)
FAIL: gcc.dg/vect/pr25413.c scan-tree-dump-times vect "not vectorized: unsupported unaligned store" 1 (found 0 times)
FAIL: gcc.dg/vect/pr25413.c scan-tree-dump-times vect "vector alignment may not be reachable" 1 (found 0 times)
FAIL: gcc.dg/vect/pr25413.c scan-tree-dump-times vect "vectorized 1 loops" 0 (found 1 times)
FAIL: gcc.dg/vect/pr46032.c -flto -ffat-lto-objects scan-tree-dump-times vect "note: vectorized 1 loop" 1 (found 0 times)
FAIL: gcc.dg/vect/pr46032.c scan-tree-dump-times vect "note: vectorized 1 loop" 1 (found 0 times)
FAIL: gcc.dg/vect/pr62171.c -flto -ffat-lto-objects scan-tree-dump-not vect "versioned"
FAIL: gcc.dg/vect/pr62171.c scan-tree-dump-not vect "versioned"
FAIL: gcc.dg/vect/pr65947-14.c -flto -ffat-lto-objects execution test
FAIL: gcc.dg/vect/pr65947-14.c execution test
FAIL: gcc.dg/vect/pr81196.c -flto -ffat-lto-objects scan-tree-dump-times vect "vectorized 1 loops" 2 (found 0 times)
FAIL: gcc.dg/vect/pr81196.c scan-tree-dump-times vect "vectorized 1 loops" 2 (found 0 times)
FAIL: gcc.dg/vect/section-anchors-vect-69.c scan-tree-dump-times vect "vectorized 4 loops" 1 (found 0 times)
FAIL: gcc.dg/vect/slp-43.c -flto -ffat-lto-objects scan-tree-dump-times vect "vectorized 1 loops" 2 (found 13 times)
FAIL: gcc.dg/vect/slp-43.c scan-tree-dump-times vect "vectorized 1 loops" 2 (found 13 times)
FAIL: gcc.dg/vect/slp-perm-9.c -flto -ffat-lto-objects scan-tree-dump-times vect "vectorized 1 loops" 1 (found 2 times)
FAIL: gcc.dg/vect/slp-perm-9.c scan-tree-dump-times vect "vectorized 1 loops" 1 (found 2 times)
FAIL: gcc.dg/vect/vect-117.c -flto -ffat-lto-objects scan-tree-dump-times vect "vectorized 1 loops" 1 (found 0 times)
FAIL: gcc.dg/vect/vect-117.c scan-tree-dump-times vect "vectorized 1 loops" 1 (found 0 times)
XPASS: gcc.dg/vect/vect-24.c -flto -ffat-lto-objects scan-tree-dump-times vect "vectorized 3 loops" 1
XPASS: gcc.dg/vect/vect-24.c scan-tree-dump-times vect "vectorized 3 loops" 1
FAIL: gcc.dg/vect/vect-31.c -flto -ffat-lto-objects scan-tree-dump-times vect "vectorized 4 loops" 1 (found 0 times)
FAIL: gcc.dg/vect/vect-31.c scan-tree-dump-times vect "vectorized 4 loops" 1 (found 0 times)
FAIL: gcc.dg/vect/vect-44.c -flto -ffat-lto-objects scan-tree-dump-times vect "Vectorizing an unaligned access" 3 (found 2 times)
FAIL: gcc.dg/vect/vect-44.c scan-tree-dump-times vect "Vectorizing an unaligned access" 3 (found 2 times)
FAIL: gcc.dg/vect/vect-50.c -flto -ffat-lto-objects scan-tree-dump-times vect "Vectorizing an unaligned access" 3 (found 2 times)
FAIL: gcc.dg/vect/vect-50.c scan-tree-dump-times vect "Vectorizing an unaligned access" 3 (found 2 times)
FAIL: gcc.dg/vect/vect-93.c -flto -ffat-lto-objects scan-tree-dump-times vect "vectorized 2 loops" 2 (found 1 times)
FAIL: gcc.dg/vect/vect-93.c scan-tree-dump-times vect "vectorized 2 loops" 2 (found 1 times)
FAIL: gcc.dg/vect/vect-strided-a-u8-i2-gap.c -flto -ffat-lto-objects scan-tree-dump-times vect "vectorized 1 loops" 1 (found 0 times)
FAIL: gcc.dg/vect/vect-strided-a-u8-i2-gap.c scan-tree-dump-times vect "vectorized 1 loops" 1 (found 0 times)
FAIL: gcc.target/powerpc/asm-es-2.c scan-assembler asm1 %?r?3,%?r?4
FAIL: gcc.target/powerpc/builtins-3-runnable.c execution test
FAIL: gcc.target/powerpc/pr17381.c scan-assembler-times fmr 1 (found 2 times)
FAIL: gcc.target/powerpc/vec-cmpne-long.c execution test
=== gcc Summary for unix/-m32 ===
Running target unix/-m64
FAIL: c-c++-common/asan/null-deref-1.c -O2 output pattern test, is AddressSanitizer:DEADLYSIGNAL
FAIL: c-c++-common/asan/null-deref-1.c -O3 -g output pattern test, is AddressSanitizer:DEADLYSIGNAL
FAIL: c-c++-common/asan/swapcontext-test-1.c -O0 execution test
FAIL: c-c++-common/asan/swapcontext-test-1.c -O1 execution test
FAIL: c-c++-common/asan/swapcontext-test-1.c -O2 execution test
FAIL: c-c++-common/asan/swapcontext-test-1.c -O2 -flto -fno-use-linker-plugin -flto-partition=none execution test
FAIL: c-c++-common/asan/swapcontext-test-1.c -O2 -flto -fuse-linker-plugin -fno-fat-lto-objects execution test
FAIL: c-c++-common/asan/swapcontext-test-1.c -O3 -fomit-frame-pointer -funroll-loops -fpeel-loops -ftracer -finline-functions execution test
FAIL: c-c++-common/asan/swapcontext-test-1.c -O3 -g execution test
FAIL: c-c++-common/asan/swapcontext-test-1.c -Os execution test
FAIL: gcc.dg/pr21643.c scan-tree-dump-times reassoc1 "Optimizing range tests c_[0-9]*.D. -.0, 31. and -.32, 32.[\\n\\r]* into" 6 (found 5 times)
FAIL: gcc.dg/pr56727-2.c scan-assembler @(PLT|plt)
XPASS: gcc.dg/pr78768.c -Wformat-overflow (test for warnings, line 12)
FAIL: gcc.dg/sms-4.c scan-rtl-dump-times sms "SMS succeeded" 1 (found 0 times)
FAIL: gcc.dg/gomp/pr82374.c scan-tree-dump-times vect "vectorized 1 loops" 2 (found 0 times)
FAIL: gcc.dg/ipa/iinline-attr.c scan-ipa-dump inline "hooray[^\\\\n]*inline copy in test"
FAIL: gcc.dg/torture/pr52451.c -O0 execution test
FAIL: gcc.dg/torture/pr52451.c -O1 execution test
FAIL: gcc.dg/torture/pr52451.c -O2 execution test
FAIL: gcc.dg/torture/pr52451.c -O2 -flto -fno-use-linker-plugin -flto-partition=none execution test
FAIL: gcc.dg/torture/pr52451.c -O2 -flto -fuse-linker-plugin -fno-fat-lto-objects execution test
FAIL: gcc.dg/torture/pr52451.c -O3 -g execution test
FAIL: gcc.dg/torture/pr52451.c -Os execution test
FAIL: gcc.dg/tree-ssa/builtin-sprintf-warn-18.c (test for warnings, line 78)
FAIL: gcc.dg/tree-ssa/builtin-sprintf-warn-18.c (test for excess errors)
FAIL: gcc.dg/tree-ssa/phi-opt-11.c scan-tree-dump-times optimized "if" 0 (found 2 times)
FAIL: gcc.dg/vect/costmodel/ppc/costmodel-vect-76b.c scan-tree-dump-times vect "vectorization not profitable" 1 (found 0 times)
FAIL: gcc.dg/vect/costmodel/ppc/costmodel-vect-76b.c scan-tree-dump-times vect "vectorized 1 loops" 0 (found 1 times)
FAIL: gcc.dg/vect/bb-slp-1.c -flto -ffat-lto-objects scan-tree-dump-times slp1 "basic block vectorized" 1 (found 0 times)
FAIL: gcc.dg/vect/bb-slp-1.c scan-tree-dump-times slp1 "basic block vectorized" 1 (found 0 times)
FAIL: gcc.dg/vect/bb-slp-16.c -flto -ffat-lto-objects scan-tree-dump-times slp1 "basic block vectorized" 1 (found 0 times)
FAIL: gcc.dg/vect/bb-slp-16.c scan-tree-dump-times slp1 "basic block vectorized" 1 (found 0 times)
FAIL: gcc.dg/vect/bb-slp-2.c -flto -ffat-lto-objects scan-tree-dump-times slp1 "basic block vectorized" 1 (found 0 times)
FAIL: gcc.dg/vect/bb-slp-2.c scan-tree-dump-times slp1 "basic block vectorized" 1 (found 0 times)
FAIL: gcc.dg/vect/bb-slp-pr65935.c -flto -ffat-lto-objects scan-tree-dump-times slp1 "basic block vectorized" 2 (found 0 times)
FAIL: gcc.dg/vect/bb-slp-pr65935.c scan-tree-dump-times slp1 "basic block vectorized" 2 (found 0 times)
FAIL: gcc.dg/vect/bb-slp-subgroups-1.c -flto -ffat-lto-objects scan-tree-dump-times slp2 "Basic block will be vectorized using SLP" 1 (found 0 times)
FAIL: gcc.dg/vect/bb-slp-subgroups-1.c -flto -ffat-lto-objects scan-tree-dump-times slp2 "basic block vectorized" 1 (found 0 times)
FAIL: gcc.dg/vect/bb-slp-subgroups-1.c scan-tree-dump-times slp2 "Basic block will be vectorized using SLP" 1 (found 0 times)
FAIL: gcc.dg/vect/bb-slp-subgroups-1.c scan-tree-dump-times slp2 "basic block vectorized" 1 (found 0 times)
FAIL: gcc.dg/vect/bb-slp-subgroups-2.c -flto -ffat-lto-objects scan-tree-dump-times slp2 "Basic block will be vectorized using SLP" 1 (found 0 times)
FAIL: gcc.dg/vect/bb-slp-subgroups-2.c -flto -ffat-lto-objects scan-tree-dump-times slp2 "basic block vectorized" 1 (found 0 times)
FAIL: gcc.dg/vect/bb-slp-subgroups-2.c scan-tree-dump-times slp2 "Basic block will be vectorized using SLP" 1 (found 0 times)
FAIL: gcc.dg/vect/bb-slp-subgroups-2.c scan-tree-dump-times slp2 "basic block vectorized" 1 (found 0 times)
FAIL: gcc.dg/vect/bb-slp-subgroups-3.c -flto -ffat-lto-objects scan-tree-dump-times slp2 "Basic block will be vectorized using SLP" 1 (found 0 times)
FAIL: gcc.dg/vect/bb-slp-subgroups-3.c -flto -ffat-lto-objects scan-tree-dump-times slp2 "basic block vectorized" 1 (found 0 times)
FAIL: gcc.dg/vect/bb-slp-subgroups-3.c scan-tree-dump-times slp2 "Basic block will be vectorized using SLP" 1 (found 0 times)
FAIL: gcc.dg/vect/bb-slp-subgroups-3.c scan-tree-dump-times slp2 "basic block vectorized" 1 (found 0 times)
FAIL: gcc.dg/vect/no-section-anchors-vect-69.c scan-tree-dump-times vect "vectorized 4 loops" 1 (found 0 times)
FAIL: gcc.dg/vect/no-tree-sra-bb-slp-pr50730.c scan-tree-dump-times slp2 "basic block vectorized" 1 (found 0 times)
FAIL: gcc.dg/vect/no-vfa-vect-depend-2.c scan-tree-dump-times vect "vectorized 1 loops" 1 (found 0 times)
FAIL: gcc.dg/vect/no-vfa-vect-depend-3.c scan-tree-dump-times vect "vectorized 1 loops" 4 (found 0 times)
FAIL: gcc.dg/vect/pr46032.c -flto -ffat-lto-objects scan-tree-dump-times vect "note: vectorized 1 loop" 1 (found 0 times)
FAIL: gcc.dg/vect/pr46032.c scan-tree-dump-times vect "note: vectorized 1 loop" 1 (found 0 times)
FAIL: gcc.dg/vect/pr62171.c -flto -ffat-lto-objects scan-tree-dump-not vect "versioned"
FAIL: gcc.dg/vect/pr62171.c scan-tree-dump-not vect "versioned"
FAIL: gcc.dg/vect/pr65947-14.c -flto -ffat-lto-objects execution test
FAIL: gcc.dg/vect/pr65947-14.c execution test
FAIL: gcc.dg/vect/pr81196.c -flto -ffat-lto-objects scan-tree-dump-times vect "vectorized 1 loops" 2 (found 0 times)
FAIL: gcc.dg/vect/pr81196.c scan-tree-dump-times vect "vectorized 1 loops" 2 (found 0 times)
FAIL: gcc.dg/vect/section-anchors-vect-69.c scan-tree-dump-times vect "vectorized 4 loops" 1 (found 0 times)
FAIL: gcc.dg/vect/slp-43.c -flto -ffat-lto-objects scan-tree-dump-times vect "vectorized 1 loops" 2 (found 13 times)
FAIL: gcc.dg/vect/slp-43.c scan-tree-dump-times vect "vectorized 1 loops" 2 (found 13 times)
FAIL: gcc.dg/vect/slp-perm-9.c -flto -ffat-lto-objects scan-tree-dump-times vect "vectorized 1 loops" 1 (found 2 times)
FAIL: gcc.dg/vect/slp-perm-9.c scan-tree-dump-times vect "vectorized 1 loops" 1 (found 2 times)
FAIL: gcc.dg/vect/vect-117.c -flto -ffat-lto-objects scan-tree-dump-times vect "vectorized 1 loops" 1 (found 0 times)
FAIL: gcc.dg/vect/vect-117.c scan-tree-dump-times vect "vectorized 1 loops" 1 (found 0 times)
XPASS: gcc.dg/vect/vect-24.c -flto -ffat-lto-objects scan-tree-dump-times vect "vectorized 3 loops" 1
XPASS: gcc.dg/vect/vect-24.c scan-tree-dump-times vect "vectorized 3 loops" 1
FAIL: gcc.dg/vect/vect-31.c -flto -ffat-lto-objects scan-tree-dump-times vect "vectorized 4 loops" 1 (found 0 times)
FAIL: gcc.dg/vect/vect-31.c scan-tree-dump-times vect "vectorized 4 loops" 1 (found 0 times)
FAIL: gcc.dg/vect/vect-44.c -flto -ffat-lto-objects scan-tree-dump-times vect "Vectorizing an unaligned access" 3 (found 2 times)
FAIL: gcc.dg/vect/vect-44.c scan-tree-dump-times vect "Vectorizing an unaligned access" 3 (found 2 times)
FAIL: gcc.dg/vect/vect-50.c -flto -ffat-lto-objects scan-tree-dump-times vect "Vectorizing an unaligned access" 3 (found 2 times)
FAIL: gcc.dg/vect/vect-50.c scan-tree-dump-times vect "Vectorizing an unaligned access" 3 (found 2 times)
FAIL: gcc.dg/vect/vect-93.c -flto -ffat-lto-objects scan-tree-dump-times vect "vectorized 2 loops" 2 (found 1 times)
FAIL: gcc.dg/vect/vect-93.c scan-tree-dump-times vect "vectorized 2 loops" 2 (found 1 times)
FAIL: gcc.dg/vect/vect-strided-a-u8-i2-gap.c -flto -ffat-lto-objects scan-tree-dump-times vect "vectorized 1 loops" 1 (found 0 times)
FAIL: gcc.dg/vect/vect-strided-a-u8-i2-gap.c scan-tree-dump-times vect "vectorized 1 loops" 1 (found 0 times)
FAIL: gcc.target/powerpc/20050830-1.c scan-assembler bdn
FAIL: gcc.target/powerpc/asm-es-2.c scan-assembler asm1 %?r?3,%?r?4
FAIL: gcc.target/powerpc/bool3-p7.c scan-assembler-not [ \\t]xxlnor
FAIL: gcc.target/powerpc/bool3-p8.c scan-assembler-not [ \\t]xxlnor
FAIL: gcc.target/powerpc/builtins-3-runnable.c execution test
FAIL: gcc.target/powerpc/loop_align.c scan-assembler .p2align 5,,31
FAIL: gcc.target/powerpc/pr17381.c scan-assembler-times fmr 1 (found 2 times)
FAIL: gcc.target/powerpc/pr56605.c scan-rtl-dump-times loop2_doloop "\\\\(compare:CC \\\\(subreg:SI \\\\(reg:DI" 1 (found 0 times)
FAIL: gcc.target/powerpc/pr79439.c scan-assembler-times \\\\mnop\\\\M 3 (found 2 times)
FAIL: gcc.target/powerpc/pr79799-2.c scan-assembler-not \\\\mxxextractuw\\\\M
FAIL: gcc.target/powerpc/pr82015.c (test for errors, line 13)
FAIL: gcc.target/powerpc/pr82015.c (test for errors, line 8)
FAIL: gcc.target/powerpc/pr82015.c (test for excess errors)
FAIL: gcc.target/powerpc/vec-cmpne-long.c execution test
=== gcc Summary for unix/-m64 ===
=== gcc Summary ===
/home/gccbuild/build/nightly/build-gcc-trunk/gcc/xgcc version 8.0.0 20171023 (experimental) [trunk revision 254019] (GCC)
=== gfortran tests ===
Running target unix/-m32
FAIL: gfortran.dg/elemental_subroutine_3.f90 -O1 (test for excess errors)
FAIL: gfortran.dg/elemental_subroutine_3.f90 -O2 (test for excess errors)
FAIL: gfortran.dg/elemental_subroutine_3.f90 -O3 -fomit-frame-pointer -funroll-loops -fpeel-loops -ftracer -finline-functions (test for excess errors)
FAIL: gfortran.dg/elemental_subroutine_3.f90 -O3 -g (test for excess errors)
FAIL: gfortran.dg/elemental_subroutine_3.f90 -Os (test for excess errors)
FAIL: gfortran.dg/ieee/large_2.f90 -O0 execution test
FAIL: gfortran.dg/ieee/large_2.f90 -O1 execution test
FAIL: gfortran.dg/ieee/large_2.f90 -O2 execution test
FAIL: gfortran.dg/ieee/large_2.f90 -O3 -fomit-frame-pointer -funroll-loops -fpeel-loops -ftracer -finline-functions execution test
FAIL: gfortran.dg/ieee/large_2.f90 -O3 -g execution test
FAIL: gfortran.dg/ieee/large_2.f90 -Os execution test
FAIL: gfortran.dg/vect/fast-math-mgrid-resid.f -O scan-tree-dump pcom "vectp_u.*__lsm.* = PHI <.*vectp_u.*__lsm"
FAIL: gfortran.dg/vect/fast-math-pr37021.f90 -O scan-tree-dump vect "vectorized 2 loops"
FAIL: gfortran.dg/vect/pr52580.f -O scan-tree-dump-times vect "LOOP VECTORIZED" 1 (found 0 times)
FAIL: gfortran.dg/vect/pr60510.f -O0 execution test
FAIL: gfortran.dg/vect/pr60510.f -O1 execution test
FAIL: gfortran.dg/vect/pr60510.f -O2 execution test
FAIL: gfortran.dg/vect/pr60510.f -O3 -fomit-frame-pointer -funroll-loops -fpeel-loops -ftracer -finline-functions execution test
FAIL: gfortran.dg/vect/pr60510.f -O3 -g execution test
FAIL: gfortran.dg/vect/pr60510.f -Os execution test
FAIL: gfortran.dg/vect/pr62283-2.f -O scan-tree-dump slp2 "basic block vectorized"
FAIL: gfortran.dg/vect/vect-8.f90 -O scan-tree-dump-times vect "vectorized 21 loops" 1 (found 0 times)
FAIL: gfortran.dg/vect/vect-gems.f90 -O scan-tree-dump-times vect "vectorized 1 loops" 1 (found 0 times)
=== gfortran Summary for unix/-m32 ===
# of expected passes 4050
Running target unix/-m64
FAIL: gfortran.dg/elemental_subroutine_3.f90 -O1 (test for excess errors)
FAIL: gfortran.dg/elemental_subroutine_3.f90 -O2 (test for excess errors)
FAIL: gfortran.dg/elemental_subroutine_3.f90 -O3 -fomit-frame-pointer -funroll-loops -fpeel-loops -ftracer -finline-functions (test for excess errors)
FAIL: gfortran.dg/elemental_subroutine_3.f90 -O3 -g (test for excess errors)
FAIL: gfortran.dg/elemental_subroutine_3.f90 -Os (test for excess errors)
FAIL: gfortran.dg/ieee/large_2.f90 -O0 execution test
FAIL: gfortran.dg/ieee/large_2.f90 -O1 execution test
FAIL: gfortran.dg/ieee/large_2.f90 -O2 execution test
FAIL: gfortran.dg/ieee/large_2.f90 -O3 -fomit-frame-pointer -funroll-loops -fpeel-loops -ftracer -finline-functions execution test
FAIL: gfortran.dg/ieee/large_2.f90 -O3 -g execution test
FAIL: gfortran.dg/ieee/large_2.f90 -Os execution test
FAIL: gfortran.dg/vect/fast-math-mgrid-resid.f -O scan-tree-dump pcom "Executing predictive commoning without unrolling"
FAIL: gfortran.dg/vect/fast-math-mgrid-resid.f -O scan-tree-dump pcom "vectp_u.*__lsm.* = PHI <.*vectp_u.*__lsm"
FAIL: gfortran.dg/vect/fast-math-pr37021.f90 -O scan-tree-dump vect "vectorized 2 loops"
FAIL: gfortran.dg/vect/pr52580.f -O scan-tree-dump-times vect "LOOP VECTORIZED" 1 (found 0 times)
FAIL: gfortran.dg/vect/pr62283-2.f -O scan-tree-dump slp2 "basic block vectorized"
FAIL: gfortran.dg/vect/vect-8.f90 -O scan-tree-dump-times vect "vectorized 21 loops" 1 (found 0 times)
FAIL: gfortran.dg/vect/vect-gems.f90 -O scan-tree-dump-times vect "vectorized 1 loops" 1 (found 0 times)
=== gfortran Summary for unix/-m64 ===
# of expected passes 4050
=== gfortran Summary ===
# of expected passes 8100
/home/gccbuild/build/nightly/build-gcc-trunk/gcc/testsuite/gfortran/../../gfortran version 8.0.0 20171023 (experimental) [trunk revision 254019] (GCC)
=== g++ tests ===
Running target unix/-m32
FAIL: c-c++-common/asan/alloca_big_alignment.c -O0 output pattern test, is ==121073==AddressSanitizer CHECK failed: gcc/libsanitizer/asan/asan_poisoning.cc:34 "((AddrIsAlignedByGranularity(addr))) != (0)" (0x0, 0x0)
FAIL: c-c++-common/asan/alloca_big_alignment.c -O2 -flto -fuse-linker-plugin -fno-fat-lto-objects output pattern test, is ==126416==AddressSanitizer CHECK failed: gcc/libsanitizer/asan/asan_poisoning.cc:34 "((AddrIsAlignedByGranularity(addr))) != (0)" (0x0, 0x0)
FAIL: c-c++-common/asan/alloca_big_alignment.c -Os output pattern test, is ==123552==AddressSanitizer CHECK failed: gcc/libsanitizer/asan/asan_poisoning.cc:34 "((AddrIsAlignedByGranularity(addr))) != (0)" (0x0, 0x0)
FAIL: c-c++-common/asan/alloca_detect_custom_size.c -O0 output pattern test, is ==127171==AddressSanitizer CHECK failed: gcc/libsanitizer/asan/asan_poisoning.cc:34 "((AddrIsAlignedByGranularity(addr))) != (0)" (0x0, 0x0)
FAIL: c-c++-common/asan/alloca_detect_custom_size.c -O2 -flto -fuse-linker-plugin -fno-fat-lto-objects output pattern test, is ==129768==AddressSanitizer CHECK failed: gcc/libsanitizer/asan/asan_poisoning.cc:34 "((AddrIsAlignedByGranularity(addr))) != (0)" (0x0, 0x0)
FAIL: c-c++-common/asan/alloca_detect_custom_size.c -Os output pattern test, is ==128738==AddressSanitizer CHECK failed: gcc/libsanitizer/asan/asan_poisoning.cc:34 "((AddrIsAlignedByGranularity(addr))) != (0)" (0x0, 0x0)
FAIL: c-c++-common/asan/alloca_instruments_all_paddings.c -Os execution test
FAIL: c-c++-common/asan/alloca_loop_unpoisoning.c -O0 execution test
FAIL: c-c++-common/asan/alloca_loop_unpoisoning.c -O1 execution test
FAIL: c-c++-common/asan/alloca_loop_unpoisoning.c -O2 execution test
FAIL: c-c++-common/asan/alloca_loop_unpoisoning.c -O2 -flto -fno-use-linker-plugin -flto-partition=none execution test
FAIL: c-c++-common/asan/alloca_loop_unpoisoning.c -O2 -flto -fuse-linker-plugin -fno-fat-lto-objects execution test
FAIL: c-c++-common/asan/alloca_loop_unpoisoning.c -O3 -fomit-frame-pointer -funroll-loops -fpeel-loops -ftracer -finline-functions execution test
FAIL: c-c++-common/asan/alloca_loop_unpoisoning.c -O3 -g execution test
FAIL: c-c++-common/asan/alloca_overflow_partial.c -O1 output pattern test, is ==5049==AddressSanitizer CHECK failed: gcc/libsanitizer/asan/asan_poisoning.cc:34 "((AddrIsAlignedByGranularity(addr))) != (0)" (0x0, 0x0)
FAIL: c-c++-common/asan/alloca_overflow_partial.c -O2 output pattern test, is ==5404==AddressSanitizer CHECK failed: gcc/libsanitizer/asan/asan_poisoning.cc:34 "((AddrIsAlignedByGranularity(addr))) != (0)" (0x0, 0x0)
FAIL: c-c++-common/asan/alloca_overflow_partial.c -O2 -flto -fno-use-linker-plugin -flto-partition=none output pattern test, is ==6636==AddressSanitizer CHECK failed: gcc/libsanitizer/asan/asan_poisoning.cc:34 "((AddrIsAlignedByGranularity(addr))) != (0)" (0x0, 0x0)
FAIL: c-c++-common/asan/alloca_overflow_partial.c -O2 -flto -fuse-linker-plugin -fno-fat-lto-objects output pattern test, is ==7063==AddressSanitizer CHECK failed: gcc/libsanitizer/asan/asan_poisoning.cc:34 "((AddrIsAlignedByGranularity(addr))) != (0)" (0x0, 0x0)
FAIL: c-c++-common/asan/alloca_overflow_partial.c -O3 -g output pattern test, is ==5833==AddressSanitizer CHECK failed: gcc/libsanitizer/asan/asan_poisoning.cc:34 "((AddrIsAlignedByGranularity(addr))) != (0)" (0x0, 0x0)
FAIL: c-c++-common/asan/alloca_overflow_right.c -O1 output pattern test, is ==7559==AddressSanitizer CHECK failed: gcc/libsanitizer/asan/asan_poisoning.cc:34 "((AddrIsAlignedByGranularity(addr))) != (0)" (0x0, 0x0)
FAIL: c-c++-common/asan/alloca_overflow_right.c -O2 output pattern test, is ==7665==AddressSanitizer CHECK failed: gcc/libsanitizer/asan/asan_poisoning.cc:34 "((AddrIsAlignedByGranularity(addr))) != (0)" (0x0, 0x0)
FAIL: c-c++-common/asan/alloca_overflow_right.c -O2 -flto -fno-use-linker-plugin -flto-partition=none output pattern test, is ==8634==AddressSanitizer CHECK failed: gcc/libsanitizer/asan/asan_poisoning.cc:34 "((AddrIsAlignedByGranularity(addr))) != (0)" (0x0, 0x0)
FAIL: c-c++-common/asan/alloca_overflow_right.c -O2 -flto -fuse-linker-plugin -fno-fat-lto-objects output pattern test, is ==9032==AddressSanitizer CHECK failed: gcc/libsanitizer/asan/asan_poisoning.cc:34 "((AddrIsAlignedByGranularity(addr))) != (0)" (0x0, 0x0)
FAIL: c-c++-common/asan/alloca_overflow_right.c -O3 -g output pattern test, is ==7890==AddressSanitizer CHECK failed: gcc/libsanitizer/asan/asan_poisoning.cc:34 "((AddrIsAlignedByGranularity(addr))) != (0)" (0x0, 0x0)
FAIL: c-c++-common/asan/alloca_underflow_left.c -O1 output pattern test, is ==10915==AddressSanitizer CHECK failed: gcc/libsanitizer/asan/asan_poisoning.cc:34 "((AddrIsAlignedByGranularity(addr))) != (0)" (0x0, 0x0)
FAIL: c-c++-common/asan/alloca_underflow_left.c -O2 output pattern test, is ==11017==AddressSanitizer CHECK failed: gcc/libsanitizer/asan/asan_poisoning.cc:34 "((AddrIsAlignedByGranularity(addr))) != (0)" (0x0, 0x0)
FAIL: c-c++-common/asan/alloca_underflow_left.c -O2 -flto -fno-use-linker-plugin -flto-partition=none output pattern test, is ==12123==AddressSanitizer CHECK failed: gcc/libsanitizer/asan/asan_poisoning.cc:34 "((AddrIsAlignedByGranularity(addr))) != (0)" (0x0, 0x0)
FAIL: c-c++-common/asan/alloca_underflow_left.c -O2 -flto -fuse-linker-plugin -fno-fat-lto-objects output pattern test, is ==12537==AddressSanitizer CHECK failed: gcc/libsanitizer/asan/asan_poisoning.cc:34 "((AddrIsAlignedByGranularity(addr))) != (0)" (0x0, 0x0)
FAIL: c-c++-common/asan/alloca_underflow_left.c -O3 -g output pattern test, is ==11174==AddressSanitizer CHECK failed: gcc/libsanitizer/asan/asan_poisoning.cc:34 "((AddrIsAlignedByGranularity(addr))) != (0)" (0x0, 0x0)
FAIL: c-c++-common/asan/clone-test-1.c -O1 execution test
FAIL: c-c++-common/asan/global-overflow-1.c -O2 output pattern test, is ==34011==AddressSanitizer CHECK failed: gcc/libsanitizer/asan/asan_poisoning.cc:34 "((AddrIsAlignedByGranularity(addr))) != (0)" (0x0, 0x0)
FAIL: c-c++-common/asan/global-overflow-1.c -O2 -flto -fno-use-linker-plugin -flto-partition=none output pattern test, is ==34982==AddressSanitizer CHECK failed: gcc/libsanitizer/asan/asan_poisoning.cc:34 "((AddrIsAlignedByGranularity(addr))) != (0)" (0x0, 0x0)
FAIL: c-c++-common/asan/global-overflow-1.c -O3 -g output pattern test, is ==34267==AddressSanitizer CHECK failed: gcc/libsanitizer/asan/asan_poisoning.cc:34 "((AddrIsAlignedByGranularity(addr))) != (0)" (0x0, 0x0)
FAIL: c-c++-common/asan/halt_on_error-1.c -O0 execution test
FAIL: c-c++-common/asan/halt_on_error-1.c -O2 -flto -fuse-linker-plugin -fno-fat-lto-objects execution test
FAIL: c-c++-common/asan/halt_on_error-2.c -O0 output pattern test, is ==22341==AddressSanitizer CHECK failed: gcc/libsanitizer/asan/asan_poisoning.cc:34 "((AddrIsAlignedByGranularity(addr))) != (0)" (0x0, 0x0)
FAIL: c-c++-common/asan/halt_on_error-2.c -O2 -flto -fuse-linker-plugin -fno-fat-lto-objects output pattern test, is ==24353==AddressSanitizer CHECK failed: gcc/libsanitizer/asan/asan_poisoning.cc:34 "((AddrIsAlignedByGranularity(addr))) != (0)" (0x0, 0x0)
FAIL: c-c++-common/asan/heap-overflow-1.c -O0 output pattern test, is ==24689==AddressSanitizer CHECK failed: gcc/libsanitizer/asan/asan_poisoning.cc:34 "((AddrIsAlignedByGranularity(addr))) != (0)" (0x0, 0x0)
FAIL: c-c++-common/asan/heap-overflow-1.c -O1 output pattern test, is =================================================================
FAIL: c-c++-common/asan/heap-overflow-1.c -O2 output pattern test, is ==25190==AddressSanitizer CHECK failed: gcc/libsanitizer/asan/asan_poisoning.cc:34 "((AddrIsAlignedByGranularity(addr))) != (0)" (0x0, 0x0)
FAIL: c-c++-common/asan/heap-overflow-1.c -O2 -flto -fno-use-linker-plugin -flto-partition=none output pattern test, is ==26318==AddressSanitizer CHECK failed: gcc/libsanitizer/asan/asan_poisoning.cc:34 "((AddrIsAlignedByGranularity(addr))) != (0)" (0x0, 0x0)
FAIL: c-c++-common/asan/heap-overflow-1.c -O2 -flto -fuse-linker-plugin -fno-fat-lto-objects output pattern test, is ==26575==AddressSanitizer CHECK failed: gcc/libsanitizer/asan/asan_poisoning.cc:34 "((AddrIsAlignedByGranularity(addr))) != (0)" (0x0, 0x0)
FAIL: c-c++-common/asan/heap-overflow-1.c -O3 -g output pattern test, is ==25508==AddressSanitizer CHECK failed: gcc/libsanitizer/asan/asan_poisoning.cc:34 "((AddrIsAlignedByGranularity(addr))) != (0)" (0x0, 0x0)
FAIL: c-c++-common/asan/heap-overflow-1.c -Os output pattern test, is =================================================================
FAIL: c-c++-common/asan/memcmp-1.c -O0 output pattern test, is ==29362==AddressSanitizer CHECK failed: gcc/libsanitizer/asan/asan_poisoning.cc:34 "((AddrIsAlignedByGranularity(addr))) != (0)" (0x0, 0x0)
FAIL: c-c++-common/asan/memcmp-1.c -O1 output pattern test, is ==29675==AddressSanitizer CHECK failed: gcc/libsanitizer/asan/asan_poisoning.cc:34 "((AddrIsAlignedByGranularity(addr))) != (0)" (0x0, 0x0)
FAIL: c-c++-common/asan/memcmp-1.c -O2 -flto -fuse-linker-plugin -fno-fat-lto-objects output pattern test, is ==32030==AddressSanitizer CHECK failed: gcc/libsanitizer/asan/asan_poisoning.cc:34 "((AddrIsAlignedByGranularity(addr))) != (0)" (0x0, 0x0)
FAIL: c-c++-common/asan/null-deref-1.c -O2 output pattern test, is AddressSanitizer:DEADLYSIGNAL
FAIL: c-c++-common/asan/null-deref-1.c -O3 -g output pattern test, is AddressSanitizer:DEADLYSIGNAL
FAIL: c-c++-common/asan/pr62089.c -O1 output pattern test, is ==39239==AddressSanitizer CHECK failed: gcc/libsanitizer/asan/asan_poisoning.cc:34 "((AddrIsAlignedByGranularity(addr))) != (0)" (0x0, 0x0)
FAIL: c-c++-common/asan/pr62089.c -Os output pattern test, is ==39963==AddressSanitizer CHECK failed: gcc/libsanitizer/asan/asan_poisoning.cc:34 "((AddrIsAlignedByGranularity(addr))) != (0)" (0x0, 0x0)
FAIL: c-c++-common/asan/pr63888.c -Os execution test
FAIL: c-c++-common/asan/pr71480.c -O2 execution test
FAIL: c-c++-common/asan/pr71480.c -O2 -flto -fno-use-linker-plugin -flto-partition=none execution test
FAIL: c-c++-common/asan/pr71480.c -O2 -flto -fuse-linker-plugin -fno-fat-lto-objects execution test
FAIL: c-c++-common/asan/pr71480.c -O3 -g execution test
FAIL: c-c++-common/asan/pr71480.c -Os execution test
FAIL: c-c++-common/asan/sanity-check-pure-c-1.c -O1 output pattern test, is =================================================================
FAIL: c-c++-common/asan/sanity-check-pure-c-1.c -O2 output pattern test, is =================================================================
FAIL: c-c++-common/asan/sanity-check-pure-c-1.c -O2 -flto -fno-use-linker-plugin -flto-partition=none output pattern test, is =================================================================
FAIL: c-c++-common/asan/sanity-check-pure-c-1.c -O2 -flto -fuse-linker-plugin -fno-fat-lto-objects output pattern test, is =================================================================
FAIL: c-c++-common/asan/sanity-check-pure-c-1.c -O3 -g output pattern test, is =================================================================
FAIL: c-c++-common/asan/sanity-check-pure-c-1.c -Os output pattern test, is =================================================================
FAIL: c-c++-common/asan/stack-overflow-1.c -O2 output pattern test, is ==57373==AddressSanitizer CHECK failed: gcc/libsanitizer/asan/asan_poisoning.cc:34 "((AddrIsAlignedByGranularity(addr))) != (0)" (0x0, 0x0)
FAIL: c-c++-common/asan/stack-overflow-1.c -O2 -flto -fno-use-linker-plugin -flto-partition=none output pattern test, is ==58729==AddressSanitizer CHECK failed: gcc/libsanitizer/asan/asan_poisoning.cc:34 "((AddrIsAlignedByGranularity(addr))) != (0)" (0x0, 0x0)
FAIL: c-c++-common/asan/stack-overflow-1.c -O2 -flto -fuse-linker-plugin -fno-fat-lto-objects output pattern test, is ==58977==AddressSanitizer CHECK failed: gcc/libsanitizer/asan/asan_poisoning.cc:34 "((AddrIsAlignedByGranularity(addr))) != (0)" (0x0, 0x0)
FAIL: c-c++-common/asan/stack-overflow-1.c -O3 -g output pattern test, is ==57750==AddressSanitizer CHECK failed: gcc/libsanitizer/asan/asan_poisoning.cc:34 "((AddrIsAlignedByGranularity(addr))) != (0)" (0x0, 0x0)
FAIL: c-c++-common/asan/stack-overflow-1.c -Os output pattern test, is ==58149==AddressSanitizer CHECK failed: gcc/libsanitizer/asan/asan_poisoning.cc:34 "((AddrIsAlignedByGranularity(addr))) != (0)" (0x0, 0x0)
FAIL: c-c++-common/asan/strlen-overflow-1.c -O1 output pattern test, is ==51246==AddressSanitizer CHECK failed: gcc/libsanitizer/asan/asan_poisoning.cc:34 "((AddrIsAlignedByGranularity(addr))) != (0)" (0x0, 0x0)
FAIL: c-c++-common/asan/strlen-overflow-1.c -Os output pattern test, is ==52116==AddressSanitizer CHECK failed: gcc/libsanitizer/asan/asan_poisoning.cc:34 "((AddrIsAlignedByGranularity(addr))) != (0)" (0x0, 0x0)
FAIL: c-c++-common/asan/strncpy-overflow-1.c -O1 output pattern test, is =================================================================
FAIL: c-c++-common/asan/strncpy-overflow-1.c -O2 output pattern test, is ==52715==AddressSanitizer CHECK failed: gcc/libsanitizer/asan/asan_poisoning.cc:34 "((AddrIsAlignedByGranularity(addr))) != (0)" (0x0, 0x0)
FAIL: c-c++-common/asan/strncpy-overflow-1.c -O2 -flto -fno-use-linker-plugin -flto-partition=none output pattern test, is =================================================================
FAIL: c-c++-common/asan/strncpy-overflow-1.c -O2 -flto -fuse-linker-plugin -fno-fat-lto-objects output pattern test, is =================================================================
FAIL: c-c++-common/asan/strncpy-overflow-1.c -O3 -g output pattern test, is ==52907==AddressSanitizer CHECK failed: gcc/libsanitizer/asan/asan_poisoning.cc:34 "((AddrIsAlignedByGranularity(addr))) != (0)" (0x0, 0x0)
FAIL: c-c++-common/asan/strncpy-overflow-1.c -Os output pattern test, is =================================================================
FAIL: c-c++-common/asan/swapcontext-test-1.c -O0 execution test
FAIL: c-c++-common/asan/swapcontext-test-1.c -O1 execution test
FAIL: c-c++-common/asan/swapcontext-test-1.c -O2 execution test
FAIL: c-c++-common/asan/swapcontext-test-1.c -O2 -flto -fno-use-linker-plugin -flto-partition=none execution test
FAIL: c-c++-common/asan/swapcontext-test-1.c -O2 -flto -fuse-linker-plugin -fno-fat-lto-objects execution test
FAIL: c-c++-common/asan/swapcontext-test-1.c -O3 -fomit-frame-pointer -funroll-loops -fpeel-loops -ftracer -finline-functions execution test
FAIL: c-c++-common/asan/swapcontext-test-1.c -O3 -g execution test
FAIL: c-c++-common/asan/swapcontext-test-1.c -Os execution test
FAIL: c-c++-common/asan/use-after-free-1.c -O1 output pattern test, is =================================================================
FAIL: c-c++-common/asan/use-after-free-1.c -O2 output pattern test, is =================================================================
FAIL: c-c++-common/asan/use-after-free-1.c -O2 -flto -fno-use-linker-plugin -flto-partition=none output pattern test, is =================================================================
FAIL: c-c++-common/asan/use-after-free-1.c -O2 -flto -fuse-linker-plugin -fno-fat-lto-objects output pattern test, is =================================================================
FAIL: c-c++-common/asan/use-after-free-1.c -O3 -g output pattern test, is =================================================================
FAIL: c-c++-common/asan/use-after-free-1.c -Os output pattern test, is =================================================================
FAIL: c-c++-common/asan/use-after-return-1.c -O1 output pattern test, is ==60239==AddressSanitizer CHECK failed: gcc/libsanitizer/asan/asan_poisoning.cc:34 "((AddrIsAlignedByGranularity(addr))) != (0)" (0x0, 0x0)
FAIL: c-c++-common/asan/use-after-return-1.c -O2 -flto -fno-use-linker-plugin -flto-partition=none output pattern test, is ==61157==AddressSanitizer CHECK failed: gcc/libsanitizer/asan/asan_poisoning.cc:34 "((AddrIsAlignedByGranularity(addr))) != (0)" (0x0, 0x0)
FAIL: c-c++-common/asan/use-after-return-1.c -O2 -flto -fuse-linker-plugin -fno-fat-lto-objects output pattern test, is ==61379==AddressSanitizer CHECK failed: gcc/libsanitizer/asan/asan_poisoning.cc:34 "((AddrIsAlignedByGranularity(addr))) != (0)" (0x0, 0x0)
FAIL: c-c++-common/asan/use-after-return-1.c -Os output pattern test, is ==60800==AddressSanitizer CHECK failed: gcc/libsanitizer/asan/asan_poisoning.cc:34 "((AddrIsAlignedByGranularity(addr))) != (0)" (0x0, 0x0)
FAIL: g++.dg/asan/asan_test.C -O2 execution test
FAIL: g++.dg/asan/deep-stack-uaf-1.C -O0 output pattern test, is =================================================================
FAIL: g++.dg/asan/deep-stack-uaf-1.C -O1 output pattern test, is =================================================================
FAIL: g++.dg/asan/deep-stack-uaf-1.C -O2 output pattern test, is =================================================================
FAIL: g++.dg/asan/deep-stack-uaf-1.C -O3 -g output pattern test, is =================================================================
FAIL: g++.dg/asan/deep-stack-uaf-1.C -Os output pattern test, is =================================================================
FAIL: g++.dg/asan/deep-thread-stack-1.C -O0 output pattern test, is ==63936==AddressSanitizer CHECK failed: gcc/libsanitizer/asan/asan_poisoning.cc:34 "((AddrIsAlignedByGranularity(addr))) != (0)" (0x0, 0x0)
FAIL: g++.dg/asan/deep-thread-stack-1.C -O2 output pattern test, is ==64515==AddressSanitizer CHECK failed: gcc/libsanitizer/asan/asan_poisoning.cc:34 "((AddrIsAlignedByGranularity(addr))) != (0)" (0x0, 0x0)
FAIL: g++.dg/asan/deep-thread-stack-1.C -O2 -flto -fno-use-linker-plugin -flto-partition=none output pattern test, is ==65192==AddressSanitizer CHECK failed: gcc/libsanitizer/asan/asan_poisoning.cc:34 "((AddrIsAlignedByGranularity(addr))) != (0)" (0x0, 0x0)
FAIL: g++.dg/asan/deep-thread-stack-1.C -O2 -flto -fuse-linker-plugin -fno-fat-lto-objects output pattern test, is ==65420==AddressSanitizer CHECK failed: gcc/libsanitizer/asan/asan_poisoning.cc:34 "((AddrIsAlignedByGranularity(addr))) != (0)" (0x0, 0x0)
FAIL: g++.dg/asan/deep-thread-stack-1.C -O3 -g output pattern test, is ==64668==AddressSanitizer CHECK failed: gcc/libsanitizer/asan/asan_poisoning.cc:34 "((AddrIsAlignedByGranularity(addr))) != (0)" (0x0, 0x0)
FAIL: g++.dg/asan/deep-thread-stack-1.C -Os output pattern test, is ==64824==AddressSanitizer CHECK failed: gcc/libsanitizer/asan/asan_poisoning.cc:34 "((AddrIsAlignedByGranularity(addr))) != (0)" (0x0, 0x0)
FAIL: g++.dg/asan/default-options-1.C -O2 execution test
FAIL: g++.dg/asan/default-options-1.C -O2 -flto -fno-use-linker-plugin -flto-partition=none execution test
FAIL: g++.dg/asan/default-options-1.C -O3 -g execution test
FAIL: g++.dg/asan/default-options-1.C -Os execution test
FAIL: g++.dg/asan/interception-failure-test-1.C -O0 execution test
FAIL: g++.dg/asan/interception-failure-test-1.C -O1 execution test
FAIL: g++.dg/asan/interception-failure-test-1.C -O2 execution test
FAIL: g++.dg/asan/interception-failure-test-1.C -O2 -flto -fno-use-linker-plugin -flto-partition=none execution test
FAIL: g++.dg/asan/interception-failure-test-1.C -O2 -flto -fuse-linker-plugin -fno-fat-lto-objects execution test
FAIL: g++.dg/asan/interception-failure-test-1.C -O3 -g execution test
FAIL: g++.dg/asan/interception-malloc-test-1.C -O0 output pattern test, is malloc call
FAIL: g++.dg/asan/interception-malloc-test-1.C -O1 output pattern test, is malloc call
FAIL: g++.dg/asan/interception-malloc-test-1.C -O2 -flto -fno-use-linker-plugin -flto-partition=none output pattern test, is ==80009==AddressSanitizer CHECK failed: gcc/libsanitizer/asan/asan_poisoning.cc:34 "((AddrIsAlignedByGranularity(addr))) != (0)" (0x0, 0x0)
FAIL: g++.dg/asan/interception-test-1.C -O1 output pattern test, is ==82304==AddressSanitizer CHECK failed: gcc/libsanitizer/asan/asan_poisoning.cc:34 "((AddrIsAlignedByGranularity(addr))) != (0)" (0x0, 0x0)
FAIL: g++.dg/asan/interception-test-1.C -Os output pattern test, is ==83549==AddressSanitizer CHECK failed: gcc/libsanitizer/asan/asan_poisoning.cc:34 "((AddrIsAlignedByGranularity(addr))) != (0)" (0x0, 0x0)
FAIL: g++.dg/asan/large-func-test-1.C -O0 output pattern test, is ==81550==AddressSanitizer CHECK failed: gcc/libsanitizer/asan/asan_poisoning.cc:34 "((AddrIsAlignedByGranularity(addr))) != (0)" (0x0, 0x0)
FAIL: g++.dg/asan/large-func-test-1.C -O2 output pattern test, is ==82551==AddressSanitizer CHECK failed: gcc/libsanitizer/asan/asan_poisoning.cc:34 "((AddrIsAlignedByGranularity(addr))) != (0)" (0x0, 0x0)
FAIL: g++.dg/asan/large-func-test-1.C -O2 -flto -fno-use-linker-plugin -flto-partition=none output pattern test, is ==84530==AddressSanitizer CHECK failed: gcc/libsanitizer/asan/asan_poisoning.cc:34 "((AddrIsAlignedByGranularity(addr))) != (0)" (0x0, 0x0)
FAIL: g++.dg/asan/large-func-test-1.C -O2 -flto -fuse-linker-plugin -fno-fat-lto-objects output pattern test, is ==85295==AddressSanitizer CHECK failed: gcc/libsanitizer/asan/asan_poisoning.cc:34 "((AddrIsAlignedByGranularity(addr))) != (0)" (0x0, 0x0)
FAIL: g++.dg/asan/large-func-test-1.C -O3 -g output pattern test, is ==82979==AddressSanitizer CHECK failed: gcc/libsanitizer/asan/asan_poisoning.cc:34 "((AddrIsAlignedByGranularity(addr))) != (0)" (0x0, 0x0)
FAIL: g++.dg/asan/large-func-test-1.C -Os output pattern test, is ==83427==AddressSanitizer CHECK failed: gcc/libsanitizer/asan/asan_poisoning.cc:34 "((AddrIsAlignedByGranularity(addr))) != (0)" (0x0, 0x0)
FAIL: g++.dg/asan/pr55617.C -O0 execution test
FAIL: g++.dg/asan/pr55617.C -O1 execution test
FAIL: g++.dg/asan/pr55617.C -O2 -flto -fno-use-linker-plugin -flto-partition=none execution test
FAIL: g++.dg/asan/pr69276.C -O0 output pattern test, is ==91730==AddressSanitizer CHECK failed: gcc/libsanitizer/asan/asan_poisoning.cc:34 "((AddrIsAlignedByGranularity(addr))) != (0)" (0x0, 0x0)
FAIL: g++.dg/asan/pr77396-2.C -O0 execution test
FAIL: g++.dg/asan/pr77396-2.C -O2 -flto -fno-use-linker-plugin -flto-partition=none execution test
FAIL: g++.dg/asan/pr77396-2.C -O2 -flto -fuse-linker-plugin -fno-fat-lto-objects execution test
FAIL: g++.dg/asan/pr77396.C -O0 execution test
FAIL: g++.dg/asan/pr81021.C -O0 execution test
FAIL: g++.dg/asan/pr81021.C -O1 execution test
FAIL: g++.dg/asan/pr81021.C -O2 -flto -fno-use-linker-plugin -flto-partition=none execution test
FAIL: g++.dg/asan/pr81021.C -O2 -flto -fuse-linker-plugin -fno-fat-lto-objects execution test
FAIL: g++.dg/asan/pr81021.C -Os execution test
FAIL: g++.dg/asan/use-after-scope-1.C -O0 output pattern test, is ==94616==AddressSanitizer CHECK failed: gcc/libsanitizer/asan/asan_poisoning.cc:34 "((AddrIsAlignedByGranularity(addr))) != (0)" (0x0, 0x0)
FAIL: g++.dg/asan/use-after-scope-2.C -O0 output pattern test, is ==102228==AddressSanitizer CHECK failed: gcc/libsanitizer/asan/asan_poisoning.cc:34 "((AddrIsAlignedByGranularity(addr))) != (0)" (0x0, 0x0)
FAIL: g++.dg/asan/use-after-scope-2.C -O1 output pattern test, is ==102581==AddressSanitizer CHECK failed: gcc/libsanitizer/asan/asan_poisoning.cc:34 "((AddrIsAlignedByGranularity(addr))) != (0)" (0x0, 0x0)
FAIL: g++.dg/asan/use-after-scope-2.C -O2 output pattern test, is ==102819==AddressSanitizer CHECK failed: gcc/libsanitizer/asan/asan_poisoning.cc:34 "((AddrIsAlignedByGranularity(addr))) != (0)" (0x0, 0x0)
FAIL: g++.dg/asan/use-after-scope-2.C -O3 -g output pattern test, is ==103095==AddressSanitizer CHECK failed: gcc/libsanitizer/asan/asan_poisoning.cc:34 "((AddrIsAlignedByGranularity(addr))) != (0)" (0x0, 0x0)
FAIL: g++.dg/asan/use-after-scope-2.C -Os output pattern test, is ==103365==AddressSanitizer CHECK failed: gcc/libsanitizer/asan/asan_poisoning.cc:34 "((AddrIsAlignedByGranularity(addr))) != (0)" (0x0, 0x0)
FAIL: g++.dg/asan/use-after-scope-3.C -O2 -flto -fuse-linker-plugin -fno-fat-lto-objects output pattern test, is ==106411==AddressSanitizer CHECK failed: gcc/libsanitizer/asan/asan_poisoning.cc:34 "((AddrIsAlignedByGranularity(addr))) != (0)" (0x0, 0x0)
FAIL: g++.dg/asan/use-after-scope-types-1.C -O0 output pattern test, is ==111899==AddressSanitizer CHECK failed: gcc/libsanitizer/asan/asan_poisoning.cc:34 "((AddrIsAlignedByGranularity(addr))) != (0)" (0x0, 0x0)
FAIL: g++.dg/asan/use-after-scope-types-2.C -O0 output pattern test, is ==115929==AddressSanitizer CHECK failed: gcc/libsanitizer/asan/asan_poisoning.cc:34 "((AddrIsAlignedByGranularity(addr))) != (0)" (0x0, 0x0)
FAIL: g++.dg/asan/use-after-scope-types-4.C -O0 output pattern test, is ==97991==AddressSanitizer CHECK failed: gcc/libsanitizer/asan/asan_poisoning.cc:34 "((AddrIsAlignedByGranularity(addr))) != (0)" (0x0, 0x0)
FAIL: g++.dg/asan/use-after-scope-types-4.C -O1 output pattern test, is ==99083==AddressSanitizer CHECK failed: gcc/libsanitizer/asan/asan_poisoning.cc:34 "((AddrIsAlignedByGranularity(addr))) != (0)" (0x0, 0x0)
FAIL: g++.dg/asan/use-after-scope-types-4.C -O2 output pattern test, is ==100686==AddressSanitizer CHECK failed: gcc/libsanitizer/asan/asan_poisoning.cc:34 "((AddrIsAlignedByGranularity(addr))) != (0)" (0x0, 0x0)
FAIL: g++.dg/asan/use-after-scope-types-5.C -O0 output pattern test, is ==106502==AddressSanitizer CHECK failed: gcc/libsanitizer/asan/asan_poisoning.cc:34 "((AddrIsAlignedByGranularity(addr))) != (0)" (0x0, 0x0)
FAIL: g++.dg/template/nontype10.C -std=c++11 (test for excess errors)
FAIL: g++.dg/template/nontype10.C -std=c++14 (test for excess errors)
FAIL: g++.dg/template/nontype10.C -std=c++98 (test for excess errors)
FAIL: g++.dg/tls/thread_local-order2.C -std=c++11 execution test
FAIL: g++.dg/tls/thread_local-order2.C -std=c++14 execution test
FAIL: c-c++-common/ubsan/ptr-overflow-sanitization-1.c -O0 scan-tree-dump-times optimized "__ubsan_handle_pointer_overflow" 17 (found 14 times)
FAIL: c-c++-common/ubsan/ptr-overflow-sanitization-1.c -O1 scan-tree-dump-times optimized "__ubsan_handle_pointer_overflow" 17 (found 14 times)
FAIL: c-c++-common/ubsan/ptr-overflow-sanitization-1.c -O2 scan-tree-dump-times optimized "__ubsan_handle_pointer_overflow" 17 (found 14 times)
FAIL: c-c++-common/ubsan/ptr-overflow-sanitization-1.c -O3 -g scan-tree-dump-times optimized "__ubsan_handle_pointer_overflow" 17 (found 14 times)
FAIL: c-c++-common/ubsan/ptr-overflow-sanitization-1.c -Os scan-tree-dump-times optimized "__ubsan_handle_pointer_overflow" 17 (found 14 times)
=== g++ Summary for unix/-m32 ===
# of expected passes 20357
# of expected failures 61
# of unsupported tests 86
Running target unix/-m64
FAIL: c-c++-common/asan/null-deref-1.c -O2 output pattern test, is AddressSanitizer:DEADLYSIGNAL
FAIL: c-c++-common/asan/null-deref-1.c -O3 -g output pattern test, is AddressSanitizer:DEADLYSIGNAL
FAIL: c-c++-common/asan/swapcontext-test-1.c -O0 execution test
FAIL: c-c++-common/asan/swapcontext-test-1.c -O1 execution test
FAIL: c-c++-common/asan/swapcontext-test-1.c -O2 execution test
FAIL: c-c++-common/asan/swapcontext-test-1.c -O2 -flto -fno-use-linker-plugin -flto-partition=none execution test
FAIL: c-c++-common/asan/swapcontext-test-1.c -O2 -flto -fuse-linker-plugin -fno-fat-lto-objects execution test
FAIL: c-c++-common/asan/swapcontext-test-1.c -O3 -fomit-frame-pointer -funroll-loops -fpeel-loops -ftracer -finline-functions execution test
FAIL: c-c++-common/asan/swapcontext-test-1.c -O3 -g execution test
FAIL: c-c++-common/asan/swapcontext-test-1.c -Os execution test
FAIL: g++.dg/asan/asan_test.C -O2 AddressSanitizer_PthreadExitTest execution test
FAIL: g++.dg/asan/asan_test.C -O2 AddressSanitizer_ThreadStackReuseTest execution test
FAIL: g++.dg/asan/default-options-1.C -O2 -flto -fno-use-linker-plugin -flto-partition=none output pattern test, is , should match WARNING: found 1 unrecognized flag\\(s\\):(
FAIL: g++.dg/tls/thread_local-order2.C -std=c++11 execution test
FAIL: g++.dg/tls/thread_local-order2.C -std=c++14 execution test
=== g++ Summary for unix/-m64 ===
# of expected passes 20264
# of expected failures 61
# of unsupported tests 89
=== g++ Summary ===
# of expected passes 40621
# of expected failures 122
# of unsupported tests 175
/home/gccbuild/build/nightly/build-gcc-trunk/gcc/testsuite/g++/../../xg++ version 8.0.0 20171023 (experimental) [trunk revision 254019] (GCC)
=== go tests ===
Running target unix/-m32
FAIL: ./index0-out.go execution, -O0 -g -fno-var-tracking-assignments
FAIL: go.test/test/ken/cplx2.go execution, -O2 -g
=== go Summary for unix/-m32 ===
# of expected passes 6874
# of unexpected failures 2
# of expected failures 1
# of untested testcases 11
# of unsupported tests 3
Running target unix/-m64
FAIL: ./index0-out.go execution, -O0 -g -fno-var-tracking-assignments
FAIL: go.test/test/ken/cplx2.go execution, -O2 -g
=== go Summary for unix/-m64 ===
# of expected passes 6754
# of unexpected failures 2
# of expected failures 1
# of untested testcases 11
# of unsupported tests 3
=== go Summary ===
# of expected passes 13628
# of unexpected failures 4
# of expected failures 2
# of untested testcases 22
# of unsupported tests 6
/home/gccbuild/build/nightly/build-gcc-trunk/gcc/testsuite/go/../../gccgo version 8.0.0 20171023 (experimental) [trunk revision 254019] (GCC)
=== obj-c++ tests ===
Running target unix/-m32
=== obj-c++ Summary for unix/-m32 ===
# of expected passes 56
Running target unix/-m64
=== obj-c++ Summary for unix/-m64 ===
# of expected passes 56
=== obj-c++ Summary ===
# of expected passes 2920
# of expected failures 12
# of unsupported tests 154
/home/gccbuild/build/nightly/build-gcc-trunk/gcc/testsuite/obj-c++/../../xg++ version 8.0.0 20171023 (experimental) [trunk revision 254019] (GCC)
=== objc tests ===
Running target unix/-m32
=== objc Summary for unix/-m32 ===
# of expected passes 56
Running target unix/-m64
=== objc Summary for unix/-m64 ===
# of expected passes 56
=== objc Summary ===
# of expected passes 112
/home/gccbuild/build/nightly/build-gcc-trunk/gcc/xgcc version 8.0.0 20171023 (experimental) [trunk revision 254019] (GCC)
=== gotools tests ===
FAIL go test runtime
=== gotools Summary ===
# of expected passes 275
# of unexpected failures 1
# of untested testcases 112
/home/gccbuild/build/nightly/build-gcc-trunk/./gcc/gccgo version 8.0.0 20171023 (experimental) [trunk revision 254019] (GCC)
=== libatomic tests ===
Running target unix/-m32
=== libatomic Summary for unix/-m32 ===
# of expected passes 44
# of unsupported tests 5
Running target unix/-m64
=== libatomic Summary for unix/-m64 ===
# of expected passes 54
=== libatomic Summary ===
# of expected passes 98
# of unsupported tests 5
=== libffi tests ===
Running target unix/-m32
=== libffi Summary for unix/-m32 ===
# of expected passes 24
Running target unix/-m64
=== libffi Summary for unix/-m64 ===
# of expected passes 24
=== libffi Summary ===
# of expected passes 3868
# of unsupported tests 56
=== libgo tests ===
Running target unix
FAIL: net
FAIL: os
FAIL: runtime
FAIL: internal/trace
FAIL: os/exec
FAIL: runtime/pprof
=== libgo Summary for unix ===
# of expected passes 149
# of unexpected failures 6
Running target unix/-m32
FAIL: io
FAIL: os
FAIL: runtime
FAIL: internal/trace
FAIL: net/http
FAIL: os/exec
FAIL: runtime/internal/atomic
FAIL: runtime/pprof
FAIL: sync/atomic
=== libgo Summary for unix/-m32 ===
# of expected passes 146
# of unexpected failures 9
=== libgo Summary ===
# of expected passes 295
# of unexpected failures 15
/home/gccbuild/build/nightly/build-gcc-trunk/./gcc/gccgo version 8.0.0 20171023 (experimental) [trunk revision 254019] (GCC)
=== libgomp tests ===
Running target unix/-m32
FAIL: libgomp.oacc-c/../libgomp.oacc-c-c++-common/atomic_update-1.c -DACC_DEVICE_TYPE_host=1 -DACC_MEM_SHARED=1 -O2 execution test
FAIL: libgomp.oacc-c++/../libgomp.oacc-c-c++-common/atomic_update-1.c -DACC_DEVICE_TYPE_host=1 -DACC_MEM_SHARED=1 -O2 execution test
=== libgomp Summary for unix/-m32 ===
# of expected passes 895
# of unsupported tests 32
Running target unix/-m64
=== libgomp Summary for unix/-m64 ===
# of expected passes 895
# of unsupported tests 32
=== libgomp Summary ===
# of expected passes 10324
# of unexpected failures 2
# of unsupported tests 704
=== libitm tests ===
Running target unix/-m32
=== libitm Summary for unix/-m32 ===
# of expected passes 16
# of expected failures 1
# of unsupported tests 1
Running target unix/-m64
=== libitm Summary for unix/-m64 ===
# of expected passes 16
# of expected failures 1
# of unsupported tests 1
=== libitm Summary ===
# of expected passes 84
# of expected failures 6
# of unsupported tests 2
=== libstdc++ tests ===
Running target unix/-m32
=== libstdc++ Summary for unix/-m32 ===
# of unsupported tests 1
Running target unix/-m64
=== libstdc++ Summary for unix/-m64 ===
# of unsupported tests 1
=== libstdc++ Summary ===
# of unsupported tests 2
Compiler version: 8.0.0 20171023 (experimental) [trunk revision 254019] (GCC)
Platform: powerpc64-unknown-linux-gnu
configure flags: --prefix=/opt/gcc-nightly/trunk --with-as=/home/gccbuild/binutils/install/binutils-2.26/bin/as --with-ld=/home/gccbuild/binutils/install/binutils-2.26/bin/ld --enable-languages=c,c++,fortran,objc,obj-c++,go --with-cpu=power6
fail WARNING: Could not generate test framework tests
fail WARNING: Could not generate test framework tests
fail WARNING: Could not generate test framework tests
fail WARNING: Could not generate test framework tests
fail WARNING: Could not generate test framework tests
fail WARNING: Could not generate test framework tests
fail WARNING: Could not generate test framework tests
fail WARNING: Could not generate test framework tests
fail WARNING: Could not generate test framework tests
fail WARNING: Could not generate test framework tests
fail WARNING: Could not generate test framework tests
fail WARNING: Could not generate test framework tests
fail WARNING: Could not generate test framework tests
fail WARNING: Could not generate test framework tests
fail WARNING: Could not generate test framework tests
fail WARNING: Could not generate test framework tests
fail XPASS: gcc.test-framework/dg-bogus-exp-XF.c (test for excess errors)
fail FAIL: gcc.test-framework/dg-do-assemble-exp-P.c (test for excess errors) (PRMS 42)
fail FAIL: gcc.test-framework/dg-do-compile-exp-P.c (test for excess errors) (PRMS 42)
fail FAIL: gcc.test-framework/dg-do-link-exp-P.c (test for excess errors) (PRMS 42)
fail FAIL: gcc.test-framework/dg-do-run-exp-P.c (test for excess errors) (PRMS 42)
fail FAIL: gcc.test-framework/dg-dot-run-exp-P.c (test for excess errors) (PRMS 42)
fail FAIL: gcc.test-framework/dg-dox-run-exp-XF.c (test for excess errors) (PRMS 42)
fail FAIL: gcc.test-framework/dg-output-exp-P.c (test for excess errors) (PRMS 42)
fail FAIL: gcc.test-framework/dg-output-exp-XF.c (test for excess errors) (PRMS 42)
fail FAIL: gcc.test-framework/dg-warning-exp-P.c warning test (test for warnings, line 9) (PRMS 42)
=== Test Framework Summary ===
# of expected passes 68
# of unexpected failures 26