This is the mail archive of the
gcc-testresults@gcc.gnu.org
mailing list for the GCC project.
Results for 8.0.0 20171007 (experimental) (GCC) testsuite on x86_64-unknown-cygwin
- From: Tim Prince <tprince818 dot tp at gmail dot com>
- To: gcc-testresults at gcc dot gnu dot org
- Date: Sun, 8 Oct 2017 20:21:41 -0400
- Subject: Results for 8.0.0 20171007 (experimental) (GCC) testsuite on x86_64-unknown-cygwin
- Authentication-results: sourceware.org; auth=none
Native configuration is x86_64-unknown-cygwin
=== g++ tests ===
Running target unix
FAIL: g++.dg/debug/const1.C -gstabs1 (test for excess errors)
...
FAIL: g++.old-deja/g++.robertl/eb8.C -std=c++14 (test for errors, line 6)
=== g++ Summary ===
# of expected passes 108420
# of unexpected failures 584
# of unexpected successes 3
# of expected failures 371
# of unresolved testcases 58
# of unsupported tests 4625
/cygdrive/c/users/tim/tim/tim/src/gnu/gcc2/cyg64/gcc/testsuite/g++/../../xg++
version 8.0.0 20171007 (experimental) (GCC)
=== gcc tests ===
Running target unix
FAIL: gcc.c-torture/compile/limits-exprparen.c -O0 (internal compiler
error)
...
FAIL: gcc.target/x86_64/abi/callabi/vaarg-5b.c (internal compiler error)
FAIL: gcc.target/x86_64/abi/callabi/vaarg-5b.c (test for excess errors)
=== gcc Summary ===
# of expected passes 119957
# of unexpected failures 1069
# of unexpected successes 24
# of expected failures 347
# of unresolved testcases 428
# of unsupported tests 2578
/cygdrive/c/users/tim/tim/tim/src/gnu/gcc2/cyg64/gcc/xgcc version 8.0.0
20171007 (experimental) (GCC)
=== gfortran tests ===
Running target unix
FAIL: gfortran.dg/coarray/sync_3.f90 -fcoarray=single -O2 -latomic
execution test
FAIL: gfortran.dg/coarray/sync_3.f90 -fcoarray=lib -O2 -lcaf_single
-latomic execution test
FAIL: gfortran.dg/all_bounds_1.f90 -O0 execution test
FAIL: gfortran.dg/all_bounds_1.f90 -O1 execution test
FAIL: gfortran.dg/all_bounds_1.f90 -O2 execution test
FAIL: gfortran.dg/all_bounds_1.f90 -O3 -fomit-frame-pointer
-funroll-loops -fpeel-loops -ftracer -finline-functions execution test
FAIL: gfortran.dg/all_bounds_1.f90 -O3 -g execution test
FAIL: gfortran.dg/all_bounds_1.f90 -Os execution test
FAIL: gfortran.dg/allocate_error_1.f90 -O0 execution test
FAIL: gfortran.dg/allocate_error_1.f90 -O1 execution test
FAIL: gfortran.dg/allocate_error_1.f90 -O2 execution test
FAIL: gfortran.dg/allocate_error_1.f90 -O3 -fomit-frame-pointer
-funroll-loops -fpeel-loops -ftracer -finline-functions execution test
FAIL: gfortran.dg/allocate_error_1.f90 -O3 -g execution test
FAIL: gfortran.dg/allocate_error_1.f90 -Os execution test
FAIL: gfortran.dg/allocate_error_5.f90 -O0 execution test
FAIL: gfortran.dg/allocate_error_5.f90 -O1 execution test
FAIL: gfortran.dg/allocate_error_5.f90 -O2 execution test
FAIL: gfortran.dg/allocate_error_5.f90 -O3 -fomit-frame-pointer
-funroll-loops -fpeel-loops -ftracer -finline-functions execution test
FAIL: gfortran.dg/allocate_error_5.f90 -O3 -g execution test
FAIL: gfortran.dg/allocate_error_5.f90 -Os execution test
FAIL: gfortran.dg/allocate_error_6.f90 -O0 execution test
FAIL: gfortran.dg/allocate_error_6.f90 -O1 execution test
FAIL: gfortran.dg/allocate_error_6.f90 -O2 execution test
FAIL: gfortran.dg/allocate_error_6.f90 -O3 -fomit-frame-pointer
-funroll-loops -fpeel-loops -ftracer -finline-functions execution test
FAIL: gfortran.dg/allocate_error_6.f90 -O3 -g execution test
FAIL: gfortran.dg/allocate_error_6.f90 -Os execution test
FAIL: gfortran.dg/allocate_with_source_23.f03 -O0 execution test
FAIL: gfortran.dg/allocate_with_source_23.f03 -O1 execution test
FAIL: gfortran.dg/allocate_with_source_23.f03 -O2 execution test
FAIL: gfortran.dg/allocate_with_source_23.f03 -O3 -fomit-frame-pointer
-funroll-loops -fpeel-loops -ftracer -finline-functions execution test
FAIL: gfortran.dg/allocate_with_source_23.f03 -O3 -g execution test
FAIL: gfortran.dg/allocate_with_source_23.f03 -Os execution test
FAIL: gfortran.dg/assumed_rank_3.f90 -O0 execution test
FAIL: gfortran.dg/assumed_rank_3.f90 -O1 execution test
FAIL: gfortran.dg/assumed_rank_3.f90 -O2 execution test
FAIL: gfortran.dg/assumed_rank_3.f90 -O3 -fomit-frame-pointer
-funroll-loops -fpeel-loops -ftracer -finline-functions execution test
FAIL: gfortran.dg/assumed_rank_3.f90 -O3 -g execution test
FAIL: gfortran.dg/assumed_rank_3.f90 -Os execution test
XPASS: gfortran.dg/block_6.f08 -O0 execution test
XPASS: gfortran.dg/block_6.f08 -O1 execution test
XPASS: gfortran.dg/block_6.f08 -O2 execution test
XPASS: gfortran.dg/block_6.f08 -O3 -fomit-frame-pointer -funroll-loops
-fpeel-loops -ftracer -finline-functions execution test
XPASS: gfortran.dg/block_6.f08 -O3 -g execution test
XPASS: gfortran.dg/block_6.f08 -Os execution test
FAIL: gfortran.dg/bounds_check_10.f90 -O0 execution test
FAIL: gfortran.dg/bounds_check_10.f90 -O1 execution test
FAIL: gfortran.dg/bounds_check_10.f90 -O2 execution test
FAIL: gfortran.dg/bounds_check_10.f90 -O3 -fomit-frame-pointer
-funroll-loops -fpeel-loops -ftracer -finline-functions execution test
FAIL: gfortran.dg/bounds_check_10.f90 -O3 -g execution test
FAIL: gfortran.dg/bounds_check_10.f90 -Os execution test
FAIL: gfortran.dg/bounds_check_11.f90 -O0 execution test
FAIL: gfortran.dg/bounds_check_11.f90 -O1 execution test
FAIL: gfortran.dg/bounds_check_11.f90 -O2 execution test
FAIL: gfortran.dg/bounds_check_11.f90 -O3 -fomit-frame-pointer
-funroll-loops -fpeel-loops -ftracer -finline-functions execution test
FAIL: gfortran.dg/bounds_check_11.f90 -O3 -g execution test
FAIL: gfortran.dg/bounds_check_11.f90 -Os execution test
FAIL: gfortran.dg/bounds_check_12.f90 -O0 execution test
FAIL: gfortran.dg/bounds_check_12.f90 -O1 execution test
FAIL: gfortran.dg/bounds_check_12.f90 -O2 execution test
FAIL: gfortran.dg/bounds_check_12.f90 -O3 -fomit-frame-pointer
-funroll-loops -fpeel-loops -ftracer -finline-functions execution test
FAIL: gfortran.dg/bounds_check_12.f90 -O3 -g execution test
FAIL: gfortran.dg/bounds_check_12.f90 -Os execution test
FAIL: gfortran.dg/bounds_check_17.f90 -O0 execution test
FAIL: gfortran.dg/bounds_check_17.f90 -O1 execution test
FAIL: gfortran.dg/bounds_check_17.f90 -O2 execution test
FAIL: gfortran.dg/bounds_check_17.f90 -O3 -fomit-frame-pointer
-funroll-loops -fpeel-loops -ftracer -finline-functions execution test
FAIL: gfortran.dg/bounds_check_17.f90 -O3 -g execution test
FAIL: gfortran.dg/bounds_check_17.f90 -Os execution test
FAIL: gfortran.dg/bounds_check_7.f90 -O0 execution test
FAIL: gfortran.dg/bounds_check_7.f90 -O1 execution test
FAIL: gfortran.dg/bounds_check_7.f90 -O2 execution test
FAIL: gfortran.dg/bounds_check_7.f90 -O3 -fomit-frame-pointer
-funroll-loops -fpeel-loops -ftracer -finline-functions execution test
FAIL: gfortran.dg/bounds_check_7.f90 -O3 -g execution test
FAIL: gfortran.dg/bounds_check_7.f90 -Os execution test
FAIL: gfortran.dg/bounds_check_array_ctor_1.f90 -O0 execution test
FAIL: gfortran.dg/bounds_check_array_ctor_1.f90 -O1 execution test
FAIL: gfortran.dg/bounds_check_array_ctor_1.f90 -O2 execution test
FAIL: gfortran.dg/bounds_check_array_ctor_1.f90 -O3
-fomit-frame-pointer -funroll-loops -fpeel-loops -ftracer
-finline-functions execution test
FAIL: gfortran.dg/bounds_check_array_ctor_1.f90 -O3 -g execution test
FAIL: gfortran.dg/bounds_check_array_ctor_1.f90 -Os execution test
FAIL: gfortran.dg/bounds_check_array_ctor_2.f90 -O0 execution test
FAIL: gfortran.dg/bounds_check_array_ctor_2.f90 -O1 execution test
FAIL: gfortran.dg/bounds_check_array_ctor_2.f90 -O2 execution test
FAIL: gfortran.dg/bounds_check_array_ctor_2.f90 -O3
-fomit-frame-pointer -funroll-loops -fpeel-loops -ftracer
-finline-functions execution test
FAIL: gfortran.dg/bounds_check_array_ctor_2.f90 -O3 -g execution test
FAIL: gfortran.dg/bounds_check_array_ctor_2.f90 -Os execution test
FAIL: gfortran.dg/bounds_check_array_ctor_4.f90 -O0 execution test
FAIL: gfortran.dg/bounds_check_array_ctor_4.f90 -O1 execution test
FAIL: gfortran.dg/bounds_check_array_ctor_4.f90 -O2 execution test
FAIL: gfortran.dg/bounds_check_array_ctor_4.f90 -O3
-fomit-frame-pointer -funroll-loops -fpeel-loops -ftracer
-finline-functions execution test
FAIL: gfortran.dg/bounds_check_array_ctor_4.f90 -O3 -g execution test
FAIL: gfortran.dg/bounds_check_array_ctor_4.f90 -Os execution test
FAIL: gfortran.dg/bounds_check_array_ctor_6.f90 -O0 execution test
FAIL: gfortran.dg/bounds_check_array_ctor_6.f90 -O1 execution test
FAIL: gfortran.dg/bounds_check_array_ctor_6.f90 -O2 execution test
FAIL: gfortran.dg/bounds_check_array_ctor_6.f90 -O3
-fomit-frame-pointer -funroll-loops -fpeel-loops -ftracer
-finline-functions execution test
FAIL: gfortran.dg/bounds_check_array_ctor_6.f90 -O3 -g execution test
FAIL: gfortran.dg/bounds_check_array_ctor_6.f90 -Os execution test
FAIL: gfortran.dg/bounds_check_array_ctor_7.f90 -O0 execution test
FAIL: gfortran.dg/bounds_check_array_ctor_7.f90 -O1 execution test
FAIL: gfortran.dg/bounds_check_array_ctor_7.f90 -O2 execution test
FAIL: gfortran.dg/bounds_check_array_ctor_7.f90 -O3
-fomit-frame-pointer -funroll-loops -fpeel-loops -ftracer
-finline-functions execution test
FAIL: gfortran.dg/bounds_check_array_ctor_7.f90 -O3 -g execution test
FAIL: gfortran.dg/bounds_check_array_ctor_7.f90 -Os execution test
FAIL: gfortran.dg/bounds_check_array_ctor_8.f90 -O0 execution test
FAIL: gfortran.dg/bounds_check_array_ctor_8.f90 -O1 execution test
FAIL: gfortran.dg/bounds_check_array_ctor_8.f90 -O2 execution test
FAIL: gfortran.dg/bounds_check_array_ctor_8.f90 -O3
-fomit-frame-pointer -funroll-loops -fpeel-loops -ftracer
-finline-functions execution test
FAIL: gfortran.dg/bounds_check_array_ctor_8.f90 -O3 -g execution test
FAIL: gfortran.dg/bounds_check_array_ctor_8.f90 -Os execution test
FAIL: gfortran.dg/bounds_check_fail_1.f90 -O0 execution test
FAIL: gfortran.dg/bounds_check_fail_1.f90 -O1 execution test
FAIL: gfortran.dg/bounds_check_fail_1.f90 -O2 execution test
FAIL: gfortran.dg/bounds_check_fail_1.f90 -O3 -fomit-frame-pointer
-funroll-loops -fpeel-loops -ftracer -finline-functions execution test
FAIL: gfortran.dg/bounds_check_fail_1.f90 -O3 -g execution test
FAIL: gfortran.dg/bounds_check_fail_1.f90 -Os execution test
FAIL: gfortran.dg/bounds_check_fail_2.f90 -O0 execution test
FAIL: gfortran.dg/bounds_check_fail_2.f90 -O1 execution test
FAIL: gfortran.dg/bounds_check_fail_2.f90 -O2 execution test
FAIL: gfortran.dg/bounds_check_fail_2.f90 -O3 -fomit-frame-pointer
-funroll-loops -fpeel-loops -ftracer -finline-functions execution test
FAIL: gfortran.dg/bounds_check_fail_2.f90 -O3 -g execution test
FAIL: gfortran.dg/bounds_check_fail_2.f90 -Os execution test
FAIL: gfortran.dg/bounds_check_fail_3.f90 -O0 execution test
FAIL: gfortran.dg/bounds_check_fail_3.f90 -O1 execution test
FAIL: gfortran.dg/bounds_check_fail_3.f90 -O2 execution test
FAIL: gfortran.dg/bounds_check_fail_3.f90 -O3 -fomit-frame-pointer
-funroll-loops -fpeel-loops -ftracer -finline-functions execution test
FAIL: gfortran.dg/bounds_check_fail_3.f90 -O3 -g execution test
FAIL: gfortran.dg/bounds_check_fail_3.f90 -Os execution test
FAIL: gfortran.dg/bounds_check_fail_4.f90 -O0 execution test
FAIL: gfortran.dg/bounds_check_fail_4.f90 -O1 execution test
FAIL: gfortran.dg/bounds_check_fail_4.f90 -O2 execution test
FAIL: gfortran.dg/bounds_check_fail_4.f90 -O3 -fomit-frame-pointer
-funroll-loops -fpeel-loops -ftracer -finline-functions execution test
FAIL: gfortran.dg/bounds_check_fail_4.f90 -O3 -g execution test
FAIL: gfortran.dg/bounds_check_fail_4.f90 -Os execution test
FAIL: gfortran.dg/bounds_check_strlen_1.f90 -O0 execution test
FAIL: gfortran.dg/bounds_check_strlen_1.f90 -O1 execution test
FAIL: gfortran.dg/bounds_check_strlen_1.f90 -O2 execution test
FAIL: gfortran.dg/bounds_check_strlen_1.f90 -O3 -fomit-frame-pointer
-funroll-loops -fpeel-loops -ftracer -finline-functions execution test
FAIL: gfortran.dg/bounds_check_strlen_1.f90 -O3 -g execution test
FAIL: gfortran.dg/bounds_check_strlen_1.f90 -Os execution test
FAIL: gfortran.dg/bounds_check_strlen_2.f90 -O0 execution test
FAIL: gfortran.dg/bounds_check_strlen_2.f90 -O1 execution test
FAIL: gfortran.dg/bounds_check_strlen_2.f90 -O2 execution test
FAIL: gfortran.dg/bounds_check_strlen_2.f90 -O3 -fomit-frame-pointer
-funroll-loops -fpeel-loops -ftracer -finline-functions execution test
FAIL: gfortran.dg/bounds_check_strlen_2.f90 -O3 -g execution test
FAIL: gfortran.dg/bounds_check_strlen_2.f90 -Os execution test
FAIL: gfortran.dg/bounds_check_strlen_3.f90 -O0 execution test
FAIL: gfortran.dg/bounds_check_strlen_3.f90 -O1 execution test
FAIL: gfortran.dg/bounds_check_strlen_3.f90 -O2 execution test
FAIL: gfortran.dg/bounds_check_strlen_3.f90 -O3 -fomit-frame-pointer
-funroll-loops -fpeel-loops -ftracer -finline-functions execution test
FAIL: gfortran.dg/bounds_check_strlen_3.f90 -O3 -g execution test
FAIL: gfortran.dg/bounds_check_strlen_3.f90 -Os execution test
FAIL: gfortran.dg/bounds_check_strlen_4.f90 -O0 execution test
FAIL: gfortran.dg/bounds_check_strlen_4.f90 -O1 execution test
FAIL: gfortran.dg/bounds_check_strlen_4.f90 -O2 execution test
FAIL: gfortran.dg/bounds_check_strlen_4.f90 -O3 -fomit-frame-pointer
-funroll-loops -fpeel-loops -ftracer -finline-functions execution test
FAIL: gfortran.dg/bounds_check_strlen_4.f90 -O3 -g execution test
FAIL: gfortran.dg/bounds_check_strlen_4.f90 -Os execution test
FAIL: gfortran.dg/bounds_check_strlen_5.f90 -O0 execution test
FAIL: gfortran.dg/bounds_check_strlen_5.f90 -O1 execution test
FAIL: gfortran.dg/bounds_check_strlen_5.f90 -O2 execution test
FAIL: gfortran.dg/bounds_check_strlen_5.f90 -O3 -fomit-frame-pointer
-funroll-loops -fpeel-loops -ftracer -finline-functions execution test
FAIL: gfortran.dg/bounds_check_strlen_5.f90 -O3 -g execution test
FAIL: gfortran.dg/bounds_check_strlen_5.f90 -Os execution test
FAIL: gfortran.dg/bounds_check_strlen_7.f90 -O0 execution test
FAIL: gfortran.dg/bounds_check_strlen_7.f90 -O1 execution test
FAIL: gfortran.dg/bounds_check_strlen_7.f90 -O2 execution test
FAIL: gfortran.dg/bounds_check_strlen_7.f90 -O3 -fomit-frame-pointer
-funroll-loops -fpeel-loops -ftracer -finline-functions execution test
FAIL: gfortran.dg/bounds_check_strlen_7.f90 -O3 -g execution test
FAIL: gfortran.dg/bounds_check_strlen_7.f90 -Os execution test
FAIL: gfortran.dg/char_bounds_check_fail_1.f90 -O0 execution test
FAIL: gfortran.dg/char_bounds_check_fail_1.f90 -O1 execution test
FAIL: gfortran.dg/char_bounds_check_fail_1.f90 -O2 execution test
FAIL: gfortran.dg/char_bounds_check_fail_1.f90 -O3
-fomit-frame-pointer -funroll-loops -fpeel-loops -ftracer
-finline-functions execution test
FAIL: gfortran.dg/char_bounds_check_fail_1.f90 -O3 -g execution test
FAIL: gfortran.dg/char_bounds_check_fail_1.f90 -Os execution test
FAIL: gfortran.dg/char_pointer_assign_4.f90 -O0 execution test
FAIL: gfortran.dg/char_pointer_assign_4.f90 -O1 execution test
FAIL: gfortran.dg/char_pointer_assign_4.f90 -O2 execution test
FAIL: gfortran.dg/char_pointer_assign_4.f90 -O3 -fomit-frame-pointer
-funroll-loops -fpeel-loops -ftracer -finline-functions execution test
FAIL: gfortran.dg/char_pointer_assign_4.f90 -O3 -g execution test
FAIL: gfortran.dg/char_pointer_assign_4.f90 -Os execution test
FAIL: gfortran.dg/char_pointer_assign_5.f90 -O0 execution test
FAIL: gfortran.dg/char_pointer_assign_5.f90 -O1 execution test
FAIL: gfortran.dg/char_pointer_assign_5.f90 -O2 execution test
FAIL: gfortran.dg/char_pointer_assign_5.f90 -O3 -fomit-frame-pointer
-funroll-loops -fpeel-loops -ftracer -finline-functions execution test
FAIL: gfortran.dg/char_pointer_assign_5.f90 -O3 -g execution test
FAIL: gfortran.dg/char_pointer_assign_5.f90 -Os execution test
FAIL: gfortran.dg/coarray_2.f90 -O0 execution test
FAIL: gfortran.dg/coarray_2.f90 -O1 execution test
FAIL: gfortran.dg/coarray_2.f90 -O2 execution test
FAIL: gfortran.dg/coarray_2.f90 -O3 -fomit-frame-pointer
-funroll-loops -fpeel-loops -ftracer -finline-functions execution test
FAIL: gfortran.dg/coarray_2.f90 -O3 -g execution test
FAIL: gfortran.dg/coarray_2.f90 -Os execution test
FAIL: gfortran.dg/cshift_bounds_2.f90 -O0 execution test
FAIL: gfortran.dg/cshift_bounds_2.f90 -O1 execution test
FAIL: gfortran.dg/cshift_bounds_2.f90 -O2 execution test
FAIL: gfortran.dg/cshift_bounds_2.f90 -O3 -fomit-frame-pointer
-funroll-loops -fpeel-loops -ftracer -finline-functions execution test
FAIL: gfortran.dg/cshift_bounds_2.f90 -O3 -g execution test
FAIL: gfortran.dg/cshift_bounds_2.f90 -Os execution test
FAIL: gfortran.dg/cshift_bounds_3.f90 -O0 execution test
FAIL: gfortran.dg/cshift_bounds_3.f90 -O1 execution test
FAIL: gfortran.dg/cshift_bounds_3.f90 -O2 execution test
FAIL: gfortran.dg/cshift_bounds_3.f90 -O3 -fomit-frame-pointer
-funroll-loops -fpeel-loops -ftracer -finline-functions execution test
FAIL: gfortran.dg/cshift_bounds_3.f90 -O3 -g execution test
FAIL: gfortran.dg/cshift_bounds_3.f90 -Os execution test
FAIL: gfortran.dg/cshift_bounds_4.f90 -O0 execution test
FAIL: gfortran.dg/cshift_bounds_4.f90 -O1 execution test
FAIL: gfortran.dg/cshift_bounds_4.f90 -O2 execution test
FAIL: gfortran.dg/cshift_bounds_4.f90 -O3 -fomit-frame-pointer
-funroll-loops -fpeel-loops -ftracer -finline-functions execution test
FAIL: gfortran.dg/cshift_bounds_4.f90 -O3 -g execution test
FAIL: gfortran.dg/cshift_bounds_4.f90 -Os execution test
FAIL: gfortran.dg/deallocate_error_1.f90 -O0 execution test
FAIL: gfortran.dg/deallocate_error_1.f90 -O1 execution test
FAIL: gfortran.dg/deallocate_error_1.f90 -O2 execution test
FAIL: gfortran.dg/deallocate_error_1.f90 -O3 -fomit-frame-pointer
-funroll-loops -fpeel-loops -ftracer -finline-functions execution test
FAIL: gfortran.dg/deallocate_error_1.f90 -O3 -g execution test
FAIL: gfortran.dg/deallocate_error_1.f90 -Os execution test
FAIL: gfortran.dg/deallocate_error_2.f90 -O0 execution test
FAIL: gfortran.dg/deallocate_error_2.f90 -O1 execution test
FAIL: gfortran.dg/deallocate_error_2.f90 -O2 execution test
FAIL: gfortran.dg/deallocate_error_2.f90 -O3 -fomit-frame-pointer
-funroll-loops -fpeel-loops -ftracer -finline-functions execution test
FAIL: gfortran.dg/deallocate_error_2.f90 -O3 -g execution test
FAIL: gfortran.dg/deallocate_error_2.f90 -Os execution test
XPASS: gfortran.dg/dec_exp_3.f90 -O0 execution test
XPASS: gfortran.dg/dec_exp_3.f90 -O1 execution test
XPASS: gfortran.dg/dec_exp_3.f90 -O2 execution test
XPASS: gfortran.dg/dec_exp_3.f90 -O3 -fomit-frame-pointer
-funroll-loops -fpeel-loops -ftracer -finline-functions execution test
XPASS: gfortran.dg/dec_exp_3.f90 -O3 -g execution test
XPASS: gfortran.dg/dec_exp_3.f90 -Os execution test
FAIL: gfortran.dg/dec_io_5.f90 -O0 execution test
FAIL: gfortran.dg/dec_io_5.f90 -O1 execution test
FAIL: gfortran.dg/dec_io_5.f90 -O2 execution test
FAIL: gfortran.dg/dec_io_5.f90 -O3 -fomit-frame-pointer -funroll-loops
-fpeel-loops -ftracer -finline-functions execution test
FAIL: gfortran.dg/dec_io_5.f90 -O3 -g execution test
FAIL: gfortran.dg/dec_io_5.f90 -Os execution test
XPASS: gfortran.dg/default_format_denormal_1.f90 -O0 execution test
XPASS: gfortran.dg/default_format_denormal_1.f90 -O1 execution test
XPASS: gfortran.dg/default_format_denormal_1.f90 -O2 execution test
XPASS: gfortran.dg/default_format_denormal_1.f90 -O3
-fomit-frame-pointer -funroll-loops -fpeel-loops -ftracer
-finline-functions execution test
XPASS: gfortran.dg/default_format_denormal_1.f90 -O3 -g execution test
XPASS: gfortran.dg/default_format_denormal_1.f90 -Os execution test
FAIL: gfortran.dg/dim_sum_1.f90 -O execution test
FAIL: gfortran.dg/dim_sum_2.f90 -O execution test
FAIL: gfortran.dg/dim_sum_3.f90 -O execution test
FAIL: gfortran.dg/do_check_1.f90 -O0 execution test
FAIL: gfortran.dg/do_check_1.f90 -O1 execution test
FAIL: gfortran.dg/do_check_1.f90 -O2 execution test
FAIL: gfortran.dg/do_check_1.f90 -O3 -fomit-frame-pointer
-funroll-loops -fpeel-loops -ftracer -finline-functions execution test
FAIL: gfortran.dg/do_check_1.f90 -O3 -g execution test
FAIL: gfortran.dg/do_check_1.f90 -Os execution test
FAIL: gfortran.dg/do_check_11.f90 -O0 execution test
FAIL: gfortran.dg/do_check_11.f90 -O1 execution test
FAIL: gfortran.dg/do_check_11.f90 -O2 execution test
FAIL: gfortran.dg/do_check_11.f90 -O3 -fomit-frame-pointer
-funroll-loops -fpeel-loops -ftracer -finline-functions execution test
FAIL: gfortran.dg/do_check_11.f90 -O3 -g execution test
FAIL: gfortran.dg/do_check_11.f90 -Os execution test
FAIL: gfortran.dg/do_check_12.f90 -O0 execution test
FAIL: gfortran.dg/do_check_12.f90 -O1 execution test
FAIL: gfortran.dg/do_check_12.f90 -O2 execution test
FAIL: gfortran.dg/do_check_12.f90 -O3 -fomit-frame-pointer
-funroll-loops -fpeel-loops -ftracer -finline-functions execution test
FAIL: gfortran.dg/do_check_12.f90 -O3 -g execution test
FAIL: gfortran.dg/do_check_12.f90 -Os execution test
FAIL: gfortran.dg/do_check_2.f90 -O0 execution test
FAIL: gfortran.dg/do_check_2.f90 -O1 execution test
FAIL: gfortran.dg/do_check_2.f90 -O2 execution test
FAIL: gfortran.dg/do_check_2.f90 -O3 -fomit-frame-pointer
-funroll-loops -fpeel-loops -ftracer -finline-functions execution test
FAIL: gfortran.dg/do_check_2.f90 -O3 -g execution test
FAIL: gfortran.dg/do_check_2.f90 -Os execution test
FAIL: gfortran.dg/do_check_3.f90 -O0 execution test
FAIL: gfortran.dg/do_check_3.f90 -O1 execution test
FAIL: gfortran.dg/do_check_3.f90 -O2 execution test
FAIL: gfortran.dg/do_check_3.f90 -O3 -fomit-frame-pointer
-funroll-loops -fpeel-loops -ftracer -finline-functions execution test
FAIL: gfortran.dg/do_check_3.f90 -O3 -g execution test
FAIL: gfortran.dg/do_check_3.f90 -Os execution test
FAIL: gfortran.dg/do_check_4.f90 -O0 execution test
FAIL: gfortran.dg/do_check_4.f90 -O1 execution test
FAIL: gfortran.dg/do_check_4.f90 -O2 execution test
FAIL: gfortran.dg/do_check_4.f90 -O3 -fomit-frame-pointer
-funroll-loops -fpeel-loops -ftracer -finline-functions execution test
FAIL: gfortran.dg/do_check_4.f90 -O3 -g execution test
FAIL: gfortran.dg/do_check_4.f90 -Os execution test
FAIL: gfortran.dg/endfile_3.f90 -O0 execution test
FAIL: gfortran.dg/endfile_3.f90 -O1 execution test
FAIL: gfortran.dg/endfile_3.f90 -O2 execution test
FAIL: gfortran.dg/endfile_3.f90 -O3 -fomit-frame-pointer
-funroll-loops -fpeel-loops -ftracer -finline-functions execution test
FAIL: gfortran.dg/endfile_3.f90 -O3 -g execution test
FAIL: gfortran.dg/endfile_3.f90 -Os execution test
FAIL: gfortran.dg/endfile_4.f90 -O0 execution test
FAIL: gfortran.dg/endfile_4.f90 -O1 execution test
FAIL: gfortran.dg/endfile_4.f90 -O2 execution test
FAIL: gfortran.dg/endfile_4.f90 -O3 -fomit-frame-pointer
-funroll-loops -fpeel-loops -ftracer -finline-functions execution test
FAIL: gfortran.dg/endfile_4.f90 -O3 -g execution test
FAIL: gfortran.dg/endfile_4.f90 -Os execution test
FAIL: gfortran.dg/eoshift_bounds_1.f90 -O0 execution test
FAIL: gfortran.dg/eoshift_bounds_1.f90 -O1 execution test
FAIL: gfortran.dg/eoshift_bounds_1.f90 -O2 execution test
FAIL: gfortran.dg/eoshift_bounds_1.f90 -O3 -fomit-frame-pointer
-funroll-loops -fpeel-loops -ftracer -finline-functions execution test
FAIL: gfortran.dg/eoshift_bounds_1.f90 -O3 -g execution test
FAIL: gfortran.dg/eoshift_bounds_1.f90 -Os execution test
FAIL: gfortran.dg/error_format.f90 -O0 execution test
FAIL: gfortran.dg/error_format.f90 -O1 execution test
FAIL: gfortran.dg/error_format.f90 -O2 execution test
FAIL: gfortran.dg/error_format.f90 -O3 -fomit-frame-pointer
-funroll-loops -fpeel-loops -ftracer -finline-functions execution test
FAIL: gfortran.dg/error_format.f90 -O3 -g execution test
FAIL: gfortran.dg/error_format.f90 -Os execution test
FAIL: gfortran.dg/error_stop_1.f08 -O0 execution test
FAIL: gfortran.dg/error_stop_1.f08 -O1 execution test
FAIL: gfortran.dg/error_stop_1.f08 -O2 execution test
FAIL: gfortran.dg/error_stop_1.f08 -O3 -fomit-frame-pointer
-funroll-loops -fpeel-loops -ftracer -finline-functions execution test
FAIL: gfortran.dg/error_stop_1.f08 -O3 -g execution test
FAIL: gfortran.dg/error_stop_1.f08 -Os execution test
FAIL: gfortran.dg/fmt_error_11.f03 -O0 execution test
FAIL: gfortran.dg/fmt_error_11.f03 -O1 execution test
FAIL: gfortran.dg/fmt_error_11.f03 -O2 execution test
FAIL: gfortran.dg/fmt_error_11.f03 -O3 -fomit-frame-pointer
-funroll-loops -fpeel-loops -ftracer -finline-functions execution test
FAIL: gfortran.dg/fmt_error_11.f03 -O3 -g execution test
FAIL: gfortran.dg/fmt_error_11.f03 -Os execution test
FAIL: gfortran.dg/fmt_error_4.f90 -O0 execution test
FAIL: gfortran.dg/fmt_error_4.f90 -O1 execution test
FAIL: gfortran.dg/fmt_error_4.f90 -O2 execution test
FAIL: gfortran.dg/fmt_error_4.f90 -O3 -fomit-frame-pointer
-funroll-loops -fpeel-loops -ftracer -finline-functions execution test
FAIL: gfortran.dg/fmt_error_4.f90 -O3 -g execution test
FAIL: gfortran.dg/fmt_error_4.f90 -Os execution test
FAIL: gfortran.dg/fmt_error_5.f90 -O0 execution test
FAIL: gfortran.dg/fmt_error_5.f90 -O1 execution test
FAIL: gfortran.dg/fmt_error_5.f90 -O2 execution test
FAIL: gfortran.dg/fmt_error_5.f90 -O3 -fomit-frame-pointer
-funroll-loops -fpeel-loops -ftracer -finline-functions execution test
FAIL: gfortran.dg/fmt_error_5.f90 -O3 -g execution test
FAIL: gfortran.dg/fmt_error_5.f90 -Os execution test
FAIL: gfortran.dg/fmt_g0_2.f08 -O0 execution test
FAIL: gfortran.dg/fmt_g0_2.f08 -O1 execution test
FAIL: gfortran.dg/fmt_g0_2.f08 -O2 execution test
FAIL: gfortran.dg/fmt_g0_2.f08 -O3 -fomit-frame-pointer -funroll-loops
-fpeel-loops -ftracer -finline-functions execution test
FAIL: gfortran.dg/fmt_g0_2.f08 -O3 -g execution test
FAIL: gfortran.dg/fmt_g0_2.f08 -Os execution test
FAIL: gfortran.dg/inline_matmul_15.f90 -O0 execution test
FAIL: gfortran.dg/inline_matmul_15.f90 -O1 execution test
FAIL: gfortran.dg/inline_matmul_15.f90 -O2 execution test
FAIL: gfortran.dg/inline_matmul_15.f90 -O3 -fomit-frame-pointer
-funroll-loops -fpeel-loops -ftracer -finline-functions execution test
FAIL: gfortran.dg/inline_matmul_15.f90 -O3 -g execution test
FAIL: gfortran.dg/inline_matmul_15.f90 -Os execution test
FAIL: gfortran.dg/inline_sum_bounds_check_1.f90 -O0 execution test
FAIL: gfortran.dg/inline_sum_bounds_check_1.f90 -O1 execution test
FAIL: gfortran.dg/inline_sum_bounds_check_1.f90 -O2 execution test
FAIL: gfortran.dg/inline_sum_bounds_check_1.f90 -O3
-fomit-frame-pointer -funroll-loops -fpeel-loops -ftracer
-finline-functions execution test
FAIL: gfortran.dg/inline_sum_bounds_check_1.f90 -O3 -g execution test
FAIL: gfortran.dg/inline_sum_bounds_check_1.f90 -Os execution test
FAIL: gfortran.dg/inline_sum_bounds_check_2.f90 -O0 execution test
FAIL: gfortran.dg/inline_sum_bounds_check_2.f90 -O1 execution test
FAIL: gfortran.dg/inline_sum_bounds_check_2.f90 -O2 execution test
FAIL: gfortran.dg/inline_sum_bounds_check_2.f90 -O3
-fomit-frame-pointer -funroll-loops -fpeel-loops -ftracer
-finline-functions execution test
FAIL: gfortran.dg/inline_sum_bounds_check_2.f90 -O3 -g execution test
FAIL: gfortran.dg/inline_sum_bounds_check_2.f90 -Os execution test
FAIL: gfortran.dg/internal_write_1.f90 -O0 execution test
FAIL: gfortran.dg/internal_write_1.f90 -O1 execution test
FAIL: gfortran.dg/internal_write_1.f90 -O2 execution test
FAIL: gfortran.dg/internal_write_1.f90 -O3 -fomit-frame-pointer
-funroll-loops -fpeel-loops -ftracer -finline-functions execution test
FAIL: gfortran.dg/internal_write_1.f90 -O3 -g execution test
FAIL: gfortran.dg/internal_write_1.f90 -Os execution test
FAIL: gfortran.dg/io_err_1.f90 -O0 execution test
FAIL: gfortran.dg/io_err_1.f90 -O1 execution test
FAIL: gfortran.dg/io_err_1.f90 -O2 execution test
FAIL: gfortran.dg/io_err_1.f90 -O3 -fomit-frame-pointer -funroll-loops
-fpeel-loops -ftracer -finline-functions execution test
FAIL: gfortran.dg/io_err_1.f90 -O3 -g execution test
FAIL: gfortran.dg/io_err_1.f90 -Os execution test
FAIL: gfortran.dg/io_real_boz2.f90 -O0 execution test
FAIL: gfortran.dg/io_real_boz2.f90 -O1 execution test
FAIL: gfortran.dg/io_real_boz2.f90 -O2 execution test
FAIL: gfortran.dg/io_real_boz2.f90 -O3 -fomit-frame-pointer
-funroll-loops -fpeel-loops -ftracer -finline-functions execution test
FAIL: gfortran.dg/io_real_boz2.f90 -O3 -g execution test
FAIL: gfortran.dg/io_real_boz2.f90 -Os execution test
FAIL: gfortran.dg/io_real_boz_4.f90 -O0 execution test
FAIL: gfortran.dg/io_real_boz_4.f90 -O1 execution test
FAIL: gfortran.dg/io_real_boz_4.f90 -O2 execution test
FAIL: gfortran.dg/io_real_boz_4.f90 -O3 -fomit-frame-pointer
-funroll-loops -fpeel-loops -ftracer -finline-functions execution test
FAIL: gfortran.dg/io_real_boz_4.f90 -O3 -g execution test
FAIL: gfortran.dg/io_real_boz_4.f90 -Os execution test
FAIL: gfortran.dg/io_real_boz_5.f90 -O0 execution test
FAIL: gfortran.dg/io_real_boz_5.f90 -O1 execution test
FAIL: gfortran.dg/io_real_boz_5.f90 -O2 execution test
FAIL: gfortran.dg/io_real_boz_5.f90 -O3 -fomit-frame-pointer
-funroll-loops -fpeel-loops -ftracer -finline-functions execution test
FAIL: gfortran.dg/io_real_boz_5.f90 -O3 -g execution test
FAIL: gfortran.dg/io_real_boz_5.f90 -Os execution test
FAIL: gfortran.dg/large_unit_1.f90 -O0 execution test
FAIL: gfortran.dg/large_unit_1.f90 -O1 execution test
FAIL: gfortran.dg/large_unit_1.f90 -O2 execution test
FAIL: gfortran.dg/large_unit_1.f90 -O3 -fomit-frame-pointer
-funroll-loops -fpeel-loops -ftracer -finline-functions execution test
FAIL: gfortran.dg/large_unit_1.f90 -O3 -g execution test
FAIL: gfortran.dg/large_unit_1.f90 -Os execution test
FAIL: gfortran.dg/matmul_5.f90 -O0 execution test
FAIL: gfortran.dg/matmul_5.f90 -O1 execution test
FAIL: gfortran.dg/matmul_5.f90 -O2 execution test
FAIL: gfortran.dg/matmul_5.f90 -O3 -fomit-frame-pointer -funroll-loops
-fpeel-loops -ftracer -finline-functions execution test
FAIL: gfortran.dg/matmul_5.f90 -O3 -g execution test
FAIL: gfortran.dg/matmul_5.f90 -Os execution test
FAIL: gfortran.dg/matmul_bounds_11.f90 -O0 execution test
FAIL: gfortran.dg/matmul_bounds_11.f90 -O1 execution test
FAIL: gfortran.dg/matmul_bounds_11.f90 -O2 execution test
FAIL: gfortran.dg/matmul_bounds_11.f90 -O3 -fomit-frame-pointer
-funroll-loops -fpeel-loops -ftracer -finline-functions execution test
FAIL: gfortran.dg/matmul_bounds_11.f90 -O3 -g execution test
FAIL: gfortran.dg/matmul_bounds_11.f90 -Os execution test
FAIL: gfortran.dg/matmul_bounds_2.f90 -O0 execution test
FAIL: gfortran.dg/matmul_bounds_2.f90 -O1 execution test
FAIL: gfortran.dg/matmul_bounds_2.f90 -O2 execution test
FAIL: gfortran.dg/matmul_bounds_2.f90 -O3 -fomit-frame-pointer
-funroll-loops -fpeel-loops -ftracer -finline-functions execution test
FAIL: gfortran.dg/matmul_bounds_2.f90 -O3 -g execution test
FAIL: gfortran.dg/matmul_bounds_2.f90 -Os execution test
FAIL: gfortran.dg/matmul_bounds_3.f90 -O0 execution test
FAIL: gfortran.dg/matmul_bounds_3.f90 -O1 execution test
FAIL: gfortran.dg/matmul_bounds_3.f90 -O2 execution test
FAIL: gfortran.dg/matmul_bounds_3.f90 -O3 -fomit-frame-pointer
-funroll-loops -fpeel-loops -ftracer -finline-functions execution test
FAIL: gfortran.dg/matmul_bounds_3.f90 -O3 -g execution test
FAIL: gfortran.dg/matmul_bounds_3.f90 -Os execution test
FAIL: gfortran.dg/matmul_bounds_4.f90 -O0 execution test
FAIL: gfortran.dg/matmul_bounds_4.f90 -O1 execution test
FAIL: gfortran.dg/matmul_bounds_4.f90 -O2 execution test
FAIL: gfortran.dg/matmul_bounds_4.f90 -O3 -fomit-frame-pointer
-funroll-loops -fpeel-loops -ftracer -finline-functions execution test
FAIL: gfortran.dg/matmul_bounds_4.f90 -O3 -g execution test
FAIL: gfortran.dg/matmul_bounds_4.f90 -Os execution test
FAIL: gfortran.dg/matmul_bounds_5.f90 -O0 execution test
FAIL: gfortran.dg/matmul_bounds_5.f90 -O1 execution test
FAIL: gfortran.dg/matmul_bounds_5.f90 -O2 execution test
FAIL: gfortran.dg/matmul_bounds_5.f90 -O3 -fomit-frame-pointer
-funroll-loops -fpeel-loops -ftracer -finline-functions execution test
FAIL: gfortran.dg/matmul_bounds_5.f90 -O3 -g execution test
FAIL: gfortran.dg/matmul_bounds_5.f90 -Os execution test
FAIL: gfortran.dg/matmul_bounds_7.f90 -O0 execution test
FAIL: gfortran.dg/matmul_bounds_7.f90 -O1 execution test
FAIL: gfortran.dg/matmul_bounds_7.f90 -O2 execution test
FAIL: gfortran.dg/matmul_bounds_7.f90 -O3 -fomit-frame-pointer
-funroll-loops -fpeel-loops -ftracer -finline-functions execution test
FAIL: gfortran.dg/matmul_bounds_7.f90 -O3 -g execution test
FAIL: gfortran.dg/matmul_bounds_7.f90 -Os execution test
FAIL: gfortran.dg/matmul_bounds_9.f90 -O0 execution test
FAIL: gfortran.dg/matmul_bounds_9.f90 -O1 execution test
FAIL: gfortran.dg/matmul_bounds_9.f90 -O2 execution test
FAIL: gfortran.dg/matmul_bounds_9.f90 -O3 -fomit-frame-pointer
-funroll-loops -fpeel-loops -ftracer -finline-functions execution test
FAIL: gfortran.dg/matmul_bounds_9.f90 -O3 -g execution test
FAIL: gfortran.dg/matmul_bounds_9.f90 -Os execution test
FAIL: gfortran.dg/maxloc_bounds_1.f90 -O0 execution test
FAIL: gfortran.dg/maxloc_bounds_1.f90 -O1 execution test
FAIL: gfortran.dg/maxloc_bounds_1.f90 -O2 execution test
FAIL: gfortran.dg/maxloc_bounds_1.f90 -O3 -fomit-frame-pointer
-funroll-loops -fpeel-loops -ftracer -finline-functions execution test
FAIL: gfortran.dg/maxloc_bounds_1.f90 -O3 -g execution test
FAIL: gfortran.dg/maxloc_bounds_1.f90 -Os execution test
FAIL: gfortran.dg/maxloc_bounds_2.f90 -O0 execution test
FAIL: gfortran.dg/maxloc_bounds_2.f90 -O1 execution test
FAIL: gfortran.dg/maxloc_bounds_2.f90 -O2 execution test
FAIL: gfortran.dg/maxloc_bounds_2.f90 -O3 -fomit-frame-pointer
-funroll-loops -fpeel-loops -ftracer -finline-functions execution test
FAIL: gfortran.dg/maxloc_bounds_2.f90 -O3 -g execution test
FAIL: gfortran.dg/maxloc_bounds_2.f90 -Os execution test
FAIL: gfortran.dg/maxloc_bounds_3.f90 -O0 execution test
FAIL: gfortran.dg/maxloc_bounds_3.f90 -O1 execution test
FAIL: gfortran.dg/maxloc_bounds_3.f90 -O2 execution test
FAIL: gfortran.dg/maxloc_bounds_3.f90 -O3 -fomit-frame-pointer
-funroll-loops -fpeel-loops -ftracer -finline-functions execution test
FAIL: gfortran.dg/maxloc_bounds_3.f90 -O3 -g execution test
FAIL: gfortran.dg/maxloc_bounds_3.f90 -Os execution test
FAIL: gfortran.dg/maxloc_bounds_4.f90 -O0 execution test
FAIL: gfortran.dg/maxloc_bounds_4.f90 -O1 execution test
FAIL: gfortran.dg/maxloc_bounds_4.f90 -O2 execution test
FAIL: gfortran.dg/maxloc_bounds_4.f90 -O3 -fomit-frame-pointer
-funroll-loops -fpeel-loops -ftracer -finline-functions execution test
FAIL: gfortran.dg/maxloc_bounds_4.f90 -O3 -g execution test
FAIL: gfortran.dg/maxloc_bounds_4.f90 -Os execution test
FAIL: gfortran.dg/maxloc_bounds_5.f90 -O0 execution test
FAIL: gfortran.dg/maxloc_bounds_5.f90 -O1 execution test
FAIL: gfortran.dg/maxloc_bounds_5.f90 -O2 execution test
FAIL: gfortran.dg/maxloc_bounds_5.f90 -O3 -fomit-frame-pointer
-funroll-loops -fpeel-loops -ftracer -finline-functions execution test
FAIL: gfortran.dg/maxloc_bounds_5.f90 -O3 -g execution test
FAIL: gfortran.dg/maxloc_bounds_5.f90 -Os execution test
FAIL: gfortran.dg/maxloc_bounds_6.f90 -O0 execution test
FAIL: gfortran.dg/maxloc_bounds_6.f90 -O1 execution test
FAIL: gfortran.dg/maxloc_bounds_6.f90 -O2 execution test
FAIL: gfortran.dg/maxloc_bounds_6.f90 -O3 -fomit-frame-pointer
-funroll-loops -fpeel-loops -ftracer -finline-functions execution test
FAIL: gfortran.dg/maxloc_bounds_6.f90 -O3 -g execution test
FAIL: gfortran.dg/maxloc_bounds_6.f90 -Os execution test
FAIL: gfortran.dg/maxloc_bounds_7.f90 -O0 execution test
FAIL: gfortran.dg/maxloc_bounds_7.f90 -O1 execution test
FAIL: gfortran.dg/maxloc_bounds_7.f90 -O2 execution test
FAIL: gfortran.dg/maxloc_bounds_7.f90 -O3 -fomit-frame-pointer
-funroll-loops -fpeel-loops -ftracer -finline-functions execution test
FAIL: gfortran.dg/maxloc_bounds_7.f90 -O3 -g execution test
FAIL: gfortran.dg/maxloc_bounds_7.f90 -Os execution test
FAIL: gfortran.dg/maxloc_bounds_8.f90 -O0 execution test
FAIL: gfortran.dg/maxloc_bounds_8.f90 -O1 execution test
FAIL: gfortran.dg/maxloc_bounds_8.f90 -O2 execution test
FAIL: gfortran.dg/maxloc_bounds_8.f90 -O3 -fomit-frame-pointer
-funroll-loops -fpeel-loops -ftracer -finline-functions execution test
FAIL: gfortran.dg/maxloc_bounds_8.f90 -O3 -g execution test
FAIL: gfortran.dg/maxloc_bounds_8.f90 -Os execution test
FAIL: gfortran.dg/merge_char_3.f90 -O0 execution test
FAIL: gfortran.dg/merge_char_3.f90 -O1 execution test
FAIL: gfortran.dg/merge_char_3.f90 -O2 execution test
FAIL: gfortran.dg/merge_char_3.f90 -O3 -fomit-frame-pointer
-funroll-loops -fpeel-loops -ftracer -finline-functions execution test
FAIL: gfortran.dg/merge_char_3.f90 -O3 -g execution test
FAIL: gfortran.dg/merge_char_3.f90 -Os execution test
FAIL: gfortran.dg/no_unit_error_1.f90 -O0 execution test
FAIL: gfortran.dg/no_unit_error_1.f90 -O1 execution test
FAIL: gfortran.dg/no_unit_error_1.f90 -O2 execution test
FAIL: gfortran.dg/no_unit_error_1.f90 -O3 -fomit-frame-pointer
-funroll-loops -fpeel-loops -ftracer -finline-functions execution test
FAIL: gfortran.dg/no_unit_error_1.f90 -O3 -g execution test
FAIL: gfortran.dg/no_unit_error_1.f90 -Os execution test
FAIL: gfortran.dg/open_errors_2.f90 -O0 execution test
FAIL: gfortran.dg/open_errors_2.f90 -O1 execution test
FAIL: gfortran.dg/open_errors_2.f90 -O2 execution test
FAIL: gfortran.dg/open_errors_2.f90 -O3 -fomit-frame-pointer
-funroll-loops -fpeel-loops -ftracer -finline-functions execution test
FAIL: gfortran.dg/open_errors_2.f90 -O3 -g execution test
FAIL: gfortran.dg/open_errors_2.f90 -Os execution test
FAIL: gfortran.dg/open_new_segv.f90 -O0 execution test
FAIL: gfortran.dg/open_new_segv.f90 -O1 execution test
FAIL: gfortran.dg/open_new_segv.f90 -O2 execution test
FAIL: gfortran.dg/open_new_segv.f90 -O3 -fomit-frame-pointer
-funroll-loops -fpeel-loops -ftracer -finline-functions execution test
FAIL: gfortran.dg/open_new_segv.f90 -O3 -g execution test
FAIL: gfortran.dg/open_new_segv.f90 -Os execution test
FAIL: gfortran.dg/pack_bounds_1.f90 -O0 execution test
FAIL: gfortran.dg/pack_bounds_1.f90 -O1 execution test
FAIL: gfortran.dg/pack_bounds_1.f90 -O2 execution test
FAIL: gfortran.dg/pack_bounds_1.f90 -O3 -fomit-frame-pointer
-funroll-loops -fpeel-loops -ftracer -finline-functions execution test
FAIL: gfortran.dg/pack_bounds_1.f90 -O3 -g execution test
FAIL: gfortran.dg/pack_bounds_1.f90 -Os execution test
FAIL: gfortran.dg/pdt_2.f03 -O0 execution test
FAIL: gfortran.dg/pdt_2.f03 -O1 execution test
FAIL: gfortran.dg/pdt_2.f03 -O2 execution test
FAIL: gfortran.dg/pdt_2.f03 -O3 -fomit-frame-pointer -funroll-loops
-fpeel-loops -ftracer -finline-functions execution test
FAIL: gfortran.dg/pdt_2.f03 -O3 -g execution test
FAIL: gfortran.dg/pdt_2.f03 -Os execution test
FAIL: gfortran.dg/pointer_check_1.f90 -O0 execution test
FAIL: gfortran.dg/pointer_check_1.f90 -O1 execution test
FAIL: gfortran.dg/pointer_check_1.f90 -O2 execution test
FAIL: gfortran.dg/pointer_check_1.f90 -O3 -fomit-frame-pointer
-funroll-loops -fpeel-loops -ftracer -finline-functions execution test
FAIL: gfortran.dg/pointer_check_1.f90 -O3 -g execution test
FAIL: gfortran.dg/pointer_check_1.f90 -Os execution test
FAIL: gfortran.dg/pointer_check_10.f90 -O0 execution test
FAIL: gfortran.dg/pointer_check_10.f90 -O1 execution test
FAIL: gfortran.dg/pointer_check_10.f90 -O2 execution test
FAIL: gfortran.dg/pointer_check_10.f90 -O3 -fomit-frame-pointer
-funroll-loops -fpeel-loops -ftracer -finline-functions execution test
FAIL: gfortran.dg/pointer_check_10.f90 -O3 -g execution test
FAIL: gfortran.dg/pointer_check_10.f90 -Os execution test
FAIL: gfortran.dg/pointer_check_11.f90 -O0 execution test
FAIL: gfortran.dg/pointer_check_11.f90 -O1 execution test
FAIL: gfortran.dg/pointer_check_11.f90 -O2 execution test
FAIL: gfortran.dg/pointer_check_11.f90 -O3 -fomit-frame-pointer
-funroll-loops -fpeel-loops -ftracer -finline-functions execution test
FAIL: gfortran.dg/pointer_check_11.f90 -O3 -g execution test
FAIL: gfortran.dg/pointer_check_11.f90 -Os execution test
FAIL: gfortran.dg/pointer_check_12.f90 -O0 execution test
FAIL: gfortran.dg/pointer_check_12.f90 -O1 execution test
FAIL: gfortran.dg/pointer_check_12.f90 -O2 execution test
FAIL: gfortran.dg/pointer_check_12.f90 -O3 -fomit-frame-pointer
-funroll-loops -fpeel-loops -ftracer -finline-functions execution test
FAIL: gfortran.dg/pointer_check_12.f90 -O3 -g execution test
FAIL: gfortran.dg/pointer_check_12.f90 -Os execution test
FAIL: gfortran.dg/pointer_check_2.f90 -O0 execution test
FAIL: gfortran.dg/pointer_check_2.f90 -O1 execution test
FAIL: gfortran.dg/pointer_check_2.f90 -O2 execution test
FAIL: gfortran.dg/pointer_check_2.f90 -O3 -fomit-frame-pointer
-funroll-loops -fpeel-loops -ftracer -finline-functions execution test
FAIL: gfortran.dg/pointer_check_2.f90 -O3 -g execution test
FAIL: gfortran.dg/pointer_check_2.f90 -Os execution test
FAIL: gfortran.dg/pointer_check_3.f90 -O0 execution test
FAIL: gfortran.dg/pointer_check_3.f90 -O1 execution test
FAIL: gfortran.dg/pointer_check_3.f90 -O2 execution test
FAIL: gfortran.dg/pointer_check_3.f90 -O3 -fomit-frame-pointer
-funroll-loops -fpeel-loops -ftracer -finline-functions execution test
FAIL: gfortran.dg/pointer_check_3.f90 -O3 -g execution test
FAIL: gfortran.dg/pointer_check_3.f90 -Os execution test
FAIL: gfortran.dg/pointer_check_4.f90 -O0 execution test
FAIL: gfortran.dg/pointer_check_4.f90 -O1 execution test
FAIL: gfortran.dg/pointer_check_4.f90 -O2 execution test
FAIL: gfortran.dg/pointer_check_4.f90 -O3 -fomit-frame-pointer
-funroll-loops -fpeel-loops -ftracer -finline-functions execution test
FAIL: gfortran.dg/pointer_check_4.f90 -O3 -g execution test
FAIL: gfortran.dg/pointer_check_4.f90 -Os execution test
FAIL: gfortran.dg/pointer_check_5.f90 -O0 execution test
FAIL: gfortran.dg/pointer_check_5.f90 -O1 execution test
FAIL: gfortran.dg/pointer_check_5.f90 -O2 execution test
FAIL: gfortran.dg/pointer_check_5.f90 -O3 -fomit-frame-pointer
-funroll-loops -fpeel-loops -ftracer -finline-functions execution test
FAIL: gfortran.dg/pointer_check_5.f90 -O3 -g execution test
FAIL: gfortran.dg/pointer_check_5.f90 -Os execution test
FAIL: gfortran.dg/pointer_check_6.f90 -O0 execution test
FAIL: gfortran.dg/pointer_check_6.f90 -O1 execution test
FAIL: gfortran.dg/pointer_check_6.f90 -O2 execution test
FAIL: gfortran.dg/pointer_check_6.f90 -O3 -fomit-frame-pointer
-funroll-loops -fpeel-loops -ftracer -finline-functions execution test
FAIL: gfortran.dg/pointer_check_6.f90 -O3 -g execution test
FAIL: gfortran.dg/pointer_check_6.f90 -Os execution test
FAIL: gfortran.dg/pointer_remapping_6.f08 -O0 execution test
FAIL: gfortran.dg/pointer_remapping_6.f08 -O1 execution test
FAIL: gfortran.dg/pointer_remapping_6.f08 -O2 execution test
FAIL: gfortran.dg/pointer_remapping_6.f08 -O3 -fomit-frame-pointer
-funroll-loops -fpeel-loops -ftracer -finline-functions execution test
FAIL: gfortran.dg/pointer_remapping_6.f08 -O3 -g execution test
FAIL: gfortran.dg/pointer_remapping_6.f08 -Os execution test
FAIL: gfortran.dg/random_5.f90 -O0 execution test
FAIL: gfortran.dg/random_5.f90 -O1 execution test
FAIL: gfortran.dg/random_5.f90 -O2 execution test
FAIL: gfortran.dg/random_5.f90 -O3 -fomit-frame-pointer -funroll-loops
-fpeel-loops -ftracer -finline-functions execution test
FAIL: gfortran.dg/random_5.f90 -O3 -g execution test
FAIL: gfortran.dg/random_5.f90 -Os execution test
FAIL: gfortran.dg/recursive_check_11.f90 -O0 execution test
FAIL: gfortran.dg/recursive_check_11.f90 -O1 execution test
FAIL: gfortran.dg/recursive_check_11.f90 -O2 execution test
FAIL: gfortran.dg/recursive_check_11.f90 -O3 -fomit-frame-pointer
-funroll-loops -fpeel-loops -ftracer -finline-functions execution test
FAIL: gfortran.dg/recursive_check_11.f90 -O3 -g execution test
FAIL: gfortran.dg/recursive_check_11.f90 -Os execution test
FAIL: gfortran.dg/recursive_check_13.f90 -O0 execution test
FAIL: gfortran.dg/recursive_check_13.f90 -O1 execution test
FAIL: gfortran.dg/recursive_check_13.f90 -O2 execution test
FAIL: gfortran.dg/recursive_check_13.f90 -O3 -fomit-frame-pointer
-funroll-loops -fpeel-loops -ftracer -finline-functions execution test
FAIL: gfortran.dg/recursive_check_13.f90 -O3 -g execution test
FAIL: gfortran.dg/recursive_check_13.f90 -Os execution test
FAIL: gfortran.dg/recursive_check_7.f90 -O0 execution test
FAIL: gfortran.dg/recursive_check_7.f90 -O1 execution test
FAIL: gfortran.dg/recursive_check_7.f90 -O2 execution test
FAIL: gfortran.dg/recursive_check_7.f90 -O3 -fomit-frame-pointer
-funroll-loops -fpeel-loops -ftracer -finline-functions execution test
FAIL: gfortran.dg/recursive_check_7.f90 -O3 -g execution test
FAIL: gfortran.dg/recursive_check_7.f90 -Os execution test
FAIL: gfortran.dg/recursive_check_9.f90 -O0 execution test
FAIL: gfortran.dg/recursive_check_9.f90 -O1 execution test
FAIL: gfortran.dg/recursive_check_9.f90 -O2 execution test
FAIL: gfortran.dg/recursive_check_9.f90 -O3 -fomit-frame-pointer
-funroll-loops -fpeel-loops -ftracer -finline-functions execution test
FAIL: gfortran.dg/recursive_check_9.f90 -O3 -g execution test
FAIL: gfortran.dg/recursive_check_9.f90 -Os execution test
FAIL: gfortran.dg/repeat_1.f90 -O0 execution test
FAIL: gfortran.dg/repeat_1.f90 -O1 execution test
FAIL: gfortran.dg/repeat_1.f90 -O2 execution test
FAIL: gfortran.dg/repeat_1.f90 -O3 -fomit-frame-pointer -funroll-loops
-fpeel-loops -ftracer -finline-functions execution test
FAIL: gfortran.dg/repeat_1.f90 -O3 -g execution test
FAIL: gfortran.dg/repeat_1.f90 -Os execution test
FAIL: gfortran.dg/reshape_order_1.f90 -O0 execution test
FAIL: gfortran.dg/reshape_order_1.f90 -O1 execution test
FAIL: gfortran.dg/reshape_order_1.f90 -O2 execution test
FAIL: gfortran.dg/reshape_order_1.f90 -O3 -fomit-frame-pointer
-funroll-loops -fpeel-loops -ftracer -finline-functions execution test
FAIL: gfortran.dg/reshape_order_1.f90 -O3 -g execution test
FAIL: gfortran.dg/reshape_order_1.f90 -Os execution test
FAIL: gfortran.dg/reshape_order_2.f90 -O0 execution test
FAIL: gfortran.dg/reshape_order_2.f90 -O1 execution test
FAIL: gfortran.dg/reshape_order_2.f90 -O2 execution test
FAIL: gfortran.dg/reshape_order_2.f90 -O3 -fomit-frame-pointer
-funroll-loops -fpeel-loops -ftracer -finline-functions execution test
FAIL: gfortran.dg/reshape_order_2.f90 -O3 -g execution test
FAIL: gfortran.dg/reshape_order_2.f90 -Os execution test
FAIL: gfortran.dg/reshape_order_3.f90 -O0 execution test
FAIL: gfortran.dg/reshape_order_3.f90 -O1 execution test
FAIL: gfortran.dg/reshape_order_3.f90 -O2 execution test
FAIL: gfortran.dg/reshape_order_3.f90 -O3 -fomit-frame-pointer
-funroll-loops -fpeel-loops -ftracer -finline-functions execution test
FAIL: gfortran.dg/reshape_order_3.f90 -O3 -g execution test
FAIL: gfortran.dg/reshape_order_3.f90 -Os execution test
FAIL: gfortran.dg/reshape_order_4.f90 -O0 execution test
FAIL: gfortran.dg/reshape_order_4.f90 -O1 execution test
FAIL: gfortran.dg/reshape_order_4.f90 -O2 execution test
FAIL: gfortran.dg/reshape_order_4.f90 -O3 -fomit-frame-pointer
-funroll-loops -fpeel-loops -ftracer -finline-functions execution test
FAIL: gfortran.dg/reshape_order_4.f90 -O3 -g execution test
FAIL: gfortran.dg/reshape_order_4.f90 -Os execution test
FAIL: gfortran.dg/save_6.f90 -O0 (test for excess errors)
UNRESOLVED: gfortran.dg/save_6.f90 -O0 compilation failed to produce
executable
FAIL: gfortran.dg/save_6.f90 -O1 (test for excess errors)
UNRESOLVED: gfortran.dg/save_6.f90 -O1 compilation failed to produce
executable
FAIL: gfortran.dg/save_6.f90 -O2 (test for excess errors)
UNRESOLVED: gfortran.dg/save_6.f90 -O2 compilation failed to produce
executable
FAIL: gfortran.dg/save_6.f90 -O3 -fomit-frame-pointer -funroll-loops
-fpeel-loops -ftracer -finline-functions (test for excess errors)
UNRESOLVED: gfortran.dg/save_6.f90 -O3 -fomit-frame-pointer
-funroll-loops -fpeel-loops -ftracer -finline-functions compilation
failed to produce executable
FAIL: gfortran.dg/save_6.f90 -O3 -g (test for excess errors)
UNRESOLVED: gfortran.dg/save_6.f90 -O3 -g compilation failed to
produce executable
FAIL: gfortran.dg/save_6.f90 -Os (test for excess errors)
UNRESOLVED: gfortran.dg/save_6.f90 -Os compilation failed to produce
executable
FAIL: gfortran.dg/spread_bounds_1.f90 -O0 execution test
FAIL: gfortran.dg/spread_bounds_1.f90 -O1 execution test
FAIL: gfortran.dg/spread_bounds_1.f90 -O2 execution test
FAIL: gfortran.dg/spread_bounds_1.f90 -O3 -fomit-frame-pointer
-funroll-loops -fpeel-loops -ftracer -finline-functions execution test
FAIL: gfortran.dg/spread_bounds_1.f90 -O3 -g execution test
FAIL: gfortran.dg/spread_bounds_1.f90 -Os execution test
FAIL: gfortran.dg/submodule_6.f08 -O3 -g (test for excess errors)
UNRESOLVED: gfortran.dg/submodule_6.f08 -O3 -g compilation failed to
produce executable
FAIL: gfortran.dg/transpose_2.f90 -O0 execution test
FAIL: gfortran.dg/transpose_2.f90 -O1 execution test
FAIL: gfortran.dg/transpose_2.f90 -O2 execution test
FAIL: gfortran.dg/transpose_2.f90 -O3 -fomit-frame-pointer
-funroll-loops -fpeel-loops -ftracer -finline-functions execution test
FAIL: gfortran.dg/transpose_2.f90 -O3 -g execution test
FAIL: gfortran.dg/transpose_2.f90 -Os execution test
FAIL: gfortran.dg/unpack_bounds_1.f90 -O0 execution test
FAIL: gfortran.dg/unpack_bounds_1.f90 -O1 execution test
FAIL: gfortran.dg/unpack_bounds_1.f90 -O2 execution test
FAIL: gfortran.dg/unpack_bounds_1.f90 -O3 -fomit-frame-pointer
-funroll-loops -fpeel-loops -ftracer -finline-functions execution test
FAIL: gfortran.dg/unpack_bounds_1.f90 -O3 -g execution test
FAIL: gfortran.dg/unpack_bounds_1.f90 -Os execution test
FAIL: gfortran.dg/unpack_bounds_2.f90 -O0 execution test
FAIL: gfortran.dg/unpack_bounds_2.f90 -O1 execution test
FAIL: gfortran.dg/unpack_bounds_2.f90 -O2 execution test
FAIL: gfortran.dg/unpack_bounds_2.f90 -O3 -fomit-frame-pointer
-funroll-loops -fpeel-loops -ftracer -finline-functions execution test
FAIL: gfortran.dg/unpack_bounds_2.f90 -O3 -g execution test
FAIL: gfortran.dg/unpack_bounds_2.f90 -Os execution test
FAIL: gfortran.dg/unpack_bounds_3.f90 -O0 execution test
FAIL: gfortran.dg/unpack_bounds_3.f90 -O1 execution test
FAIL: gfortran.dg/unpack_bounds_3.f90 -O2 execution test
FAIL: gfortran.dg/unpack_bounds_3.f90 -O3 -fomit-frame-pointer
-funroll-loops -fpeel-loops -ftracer -finline-functions execution test
FAIL: gfortran.dg/unpack_bounds_3.f90 -O3 -g execution test
FAIL: gfortran.dg/unpack_bounds_3.f90 -Os execution test
FAIL: gfortran.dg/write_check.f90 -O0 execution test
FAIL: gfortran.dg/write_check.f90 -O1 execution test
FAIL: gfortran.dg/write_check.f90 -O2 execution test
FAIL: gfortran.dg/write_check.f90 -O3 -fomit-frame-pointer
-funroll-loops -fpeel-loops -ftracer -finline-functions execution test
FAIL: gfortran.dg/write_check.f90 -O3 -g execution test
FAIL: gfortran.dg/write_check.f90 -Os execution test
FAIL: gfortran.dg/lto/20091016-1
f_lto_20091016-1_0.o-f_lto_20091016-1_0.o link, -flto -g -fPIC -r -nostdlib
UNRESOLVED: gfortran.dg/lto/20091016-1
f_lto_20091016-1_0.o-f_lto_20091016-1_0.o execute -flto -g -fPIC -r
-nostdlib
FAIL: gfortran.dg/lto/20091016-1
f_lto_20091016-1_0.o-f_lto_20091016-1_0.o link, -O -flto -g -fPIC -r
-nostdlib
UNRESOLVED: gfortran.dg/lto/20091016-1
f_lto_20091016-1_0.o-f_lto_20091016-1_0.o execute -O -flto -g -fPIC -r
-nostdlib
FAIL: gfortran.dg/lto/pr41521 f_lto_pr41521_0.o-f_lto_pr41521_1.o link,
-g -flto -Wno-lto-type-mismatch
UNRESOLVED: gfortran.dg/lto/pr41521 f_lto_pr41521_0.o-f_lto_pr41521_1.o
execute -g -flto -Wno-lto-type-mismatch
FAIL: gfortran.dg/lto/pr41521 f_lto_pr41521_0.o-f_lto_pr41521_1.o link,
-g -O -flto -Wno-lto-type-mismatch
UNRESOLVED: gfortran.dg/lto/pr41521 f_lto_pr41521_0.o-f_lto_pr41521_1.o
execute -g -O -flto -Wno-lto-type-mismatch
FAIL: gfortran.dg/lto/pr46911 f_lto_pr46911_0.o-f_lto_pr46911_0.o link,
-O2 -flto -g
UNRESOLVED: gfortran.dg/lto/pr46911 f_lto_pr46911_0.o-f_lto_pr46911_0.o
execute -O2 -flto -g
FAIL: gfortran.dg/lto/pr47839 f_lto_pr47839_0.o-f_lto_pr47839_1.o link,
-g -flto
UNRESOLVED: gfortran.dg/lto/pr47839 f_lto_pr47839_0.o-f_lto_pr47839_1.o
execute -g -flto
=== gfortran Summary ===
# of expected passes 44140
# of unexpected failures 672
# of unexpected successes 18
# of expected failures 66
# of unresolved testcases 13
# of unsupported tests 179
/cygdrive/c/users/tim/tim/tim/src/gnu/gcc2/cyg64/gcc/testsuite/gfortran/../../gfortran
version 8.0.0 20171007 (experimental) (GCC)
=== libatomic tests ===
Running target unix
=== libatomic Summary ===
# of expected passes 54
=== libgomp tests ===
Running target unix
FAIL: libgomp.c/examples-4/target-1.c execution test
FAIL: libgomp.c/examples-4/target-3.c execution test
FAIL: libgomp.c/examples-4/target-4.c execution test
FAIL: libgomp.c++/member-5.C execution test
FAIL: libgomp.c++/pr69393.C 1 blank line(s) in output
FAIL: libgomp.c++/pr69393.C (test for excess errors)
UNRESOLVED: libgomp.c++/pr69393.C compilation failed to produce executable
FAIL: libgomp.fortran/declare-simd-4.f90 -O3 -g 1 blank line(s) in
output
FAIL: libgomp.fortran/declare-simd-4.f90 -O3 -g (test for excess errors)
FAIL: libgomp.oacc-c/../libgomp.oacc-c-c++-common/kernels-loop-nest.c
-DACC_DEVICE_TYPE_host=1 -DACC_MEM_SHARED=1 -O2 execution test
FAIL: libgomp.oacc-c++/../libgomp.oacc-c-c++-common/kernels-loop-nest.c
-DACC_DEVICE_TYPE_host=1 -DACC_MEM_SHARED=1 -O2 execution test
FAIL: libgomp.oacc-fortran/abort-1.f90 -DACC_DEVICE_TYPE_host=1
-DACC_MEM_SHARED=1 -O execution test
=== libgomp Summary ===
# of expected passes 5220
# of unexpected failures 11
# of unresolved testcases 1
# of unsupported tests 318
=== libstdc++ tests ===
Running target unix
FAIL: 22_locale/ctype/scan/wchar_t/1.cc execution test
XPASS: 23_containers/array/element_access/at_neg.cc execution test
FAIL: 27_io/basic_filebuf/sgetn/char/81395.cc execution test
FAIL: 27_io/basic_stringstream/assign/81338.cc execution test
FAIL: 30_threads/call_once/constexpr.cc (test for excess errors)
FAIL: 30_threads/mutex/cons/constexpr.cc (test for excess errors)
FAIL: 30_threads/this_thread/60421.cc execution test
FAIL: decimal/conversion-to-integral.cc (test for excess errors)
UNRESOLVED: decimal/conversion-to-integral.cc compilation failed to
produce executable
FAIL: ext/codecvt/wchar_t.cc execution test
UNRESOLVED: libstdc++-prettyprinters/48362.cc compilation failed to
produce executable
UNRESOLVED: libstdc++-prettyprinters/59161.cc compilation failed to
produce executable
UNRESOLVED: libstdc++-prettyprinters/cxx11.cc compilation failed to
produce executable
UNRESOLVED: libstdc++-prettyprinters/cxx17.cc compilation failed to
produce executable
UNRESOLVED: libstdc++-prettyprinters/debug.cc compilation failed to
produce executable
UNRESOLVED: libstdc++-prettyprinters/debug_cxx11.cc compilation failed
to produce executable
UNRESOLVED: libstdc++-prettyprinters/libfundts.cc compilation failed to
produce executable
UNRESOLVED: libstdc++-prettyprinters/shared_ptr.cc compilation failed to
produce executable
UNRESOLVED: libstdc++-prettyprinters/simple.cc compilation failed to
produce executable
UNRESOLVED: libstdc++-prettyprinters/simple11.cc compilation failed to
produce executable
UNRESOLVED: libstdc++-prettyprinters/tr1.cc compilation failed to
produce executable
UNRESOLVED: libstdc++-prettyprinters/whatis.cc compilation failed to
produce executable
=== libstdc++ Summary ===
# of expected passes 11367
# of unexpected failures 8
# of unexpected successes 1
# of expected failures 69
# of unresolved testcases 13
# of unsupported tests 703
Compiler version: 8.0.0 20171007 (experimental) (GCC)
Platform: x86_64-unknown-cygwin
configure flags: --prefix=/usr/local/gcc8 --enable-languages='c c++
fortran' --enable-libgomp --enable-threads=posix --with-dwarf2
--without-libiconv-prefix --without-libintl-prefix --with-system-zlib
--disable-werror --without-cloog --without-isl --disable-multilib
--enable-languages=c,c++,fortran,lto --no-create --no-recursion