This is the mail archive of the
gcc-testresults@gcc.gnu.org
mailing list for the GCC project.
Results for 8.0.0 20171007 (experimental) [master revision b33f4eb:52d0be8:60722a03da909c304c892f11c97025b5dd6142c5] (Cavium Inc. (Build 2050)) testsuite on aarch64-unknown-linux-gnu
- From: jenkins at cavium dot com
- To: gcc-testresults at gcc dot gnu dot org
- Date: Sat, 7 Oct 2017 12:18:18 -0700
- Subject: Results for 8.0.0 20171007 (experimental) [master revision b33f4eb:52d0be8:60722a03da909c304c892f11c97025b5dd6142c5] (Cavium Inc. (Build 2050)) testsuite on aarch64-unknown-linux-gnu
- Authentication-results: sourceware.org; auth=none
LAST_UPDATED: Sat Oct 7 17:23:16 UTC 2017 (revision b33f4eb:52d0be8:60722a03da909c304c892f11c97025b5dd6142c5)
Native configuration is aarch64-unknown-linux-gnu
=== libatomic tests ===
Running target unix
=== libatomic Summary ===
# of expected passes 54
=== libffi tests ===
Running target unix
=== libffi Summary ===
# of expected passes 2214
=== libgo tests ===
Running target unix
=== libgo Summary ===
# of expected passes 155
/data1/jenkins/workspace/BuildThunderX_native_gcc_upstream/objdir/./gcc/gccgo version 8.0.0 20171007 (experimental) [master revision b33f4eb:52d0be8:60722a03da909c304c892f11c97025b5dd6142c5] (Cavium Inc. (Build 2050))
=== libgomp tests ===
Running target unix
=== libgomp Summary ===
# of expected passes 5113
# of unsupported tests 377
=== libitm tests ===
Running target unix
=== libitm Summary ===
# of expected passes 42
# of expected failures 3
# of unsupported tests 1
=== libstdc++ tests ===
Running target unix
FAIL: 27_io/manipulators/extended/get_money/char/1.cc execution test
=== libstdc++ Summary ===
# of expected passes 11659
# of unexpected failures 1
# of expected failures 70
# of unsupported tests 557
=== gcc tests ===
Running target unix
FAIL: gcc.dg/cold-1.c (test for excess errors)
FAIL: gcc.dg/cold-1.c detect cold candidate (test for warnings, line 8)
XPASS: gcc.dg/pr78768.c -Wformat-overflow (test for warnings, line 12)
FAIL: gcc.dg/sancov/cmp0.c -O0 scan-tree-dump-times optimized "__builtin___sanitizer_cov_trace_const_cmp" 7
FAIL: gcc.dg/sancov/cmp0.c -O0 scan-tree-dump-times optimized "__builtin___sanitizer_cov_trace_switch \\\\(" 2
FAIL: gcc.dg/sancov/cmp0.c -O0 -g scan-tree-dump-times optimized "__builtin___sanitizer_cov_trace_const_cmp" 7
FAIL: gcc.dg/sancov/cmp0.c -O0 -g scan-tree-dump-times optimized "__builtin___sanitizer_cov_trace_switch \\\\(" 2
FAIL: gcc.dg/tree-prof/switch-case-1.c scan-rtl-dump-times expand ";; basic block[^\\\\n]*count 2000" 1
FAIL: gcc.dg/tree-prof/switch-case-2.c scan-rtl-dump-times expand ";; basic block[^\\\\n]*count 2000" 1
FAIL: c-c++-common/ubsan/ptr-overflow-sanitization-1.c -O0 scan-assembler-times call\\\\s+__ubsan_handle_pointer_overflow 17
FAIL: c-c++-common/ubsan/ptr-overflow-sanitization-1.c -O1 scan-assembler-times call\\\\s+__ubsan_handle_pointer_overflow 17
FAIL: c-c++-common/ubsan/ptr-overflow-sanitization-1.c -O2 scan-assembler-times call\\\\s+__ubsan_handle_pointer_overflow 17
FAIL: c-c++-common/ubsan/ptr-overflow-sanitization-1.c -O3 -g scan-assembler-times call\\\\s+__ubsan_handle_pointer_overflow 17
FAIL: c-c++-common/ubsan/ptr-overflow-sanitization-1.c -Os scan-assembler-times call\\\\s+__ubsan_handle_pointer_overflow 17
FAIL: gcc.dg/vect/pr65947-14.c -flto -ffat-lto-objects execution test
FAIL: gcc.dg/vect/pr65947-14.c execution test
XPASS: gcc.dg/vect/vect-95.c -flto -ffat-lto-objects scan-tree-dump-times vect "Alignment of access forced using peeling" 0
XPASS: gcc.dg/vect/vect-95.c scan-tree-dump-times vect "Alignment of access forced using peeling" 0
FAIL: gcc.target/aarch64/vect-abs-compile.c scan-assembler abs\\\\tv[0-9]+.16b
FAIL: gcc.target/aarch64/vect-abs-compile.c scan-assembler abs\\\\tv[0-9]+.8h
=== gcc Summary ===
# of expected passes 115389
# of unexpected failures 17
# of unexpected successes 3
# of expected failures 338
# of unsupported tests 3241
/data1/jenkins/workspace/BuildThunderX_native_gcc_upstream/objdir/gcc/xgcc version 8.0.0 20171007 (experimental) [master revision b33f4eb:52d0be8:60722a03da909c304c892f11c97025b5dd6142c5] (Cavium Inc. (Build 2050))
=== gfortran tests ===
Running target unix
=== gfortran Summary ===
# of expected passes 45136
# of expected failures 88
# of unsupported tests 80
/data1/jenkins/workspace/BuildThunderX_native_gcc_upstream/objdir/gcc/testsuite/gfortran/../../gfortran version 8.0.0 20171007 (experimental) [master revision b33f4eb:52d0be8:60722a03da909c304c892f11c97025b5dd6142c5] (Cavium Inc. (Build 2050))
=== g++ tests ===
Running target unix
FAIL: c-c++-common/ubsan/ptr-overflow-sanitization-1.c -O0 scan-assembler-times call\\\\s+__ubsan_handle_pointer_overflow 17
FAIL: c-c++-common/ubsan/ptr-overflow-sanitization-1.c -O1 scan-assembler-times call\\\\s+__ubsan_handle_pointer_overflow 17
FAIL: c-c++-common/ubsan/ptr-overflow-sanitization-1.c -O2 scan-assembler-times call\\\\s+__ubsan_handle_pointer_overflow 17
FAIL: c-c++-common/ubsan/ptr-overflow-sanitization-1.c -O3 -g scan-assembler-times call\\\\s+__ubsan_handle_pointer_overflow 17
FAIL: c-c++-common/ubsan/ptr-overflow-sanitization-1.c -Os scan-assembler-times call\\\\s+__ubsan_handle_pointer_overflow 17
FAIL: g++.dg/vect/slp-pr56812.cc -std=c++11 scan-tree-dump-times slp1 "basic block vectorized" 1
FAIL: g++.dg/vect/slp-pr56812.cc -std=c++14 scan-tree-dump-times slp1 "basic block vectorized" 1
FAIL: g++.dg/vect/slp-pr56812.cc -std=c++98 scan-tree-dump-times slp1 "basic block vectorized" 1
=== g++ Summary ===
# of expected passes 113878
# of unexpected failures 8
# of expected failures 374
# of unsupported tests 4910
/data1/jenkins/workspace/BuildThunderX_native_gcc_upstream/objdir/gcc/testsuite/g++/../../xg++ version 8.0.0 20171007 (experimental) [master revision b33f4eb:52d0be8:60722a03da909c304c892f11c97025b5dd6142c5] (Cavium Inc. (Build 2050))
=== go tests ===
Running target unix
FAIL: go.test/test/cmplxdivide.go
FAIL: go.test/test/ken/cplx2.go execution, -O2 -g
WARNING: program timed out.
=== go Summary ===
# of expected passes 7242
# of unexpected failures 2
# of expected failures 1
# of untested testcases 10
# of unsupported tests 3
/data1/jenkins/workspace/BuildThunderX_native_gcc_upstream/objdir/gcc/testsuite/go/../../gccgo version 8.0.0 20171007 (experimental) [master revision b33f4eb:52d0be8:60722a03da909c304c892f11c97025b5dd6142c5] (Cavium Inc. (Build 2050))
=== gotools tests ===
FAIL go test runtime
=== gotools Summary ===
# of expected passes 257
# of unexpected failures 1
# of untested testcases 97
/data1/jenkins/workspace/BuildThunderX_native_gcc_upstream/objdir/./gcc/gccgo version 8.0.0 20171007 (experimental) [master revision b33f4eb:52d0be8:60722a03da909c304c892f11c97025b5dd6142c5] (Cavium Inc. (Build 2050))
Compiler version: 8.0.0 20171007 (experimental) [master revision b33f4eb:52d0be8:60722a03da909c304c892f11c97025b5dd6142c5] (Cavium Inc. (Build 2050))
Platform: aarch64-unknown-linux-gnu
configure flags: --prefix=/data1/jenkins/workspace/BuildThunderX_native_gcc_upstream/objdir/../tools --enable-languages=c,c++,fortran,go --disable-werror --with-sysroot=/ --enable-plugins --enable-gnu-indirect-function --with-pkgversion='Cavium Inc. (Build 2050)'