This is the mail archive of the
gcc-testresults@gcc.gnu.org
mailing list for the GCC project.
Results for 6.4.1 20170910 [gcc-6-branch revision 251945] (GCC) testsuite on powerpc64-unknown-linux-gnu
- From: "Bill Seurer (POWER7)" <seurer at linux dot vnet dot ibm dot com>
- To: gcc-testresults at gcc dot gnu dot org
- Date: Sun, 10 Sep 2017 03:37:01 -0500
- Subject: Results for 6.4.1 20170910 [gcc-6-branch revision 251945] (GCC) testsuite on powerpc64-unknown-linux-gnu
- Authentication-results: sourceware.org; auth=none
Linux 2.6.32-696.10.1.el6.ppc64 ppc64
GNU C Library stable release version 2.12
GNU ld (GNU Binutils) 2.26.20160125
GNU assembler (GNU Binutils) 2.26.20160125
GNU Make 3.81
DejaGnu:
Expect version is 5.44.1.15
Tcl version is 8.5
Framework version is 1.4.4
64-bit
LAST_UPDATED: Sun Sep 10 03:38:53 UTC 2017 (revision 251945)
Native configuration is powerpc64-unknown-linux-gnu
=== g++ tests ===
Running target unix/-m32
=== g++ Summary for unix/-m32 ===
# of expected passes 701
# of unsupported tests 9
Running target unix/-m64
=== g++ Summary ===
# of expected passes 5566
# of expected failures 6
# of unsupported tests 332
/home/gccbuild/build/nightly/build-gcc-6/gcc/testsuite/g++10/../../xg++ version 6.4.1 20170910 [gcc-6-branch revision 251945] (GCC)
=== g++ tests ===
Running target unix/-m32
=== g++ Summary for unix/-m32 ===
# of expected passes 693
# of unsupported tests 9
Running target unix/-m64
=== g++ Summary ===
# of expected passes 6618
# of expected failures 22
# of unsupported tests 341
/home/gccbuild/build/nightly/build-gcc-6/gcc/testsuite/g++11/../../xg++ version 6.4.1 20170910 [gcc-6-branch revision 251945] (GCC)
=== g++ tests ===
Running target unix/-m32
=== g++ Summary for unix/-m32 ===
# of expected passes 1018
# of unsupported tests 3
Running target unix/-m64
=== g++ Summary ===
# of expected passes 9016
# of expected failures 6
# of unsupported tests 321
/home/gccbuild/build/nightly/build-gcc-6/gcc/testsuite/g++12/../../xg++ version 6.4.1 20170910 [gcc-6-branch revision 251945] (GCC)
=== g++ tests ===
Running target unix/-m32
=== g++ Summary for unix/-m32 ===
# of expected passes 1263
# of unsupported tests 3
Running target unix/-m64
=== g++ Summary ===
# of expected passes 8256
# of expected failures 13
# of unsupported tests 421
/home/gccbuild/build/nightly/build-gcc-6/gcc/testsuite/g++13/../../xg++ version 6.4.1 20170910 [gcc-6-branch revision 251945] (GCC)
=== g++ tests ===
Running target unix/-m32
=== g++ Summary for unix/-m32 ===
# of expected passes 703
# of expected failures 7
# of unsupported tests 6
Running target unix/-m64
=== g++ Summary ===
# of expected passes 6361
# of expected failures 20
# of unsupported tests 319
/home/gccbuild/build/nightly/build-gcc-6/gcc/testsuite/g++14/../../xg++ version 6.4.1 20170910 [gcc-6-branch revision 251945] (GCC)
=== g++ tests ===
Running target unix/-m32
=== g++ Summary for unix/-m32 ===
# of expected passes 679
Running target unix/-m64
=== g++ Summary ===
# of expected passes 6547
# of expected failures 30
# of unsupported tests 414
/home/gccbuild/build/nightly/build-gcc-6/gcc/testsuite/g++15/../../xg++ version 6.4.1 20170910 [gcc-6-branch revision 251945] (GCC)
=== g++ tests ===
Running target unix/-m32
=== g++ Summary for unix/-m32 ===
# of expected passes 809
# of expected failures 6
# of unsupported tests 4
Running target unix/-m64
=== g++ tests ===
Running target unix/-m32
=== g++ Summary for unix/-m32 ===
# of expected passes 564
# of expected failures 3
Running target unix/-m64
=== g++ Summary ===
# of expected passes 6834
# of expected failures 20
# of unsupported tests 410
/home/gccbuild/build/nightly/build-gcc-6/gcc/testsuite/g++17/../../xg++ version 6.4.1 20170910 [gcc-6-branch revision 251945] (GCC)
=== g++ tests ===
Running target unix/-m32
=== g++ Summary for unix/-m32 ===
# of expected passes 666
# of expected failures 3
# of unsupported tests 9
Running target unix/-m64
=== g++ Summary ===
# of expected passes 6124
# of expected failures 22
# of unsupported tests 303
/home/gccbuild/build/nightly/build-gcc-6/gcc/testsuite/g++18/../../xg++ version 6.4.1 20170910 [gcc-6-branch revision 251945] (GCC)
=== g++ tests ===
Running target unix/-m32
=== g++ Summary for unix/-m32 ===
# of expected passes 609
# of unsupported tests 18
Running target unix/-m64
=== g++ Summary ===
# of expected passes 7372
# of expected failures 27
# of unsupported tests 348
/home/gccbuild/build/nightly/build-gcc-6/gcc/testsuite/g++19/../../xg++ version 6.4.1 20170910 [gcc-6-branch revision 251945] (GCC)
=== g++ tests ===
Running target unix/-m32
=== g++ Summary for unix/-m32 ===
# of expected passes 414
Running target unix/-m64
=== g++ Summary ===
# of expected passes 5797
# of expected failures 41
# of unsupported tests 331
/home/gccbuild/build/nightly/build-gcc-6/gcc/testsuite/g++1/../../xg++ version 6.4.1 20170910 [gcc-6-branch revision 251945] (GCC)
=== g++ tests ===
Running target unix/-m32
=== g++ Summary for unix/-m32 ===
# of expected passes 753
Running target unix/-m64
=== g++ Summary ===
# of expected passes 7874
# of expected failures 12
# of unsupported tests 199
/home/gccbuild/build/nightly/build-gcc-6/gcc/testsuite/g++20/../../xg++ version 6.4.1 20170910 [gcc-6-branch revision 251945] (GCC)
=== g++ tests ===
Running target unix/-m32
=== g++ Summary for unix/-m32 ===
# of expected passes 1164
# of expected failures 3
# of unsupported tests 3
Running target unix/-m64
=== g++ Summary ===
# of expected passes 5777
# of expected failures 6
# of unsupported tests 212
/home/gccbuild/build/nightly/build-gcc-6/gcc/testsuite/g++21/../../xg++ version 6.4.1 20170910 [gcc-6-branch revision 251945] (GCC)
=== g++ tests ===
Running target unix/-m32
=== g++ Summary for unix/-m32 ===
# of expected passes 839
Running target unix/-m64
=== g++ Summary ===
# of expected passes 6856
# of expected failures 42
# of unsupported tests 127
/home/gccbuild/build/nightly/build-gcc-6/gcc/testsuite/g++22/../../xg++ version 6.4.1 20170910 [gcc-6-branch revision 251945] (GCC)
=== g++ tests ===
Running target unix/-m32
=== g++ Summary for unix/-m32 ===
# of expected passes 660
# of unsupported tests 2
Running target unix/-m64
=== g++ Summary ===
# of expected passes 5626
# of expected failures 5
# of unsupported tests 217
/home/gccbuild/build/nightly/build-gcc-6/gcc/testsuite/g++23/../../xg++ version 6.4.1 20170910 [gcc-6-branch revision 251945] (GCC)
=== g++ tests ===
Running target unix/-m32
=== g++ Summary for unix/-m32 ===
# of expected passes 493
# of expected failures 9
Running target unix/-m64
=== g++ Summary ===
# of expected passes 6447
# of expected failures 38
# of unsupported tests 191
/home/gccbuild/build/nightly/build-gcc-6/gcc/testsuite/g++24/../../xg++ version 6.4.1 20170910 [gcc-6-branch revision 251945] (GCC)
=== g++ tests ===
Running target unix/-m32
=== g++ Summary for unix/-m32 ===
# of expected passes 565
# of expected failures 3
# of unsupported tests 2
Running target unix/-m64
=== g++ Summary ===
# of expected passes 3177
# of expected failures 12
# of unsupported tests 130
/home/gccbuild/build/nightly/build-gcc-6/gcc/testsuite/g++25/../../xg++ version 6.4.1 20170910 [gcc-6-branch revision 251945] (GCC)
=== g++ tests ===
Running target unix/-m32
=== g++ Summary for unix/-m32 ===
# of expected passes 874
# of expected failures 3
# of unsupported tests 2
Running target unix/-m64
=== g++ Summary ===
# of expected passes 6321
# of expected failures 15
# of unsupported tests 327
/home/gccbuild/build/nightly/build-gcc-6/gcc/testsuite/g++2/../../xg++ version 6.4.1 20170910 [gcc-6-branch revision 251945] (GCC)
=== g++ tests ===
Running target unix/-m32
=== g++ Summary for unix/-m32 ===
# of expected passes 675
# of unsupported tests 4
Running target unix/-m64
=== g++ Summary ===
# of expected passes 9259
# of expected failures 12
# of unsupported tests 298
/home/gccbuild/build/nightly/build-gcc-6/gcc/testsuite/g++3/../../xg++ version 6.4.1 20170910 [gcc-6-branch revision 251945] (GCC)
=== g++ tests ===
Running target unix/-m32
=== g++ Summary for unix/-m32 ===
# of expected passes 645
# of expected failures 6
# of unsupported tests 3
Running target unix/-m64
FAIL: c-c++-common/asan/null-deref-1.c -O2 output pattern test, is ASAN:DEADLYSIGNAL
FAIL: c-c++-common/asan/null-deref-1.c -O3 -g output pattern test, is ASAN:DEADLYSIGNAL
FAIL: c-c++-common/asan/null-deref-1.c -O2 -flto -fno-use-linker-plugin -flto-partition=none output pattern test, is ASAN:DEADLYSIGNAL
FAIL: c-c++-common/asan/null-deref-1.c -O2 -flto -fuse-linker-plugin -fno-fat-lto-objects output pattern test, is ASAN:DEADLYSIGNAL
=== g++ Summary ===
# of expected passes 6833
# of unexpected failures 4
# of expected failures 38
# of unsupported tests 366
/home/gccbuild/build/nightly/build-gcc-6/gcc/testsuite/g++4/../../xg++ version 6.4.1 20170910 [gcc-6-branch revision 251945] (GCC)
=== g++ tests ===
Running target unix/-m32
=== g++ Summary for unix/-m32 ===
# of expected passes 991
# of expected failures 3
# of unsupported tests 6
Running target unix/-m64
=== g++ Summary ===
# of expected passes 6110
# of expected failures 21
# of unsupported tests 299
/home/gccbuild/build/nightly/build-gcc-6/gcc/testsuite/g++5/../../xg++ version 6.4.1 20170910 [gcc-6-branch revision 251945] (GCC)
=== g++ tests ===
Running target unix/-m32
=== g++ Summary for unix/-m32 ===
# of expected passes 839
# of unsupported tests 3
Running target unix/-m64
=== g++ Summary ===
# of expected passes 5900
# of expected failures 3
# of unsupported tests 247
/home/gccbuild/build/nightly/build-gcc-6/gcc/testsuite/g++6/../../xg++ version 6.4.1 20170910 [gcc-6-branch revision 251945] (GCC)
=== g++ tests ===
Running target unix/-m32
=== g++ Summary for unix/-m32 ===
# of expected passes 1215
# of expected failures 6
Running target unix/-m64
FAIL: c-c++-common/asan/swapcontext-test-1.c -O0 execution test
FAIL: c-c++-common/asan/swapcontext-test-1.c -O1 execution test
FAIL: c-c++-common/asan/swapcontext-test-1.c -O2 execution test
FAIL: c-c++-common/asan/swapcontext-test-1.c -O3 -fomit-frame-pointer -funroll-loops -fpeel-loops -ftracer -finline-functions execution test
FAIL: c-c++-common/asan/swapcontext-test-1.c -O3 -g execution test
FAIL: c-c++-common/asan/swapcontext-test-1.c -Os execution test
FAIL: c-c++-common/asan/swapcontext-test-1.c -O2 -flto -fno-use-linker-plugin -flto-partition=none execution test
FAIL: c-c++-common/asan/swapcontext-test-1.c -O2 -flto -fuse-linker-plugin -fno-fat-lto-objects execution test
=== g++ Summary ===
# of expected passes 7455
# of unexpected failures 8
# of expected failures 12
# of unsupported tests 312
/home/gccbuild/build/nightly/build-gcc-6/gcc/testsuite/g++7/../../xg++ version 6.4.1 20170910 [gcc-6-branch revision 251945] (GCC)
=== g++ tests ===
Running target unix/-m32
=== g++ Summary for unix/-m32 ===
# of expected passes 861
# of expected failures 9
Running target unix/-m64
=== g++ Summary ===
# of expected passes 5961
# of expected failures 74
# of unsupported tests 309
/home/gccbuild/build/nightly/build-gcc-6/gcc/testsuite/g++8/../../xg++ version 6.4.1 20170910 [gcc-6-branch revision 251945] (GCC)
=== g++ tests ===
Running target unix/-m32
=== g++ Summary for unix/-m32 ===
# of expected passes 770
Running target unix/-m64
=== g++ Summary ===
# of expected passes 6554
# of expected failures 15
# of unsupported tests 230
/home/gccbuild/build/nightly/build-gcc-6/gcc/testsuite/g++9/../../xg++ version 6.4.1 20170910 [gcc-6-branch revision 251945] (GCC)
=== gcc tests ===
Running target unix/-m32
FAIL: c-c++-common/asan/heap-overflow-1.c -O1 output pattern test, is =================================================================
FAIL: c-c++-common/asan/heap-overflow-1.c -O2 output pattern test, is =================================================================
FAIL: c-c++-common/asan/heap-overflow-1.c -O3 -g output pattern test, is =================================================================
FAIL: c-c++-common/asan/heap-overflow-1.c -Os output pattern test, is =================================================================
FAIL: c-c++-common/asan/heap-overflow-1.c -O2 -flto -fno-use-linker-plugin -flto-partition=none output pattern test, is =================================================================
FAIL: c-c++-common/asan/heap-overflow-1.c -O2 -flto -fuse-linker-plugin -fno-fat-lto-objects output pattern test, is =================================================================
FAIL: gcc.dg/tree-ssa/ivopts-lt-2.c scan-tree-dump-times ivopts "PHI" 1
FAIL: gcc.dg/tree-ssa/ivopts-lt-2.c scan-tree-dump-times ivopts "PHI <p_" 1
FAIL: gcc.dg/tree-ssa/ivopts-lt-2.c scan-tree-dump-times ivopts "p_[0-9]* <" 1
=== gcc Summary for unix/-m32 ===
Running target unix/-m64
=== gcc Summary ===
# of expected passes 5245
# of unexpected failures 9
# of expected failures 4
# of unsupported tests 47
/home/gccbuild/build/nightly/build-gcc-6/gcc/xgcc version 6.4.1 20170910 [gcc-6-branch revision 251945] (GCC)
=== gcc tests ===
Running target unix/-m32
FAIL: gcc.dg/vect/pr25413.c -flto -ffat-lto-objects scan-tree-dump-times vect "vectorized 1 loops" 0
FAIL: gcc.dg/vect/pr25413.c -flto -ffat-lto-objects scan-tree-dump-times vect "vector alignment may not be reachable" 1
FAIL: gcc.dg/vect/pr25413.c -flto -ffat-lto-objects scan-tree-dump-times vect "not vectorized: unsupported unaligned store" 1
=== gcc Summary for unix/-m32 ===
Running target unix/-m64
=== gcc Summary ===
# of expected passes 4089
# of unexpected failures 3
# of expected failures 6
# of unsupported tests 54
/home/gccbuild/build/nightly/build-gcc-6/gcc/xgcc version 6.4.1 20170910 [gcc-6-branch revision 251945] (GCC)
=== gcc tests ===
Running target unix/-m32
XPASS: gcc.dg/tree-ssa/ssa-dom-cse-2.c scan-tree-dump optimized "return 28;"
=== gcc Summary for unix/-m32 ===
Running target unix/-m64
=== gcc Summary ===
# of expected passes 5257
# of unexpected successes 1
# of expected failures 10
# of unsupported tests 148
/home/gccbuild/build/nightly/build-gcc-6/gcc/xgcc version 6.4.1 20170910 [gcc-6-branch revision 251945] (GCC)
=== gcc tests ===
Running target unix/-m32
FAIL: gcc.dg/vect/pr62171.c -flto -ffat-lto-objects scan-tree-dump-not vect "versioned"
=== gcc Summary for unix/-m32 ===
Running target unix/-m64
=== gcc Summary ===
# of expected passes 5021
# of unexpected failures 1
# of expected failures 21
# of unsupported tests 25
/home/gccbuild/build/nightly/build-gcc-6/gcc/xgcc version 6.4.1 20170910 [gcc-6-branch revision 251945] (GCC)
=== gcc tests ===
Running target unix/-m32
=== gcc Summary for unix/-m32 ===
Running target unix/-m64
=== gcc Summary ===
# of expected passes 3923
# of expected failures 4
# of unsupported tests 78
/home/gccbuild/build/nightly/build-gcc-6/gcc/xgcc version 6.4.1 20170910 [gcc-6-branch revision 251945] (GCC)
=== gcc tests ===
Running target unix/-m32
=== gcc Summary for unix/-m32 ===
Running target unix/-m64
=== gcc Summary ===
# of expected passes 4569
# of expected failures 9
# of unsupported tests 31
/home/gccbuild/build/nightly/build-gcc-6/gcc/xgcc version 6.4.1 20170910 [gcc-6-branch revision 251945] (GCC)
=== gcc tests ===
Running target unix/-m32
FAIL: c-c++-common/asan/null-deref-1.c -O2 output pattern test, is ASAN:DEADLYSIGNAL
FAIL: c-c++-common/asan/null-deref-1.c -O3 -g output pattern test, is ASAN:DEADLYSIGNAL
FAIL: c-c++-common/asan/null-deref-1.c -O2 -flto -fno-use-linker-plugin -flto-partition=none output pattern test, is ASAN:DEADLYSIGNAL
FAIL: c-c++-common/asan/null-deref-1.c -O2 -flto -fuse-linker-plugin -fno-fat-lto-objects output pattern test, is ASAN:DEADLYSIGNAL
=== gcc Summary for unix/-m32 ===
Running target unix/-m64
=== gcc Summary ===
# of expected passes 5129
# of unexpected failures 4
# of expected failures 21
# of unsupported tests 49
/home/gccbuild/build/nightly/build-gcc-6/gcc/xgcc version 6.4.1 20170910 [gcc-6-branch revision 251945] (GCC)
=== gcc tests ===
Running target unix/-m32
=== gcc Summary for unix/-m32 ===
Running target unix/-m64
=== gcc Summary ===
# of expected passes 4979
# of expected failures 13
# of unsupported tests 86
/home/gccbuild/build/nightly/build-gcc-6/gcc/xgcc version 6.4.1 20170910 [gcc-6-branch revision 251945] (GCC)
=== gcc tests ===
Running target unix/-m32
FAIL: gcc.dg/vect/bb-slp-pr65935.c scan-tree-dump-times slp1 "basic block vectorized" 1
FAIL: gcc.dg/vect/bb-slp-pr69907.c scan-tree-dump slp1 "BB vectorization with gaps at the end of a load is not supported"
=== gcc Summary for unix/-m32 ===
Running target unix/-m64
=== gcc Summary ===
# of expected passes 4706
# of unexpected failures 2
# of expected failures 18
# of unsupported tests 141
/home/gccbuild/build/nightly/build-gcc-6/gcc/xgcc version 6.4.1 20170910 [gcc-6-branch revision 251945] (GCC)
=== gcc tests ===
Running target unix/-m32
FAIL: gcc.dg/vect/bb-slp-pr65935.c -flto -ffat-lto-objects scan-tree-dump-times slp1 "basic block vectorized" 1
FAIL: gcc.dg/vect/bb-slp-pr69907.c -flto -ffat-lto-objects scan-tree-dump slp1 "BB vectorization with gaps at the end of a load is not supported"
=== gcc Summary for unix/-m32 ===
Running target unix/-m64
=== gcc Summary ===
# of expected passes 5038
# of unexpected failures 2
# of expected failures 13
# of unsupported tests 106
/home/gccbuild/build/nightly/build-gcc-6/gcc/xgcc version 6.4.1 20170910 [gcc-6-branch revision 251945] (GCC)
=== gcc tests ===
Running target unix/-m32
FAIL: gcc.dg/vect/no-vfa-vect-depend-2.c scan-tree-dump-times vect "vectorized 1 loops" 1
FAIL: gcc.dg/vect/no-vfa-vect-depend-3.c scan-tree-dump-times vect "vectorized 1 loops" 4
=== gcc Summary for unix/-m32 ===
Running target unix/-m64
=== gcc Summary ===
# of expected passes 5932
# of unexpected failures 2
# of expected failures 11
# of unsupported tests 86
/home/gccbuild/build/nightly/build-gcc-6/gcc/xgcc version 6.4.1 20170910 [gcc-6-branch revision 251945] (GCC)
=== gcc tests ===
Running target unix/-m32
FAIL: gcc.dg/ipa/iinline-attr.c scan-ipa-dump inline "hooray[^\\\\n]*inline copy in test"
=== gcc Summary for unix/-m32 ===
Running target unix/-m64
=== gcc Summary ===
# of expected passes 4015
# of unexpected failures 1
# of expected failures 10
# of unsupported tests 62
/home/gccbuild/build/nightly/build-gcc-6/gcc/xgcc version 6.4.1 20170910 [gcc-6-branch revision 251945] (GCC)
=== gcc tests ===
Running target unix/-m32
WARNING: profopt.exp does not support dg-error
=== gcc Summary for unix/-m32 ===
Running target unix/-m64
=== gcc Summary ===
# of expected passes 4313
# of expected failures 15
# of unsupported tests 91
/home/gccbuild/build/nightly/build-gcc-6/gcc/xgcc version 6.4.1 20170910 [gcc-6-branch revision 251945] (GCC)
=== gcc tests ===
Running target unix/-m32
=== gcc Summary for unix/-m32 ===
Running target unix/-m64
=== gcc Summary ===
# of expected passes 3533
# of expected failures 11
# of unsupported tests 47
/home/gccbuild/build/nightly/build-gcc-6/gcc/xgcc version 6.4.1 20170910 [gcc-6-branch revision 251945] (GCC)
=== gcc tests ===
Running target unix/-m32
FAIL: gcc.dg/vect/vect-31.c -flto -ffat-lto-objects scan-tree-dump-times vect "vectorized 4 loops" 1
=== gcc Summary for unix/-m32 ===
Running target unix/-m64
=== gcc Summary ===
# of expected passes 4923
# of unexpected failures 1
# of expected failures 11
# of unsupported tests 167
/home/gccbuild/build/nightly/build-gcc-6/gcc/xgcc version 6.4.1 20170910 [gcc-6-branch revision 251945] (GCC)
=== gcc tests ===
Running target unix/-m32
FAIL: gcc.dg/vect/costmodel/ppc/costmodel-vect-33.c scan-tree-dump-times vect "vectorization not profitable" 1
FAIL: gcc.dg/vect/pr25413.c scan-tree-dump-times vect "vectorized 1 loops" 0
FAIL: gcc.dg/vect/pr25413.c scan-tree-dump-times vect "vector alignment may not be reachable" 1
FAIL: gcc.dg/vect/pr25413.c scan-tree-dump-times vect "not vectorized: unsupported unaligned store" 1
FAIL: gcc.dg/vect/pr62171.c scan-tree-dump-not vect "versioned"
=== gcc Summary for unix/-m32 ===
Running target unix/-m64
=== gcc Summary ===
# of expected passes 3059
# of unexpected failures 5
# of expected failures 4
# of unsupported tests 23
/home/gccbuild/build/nightly/build-gcc-6/gcc/xgcc version 6.4.1 20170910 [gcc-6-branch revision 251945] (GCC)
=== gcc tests ===
Running target unix/-m32
FAIL: gcc.dg/vect/no-tree-sra-bb-slp-pr50730.c scan-tree-dump-times slp2 "basic block vectorized" 1
=== gcc Summary for unix/-m32 ===
Running target unix/-m64
=== gcc Summary ===
# of expected passes 1011
# of unexpected failures 1
# of expected failures 3
# of unsupported tests 21
/home/gccbuild/build/nightly/build-gcc-6/gcc/xgcc version 6.4.1 20170910 [gcc-6-branch revision 251945] (GCC)
=== gcc tests ===
Running target unix/-m32
FAIL: gcc.dg/vect/pr46032.c -flto -ffat-lto-objects scan-tree-dump-times vect "note: vectorized 1 loop" 1
=== gcc Summary for unix/-m32 ===
Running target unix/-m64
=== gcc Summary ===
# of expected passes 3994
# of unexpected failures 1
# of expected failures 6
# of unsupported tests 52
/home/gccbuild/build/nightly/build-gcc-6/gcc/xgcc version 6.4.1 20170910 [gcc-6-branch revision 251945] (GCC)
=== gcc tests ===
Running target unix/-m32
=== gcc Summary for unix/-m32 ===
Running target unix/-m64
=== gcc Summary ===
# of expected passes 4322
# of expected failures 7
# of unsupported tests 83
/home/gccbuild/build/nightly/build-gcc-6/gcc/xgcc version 6.4.1 20170910 [gcc-6-branch revision 251945] (GCC)
=== gcc tests ===
Running target unix/-m32
FAIL: gcc.dg/sms-8.c scan-rtl-dump-times sms "SMS succeeded" 0
FAIL: gcc.dg/uninit-22.c (test for excess errors)
FAIL: gcc.dg/vect/pr46032.c scan-tree-dump-times vect "note: vectorized 1 loop" 1
=== gcc Summary for unix/-m32 ===
Running target unix/-m64
=== gcc Summary ===
# of expected passes 3946
# of unexpected failures 3
# of expected failures 7
# of unsupported tests 151
/home/gccbuild/build/nightly/build-gcc-6/gcc/xgcc version 6.4.1 20170910 [gcc-6-branch revision 251945] (GCC)
=== gcc tests ===
Running target unix/-m32
=== gcc Summary for unix/-m32 ===
Running target unix/-m64
=== gcc Summary ===
# of expected passes 6078
# of expected failures 8
# of unsupported tests 158
/home/gccbuild/build/nightly/build-gcc-6/gcc/xgcc version 6.4.1 20170910 [gcc-6-branch revision 251945] (GCC)
=== gcc tests ===
Running target unix/-m32
=== gcc Summary for unix/-m32 ===
Running target unix/-m64
=== gcc Summary ===
# of expected passes 3251
# of expected failures 6
# of unsupported tests 81
/home/gccbuild/build/nightly/build-gcc-6/gcc/xgcc version 6.4.1 20170910 [gcc-6-branch revision 251945] (GCC)
=== gcc tests ===
Running target unix/-m32
=== gcc Summary for unix/-m32 ===
Running target unix/-m64
=== gcc Summary ===
# of expected passes 3746
# of expected failures 7
# of unsupported tests 119
/home/gccbuild/build/nightly/build-gcc-6/gcc/xgcc version 6.4.1 20170910 [gcc-6-branch revision 251945] (GCC)
=== gcc tests ===
Running target unix/-m32
=== gcc Summary for unix/-m32 ===
Running target unix/-m64
=== gcc Summary ===
# of expected passes 4631
# of expected failures 10
# of unsupported tests 142
/home/gccbuild/build/nightly/build-gcc-6/gcc/xgcc version 6.4.1 20170910 [gcc-6-branch revision 251945] (GCC)
=== gcc tests ===
Running target unix/-m32
FAIL: c-c++-common/asan/sanity-check-pure-c-1.c -O1 output pattern test, is =================================================================
FAIL: c-c++-common/asan/sanity-check-pure-c-1.c -O2 output pattern test, is =================================================================
FAIL: c-c++-common/asan/sanity-check-pure-c-1.c -O3 -g output pattern test, is =================================================================
FAIL: c-c++-common/asan/sanity-check-pure-c-1.c -Os output pattern test, is =================================================================
FAIL: c-c++-common/asan/sanity-check-pure-c-1.c -O2 -flto -fno-use-linker-plugin -flto-partition=none output pattern test, is =================================================================
FAIL: c-c++-common/asan/sanity-check-pure-c-1.c -O2 -flto -fuse-linker-plugin -fno-fat-lto-objects output pattern test, is =================================================================
FAIL: c-c++-common/asan/strncpy-overflow-1.c -O1 output pattern test, is =================================================================
FAIL: c-c++-common/asan/strncpy-overflow-1.c -O2 output pattern test, is =================================================================
FAIL: c-c++-common/asan/strncpy-overflow-1.c -O3 -g output pattern test, is =================================================================
FAIL: c-c++-common/asan/strncpy-overflow-1.c -Os output pattern test, is =================================================================
FAIL: c-c++-common/asan/strncpy-overflow-1.c -O2 -flto -fno-use-linker-plugin -flto-partition=none output pattern test, is =================================================================
FAIL: c-c++-common/asan/strncpy-overflow-1.c -O2 -flto -fuse-linker-plugin -fno-fat-lto-objects output pattern test, is =================================================================
FAIL: c-c++-common/asan/use-after-free-1.c -O1 output pattern test, is =================================================================
FAIL: c-c++-common/asan/use-after-free-1.c -O2 output pattern test, is =================================================================
FAIL: c-c++-common/asan/use-after-free-1.c -O3 -g output pattern test, is =================================================================
FAIL: c-c++-common/asan/use-after-free-1.c -Os output pattern test, is =================================================================
FAIL: c-c++-common/asan/use-after-free-1.c -O2 -flto -fno-use-linker-plugin -flto-partition=none output pattern test, is =================================================================
FAIL: c-c++-common/asan/use-after-free-1.c -O2 -flto -fuse-linker-plugin -fno-fat-lto-objects output pattern test, is =================================================================
FAIL: gcc.dg/vect/vect-31.c scan-tree-dump-times vect "vectorized 4 loops" 1
XPASS: gcc.target/powerpc/20050830-1.c scan-assembler bdn
=== gcc Summary for unix/-m32 ===
Running target unix/-m64
=== gcc Summary ===
# of expected passes 4846
# of unexpected failures 19
# of unexpected successes 1
# of expected failures 22
# of unsupported tests 57
/home/gccbuild/build/nightly/build-gcc-6/gcc/xgcc version 6.4.1 20170910 [gcc-6-branch revision 251945] (GCC)
=== gcc tests ===
Running target unix/-m32
=== gcc Summary for unix/-m32 ===
Running target unix/-m64
=== gcc Summary ===
# of expected passes 6090
# of expected failures 16
# of unsupported tests 106
/home/gccbuild/build/nightly/build-gcc-6/gcc/xgcc version 6.4.1 20170910 [gcc-6-branch revision 251945] (GCC)
=== gfortran tests ===
Running target unix/-m32
FAIL: gfortran.dg/vect/fast-math-pr37021.f90 -O scan-tree-dump vect "vectorized 2 loops"
=== gfortran Summary for unix/-m32 ===
# of expected passes 360
Running target unix/-m64
=== gfortran Summary ===
# of expected passes 2351
# of unexpected failures 1
# of expected failures 2
# of unsupported tests 35
/home/gccbuild/build/nightly/build-gcc-6/gcc/testsuite/gfortran10/../../gfortran version 6.4.1 20170910 [gcc-6-branch revision 251945] (GCC)
=== gfortran tests ===
Running target unix/-m32
=== gfortran Summary for unix/-m32 ===
Running target unix/-m64
=== gfortran Summary ===
# of expected passes 196
# of expected failures 1
/home/gccbuild/build/nightly/build-gcc-6/gcc/testsuite/gfortran11/../../gfortran version 6.4.1 20170910 [gcc-6-branch revision 251945] (GCC)
=== gfortran tests ===
Running target unix/-m32
=== gfortran Summary for unix/-m32 ===
# of expected passes 360
Running target unix/-m64
=== gfortran Summary ===
# of expected passes 4934
# of expected failures 8
# of unsupported tests 37
/home/gccbuild/build/nightly/build-gcc-6/gcc/testsuite/gfortran1/../../gfortran version 6.4.1 20170910 [gcc-6-branch revision 251945] (GCC)
=== gfortran tests ===
Running target unix/-m32
=== gfortran Summary for unix/-m32 ===
# of expected passes 360
Running target unix/-m64
=== gfortran Summary ===
# of expected passes 5087
# of expected failures 1
# of unsupported tests 20
/home/gccbuild/build/nightly/build-gcc-6/gcc/testsuite/gfortran2/../../gfortran version 6.4.1 20170910 [gcc-6-branch revision 251945] (GCC)
=== gfortran tests ===
Running target unix/-m32
=== gfortran Summary for unix/-m32 ===
# of expected passes 360
Running target unix/-m64
=== gfortran Summary ===
# of expected passes 5854
# of expected failures 9
# of unsupported tests 28
/home/gccbuild/build/nightly/build-gcc-6/gcc/testsuite/gfortran3/../../gfortran version 6.4.1 20170910 [gcc-6-branch revision 251945] (GCC)
=== gfortran tests ===
Running target unix/-m32
FAIL: gfortran.dg/vect/vect-8.f90 -O scan-tree-dump-times vect "vectorized 20 loops" 1
FAIL: gfortran.dg/vect/vect-gems.f90 -O scan-tree-dump-times vect "vectorized 1 loops" 1
=== gfortran Summary for unix/-m32 ===
# of expected passes 360
Running target unix/-m64
=== gfortran Summary ===
# of expected passes 4682
# of unexpected failures 2
# of expected failures 8
# of unsupported tests 28
/home/gccbuild/build/nightly/build-gcc-6/gcc/testsuite/gfortran4/../../gfortran version 6.4.1 20170910 [gcc-6-branch revision 251945] (GCC)
=== gfortran tests ===
Running target unix/-m32
=== gfortran Summary for unix/-m32 ===
# of expected passes 360
Running target unix/-m64
=== gfortran Summary ===
# of expected passes 5178
# of expected failures 6
# of unsupported tests 7
/home/gccbuild/build/nightly/build-gcc-6/gcc/testsuite/gfortran5/../../gfortran version 6.4.1 20170910 [gcc-6-branch revision 251945] (GCC)
=== gfortran tests ===
Running target unix/-m32
XPASS: gfortran.dg/nint_2.f90 -O0 execution test
FAIL: gfortran.dg/ieee/large_2.f90 -O0 execution test
FAIL: gfortran.dg/ieee/large_2.f90 -O1 execution test
FAIL: gfortran.dg/ieee/large_2.f90 -O2 execution test
FAIL: gfortran.dg/ieee/large_2.f90 -O3 -fomit-frame-pointer -funroll-loops -fpeel-loops -ftracer -finline-functions execution test
FAIL: gfortran.dg/ieee/large_2.f90 -O3 -g execution test
FAIL: gfortran.dg/ieee/large_2.f90 -Os execution test
=== gfortran Summary for unix/-m32 ===
# of expected passes 414
Running target unix/-m64
=== gfortran Summary ===
# of expected passes 4397
# of unexpected failures 6
# of unexpected successes 1
# of expected failures 3
# of unsupported tests 22
/home/gccbuild/build/nightly/build-gcc-6/gcc/testsuite/gfortran6/../../gfortran version 6.4.1 20170910 [gcc-6-branch revision 251945] (GCC)
=== gfortran tests ===
Running target unix/-m32
=== gfortran Summary for unix/-m32 ===
# of expected passes 360
Running target unix/-m64
=== gfortran Summary ===
# of expected passes 3792
# of expected failures 10
# of unsupported tests 30
/home/gccbuild/build/nightly/build-gcc-6/gcc/testsuite/gfortran7/../../gfortran version 6.4.1 20170910 [gcc-6-branch revision 251945] (GCC)
=== gfortran tests ===
Running target unix/-m32
=== gfortran Summary for unix/-m32 ===
# of expected passes 360
Running target unix/-m64
=== gfortran Summary ===
# of expected passes 3589
# of expected failures 14
# of unsupported tests 12
/home/gccbuild/build/nightly/build-gcc-6/gcc/testsuite/gfortran8/../../gfortran version 6.4.1 20170910 [gcc-6-branch revision 251945] (GCC)
=== gfortran tests ===
Running target unix/-m32
=== gfortran Summary for unix/-m32 ===
# of expected passes 396
Running target unix/-m64
=== gfortran Summary ===
# of expected passes 3056
# of expected failures 5
# of unsupported tests 4
/home/gccbuild/build/nightly/build-gcc-6/gcc/testsuite/gfortran9/../../gfortran version 6.4.1 20170910 [gcc-6-branch revision 251945] (GCC)
=== gfortran tests ===
Running target unix/-m32
FAIL: gfortran.dg/vect/pr52580.f -O scan-tree-dump-times vect "LOOP VECTORIZED" 1
FAIL: gfortran.dg/vect/pr62283-2.f -O scan-tree-dump slp2 "basic block vectorized"
=== gfortran Summary for unix/-m32 ===
# of expected passes 360
Running target unix/-m64
=== gfortran Summary ===
# of expected passes 5297
# of unexpected failures 2
# of expected failures 29
# of unsupported tests 13
/home/gccbuild/build/nightly/build-gcc-6/gcc/testsuite/gfortran/../../gfortran version 6.4.1 20170910 [gcc-6-branch revision 251945] (GCC)
=== g++ tests ===
Running target unix/-m32
FAIL: c-c++-common/asan/heap-overflow-1.c -O1 output pattern test, is =================================================================
FAIL: c-c++-common/asan/heap-overflow-1.c -O2 output pattern test, is =================================================================
FAIL: c-c++-common/asan/heap-overflow-1.c -O3 -g output pattern test, is =================================================================
FAIL: c-c++-common/asan/heap-overflow-1.c -Os output pattern test, is =================================================================
FAIL: c-c++-common/asan/heap-overflow-1.c -O2 -flto -fno-use-linker-plugin -flto-partition=none output pattern test, is =================================================================
FAIL: c-c++-common/asan/heap-overflow-1.c -O2 -flto -fuse-linker-plugin -fno-fat-lto-objects output pattern test, is =================================================================
FAIL: c-c++-common/asan/null-deref-1.c -O2 output pattern test, is ASAN:DEADLYSIGNAL
FAIL: c-c++-common/asan/null-deref-1.c -O3 -g output pattern test, is ASAN:DEADLYSIGNAL
FAIL: c-c++-common/asan/null-deref-1.c -O2 -flto -fno-use-linker-plugin -flto-partition=none output pattern test, is ASAN:DEADLYSIGNAL
FAIL: c-c++-common/asan/null-deref-1.c -O2 -flto -fuse-linker-plugin -fno-fat-lto-objects output pattern test, is ASAN:DEADLYSIGNAL
FAIL: c-c++-common/asan/sanity-check-pure-c-1.c -O1 output pattern test, is =================================================================
FAIL: c-c++-common/asan/sanity-check-pure-c-1.c -O2 output pattern test, is =================================================================
FAIL: c-c++-common/asan/sanity-check-pure-c-1.c -O3 -g output pattern test, is =================================================================
FAIL: c-c++-common/asan/sanity-check-pure-c-1.c -Os output pattern test, is =================================================================
FAIL: c-c++-common/asan/sanity-check-pure-c-1.c -O2 -flto -fno-use-linker-plugin -flto-partition=none output pattern test, is =================================================================
FAIL: c-c++-common/asan/sanity-check-pure-c-1.c -O2 -flto -fuse-linker-plugin -fno-fat-lto-objects output pattern test, is =================================================================
FAIL: c-c++-common/asan/strncpy-overflow-1.c -O1 output pattern test, is =================================================================
FAIL: c-c++-common/asan/strncpy-overflow-1.c -O2 output pattern test, is =================================================================
FAIL: c-c++-common/asan/strncpy-overflow-1.c -O3 -g output pattern test, is =================================================================
FAIL: c-c++-common/asan/strncpy-overflow-1.c -Os output pattern test, is =================================================================
FAIL: c-c++-common/asan/strncpy-overflow-1.c -O2 -flto -fno-use-linker-plugin -flto-partition=none output pattern test, is =================================================================
FAIL: c-c++-common/asan/strncpy-overflow-1.c -O2 -flto -fuse-linker-plugin -fno-fat-lto-objects output pattern test, is =================================================================
FAIL: c-c++-common/asan/use-after-free-1.c -O1 output pattern test, is =================================================================
FAIL: c-c++-common/asan/use-after-free-1.c -O2 output pattern test, is =================================================================
FAIL: c-c++-common/asan/use-after-free-1.c -O3 -g output pattern test, is =================================================================
FAIL: c-c++-common/asan/use-after-free-1.c -Os output pattern test, is =================================================================
FAIL: c-c++-common/asan/use-after-free-1.c -O2 -flto -fno-use-linker-plugin -flto-partition=none output pattern test, is =================================================================
FAIL: c-c++-common/asan/use-after-free-1.c -O2 -flto -fuse-linker-plugin -fno-fat-lto-objects output pattern test, is =================================================================
FAIL: g++.dg/asan/deep-stack-uaf-1.C -O0 output pattern test, is =================================================================
FAIL: g++.dg/asan/deep-stack-uaf-1.C -O1 output pattern test, is =================================================================
FAIL: g++.dg/asan/deep-stack-uaf-1.C -O2 output pattern test, is =================================================================
FAIL: g++.dg/asan/deep-stack-uaf-1.C -O3 -g output pattern test, is =================================================================
FAIL: g++.dg/asan/deep-stack-uaf-1.C -Os output pattern test, is =================================================================
=== g++ Summary for unix/-m32 ===
# of expected passes 819
Running target unix/-m64
=== g++ Summary ===
# of expected passes 8837
# of unexpected failures 33
# of expected failures 36
# of unsupported tests 586
/home/gccbuild/build/nightly/build-gcc-6/gcc/testsuite/g++/../../xg++ version 6.4.1 20170910 [gcc-6-branch revision 251945] (GCC)
=== go tests ===
Running target unix/-m32
FAIL: go.test/test/ken/cplx2.go execution, -O2 -g
=== go Summary for unix/-m32 ===
# of expected passes 6876
# of unexpected failures 1
# of expected failures 1
# of untested testcases 11
# of unsupported tests 3
Running target unix/-m64
FAIL: go.test/test/ken/cplx2.go execution, -O2 -g
=== go Summary for unix/-m64 ===
# of expected passes 6756
# of unexpected failures 1
# of expected failures 1
# of untested testcases 11
# of unsupported tests 3
=== go Summary ===
# of expected passes 13632
# of unexpected failures 2
# of expected failures 2
# of untested testcases 22
# of unsupported tests 6
/home/gccbuild/build/nightly/build-gcc-6/gcc/testsuite/go/../../gccgo version 6.4.1 20170910 [gcc-6-branch revision 251945] (GCC)
=== obj-c++ tests ===
Running target unix/-m32
=== obj-c++ Summary for unix/-m32 ===
# of expected passes 56
Running target unix/-m64
=== obj-c++ Summary for unix/-m64 ===
# of expected passes 56
=== obj-c++ Summary ===
# of expected passes 2900
# of expected failures 12
# of unsupported tests 154
/home/gccbuild/build/nightly/build-gcc-6/gcc/testsuite/obj-c++/../../xg++ version 6.4.1 20170910 [gcc-6-branch revision 251945] (GCC)
=== objc tests ===
Running target unix/-m32
=== objc Summary for unix/-m32 ===
# of expected passes 56
Running target unix/-m64
=== objc Summary for unix/-m64 ===
# of expected passes 56
=== objc Summary ===
# of expected passes 112
/home/gccbuild/build/nightly/build-gcc-6/gcc/xgcc version 6.4.1 20170910 [gcc-6-branch revision 251945] (GCC)
=== libatomic tests ===
Running target unix/-m32
=== libatomic Summary for unix/-m32 ===
# of expected passes 44
# of unsupported tests 5
Running target unix/-m64
=== libatomic Summary for unix/-m64 ===
# of expected passes 54
=== libatomic Summary ===
# of expected passes 98
# of unsupported tests 5
=== libffi tests ===
Running target unix/-m32
=== libffi Summary for unix/-m32 ===
# of expected passes 24
Running target unix/-m64
=== libffi Summary for unix/-m64 ===
# of expected passes 24
=== libffi Summary ===
# of expected passes 3868
# of unsupported tests 56
=== libgo tests ===
Running target unix
FAIL: time
=== libgo Summary for unix ===
# of expected passes 133
# of unexpected failures 1
Running target unix/-m32
FAIL: runtime
FAIL: time
FAIL: sync/atomic
=== libgo Summary for unix/-m32 ===
# of expected passes 131
# of unexpected failures 3
=== libgo Summary ===
# of expected passes 264
# of unexpected failures 4
/home/gccbuild/build/nightly/build-gcc-6/./gcc/gccgo version 6.4.1 20170910 [gcc-6-branch revision 251945] (GCC)
=== libgomp tests ===
Running target unix/-m32
FAIL: libgomp.oacc-c/../libgomp.oacc-c-c++-common/atomic_update-1.c -DACC_DEVICE_TYPE_host=1 -DACC_MEM_SHARED=1 -O2 execution test
FAIL: libgomp.oacc-c++/../libgomp.oacc-c-c++-common/atomic_update-1.c -DACC_DEVICE_TYPE_host=1 -DACC_MEM_SHARED=1 -O2 execution test
=== libgomp Summary ===
# of expected passes 4450
# of unexpected failures 2
# of unsupported tests 276
=== libitm tests ===
Running target unix/-m32
=== libitm Summary for unix/-m32 ===
# of expected passes 16
# of expected failures 1
# of unsupported tests 1
Running target unix/-m64
=== libitm Summary for unix/-m64 ===
# of expected passes 16
# of expected failures 1
# of unsupported tests 1
=== libitm Summary ===
# of expected passes 84
# of expected failures 6
# of unsupported tests 2
=== libstdc++ tests ===
Running target unix/-m32
=== libstdc++ Summary for unix/-m32 ===
# of unsupported tests 1
Running target unix/-m64
XPASS: 26_numerics/complex/13450.cc execution test
XPASS: 26_numerics/complex/pow.cc execution test
XPASS: 26_numerics/complex/value_operations/1.cc execution test
=== libstdc++ Summary for unix/-m64 ===
# of unsupported tests 1
=== libstdc++ Summary ===
# of unsupported tests 2
Compiler version: 6.4.1 20170910 [gcc-6-branch revision 251945] (GCC)
Platform: powerpc64-unknown-linux-gnu
configure flags: --prefix=/opt/gcc-nightly/6 --with-as=/home/gccbuild/binutils/install/binutils-2.26/bin/as --with-ld=/home/gccbuild/binutils/install/binutils-2.26/bin/ld --enable-languages=c,c++,fortran,objc,obj-c++,go --with-cpu=power7