This is the mail archive of the
gcc-testresults@gcc.gnu.org
mailing list for the GCC project.
Results for 8.0.0 20170908 (experimental) [trunk revision 251873] (GCC) testsuite on sparc-sun-solaris2.11
- From: Rainer Orth <ro at CeBiTec dot Uni-Bielefeld dot DE>
- To: gcc-testresults at gcc dot gnu dot org
- Date: Fri, 8 Sep 2017 14:04:09 +0200 (MEST)
- Subject: Results for 8.0.0 20170908 (experimental) [trunk revision 251873] (GCC) testsuite on sparc-sun-solaris2.11
- Authentication-results: sourceware.org; auth=none
LAST_UPDATED: Fri Sep 8 09:35:33 UTC 2017 (revision 251873)
=== acats tests ===
=== acats Summary ===
# of expected passes 2320
# of unexpected failures 0
Native configuration is sparc-sun-solaris2.11
=== g++ tests ===
Running target unix
FAIL: g++.dg/template/nontype10.C -std=c++11 (test for excess errors)
FAIL: g++.dg/template/nontype10.C -std=c++14 (test for excess errors)
FAIL: g++.dg/template/nontype10.C -std=c++98 (test for excess errors)
FAIL: g++.dg/gcov/pr16855-priority.C -std=gnu++11 gcov: 1 failures in line counts, 0 in branch percentages, 0 in return percentages, 0 in intermediate format
FAIL: g++.dg/gcov/pr16855-priority.C -std=gnu++11 line 22: is #####:should be 1
FAIL: g++.dg/gcov/pr16855-priority.C -std=gnu++14 gcov: 1 failures in line counts, 0 in branch percentages, 0 in return percentages, 0 in intermediate format
FAIL: g++.dg/gcov/pr16855-priority.C -std=gnu++14 line 22: is #####:should be 1
FAIL: g++.dg/gcov/pr16855-priority.C -std=gnu++98 gcov: 1 failures in line counts, 0 in branch percentages, 0 in return percentages, 0 in intermediate format
FAIL: g++.dg/gcov/pr16855-priority.C -std=gnu++98 line 22: is #####:should be 1
FAIL: g++.dg/gcov/pr16855.C -std=gnu++11 gcov: 1 failures in line counts, 0 in branch percentages, 0 in return percentages, 0 in intermediate format
FAIL: g++.dg/gcov/pr16855.C -std=gnu++11 line 21: is #####:should be 1
FAIL: g++.dg/gcov/pr16855.C -std=gnu++14 gcov: 1 failures in line counts, 0 in branch percentages, 0 in return percentages, 0 in intermediate format
FAIL: g++.dg/gcov/pr16855.C -std=gnu++14 line 21: is #####:should be 1
FAIL: g++.dg/gcov/pr16855.C -std=gnu++98 gcov: 1 failures in line counts, 0 in branch percentages, 0 in return percentages, 0 in intermediate format
FAIL: g++.dg/gcov/pr16855.C -std=gnu++98 line 21: is #####:should be 1
UNRESOLVED: g++.dg/lto/20101010-4 cp_lto_20101010-4_0.o-cp_lto_20101010-4_0.o execute -std=c++0x -flto -g -r -nostdlib
FAIL: g++.dg/lto/20101010-4 cp_lto_20101010-4_0.o-cp_lto_20101010-4_0.o link, -std=c++0x -flto -g -r -nostdlib
UNRESOLVED: g++.dg/lto/20101015-2 cp_lto_20101015-2_0.o-cp_lto_20101015-2_0.o execute -g -flto
FAIL: g++.dg/lto/20101015-2 cp_lto_20101015-2_0.o-cp_lto_20101015-2_0.o link, -g -flto
UNRESOLVED: g++.dg/lto/pr42987 cp_lto_pr42987_0.o-cp_lto_pr42987_1.o execute -flto -flto-partition=none -g
UNRESOLVED: g++.dg/lto/pr42987 cp_lto_pr42987_0.o-cp_lto_pr42987_1.o execute -flto -g
FAIL: g++.dg/lto/pr42987 cp_lto_pr42987_0.o-cp_lto_pr42987_1.o link, -flto -flto-partition=none -g
FAIL: g++.dg/lto/pr42987 cp_lto_pr42987_0.o-cp_lto_pr42987_1.o link, -flto -g
UNRESOLVED: g++.dg/lto/pr48207 cp_lto_pr48207_0.o-cp_lto_pr48207_0.o execute -flto -g
FAIL: g++.dg/lto/pr48207 cp_lto_pr48207_0.o-cp_lto_pr48207_0.o link, -flto -g
UNRESOLVED: g++.dg/lto/pr48207-2 cp_lto_pr48207-2_0.o-cp_lto_pr48207-2_0.o execute -flto -g
FAIL: g++.dg/lto/pr48207-2 cp_lto_pr48207-2_0.o-cp_lto_pr48207-2_0.o link, -flto -g
UNRESOLVED: g++.dg/lto/pr48207-3 cp_lto_pr48207-3_0.o-cp_lto_pr48207-3_0.o execute -flto -g
FAIL: g++.dg/lto/pr48207-3 cp_lto_pr48207-3_0.o-cp_lto_pr48207-3_0.o link, -flto -g
UNRESOLVED: g++.dg/lto/pr48354-1 cp_lto_pr48354-1_0.o-cp_lto_pr48354-1_0.o execute -g -flto
FAIL: g++.dg/lto/pr48354-1 cp_lto_pr48354-1_0.o-cp_lto_pr48354-1_0.o link, -g -flto
UNRESOLVED: g++.dg/lto/pr48508-1 cp_lto_pr48508-1_0.o-cp_lto_pr48508-1_1.o execute -g -O2 -flto -flto-partition=none
FAIL: g++.dg/lto/pr48508-1 cp_lto_pr48508-1_0.o-cp_lto_pr48508-1_1.o link, -g -O2 -flto -flto-partition=none
UNRESOLVED: g++.dg/lto/pr51564-1 cp_lto_pr51564-1_0.o-cp_lto_pr51564-1_0.o execute -flto -g
FAIL: g++.dg/lto/pr51564-1 cp_lto_pr51564-1_0.o-cp_lto_pr51564-1_0.o link, -flto -g
UNRESOLVED: g++.dg/lto/pr51567-1 cp_lto_pr51567-1_0.o-cp_lto_pr51567-1_0.o execute -flto -g
FAIL: g++.dg/lto/pr51567-1 cp_lto_pr51567-1_0.o-cp_lto_pr51567-1_0.o link, -flto -g
UNRESOLVED: g++.dg/lto/pr51572-2 cp_lto_pr51572-2_0.o-cp_lto_pr51572-2_0.o execute -g -flto
FAIL: g++.dg/lto/pr51572-2 cp_lto_pr51572-2_0.o-cp_lto_pr51572-2_0.o link, -g -flto
UNRESOLVED: g++.dg/lto/pr51573-1 cp_lto_pr51573-1_0.o-cp_lto_pr51573-1_0.o execute -flto -g
FAIL: g++.dg/lto/pr51573-1 cp_lto_pr51573-1_0.o-cp_lto_pr51573-1_0.o link, -flto -g
UNRESOLVED: g++.dg/lto/pr51650-1 cp_lto_pr51650-1_0.o-cp_lto_pr51650-1_0.o execute -flto -g
FAIL: g++.dg/lto/pr51650-1 cp_lto_pr51650-1_0.o-cp_lto_pr51650-1_0.o link, -flto -g
UNRESOLVED: g++.dg/lto/pr51650-2 cp_lto_pr51650-2_0.o-cp_lto_pr51650-2_0.o execute -flto -g
FAIL: g++.dg/lto/pr51650-2 cp_lto_pr51650-2_0.o-cp_lto_pr51650-2_0.o link, -flto -g
UNRESOLVED: g++.dg/lto/pr51650-3 cp_lto_pr51650-3_0.o-cp_lto_pr51650-3_0.o execute -flto -g
FAIL: g++.dg/lto/pr51650-3 cp_lto_pr51650-3_0.o-cp_lto_pr51650-3_0.o link, -flto -g
UNRESOLVED: g++.dg/lto/pr52605 cp_lto_pr52605_0.o-cp_lto_pr52605_0.o execute -flto -g
FAIL: g++.dg/lto/pr52605 cp_lto_pr52605_0.o-cp_lto_pr52605_0.o link, -flto -g
UNRESOLVED: g++.dg/lto/pr53470 cp_lto_pr53470_0.o-cp_lto_pr53470_0.o execute -g -flto
FAIL: g++.dg/lto/pr53470 cp_lto_pr53470_0.o-cp_lto_pr53470_0.o link, -g -flto
UNRESOLVED: g++.dg/lto/pr65193 cp_lto_pr65193_0.o-cp_lto_pr65193_0.o execute -fPIC -r -nostdlib -flto -O2 -g
FAIL: g++.dg/lto/pr65193 cp_lto_pr65193_0.o-cp_lto_pr65193_0.o link, -fPIC -r -nostdlib -flto -O2 -g
UNRESOLVED: g++.dg/lto/pr65316 cp_lto_pr65316_0.o-cp_lto_pr65316_1.o execute -flto -std=c++11 -g2 -fno-lto-odr-type-merging -O2
FAIL: g++.dg/lto/pr65316 cp_lto_pr65316_0.o-cp_lto_pr65316_1.o link, -flto -std=c++11 -g2 -fno-lto-odr-type-merging -O2
UNRESOLVED: g++.dg/lto/pr65549 cp_lto_pr65549_0.o-cp_lto_pr65549_0.o execute -std=gnu++14 -flto -g
UNRESOLVED: g++.dg/lto/pr65549 cp_lto_pr65549_0.o-cp_lto_pr65549_0.o execute -std=gnu++14 -flto -g -O2 -fno-inline -flto-partition=max
FAIL: g++.dg/lto/pr65549 cp_lto_pr65549_0.o-cp_lto_pr65549_0.o link, -std=gnu++14 -flto -g
FAIL: g++.dg/lto/pr65549 cp_lto_pr65549_0.o-cp_lto_pr65549_0.o link, -std=gnu++14 -flto -g -O2 -fno-inline -flto-partition=max
UNRESOLVED: g++.dg/lto/pr69077 cp_lto_pr69077_0.o-cp_lto_pr69077_1.o execute -O3 -g -flto
FAIL: g++.dg/lto/pr69077 cp_lto_pr69077_0.o-cp_lto_pr69077_1.o link, -O3 -g -flto
UNRESOLVED: g++.dg/lto/pr69137 cp_lto_pr69137_0.o-cp_lto_pr69137_0.o execute -std=c++11 -g -flto
FAIL: g++.dg/lto/pr69137 cp_lto_pr69137_0.o-cp_lto_pr69137_0.o link, -std=c++11 -g -flto
UNRESOLVED: g++.dg/lto/pr79000 cp_lto_pr79000_0.o-cp_lto_pr79000_1.o execute -flto -g
FAIL: g++.dg/lto/pr79000 cp_lto_pr79000_0.o-cp_lto_pr79000_1.o link, -flto -g
=== g++ Summary for unix ===
# of expected passes 107831
# of unexpected failures 40
# of expected failures 385
# of unresolved testcases 25
# of unsupported tests 4639
Running target unix/-m64
FAIL: g++.dg/gcov/pr16855-priority.C -std=gnu++11 gcov: 1 failures in line counts, 0 in branch percentages, 0 in return percentages, 0 in intermediate format
FAIL: g++.dg/gcov/pr16855-priority.C -std=gnu++11 line 22: is #####:should be 1
FAIL: g++.dg/gcov/pr16855-priority.C -std=gnu++14 gcov: 1 failures in line counts, 0 in branch percentages, 0 in return percentages, 0 in intermediate format
FAIL: g++.dg/gcov/pr16855-priority.C -std=gnu++14 line 22: is #####:should be 1
FAIL: g++.dg/gcov/pr16855-priority.C -std=gnu++98 gcov: 1 failures in line counts, 0 in branch percentages, 0 in return percentages, 0 in intermediate format
FAIL: g++.dg/gcov/pr16855-priority.C -std=gnu++98 line 22: is #####:should be 1
FAIL: g++.dg/gcov/pr16855.C -std=gnu++11 gcov: 1 failures in line counts, 0 in branch percentages, 0 in return percentages, 0 in intermediate format
FAIL: g++.dg/gcov/pr16855.C -std=gnu++11 line 21: is #####:should be 1
FAIL: g++.dg/gcov/pr16855.C -std=gnu++14 gcov: 1 failures in line counts, 0 in branch percentages, 0 in return percentages, 0 in intermediate format
FAIL: g++.dg/gcov/pr16855.C -std=gnu++14 line 21: is #####:should be 1
FAIL: g++.dg/gcov/pr16855.C -std=gnu++98 gcov: 1 failures in line counts, 0 in branch percentages, 0 in return percentages, 0 in intermediate format
FAIL: g++.dg/gcov/pr16855.C -std=gnu++98 line 21: is #####:should be 1
UNRESOLVED: g++.dg/lto/20101010-4 cp_lto_20101010-4_0.o-cp_lto_20101010-4_0.o execute -std=c++0x -flto -g -r -nostdlib
FAIL: g++.dg/lto/20101010-4 cp_lto_20101010-4_0.o-cp_lto_20101010-4_0.o link, -std=c++0x -flto -g -r -nostdlib
UNRESOLVED: g++.dg/lto/20101015-2 cp_lto_20101015-2_0.o-cp_lto_20101015-2_0.o execute -g -flto
FAIL: g++.dg/lto/20101015-2 cp_lto_20101015-2_0.o-cp_lto_20101015-2_0.o link, -g -flto
UNRESOLVED: g++.dg/lto/pr42987 cp_lto_pr42987_0.o-cp_lto_pr42987_1.o execute -flto -flto-partition=none -g
UNRESOLVED: g++.dg/lto/pr42987 cp_lto_pr42987_0.o-cp_lto_pr42987_1.o execute -flto -g
FAIL: g++.dg/lto/pr42987 cp_lto_pr42987_0.o-cp_lto_pr42987_1.o link, -flto -flto-partition=none -g
FAIL: g++.dg/lto/pr42987 cp_lto_pr42987_0.o-cp_lto_pr42987_1.o link, -flto -g
UNRESOLVED: g++.dg/lto/pr48207 cp_lto_pr48207_0.o-cp_lto_pr48207_0.o execute -flto -g
FAIL: g++.dg/lto/pr48207 cp_lto_pr48207_0.o-cp_lto_pr48207_0.o link, -flto -g
UNRESOLVED: g++.dg/lto/pr48207-2 cp_lto_pr48207-2_0.o-cp_lto_pr48207-2_0.o execute -flto -g
FAIL: g++.dg/lto/pr48207-2 cp_lto_pr48207-2_0.o-cp_lto_pr48207-2_0.o link, -flto -g
UNRESOLVED: g++.dg/lto/pr48207-3 cp_lto_pr48207-3_0.o-cp_lto_pr48207-3_0.o execute -flto -g
FAIL: g++.dg/lto/pr48207-3 cp_lto_pr48207-3_0.o-cp_lto_pr48207-3_0.o link, -flto -g
UNRESOLVED: g++.dg/lto/pr48354-1 cp_lto_pr48354-1_0.o-cp_lto_pr48354-1_0.o execute -g -flto
FAIL: g++.dg/lto/pr48354-1 cp_lto_pr48354-1_0.o-cp_lto_pr48354-1_0.o link, -g -flto
UNRESOLVED: g++.dg/lto/pr48508-1 cp_lto_pr48508-1_0.o-cp_lto_pr48508-1_1.o execute -g -O2 -flto -flto-partition=none
FAIL: g++.dg/lto/pr48508-1 cp_lto_pr48508-1_0.o-cp_lto_pr48508-1_1.o link, -g -O2 -flto -flto-partition=none
UNRESOLVED: g++.dg/lto/pr51564-1 cp_lto_pr51564-1_0.o-cp_lto_pr51564-1_0.o execute -flto -g
FAIL: g++.dg/lto/pr51564-1 cp_lto_pr51564-1_0.o-cp_lto_pr51564-1_0.o link, -flto -g
UNRESOLVED: g++.dg/lto/pr51567-1 cp_lto_pr51567-1_0.o-cp_lto_pr51567-1_0.o execute -flto -g
FAIL: g++.dg/lto/pr51567-1 cp_lto_pr51567-1_0.o-cp_lto_pr51567-1_0.o link, -flto -g
UNRESOLVED: g++.dg/lto/pr51572-2 cp_lto_pr51572-2_0.o-cp_lto_pr51572-2_0.o execute -g -flto
FAIL: g++.dg/lto/pr51572-2 cp_lto_pr51572-2_0.o-cp_lto_pr51572-2_0.o link, -g -flto
UNRESOLVED: g++.dg/lto/pr51573-1 cp_lto_pr51573-1_0.o-cp_lto_pr51573-1_0.o execute -flto -g
FAIL: g++.dg/lto/pr51573-1 cp_lto_pr51573-1_0.o-cp_lto_pr51573-1_0.o link, -flto -g
UNRESOLVED: g++.dg/lto/pr51650-1 cp_lto_pr51650-1_0.o-cp_lto_pr51650-1_0.o execute -flto -g
FAIL: g++.dg/lto/pr51650-1 cp_lto_pr51650-1_0.o-cp_lto_pr51650-1_0.o link, -flto -g
UNRESOLVED: g++.dg/lto/pr51650-2 cp_lto_pr51650-2_0.o-cp_lto_pr51650-2_0.o execute -flto -g
FAIL: g++.dg/lto/pr51650-2 cp_lto_pr51650-2_0.o-cp_lto_pr51650-2_0.o link, -flto -g
UNRESOLVED: g++.dg/lto/pr51650-3 cp_lto_pr51650-3_0.o-cp_lto_pr51650-3_0.o execute -flto -g
FAIL: g++.dg/lto/pr51650-3 cp_lto_pr51650-3_0.o-cp_lto_pr51650-3_0.o link, -flto -g
UNRESOLVED: g++.dg/lto/pr52605 cp_lto_pr52605_0.o-cp_lto_pr52605_0.o execute -flto -g
FAIL: g++.dg/lto/pr52605 cp_lto_pr52605_0.o-cp_lto_pr52605_0.o link, -flto -g
UNRESOLVED: g++.dg/lto/pr53470 cp_lto_pr53470_0.o-cp_lto_pr53470_0.o execute -g -flto
FAIL: g++.dg/lto/pr53470 cp_lto_pr53470_0.o-cp_lto_pr53470_0.o link, -g -flto
UNRESOLVED: g++.dg/lto/pr65193 cp_lto_pr65193_0.o-cp_lto_pr65193_0.o execute -fPIC -r -nostdlib -flto -O2 -g
FAIL: g++.dg/lto/pr65193 cp_lto_pr65193_0.o-cp_lto_pr65193_0.o link, -fPIC -r -nostdlib -flto -O2 -g
UNRESOLVED: g++.dg/lto/pr65316 cp_lto_pr65316_0.o-cp_lto_pr65316_1.o execute -flto -std=c++11 -g2 -fno-lto-odr-type-merging -O2
FAIL: g++.dg/lto/pr65316 cp_lto_pr65316_0.o-cp_lto_pr65316_1.o link, -flto -std=c++11 -g2 -fno-lto-odr-type-merging -O2
UNRESOLVED: g++.dg/lto/pr65549 cp_lto_pr65549_0.o-cp_lto_pr65549_0.o execute -std=gnu++14 -flto -g
UNRESOLVED: g++.dg/lto/pr65549 cp_lto_pr65549_0.o-cp_lto_pr65549_0.o execute -std=gnu++14 -flto -g -O2 -fno-inline -flto-partition=max
FAIL: g++.dg/lto/pr65549 cp_lto_pr65549_0.o-cp_lto_pr65549_0.o link, -std=gnu++14 -flto -g
FAIL: g++.dg/lto/pr65549 cp_lto_pr65549_0.o-cp_lto_pr65549_0.o link, -std=gnu++14 -flto -g -O2 -fno-inline -flto-partition=max
UNRESOLVED: g++.dg/lto/pr69077 cp_lto_pr69077_0.o-cp_lto_pr69077_1.o execute -O3 -g -flto
FAIL: g++.dg/lto/pr69077 cp_lto_pr69077_0.o-cp_lto_pr69077_1.o link, -O3 -g -flto
UNRESOLVED: g++.dg/lto/pr69137 cp_lto_pr69137_0.o-cp_lto_pr69137_0.o execute -std=c++11 -g -flto
FAIL: g++.dg/lto/pr69137 cp_lto_pr69137_0.o-cp_lto_pr69137_0.o link, -std=c++11 -g -flto
UNRESOLVED: g++.dg/lto/pr79000 cp_lto_pr79000_0.o-cp_lto_pr79000_1.o execute -flto -g
FAIL: g++.dg/lto/pr79000 cp_lto_pr79000_0.o-cp_lto_pr79000_1.o link, -flto -g
=== g++ Summary for unix/-m64 ===
# of expected passes 109722
# of unexpected failures 37
# of expected failures 385
# of unresolved testcases 25
# of unsupported tests 4608
=== g++ Summary ===
# of expected passes 217553
# of unexpected failures 77
# of expected failures 770
# of unresolved testcases 50
# of unsupported tests 9247
/var/gcc/regression/trunk/11.4-gcc/build/gcc/testsuite/g++/../../xg++ version 8.0.0 20170908 (experimental) [trunk revision 251873] (GCC)
=== gcc tests ===
Running target unix
FAIL: c-c++-common/cilk-plus/CK/cilk-for-2.c -O3 -flto -g (test for excess errors)
FAIL: c-c++-common/cilk-plus/CK/cilk-fors.c -O3 -flto -g (test for excess errors)
FAIL: c-c++-common/cilk-plus/CK/cilk_for_grain.c -O3 -flto -g (test for excess errors)
FAIL: c-c++-common/cilk-plus/CK/cilk_for_ptr_iter.c -O3 -flto -g (test for excess errors)
FAIL: c-c++-common/cilk-plus/CK/fib.c -O3 -flto -g (test for excess errors)
FAIL: c-c++-common/cilk-plus/CK/fib_init_expr_xy.c -O3 -flto -g (test for excess errors)
FAIL: c-c++-common/cilk-plus/CK/fib_no_return.c -O3 -flto -g (test for excess errors)
FAIL: c-c++-common/cilk-plus/CK/fib_no_sync.c -O3 -flto -g (test for excess errors)
FAIL: c-c++-common/cilk-plus/CK/nested_cilk_for.c -O3 -flto -g (test for excess errors)
FAIL: c-c++-common/cilk-plus/CK/pr60586.c -O3 -flto -g (test for excess errors)
FAIL: c-c++-common/cilk-plus/CK/pr69826-1.c -O3 -flto -g (test for excess errors)
FAIL: c-c++-common/cilk-plus/CK/pr69826-2.c -O3 -flto -g (test for excess errors)
FAIL: c-c++-common/cilk-plus/CK/spawnee_inline.c -O3 -flto -g (test for excess errors)
FAIL: c-c++-common/cilk-plus/CK/spawner_inline.c -O3 -flto -g (test for excess errors)
FAIL: c-c++-common/cilk-plus/CK/spawning_arg.c -O3 -flto -g (test for excess errors)
FAIL: c-c++-common/cilk-plus/CK/steal_check.c -O3 -flto -g (test for excess errors)
FAIL: c-c++-common/cilk-plus/CK/test__cilk.c -O3 -flto -g (test for excess errors)
FAIL: c-c++-common/cilk-plus/CK/varargs_test.c -O3 -flto -g (test for excess errors)
FAIL: gcc.dg/debug/pr41893-1.c -gdwarf-2 (test for excess errors)
FAIL: gcc.dg/debug/pr41893-1.c -gdwarf-2 -O (test for excess errors)
FAIL: gcc.dg/debug/pr41893-1.c -gdwarf-2 -O3 (test for excess errors)
FAIL: gcc.dg/debug/pr41893-1.c -gdwarf-2 -g1 (test for excess errors)
FAIL: gcc.dg/debug/pr41893-1.c -gdwarf-2 -g1 -O (test for excess errors)
FAIL: gcc.dg/debug/pr41893-1.c -gdwarf-2 -g1 -O3 (test for excess errors)
FAIL: gcc.dg/debug/pr41893-1.c -gdwarf-2 -g3 (test for excess errors)
FAIL: gcc.dg/debug/pr41893-1.c -gdwarf-2 -g3 -O (test for excess errors)
FAIL: gcc.dg/debug/pr41893-1.c -gdwarf-2 -g3 -O3 (test for excess errors)
FAIL: gcc.dg/pr43557-1.c (test for excess errors)
UNRESOLVED: gcc.dg/lto/20090914-1 c_lto_20090914-1_0.o-c_lto_20090914-1_0.o execute -flto
FAIL: gcc.dg/lto/20090914-1 c_lto_20090914-1_0.o-c_lto_20090914-1_0.o link, -flto
UNRESOLVED: gcc.dg/lto/20100426 c_lto_20100426_0.o-c_lto_20100426_0.o execute -r -nostdlib -flto -g
FAIL: gcc.dg/lto/20100426 c_lto_20100426_0.o-c_lto_20100426_0.o link, -r -nostdlib -flto -g
UNRESOLVED: gcc.dg/lto/20111207-2 c_lto_20111207-2_0.o-c_lto_20111207-2_0.o execute -g -O -flto
FAIL: gcc.dg/lto/20111207-2 c_lto_20111207-2_0.o-c_lto_20111207-2_0.o link, -g -O -flto
UNRESOLVED: gcc.dg/lto/20111213-1 c_lto_20111213-1_0.o-c_lto_20111213-1_0.o execute -flto -g
FAIL: gcc.dg/lto/20111213-1 c_lto_20111213-1_0.o-c_lto_20111213-1_0.o link, -flto -g
UNRESOLVED: gcc.dg/lto/pr51572-1 c_lto_pr51572-1_0.o-c_lto_pr51572-1_0.o execute -flto -g
FAIL: gcc.dg/lto/pr51572-1 c_lto_pr51572-1_0.o-c_lto_pr51572-1_0.o link, -flto -g
UNRESOLVED: gcc.dg/lto/pr53470 c_lto_pr53470_0.o-c_lto_pr53470_0.o execute -flto -g
FAIL: gcc.dg/lto/pr53470 c_lto_pr53470_0.o-c_lto_pr53470_0.o link, -flto -g
UNRESOLVED: gcc.dg/lto/pr59323 c_lto_pr59323_0.o-c_lto_pr59323_0.o execute -O2 -g -flto
FAIL: gcc.dg/lto/pr59323 c_lto_pr59323_0.o-c_lto_pr59323_0.o link, -O2 -g -flto
UNRESOLVED: gcc.dg/lto/pr59323-2 c_lto_pr59323-2_0.o-c_lto_pr59323-2_0.o execute -O2 -g -flto
FAIL: gcc.dg/lto/pr59323-2 c_lto_pr59323-2_0.o-c_lto_pr59323-2_0.o link, -O2 -g -flto
UNRESOLVED: gcc.dg/lto/pr64415 c_lto_pr64415_0.o-c_lto_pr64415_1.o execute -O -flto -fpic
FAIL: gcc.dg/lto/pr64415 c_lto_pr64415_0.o-c_lto_pr64415_1.o link, -O -flto -fpic
FAIL: gcc.dg/plugin/must-tail-call-1.c -fplugin=./must_tail_call_plugin.so (test for excess errors)
FAIL: gcc.dg/simulate-thread/atomic-other-int.c -O2 -g thread simulation test
FAIL: gcc.dg/simulate-thread/atomic-other-int.c -O3 -g thread simulation test
FAIL: gcc.dg/simulate-thread/speculative-store-4.c -O0 -g thread simulation test
FAIL: gcc.dg/simulate-thread/speculative-store-4.c -O2 -g thread simulation test
FAIL: gcc.dg/simulate-thread/speculative-store-4.c -O3 -g thread simulation test
FAIL: gcc.dg/simulate-thread/speculative-store.c -O0 -g thread simulation test
FAIL: gcc.dg/vect/bb-slp-1.c -flto -ffat-lto-objects scan-tree-dump-times slp1 "basic block vectorized" 1
FAIL: gcc.dg/vect/bb-slp-1.c scan-tree-dump-times slp1 "basic block vectorized" 1
FAIL: gcc.dg/vect/bb-slp-16.c -flto -ffat-lto-objects scan-tree-dump-times slp1 "basic block vectorized" 1
FAIL: gcc.dg/vect/bb-slp-16.c scan-tree-dump-times slp1 "basic block vectorized" 1
FAIL: gcc.dg/vect/bb-slp-2.c -flto -ffat-lto-objects scan-tree-dump-times slp1 "basic block vectorized" 1
FAIL: gcc.dg/vect/bb-slp-2.c scan-tree-dump-times slp1 "basic block vectorized" 1
FAIL: gcc.dg/vect/no-section-anchors-vect-69.c scan-tree-dump-times vect "vectorized 4 loops" 1
XPASS: gcc.dg/vect/vect-multitypes-12.c -flto -ffat-lto-objects scan-tree-dump-times vect "vectorized 1 loops" 1
XPASS: gcc.dg/vect/vect-multitypes-12.c scan-tree-dump-times vect "vectorized 1 loops" 1
=== gcc Summary for unix ===
# of expected passes 101478
# of unexpected failures 51
# of unexpected successes 2
# of expected failures 432
# of unresolved testcases 9
# of unsupported tests 2658
Running target unix/-m64
FAIL: c-c++-common/cilk-plus/CK/cilk-for-2.c -O3 -flto -g (test for excess errors)
FAIL: c-c++-common/cilk-plus/CK/cilk-fors.c -O3 -flto -g (test for excess errors)
FAIL: c-c++-common/cilk-plus/CK/cilk_for_grain.c -O3 -flto -g (test for excess errors)
FAIL: c-c++-common/cilk-plus/CK/cilk_for_ptr_iter.c -O3 -flto -g (test for excess errors)
FAIL: c-c++-common/cilk-plus/CK/fib.c -O3 -flto -g (test for excess errors)
FAIL: c-c++-common/cilk-plus/CK/fib_init_expr_xy.c -O3 -flto -g (test for excess errors)
FAIL: c-c++-common/cilk-plus/CK/fib_no_return.c -O3 -flto -g (test for excess errors)
FAIL: c-c++-common/cilk-plus/CK/fib_no_sync.c -O3 -flto -g (test for excess errors)
FAIL: c-c++-common/cilk-plus/CK/nested_cilk_for.c -O3 -flto -g (test for excess errors)
FAIL: c-c++-common/cilk-plus/CK/pr60586.c -O3 -flto -g (test for excess errors)
FAIL: c-c++-common/cilk-plus/CK/pr69826-1.c -O3 -flto -g (test for excess errors)
FAIL: c-c++-common/cilk-plus/CK/pr69826-2.c -O3 -flto -g (test for excess errors)
FAIL: c-c++-common/cilk-plus/CK/spawnee_inline.c -O3 -flto -g (test for excess errors)
FAIL: c-c++-common/cilk-plus/CK/spawner_inline.c -O3 -flto -g (test for excess errors)
FAIL: c-c++-common/cilk-plus/CK/spawning_arg.c -O3 -flto -g (test for excess errors)
FAIL: c-c++-common/cilk-plus/CK/steal_check.c -O3 -flto -g (test for excess errors)
FAIL: c-c++-common/cilk-plus/CK/test__cilk.c -O3 -flto -g (test for excess errors)
FAIL: c-c++-common/cilk-plus/CK/varargs_test.c -O3 -flto -g (test for excess errors)
FAIL: gcc.dg/debug/pr41893-1.c -gdwarf-2 (test for excess errors)
FAIL: gcc.dg/debug/pr41893-1.c -gdwarf-2 -O (test for excess errors)
FAIL: gcc.dg/debug/pr41893-1.c -gdwarf-2 -O3 (test for excess errors)
FAIL: gcc.dg/debug/pr41893-1.c -gdwarf-2 -g1 (test for excess errors)
FAIL: gcc.dg/debug/pr41893-1.c -gdwarf-2 -g1 -O (test for excess errors)
FAIL: gcc.dg/debug/pr41893-1.c -gdwarf-2 -g1 -O3 (test for excess errors)
FAIL: gcc.dg/debug/pr41893-1.c -gdwarf-2 -g3 (test for excess errors)
FAIL: gcc.dg/debug/pr41893-1.c -gdwarf-2 -g3 -O (test for excess errors)
FAIL: gcc.dg/debug/pr41893-1.c -gdwarf-2 -g3 -O3 (test for excess errors)
FAIL: gcc.dg/pr43557-1.c (test for excess errors)
UNRESOLVED: gcc.dg/lto/20090914-1 c_lto_20090914-1_0.o-c_lto_20090914-1_0.o execute -flto
FAIL: gcc.dg/lto/20090914-1 c_lto_20090914-1_0.o-c_lto_20090914-1_0.o link, -flto
UNRESOLVED: gcc.dg/lto/20100426 c_lto_20100426_0.o-c_lto_20100426_0.o execute -r -nostdlib -flto -g
FAIL: gcc.dg/lto/20100426 c_lto_20100426_0.o-c_lto_20100426_0.o link, -r -nostdlib -flto -g
UNRESOLVED: gcc.dg/lto/20111207-2 c_lto_20111207-2_0.o-c_lto_20111207-2_0.o execute -g -O -flto
FAIL: gcc.dg/lto/20111207-2 c_lto_20111207-2_0.o-c_lto_20111207-2_0.o link, -g -O -flto
UNRESOLVED: gcc.dg/lto/20111213-1 c_lto_20111213-1_0.o-c_lto_20111213-1_0.o execute -flto -g
FAIL: gcc.dg/lto/20111213-1 c_lto_20111213-1_0.o-c_lto_20111213-1_0.o link, -flto -g
UNRESOLVED: gcc.dg/lto/pr51572-1 c_lto_pr51572-1_0.o-c_lto_pr51572-1_0.o execute -flto -g
FAIL: gcc.dg/lto/pr51572-1 c_lto_pr51572-1_0.o-c_lto_pr51572-1_0.o link, -flto -g
UNRESOLVED: gcc.dg/lto/pr53470 c_lto_pr53470_0.o-c_lto_pr53470_0.o execute -flto -g
FAIL: gcc.dg/lto/pr53470 c_lto_pr53470_0.o-c_lto_pr53470_0.o link, -flto -g
UNRESOLVED: gcc.dg/lto/pr59323 c_lto_pr59323_0.o-c_lto_pr59323_0.o execute -O2 -g -flto
FAIL: gcc.dg/lto/pr59323 c_lto_pr59323_0.o-c_lto_pr59323_0.o link, -O2 -g -flto
UNRESOLVED: gcc.dg/lto/pr59323-2 c_lto_pr59323-2_0.o-c_lto_pr59323-2_0.o execute -O2 -g -flto
FAIL: gcc.dg/lto/pr59323-2 c_lto_pr59323-2_0.o-c_lto_pr59323-2_0.o link, -O2 -g -flto
UNRESOLVED: gcc.dg/lto/pr64415 c_lto_pr64415_0.o-c_lto_pr64415_1.o execute -O -flto -fpic
FAIL: gcc.dg/lto/pr64415 c_lto_pr64415_0.o-c_lto_pr64415_1.o link, -O -flto -fpic
FAIL: gcc.dg/plugin/must-tail-call-1.c -fplugin=./must_tail_call_plugin.so (test for excess errors)
FAIL: gcc.dg/vect/bb-slp-1.c -flto -ffat-lto-objects scan-tree-dump-times slp1 "basic block vectorized" 1
FAIL: gcc.dg/vect/bb-slp-1.c scan-tree-dump-times slp1 "basic block vectorized" 1
FAIL: gcc.dg/vect/bb-slp-16.c -flto -ffat-lto-objects scan-tree-dump-times slp1 "basic block vectorized" 1
FAIL: gcc.dg/vect/bb-slp-16.c scan-tree-dump-times slp1 "basic block vectorized" 1
FAIL: gcc.dg/vect/bb-slp-2.c -flto -ffat-lto-objects scan-tree-dump-times slp1 "basic block vectorized" 1
FAIL: gcc.dg/vect/bb-slp-2.c scan-tree-dump-times slp1 "basic block vectorized" 1
FAIL: gcc.dg/vect/no-section-anchors-vect-69.c scan-tree-dump-times vect "vectorized 4 loops" 1
=== gcc Summary for unix/-m64 ===
# of expected passes 102544
# of unexpected failures 45
# of expected failures 419
# of unresolved testcases 9
# of unsupported tests 2449
=== gcc Summary ===
# of expected passes 204022
# of unexpected failures 96
# of unexpected successes 2
# of expected failures 851
# of unresolved testcases 18
# of unsupported tests 5107
/var/gcc/regression/trunk/11.4-gcc/build/gcc/xgcc version 8.0.0 20170908 (experimental) [trunk revision 251873] (GCC)
=== gfortran tests ===
Running target unix
FAIL: gfortran.dg/elemental_subroutine_3.f90 -O1 (test for excess errors)
FAIL: gfortran.dg/elemental_subroutine_3.f90 -O2 (test for excess errors)
FAIL: gfortran.dg/elemental_subroutine_3.f90 -O3 -fomit-frame-pointer -funroll-loops -fpeel-loops -ftracer -finline-functions (test for excess errors)
FAIL: gfortran.dg/elemental_subroutine_3.f90 -O3 -g (test for excess errors)
FAIL: gfortran.dg/elemental_subroutine_3.f90 -Os (test for excess errors)
FAIL: gfortran.dg/save_6.f90 -O0 (test for excess errors)
FAIL: gfortran.dg/save_6.f90 -O1 (test for excess errors)
FAIL: gfortran.dg/save_6.f90 -O2 (test for excess errors)
FAIL: gfortran.dg/save_6.f90 -O3 -fomit-frame-pointer -funroll-loops -fpeel-loops -ftracer -finline-functions (test for excess errors)
FAIL: gfortran.dg/save_6.f90 -O3 -g (test for excess errors)
FAIL: gfortran.dg/save_6.f90 -Os (test for excess errors)
FAIL: gfortran.dg/submodule_6.f08 -O3 -g (test for excess errors)
UNRESOLVED: gfortran.dg/lto/20091016-1 f_lto_20091016-1_0.o-f_lto_20091016-1_0.o execute -O -flto -g -fPIC -r -nostdlib
UNRESOLVED: gfortran.dg/lto/20091016-1 f_lto_20091016-1_0.o-f_lto_20091016-1_0.o execute -flto -g -fPIC -r -nostdlib
FAIL: gfortran.dg/lto/20091016-1 f_lto_20091016-1_0.o-f_lto_20091016-1_0.o link, -O -flto -g -fPIC -r -nostdlib
FAIL: gfortran.dg/lto/20091016-1 f_lto_20091016-1_0.o-f_lto_20091016-1_0.o link, -flto -g -fPIC -r -nostdlib
UNRESOLVED: gfortran.dg/lto/pr41521 f_lto_pr41521_0.o-f_lto_pr41521_1.o execute -g -O -flto -Wno-lto-type-mismatch
UNRESOLVED: gfortran.dg/lto/pr41521 f_lto_pr41521_0.o-f_lto_pr41521_1.o execute -g -flto -Wno-lto-type-mismatch
FAIL: gfortran.dg/lto/pr41521 f_lto_pr41521_0.o-f_lto_pr41521_1.o link, -g -O -flto -Wno-lto-type-mismatch
FAIL: gfortran.dg/lto/pr41521 f_lto_pr41521_0.o-f_lto_pr41521_1.o link, -g -flto -Wno-lto-type-mismatch
UNRESOLVED: gfortran.dg/lto/pr46911 f_lto_pr46911_0.o-f_lto_pr46911_0.o execute -O2 -flto -g
FAIL: gfortran.dg/lto/pr46911 f_lto_pr46911_0.o-f_lto_pr46911_0.o link, -O2 -flto -g
UNRESOLVED: gfortran.dg/lto/pr47839 f_lto_pr47839_0.o-f_lto_pr47839_1.o execute -g -flto
FAIL: gfortran.dg/lto/pr47839 f_lto_pr47839_0.o-f_lto_pr47839_1.o link, -g -flto
=== gfortran Summary for unix ===
# of expected passes 45099
# of unexpected failures 18
# of expected failures 94
# of unresolved testcases 6
# of unsupported tests 248
Running target unix/-m64
FAIL: gfortran.dg/elemental_subroutine_3.f90 -O1 (test for excess errors)
FAIL: gfortran.dg/elemental_subroutine_3.f90 -O2 (test for excess errors)
FAIL: gfortran.dg/elemental_subroutine_3.f90 -O3 -fomit-frame-pointer -funroll-loops -fpeel-loops -ftracer -finline-functions (test for excess errors)
FAIL: gfortran.dg/elemental_subroutine_3.f90 -O3 -g (test for excess errors)
FAIL: gfortran.dg/elemental_subroutine_3.f90 -Os (test for excess errors)
FAIL: gfortran.dg/save_6.f90 -O0 (test for excess errors)
FAIL: gfortran.dg/save_6.f90 -O1 (test for excess errors)
FAIL: gfortran.dg/save_6.f90 -O2 (test for excess errors)
FAIL: gfortran.dg/save_6.f90 -O3 -fomit-frame-pointer -funroll-loops -fpeel-loops -ftracer -finline-functions (test for excess errors)
FAIL: gfortran.dg/save_6.f90 -O3 -g (test for excess errors)
FAIL: gfortran.dg/save_6.f90 -Os (test for excess errors)
FAIL: gfortran.dg/submodule_6.f08 -O3 -g (test for excess errors)
FAIL: gfortran.dg/graphite/pr14741.f90 -O scan-tree-dump graphite "tiled by"
UNRESOLVED: gfortran.dg/lto/20091016-1 f_lto_20091016-1_0.o-f_lto_20091016-1_0.o execute -O -flto -g -fPIC -r -nostdlib
UNRESOLVED: gfortran.dg/lto/20091016-1 f_lto_20091016-1_0.o-f_lto_20091016-1_0.o execute -flto -g -fPIC -r -nostdlib
FAIL: gfortran.dg/lto/20091016-1 f_lto_20091016-1_0.o-f_lto_20091016-1_0.o link, -O -flto -g -fPIC -r -nostdlib
FAIL: gfortran.dg/lto/20091016-1 f_lto_20091016-1_0.o-f_lto_20091016-1_0.o link, -flto -g -fPIC -r -nostdlib
UNRESOLVED: gfortran.dg/lto/pr41521 f_lto_pr41521_0.o-f_lto_pr41521_1.o execute -g -O -flto -Wno-lto-type-mismatch
UNRESOLVED: gfortran.dg/lto/pr41521 f_lto_pr41521_0.o-f_lto_pr41521_1.o execute -g -flto -Wno-lto-type-mismatch
FAIL: gfortran.dg/lto/pr41521 f_lto_pr41521_0.o-f_lto_pr41521_1.o link, -g -O -flto -Wno-lto-type-mismatch
FAIL: gfortran.dg/lto/pr41521 f_lto_pr41521_0.o-f_lto_pr41521_1.o link, -g -flto -Wno-lto-type-mismatch
UNRESOLVED: gfortran.dg/lto/pr46911 f_lto_pr46911_0.o-f_lto_pr46911_0.o execute -O2 -flto -g
FAIL: gfortran.dg/lto/pr46911 f_lto_pr46911_0.o-f_lto_pr46911_0.o link, -O2 -flto -g
UNRESOLVED: gfortran.dg/lto/pr47839 f_lto_pr47839_0.o-f_lto_pr47839_1.o execute -g -flto
FAIL: gfortran.dg/lto/pr47839 f_lto_pr47839_0.o-f_lto_pr47839_1.o link, -g -flto
=== gfortran Summary for unix/-m64 ===
# of expected passes 45345
# of unexpected failures 19
# of expected failures 94
# of unresolved testcases 6
# of unsupported tests 127
=== gfortran Summary ===
# of expected passes 90444
# of unexpected failures 37
# of expected failures 188
# of unresolved testcases 12
# of unsupported tests 375
/var/gcc/regression/trunk/11.4-gcc/build/gcc/testsuite/gfortran/../../gfortran version 8.0.0 20170908 (experimental) [trunk revision 251873] (GCC)
=== gnat tests ===
Running target unix
FAIL: gnat.dg/lto13.adb (test for excess errors)
=== gnat Summary for unix ===
# of expected passes 2563
# of unexpected failures 1
# of expected failures 24
# of unsupported tests 23
Running target unix/-m64
FAIL: gnat.dg/lto13.adb (test for excess errors)
=== gnat Summary for unix/-m64 ===
# of expected passes 2563
# of unexpected failures 1
# of expected failures 24
# of unsupported tests 23
=== gnat Summary ===
# of expected passes 5126
# of unexpected failures 2
# of expected failures 48
# of unsupported tests 46
/var/gcc/regression/trunk/11.4-gcc/build/gcc/gnatmake version 8.0.0 20170908 (experimental) [trunk revision 251873]
=== go tests ===
Running target unix
FAIL: ./index0-out.go execution, -O0 -g -fno-var-tracking-assignments
FAIL: go.test/test/fixedbugs/issue4562.go execution, -O2 -g
FAIL: go.test/test/method5.go execution, -O2 -g
FAIL: go.test/test/nil.go execution, -O2 -g
=== go Summary for unix ===
# of expected passes 7358
# of unexpected failures 4
# of expected failures 1
# of untested testcases 11
# of unsupported tests 3
Running target unix/-m64
FAIL: ./index0-out.go execution, -O0 -g -fno-var-tracking-assignments
=== go Summary for unix/-m64 ===
# of expected passes 7241
# of unexpected failures 1
# of expected failures 1
# of untested testcases 11
# of unsupported tests 3
=== go Summary ===
# of expected passes 14599
# of unexpected failures 5
# of expected failures 2
# of untested testcases 22
# of unsupported tests 6
=== obj-c++ tests ===
Running target unix
=== obj-c++ Summary for unix ===
# of expected passes 1459
# of expected failures 2
# of unsupported tests 77
Running target unix/-m64
=== obj-c++ Summary for unix/-m64 ===
# of expected passes 1451
# of expected failures 10
# of unsupported tests 77
=== obj-c++ Summary ===
# of expected passes 2910
# of expected failures 12
# of unsupported tests 154
/var/gcc/regression/trunk/11.4-gcc/build/gcc/testsuite/obj-c++/../../xg++ version 8.0.0 20170908 (experimental) [trunk revision 251873] (GCC)
=== objc tests ===
Running target unix
=== objc Summary for unix ===
# of expected passes 2803
# of unsupported tests 68
Running target unix/-m64
=== objc Summary for unix/-m64 ===
# of expected passes 2803
# of unsupported tests 68
=== objc Summary ===
# of expected passes 5606
# of unsupported tests 136
/var/gcc/regression/trunk/11.4-gcc/build/gcc/xgcc version 8.0.0 20170908 (experimental) [trunk revision 251873] (GCC)
=== gotools tests ===
FAIL: TestCgoHandlesWlORIGIN
FAIL: TestSelectStackAdjust
FAIL: TestBreakpoint
FAIL: TestInstall
FAIL: TestEarlySignalHandler
FAIL: TestSignalForwardingExternal
FAIL: TestOsSignal
FAIL: TestSigaltstack
FAIL: TestPIE
=== gotools Summary ===
# of expected passes 251
# of unexpected failures 9
# of untested testcases 119
/var/gcc/regression/trunk/11.4-gcc/build/./gcc/gccgo version 8.0.0 20170908 (experimental) [trunk revision 251873] (GCC)
=== libatomic tests ===
Running target unix
=== libatomic Summary for unix ===
# of expected passes 44
# of unsupported tests 5
Running target unix/-m64
=== libatomic Summary for unix/-m64 ===
# of expected passes 54
=== libatomic Summary ===
# of expected passes 98
# of unsupported tests 5
=== libffi tests ===
Running target unix
=== libffi Summary for unix ===
# of expected passes 2214
Running target unix/-m64
=== libffi Summary for unix/-m64 ===
# of expected passes 2214
=== libffi Summary ===
# of expected passes 4428
=== libgo tests ===
Running target unix
FAIL: net
FAIL: runtime
FAIL: go/build
FAIL: net/http
FAIL: runtime/pprof
=== libgo Summary for unix ===
# of expected passes 142
# of unexpected failures 5
Running target unix/-m64
FAIL: net
FAIL: go/build
FAIL: net/http
FAIL: runtime/pprof
=== libgo Summary for unix/-m64 ===
# of expected passes 143
# of unexpected failures 4
=== libgo Summary ===
# of expected passes 285
# of unexpected failures 9
/var/gcc/regression/trunk/11.4-gcc/build/./gcc/gccgo version 8.0.0 20170908 (experimental) [trunk revision 251873] (GCC)
=== libgomp tests ===
Running target unix
FAIL: libgomp.c++/pr69393.C (test for excess errors)
=== libgomp Summary for unix ===
# of expected passes 5149
# of unexpected failures 1
# of unsupported tests 379
Running target unix/-m64
FAIL: libgomp.c++/pr69393.C (test for excess errors)
=== libgomp Summary for unix/-m64 ===
# of expected passes 5149
# of unexpected failures 1
# of unsupported tests 379
=== libgomp Summary ===
# of expected passes 10298
# of unexpected failures 2
# of unsupported tests 758
=== libitm tests ===
Running target unix
=== libitm Summary for unix ===
# of expected passes 42
# of expected failures 3
# of unsupported tests 1
Running target unix/-m64
=== libitm Summary for unix/-m64 ===
# of expected passes 42
# of expected failures 3
# of unsupported tests 1
=== libitm Summary ===
# of expected passes 84
# of expected failures 6
# of unsupported tests 2
=== libstdc++ tests ===
Running target unix
=== libstdc++ Summary for unix ===
# of expected passes 10886
# of expected failures 70
# of unsupported tests 632
Running target unix/-m64
=== libstdc++ Summary for unix/-m64 ===
# of expected passes 10886
# of expected failures 70
# of unsupported tests 632
=== libstdc++ Summary ===
# of expected passes 21772
# of expected failures 140
# of unsupported tests 1264
Compiler version: 8.0.0 20170908 (experimental) [trunk revision 251873] (GCC)
Platform: sparc-sun-solaris2.11
configure flags: --prefix=/vol/gcc --target=sparc-sun-solaris2.11 --enable-objc-gc --with-target-bdw-gc-include=/vol/gcc/include --with-target-bdw-gc-lib=/vol/gcc/lib,sparcv9=/vol/gcc/lib/sparcv9 --enable-libmudflap --with-as=/usr/ccs/bin/as --without-gnu-as --with-gmp-include=/vol/gcc/include --with-gmp-lib=/vol/gcc/lib --with-mpfr-include=/vol/gcc/include --with-mpfr-lib=/vol/gcc/lib --with-mpc-include=/vol/gcc/include --with-mpc-lib=/vol/gcc/lib --enable-languages=all,ada,obj-c++,go --with-isl-include=/vol/gcc/include --with-isl-lib=/vol/gcc/lib --build=sparc-sun-solaris2.11 --host=sparc-sun-solaris2.11
BOOT_CFLAGS=-g -O2