This is the mail archive of the
gcc-testresults@gcc.gnu.org
mailing list for the GCC project.
Results for 8.0.0 20170825 (experimental) (GCC) testsuite on arm-none-linux-gnueabi
- From: CodeSourcery Automatic Testing System <gcc at codesourcery dot com>
- To: <gcc-testresults at gcc dot gnu dot org>
- Date: Sun, 27 Aug 2017 06:44:07 -0700
- Subject: Results for 8.0.0 20170825 (experimental) (GCC) testsuite on arm-none-linux-gnueabi
- Authentication-results: sourceware.org; auth=none
LAST_UPDATED: Fri Aug 25 07:07:51 UTC 2017 (/trunk revision 251347)
Target is arm-none-linux-gnueabi
Host is i686-pc-linux-gnu
=== g++ tests ===
Running target qemu-wheezy
FAIL: g++.dg/pr53037-2.C -std=gnu++98 (test for warnings, line 6)
FAIL: g++.dg/pr53037-2.C -std=gnu++98 (test for warnings, line 16)
FAIL: g++.dg/pr53037-2.C -std=gnu++98 (test for warnings, line 29)
FAIL: g++.dg/pr53037-2.C -std=gnu++11 (test for warnings, line 6)
FAIL: g++.dg/pr53037-2.C -std=gnu++11 (test for warnings, line 16)
FAIL: g++.dg/pr53037-2.C -std=gnu++11 (test for warnings, line 29)
FAIL: g++.dg/pr53037-2.C -std=gnu++14 (test for warnings, line 6)
FAIL: g++.dg/pr53037-2.C -std=gnu++14 (test for warnings, line 16)
FAIL: g++.dg/pr53037-2.C -std=gnu++14 (test for warnings, line 29)
FAIL: g++.dg/pr53037-3.C -std=gnu++98 (test for warnings, line 6)
FAIL: g++.dg/pr53037-3.C -std=gnu++98 (test for warnings, line 16)
FAIL: g++.dg/pr53037-3.C -std=gnu++98 (test for warnings, line 29)
FAIL: g++.dg/pr53037-3.C -std=gnu++11 (test for warnings, line 6)
FAIL: g++.dg/pr53037-3.C -std=gnu++11 (test for warnings, line 16)
FAIL: g++.dg/pr53037-3.C -std=gnu++11 (test for warnings, line 29)
FAIL: g++.dg/pr53037-3.C -std=gnu++14 (test for warnings, line 6)
FAIL: g++.dg/pr53037-3.C -std=gnu++14 (test for warnings, line 16)
FAIL: g++.dg/pr53037-3.C -std=gnu++14 (test for warnings, line 29)
FAIL: g++.dg/template/nontype10.C -std=c++98 (test for excess errors)
FAIL: g++.dg/template/nontype10.C -std=c++11 (test for excess errors)
FAIL: g++.dg/template/nontype10.C -std=c++14 (test for excess errors)
FAIL: g++.dg/lto/pr65276 cp_lto_pr65276_0.o-cp_lto_pr65276_1.o link, -flto -O0 -std=c++11
UNRESOLVED: g++.dg/lto/pr65276 cp_lto_pr65276_0.o-cp_lto_pr65276_1.o execute -flto -O0 -std=c++11
=== g++ Summary ===
# of expected passes 110187
# of unexpected failures 22
# of expected failures 362
# of unresolved testcases 1
# of unsupported tests 5031
/scratch/gcc/nightly-2017-08-26-mainline/arm-none-linux-gnueabi/obj/test-mainline-0-arm-none-linux-gnueabi/host-i686-pc-linux-gnu/fsf-mainline/bin/arm-none-linux-gnueabi-g++ version 8.0.0 20170825 (experimental) (GCC)
=== Summary adjusted for local xfails ===
# of unexpected failures 22
# of expected passes 110187
# of expected failures 362
# of unresolved testcases 1
# of unsupported tests 5031
Host is i686-pc-linux-gnu
=== gcc tests ===
Running target qemu-wheezy
FAIL: gcc.dg/pr53037-2.c (test for warnings, line 8)
FAIL: gcc.dg/pr53037-2.c (test for warnings, line 16)
FAIL: gcc.dg/pr53037-2.c (test for warnings, line 32)
FAIL: gcc.dg/pr53037-3.c (test for warnings, line 8)
FAIL: gcc.dg/pr53037-3.c (test for warnings, line 16)
FAIL: gcc.dg/pr53037-3.c (test for warnings, line 32)
XPASS: gcc.dg/pr78768.c -Wformat-overflow (test for warnings, line 12)
FAIL: gcc.dg/tree-ssa/builtin-sprintf-warn-18.c (test for warnings, line 119)
FAIL: gcc.dg/tree-ssa/builtin-sprintf-warn-18.c (test for warnings, line 121)
FAIL: gcc.dg/vect/pr65947-9.c scan-tree-dump vect "loop size is greater than data size"
FAIL: gcc.dg/vect/pr79920.c execution test
FAIL: gcc.dg/vect/pr81633.c execution test
FAIL: gcc.dg/vect/pr81815.c execution test
FAIL: gcc.dg/vect/vect-tail-nomask-1.c execution test
FAIL: gcc.dg/vect/pr65947-9.c -flto -ffat-lto-objects scan-tree-dump vect "loop size is greater than data size"
FAIL: gcc.dg/vect/pr79920.c -flto -ffat-lto-objects execution test
FAIL: gcc.dg/vect/pr81633.c -flto -ffat-lto-objects execution test
FAIL: gcc.dg/vect/pr81815.c -flto -ffat-lto-objects execution test
FAIL: gcc.dg/vect/vect-tail-nomask-1.c -flto -ffat-lto-objects execution test
FAIL: gcc.target/arm/aapcs/align4.c execution test
FAIL: gcc.target/arm/aapcs/align_rec4.c execution test
FAIL: gcc.target/arm/armv8_2-fp16-move-1.c scan-assembler-times vld1\\\\.16\\\\t{d[0-9]+\\\\[[0-9]+\\\\]}, \\\\[r[0-9]+\\\\] 2
FAIL: gcc.target/arm/armv8_2-fp16-move-1.c scan-assembler-times vst1\\\\.16\\\\t{d[0-9]+\\\\[[0-9]+\\\\]}, \\\\[r[0-9]+\\\\] 2
FAIL: gcc.target/arm/armv8_2-fp16-move-1.c scan-assembler-times ldrh\\\\tr[0-9]+ 2
FAIL: gcc.target/arm/armv8_2-fp16-move-1.c scan-assembler-times strh\\\\tr[0-9]+ 2
FAIL: gcc.target/arm/armv8_2-fp16-move-1.c scan-assembler-times vmov\\\\.f16\\\\ts[0-9]+, r[0-9]+ 4
FAIL: gcc.target/arm/armv8_2-fp16-move-1.c scan-assembler-times vmov\\\\.f16\\\\tr[0-9]+, s[0-9]+ 4
FAIL: gcc.target/arm/armv8_2-fp16-scalar-2.c scan-assembler-times vmov.f16\\\\ts[0-9]+, #1\\\\.0e\\\\+0 4
FAIL: gcc.target/arm/memcpy-aligned-1.c scan-assembler-times str\\t 1
FAIL: gcc.target/arm/memcpy-aligned-1.c scan-assembler-not ldr\\t
FAIL: gcc.target/arm/pr42575.c scan-assembler-not mov
FAIL: gcc.target/arm/pr45701-1.c scan-assembler push\\t{r3
FAIL: gcc.target/arm/reg_equal_test.c scan-rtl-dump expand "expr_list:REG_EQUAL \\\\(const_int -942519458"
=== gcc Summary ===
# of expected passes 106304
# of unexpected failures 32
# of unexpected successes 1
# of expected failures 238
# of unsupported tests 5923
/scratch/gcc/nightly-2017-08-26-mainline/arm-none-linux-gnueabi/obj/test-mainline-0-arm-none-linux-gnueabi/host-i686-pc-linux-gnu/fsf-mainline/bin/arm-none-linux-gnueabi-gcc version 8.0.0 20170825 (experimental) (GCC)
=== Summary adjusted for local xfails ===
# of unexpected failures 32
# of expected passes 106304
# of unexpected successes 1
# of expected failures 238
# of unsupported tests 5923
Host is i686-pc-linux-gnu
=== gfortran tests ===
Running target qemu-wheezy
FAIL: gfortran.dg/elemental_subroutine_3.f90 -O1 (test for excess errors)
FAIL: gfortran.dg/elemental_subroutine_3.f90 -O2 (test for excess errors)
FAIL: gfortran.dg/elemental_subroutine_3.f90 -O3 -fomit-frame-pointer -funroll-loops -fpeel-loops -ftracer -finline-functions (test for excess errors)
FAIL: gfortran.dg/elemental_subroutine_3.f90 -O3 -g (test for excess errors)
FAIL: gfortran.dg/elemental_subroutine_3.f90 -Os (test for excess errors)
WARNING: program timed out.
FAIL: gfortran.dg/matmul_15.f90 -O execution test
FAIL: gfortran.dg/ieee/ieee_1.F90 -O0 execution test
FAIL: gfortran.dg/ieee/ieee_1.F90 -O1 execution test
FAIL: gfortran.dg/ieee/ieee_1.F90 -O2 execution test
FAIL: gfortran.dg/ieee/ieee_1.F90 -O3 -fomit-frame-pointer -funroll-loops -fpeel-loops -ftracer -finline-functions execution test
FAIL: gfortran.dg/ieee/ieee_1.F90 -O3 -g execution test
FAIL: gfortran.dg/ieee/ieee_1.F90 -Os execution test
FAIL: gfortran.dg/ieee/ieee_2.f90 -O0 execution test
FAIL: gfortran.dg/ieee/ieee_2.f90 -O1 execution test
FAIL: gfortran.dg/ieee/ieee_2.f90 -O2 execution test
FAIL: gfortran.dg/ieee/ieee_2.f90 -O3 -fomit-frame-pointer -funroll-loops -fpeel-loops -ftracer -finline-functions execution test
FAIL: gfortran.dg/ieee/ieee_2.f90 -O3 -g execution test
FAIL: gfortran.dg/ieee/ieee_2.f90 -Os execution test
FAIL: gfortran.dg/ieee/ieee_6.f90 -O0 execution test
FAIL: gfortran.dg/ieee/ieee_6.f90 -O1 execution test
FAIL: gfortran.dg/ieee/ieee_6.f90 -O2 execution test
FAIL: gfortran.dg/ieee/ieee_6.f90 -O3 -fomit-frame-pointer -funroll-loops -fpeel-loops -ftracer -finline-functions execution test
FAIL: gfortran.dg/ieee/ieee_6.f90 -O3 -g execution test
FAIL: gfortran.dg/ieee/ieee_6.f90 -Os execution test
XPASS: gfortran.dg/ieee/ieee_8.f90 -O0 execution test
XPASS: gfortran.dg/ieee/ieee_8.f90 -O1 execution test
XPASS: gfortran.dg/ieee/ieee_8.f90 -O2 execution test
XPASS: gfortran.dg/ieee/ieee_8.f90 -O3 -fomit-frame-pointer -funroll-loops -fpeel-loops -ftracer -finline-functions execution test
XPASS: gfortran.dg/ieee/ieee_8.f90 -O3 -g execution test
XPASS: gfortran.dg/ieee/ieee_8.f90 -Os execution test
FAIL: gfortran.dg/ieee/large_2.f90 -O0 execution test
FAIL: gfortran.dg/ieee/large_2.f90 -O1 execution test
FAIL: gfortran.dg/ieee/large_2.f90 -O2 execution test
FAIL: gfortran.dg/ieee/large_2.f90 -O3 -fomit-frame-pointer -funroll-loops -fpeel-loops -ftracer -finline-functions execution test
FAIL: gfortran.dg/ieee/large_2.f90 -O3 -g execution test
FAIL: gfortran.dg/ieee/large_2.f90 -Os execution test
FAIL: gfortran.dg/ieee/large_3.F90 -O0 execution test
FAIL: gfortran.dg/ieee/large_3.F90 -O1 execution test
FAIL: gfortran.dg/ieee/large_3.F90 -O2 execution test
FAIL: gfortran.dg/ieee/large_3.F90 -O3 -fomit-frame-pointer -funroll-loops -fpeel-loops -ftracer -finline-functions execution test
FAIL: gfortran.dg/ieee/large_3.F90 -O3 -g execution test
FAIL: gfortran.dg/ieee/large_3.F90 -Os execution test
FAIL: gfortran.dg/ieee/rounding_1.f90 -O0 execution test
FAIL: gfortran.dg/ieee/rounding_1.f90 -O1 execution test
FAIL: gfortran.dg/ieee/rounding_1.f90 -O2 execution test
FAIL: gfortran.dg/ieee/rounding_1.f90 -O3 -fomit-frame-pointer -funroll-loops -fpeel-loops -ftracer -finline-functions execution test
FAIL: gfortran.dg/ieee/rounding_1.f90 -O3 -g execution test
FAIL: gfortran.dg/ieee/rounding_1.f90 -Os execution test
=== gfortran Summary ===
# of expected passes 44290
# of unexpected failures 42
# of unexpected successes 6
# of expected failures 92
# of unsupported tests 369
/scratch/gcc/nightly-2017-08-26-mainline/arm-none-linux-gnueabi/obj/test-mainline-0-arm-none-linux-gnueabi/host-i686-pc-linux-gnu/fsf-mainline/bin/arm-none-linux-gnueabi-gfortran version 8.0.0 20170825 (experimental) (GCC)
=== Summary adjusted for local xfails ===
# of unexpected failures 42
# of expected passes 44290
# of unexpected successes 6
# of expected failures 92
# of unsupported tests 369
Host is i686-pc-linux-gnu
=== libatomic tests ===
Running target qemu-wheezy
=== libatomic Summary ===
# of expected passes 44
# of unsupported tests 5
=== Summary adjusted for local xfails ===
# of expected passes 44
# of unsupported tests 5
Host is i686-pc-linux-gnu
=== libgomp tests ===
Running target qemu-wheezy
WARNING: program timed out.
FAIL: libgomp.fortran/strassen.f90 -O execution test
FAIL: libgomp.graphite/force-parallel-7.c execution test
=== libgomp Summary ===
# of expected passes 5082
# of unexpected failures 2
# of unsupported tests 445
=== Summary adjusted for local xfails ===
# of unexpected failures 2
# of expected passes 5082
# of unsupported tests 445
Host is i686-pc-linux-gnu
=== libitm tests ===
Running target qemu-wheezy
FAIL: libitm.c/alloc-1.c (test for excess errors)
UNRESOLVED: libitm.c/alloc-1.c compilation failed to produce executable
FAIL: libitm.c/cancel.c (test for excess errors)
UNRESOLVED: libitm.c/cancel.c compilation failed to produce executable
FAIL: libitm.c/clone-1.c (test for excess errors)
UNRESOLVED: libitm.c/clone-1.c compilation failed to produce executable
FAIL: libitm.c/dropref-2.c (test for excess errors)
UNRESOLVED: libitm.c/dropref-2.c compilation failed to produce executable
FAIL: libitm.c/dropref.c (test for excess errors)
UNRESOLVED: libitm.c/dropref.c compilation failed to produce executable
FAIL: libitm.c/memcpy-1.c (test for excess errors)
UNRESOLVED: libitm.c/memcpy-1.c compilation failed to produce executable
FAIL: libitm.c/memset-1.c (test for excess errors)
UNRESOLVED: libitm.c/memset-1.c compilation failed to produce executable
FAIL: libitm.c/notx.c (test for excess errors)
UNRESOLVED: libitm.c/notx.c compilation failed to produce executable
FAIL: libitm.c/priv-1.c (test for excess errors)
UNRESOLVED: libitm.c/priv-1.c compilation failed to produce executable
FAIL: libitm.c/reentrant.c (test for excess errors)
UNRESOLVED: libitm.c/reentrant.c compilation failed to produce executable
FAIL: libitm.c/simple-1.c (test for excess errors)
UNRESOLVED: libitm.c/simple-1.c compilation failed to produce executable
FAIL: libitm.c/simple-2.c (test for excess errors)
UNRESOLVED: libitm.c/simple-2.c compilation failed to produce executable
FAIL: libitm.c/stackundo.c (test for excess errors)
UNRESOLVED: libitm.c/stackundo.c compilation failed to produce executable
FAIL: libitm.c/txrelease.c (test for excess errors)
UNRESOLVED: libitm.c/txrelease.c compilation failed to produce executable
FAIL: libitm.c++/dropref.C (test for excess errors)
UNRESOLVED: libitm.c++/dropref.C compilation failed to produce executable
FAIL: libitm.c++/eh-1.C (test for excess errors)
UNRESOLVED: libitm.c++/eh-1.C compilation failed to produce executable
FAIL: libitm.c++/eh-2.C (test for excess errors)
UNRESOLVED: libitm.c++/eh-2.C compilation failed to produce executable
FAIL: libitm.c++/eh-3.C (test for excess errors)
UNRESOLVED: libitm.c++/eh-3.C compilation failed to produce executable
FAIL: libitm.c++/eh-4.C (test for excess errors)
UNRESOLVED: libitm.c++/eh-4.C compilation failed to produce executable
FAIL: libitm.c++/eh-5.C (test for excess errors)
UNRESOLVED: libitm.c++/eh-5.C compilation failed to produce executable
FAIL: libitm.c++/libstdc++-safeexc.C (test for excess errors)
UNRESOLVED: libitm.c++/libstdc++-safeexc.C compilation failed to produce executable
FAIL: libitm.c++/newdelete.C (test for excess errors)
UNRESOLVED: libitm.c++/newdelete.C compilation failed to produce executable
=== libitm Summary ===
# of expected passes 1
# of unexpected failures 22
# of unresolved testcases 22
# of unsupported tests 1
=== Summary adjusted for local xfails ===
# of unexpected failures 22
# of expected passes 1
# of unresolved testcases 22
# of unsupported tests 1
Host is i686-pc-linux-gnu
=== libstdc++ tests ===
Running target qemu-wheezy
FAIL: 17_intro/names.cc (test for excess errors)
FAIL: 20_util/pair/cons/explicit_construct.cc (test for errors, line 55)
FAIL: 20_util/tuple/cv_tuple_size_neg.cc (test for errors, line 30)
FAIL: 20_util/tuple/cv_tuple_size_neg.cc (test for errors, line 33)
FAIL: 20_util/unique_ptr/cons/cv_qual_neg.cc (test for errors, line 40)
FAIL: 22_locale/messages/13631.cc execution test
FAIL: 22_locale/messages/members/char/1.cc execution test
FAIL: 22_locale/messages/members/char/2.cc execution test
FAIL: 22_locale/messages/members/char/wrapped_locale.cc execution test
FAIL: 22_locale/messages_byname/named_equivalence.cc execution test
FAIL: 26_numerics/headers/cmath/hypot.cc execution test
FAIL: 28_regex/iterators/regex_token_iterator/ctors/char/dr2332_neg.cc (test for errors, line 37)
=== libstdc++ Summary ===
# of expected passes 11559
# of unexpected failures 12
# of expected failures 70
# of unsupported tests 292
=== Summary adjusted for local xfails ===
# of unexpected failures 12
# of expected passes 11559
# of expected failures 70
# of unsupported tests 292
Host is i686-pc-linux-gnu
=== g++ tests ===
Running target qemu-wheezy-thumb/-mthumb
FAIL: c-c++-common/asan/null-deref-1.c -O2 output pattern test
FAIL: c-c++-common/asan/null-deref-1.c -O3 -g output pattern test
FAIL: c-c++-common/asan/null-deref-1.c -Os output pattern test
FAIL: g++.dg/pr53037-2.C -std=gnu++98 (test for warnings, line 6)
FAIL: g++.dg/pr53037-2.C -std=gnu++98 (test for warnings, line 16)
FAIL: g++.dg/pr53037-2.C -std=gnu++98 (test for warnings, line 29)
FAIL: g++.dg/pr53037-2.C -std=gnu++11 (test for warnings, line 6)
FAIL: g++.dg/pr53037-2.C -std=gnu++11 (test for warnings, line 16)
FAIL: g++.dg/pr53037-2.C -std=gnu++11 (test for warnings, line 29)
FAIL: g++.dg/pr53037-2.C -std=gnu++14 (test for warnings, line 6)
FAIL: g++.dg/pr53037-2.C -std=gnu++14 (test for warnings, line 16)
FAIL: g++.dg/pr53037-2.C -std=gnu++14 (test for warnings, line 29)
FAIL: g++.dg/pr53037-3.C -std=gnu++98 (test for warnings, line 6)
FAIL: g++.dg/pr53037-3.C -std=gnu++98 (test for warnings, line 16)
FAIL: g++.dg/pr53037-3.C -std=gnu++98 (test for warnings, line 29)
FAIL: g++.dg/pr53037-3.C -std=gnu++11 (test for warnings, line 6)
FAIL: g++.dg/pr53037-3.C -std=gnu++11 (test for warnings, line 16)
FAIL: g++.dg/pr53037-3.C -std=gnu++11 (test for warnings, line 29)
FAIL: g++.dg/pr53037-3.C -std=gnu++14 (test for warnings, line 6)
FAIL: g++.dg/pr53037-3.C -std=gnu++14 (test for warnings, line 16)
FAIL: g++.dg/pr53037-3.C -std=gnu++14 (test for warnings, line 29)
FAIL: g++.dg/template/nontype10.C -std=c++98 (test for excess errors)
FAIL: g++.dg/template/nontype10.C -std=c++11 (test for excess errors)
FAIL: g++.dg/template/nontype10.C -std=c++14 (test for excess errors)
FAIL: g++.dg/lto/pr65276 cp_lto_pr65276_0.o-cp_lto_pr65276_1.o link, -flto -O0 -std=c++11
UNRESOLVED: g++.dg/lto/pr65276 cp_lto_pr65276_0.o-cp_lto_pr65276_1.o execute -flto -O0 -std=c++11
=== g++ Summary ===
# of expected passes 109924
# of unexpected failures 25
# of expected failures 362
# of unresolved testcases 1
# of unsupported tests 5011
/scratch/gcc/nightly-2017-08-26-mainline/arm-none-linux-gnueabi/obj/test-mainline-0-arm-none-linux-gnueabi/host-i686-pc-linux-gnu/fsf-mainline/bin/arm-none-linux-gnueabi-g++ version 8.0.0 20170825 (experimental) (GCC)
=== Summary adjusted for local xfails ===
# of unexpected failures 25
# of expected passes 109924
# of expected failures 362
# of unresolved testcases 1
# of unsupported tests 5011
Host is i686-pc-linux-gnu
=== gcc tests ===
Running target qemu-wheezy-thumb/-mthumb
FAIL: c-c++-common/asan/null-deref-1.c -O2 output pattern test
FAIL: c-c++-common/asan/null-deref-1.c -O3 -g output pattern test
FAIL: c-c++-common/asan/null-deref-1.c -Os output pattern test
FAIL: gcc.dg/loop-8.c scan-rtl-dump-times loop2_invariant "Decided" 1
FAIL: gcc.dg/loop-8.c scan-rtl-dump-not loop2_invariant "without introducing a new temporary register"
FAIL: gcc.dg/pr53037-2.c (test for warnings, line 8)
FAIL: gcc.dg/pr53037-2.c (test for warnings, line 16)
FAIL: gcc.dg/pr53037-2.c (test for warnings, line 32)
FAIL: gcc.dg/pr53037-3.c (test for warnings, line 8)
FAIL: gcc.dg/pr53037-3.c (test for warnings, line 16)
FAIL: gcc.dg/pr53037-3.c (test for warnings, line 32)
XPASS: gcc.dg/pr78768.c -Wformat-overflow (test for warnings, line 12)
XPASS: gcc.dg/sibcall-3.c execution test
XPASS: gcc.dg/sibcall-4.c execution test
FAIL: gcc.dg/ipa/iinline-attr.c scan-ipa-dump inline "hooray[^\\\\n]*inline copy in test"
FAIL: gcc.dg/tree-ssa/builtin-sprintf-warn-18.c (test for warnings, line 119)
FAIL: gcc.dg/tree-ssa/builtin-sprintf-warn-18.c (test for warnings, line 121)
FAIL: gcc.target/arm/armv8_2-fp16-move-1.c scan-assembler-times vld1\\\\.16\\\\t{d[0-9]+\\\\[[0-9]+\\\\]}, \\\\[r[0-9]+\\\\] 2
FAIL: gcc.target/arm/armv8_2-fp16-move-1.c scan-assembler-times vst1\\\\.16\\\\t{d[0-9]+\\\\[[0-9]+\\\\]}, \\\\[r[0-9]+\\\\] 2
FAIL: gcc.target/arm/armv8_2-fp16-move-1.c scan-assembler-times ldrh\\\\tr[0-9]+ 2
FAIL: gcc.target/arm/armv8_2-fp16-move-1.c scan-assembler-times strh\\\\tr[0-9]+ 2
FAIL: gcc.target/arm/armv8_2-fp16-move-1.c scan-assembler-times vmov\\\\.f16\\\\ts[0-9]+, r[0-9]+ 4
FAIL: gcc.target/arm/armv8_2-fp16-move-1.c scan-assembler-times vmov\\\\.f16\\\\tr[0-9]+, s[0-9]+ 4
FAIL: gcc.target/arm/armv8_2-fp16-scalar-2.c scan-assembler-times vmov.f16\\\\ts[0-9]+, #1\\\\.0e\\\\+0 4
FAIL: gcc.target/arm/pr40457-1.c scan-assembler ldrd|ldm
FAIL: gcc.target/arm/pr45701-1.c scan-assembler push\\t{r3
FAIL: gcc.target/arm/reg_equal_test.c scan-rtl-dump expand "expr_list:REG_EQUAL \\\\(const_int -942519458"
=== gcc Summary ===
# of expected passes 101169
# of unexpected failures 24
# of unexpected successes 3
# of expected failures 217
# of unsupported tests 3231
/scratch/gcc/nightly-2017-08-26-mainline/arm-none-linux-gnueabi/obj/test-mainline-0-arm-none-linux-gnueabi/host-i686-pc-linux-gnu/fsf-mainline/bin/arm-none-linux-gnueabi-gcc version 8.0.0 20170825 (experimental) (GCC)
=== Summary adjusted for local xfails ===
# of unexpected failures 24
# of expected passes 101169
# of unexpected successes 3
# of expected failures 217
# of unsupported tests 3231
Host is i686-pc-linux-gnu
=== gfortran tests ===
Running target qemu-wheezy-thumb/-mthumb
FAIL: gfortran.dg/elemental_subroutine_3.f90 -O1 (test for excess errors)
FAIL: gfortran.dg/elemental_subroutine_3.f90 -O2 (test for excess errors)
FAIL: gfortran.dg/elemental_subroutine_3.f90 -O3 -fomit-frame-pointer -funroll-loops -fpeel-loops -ftracer -finline-functions (test for excess errors)
FAIL: gfortran.dg/elemental_subroutine_3.f90 -O3 -g (test for excess errors)
FAIL: gfortran.dg/elemental_subroutine_3.f90 -Os (test for excess errors)
WARNING: program timed out.
FAIL: gfortran.dg/matmul_15.f90 -O execution test
FAIL: gfortran.dg/ieee/ieee_1.F90 -O0 execution test
FAIL: gfortran.dg/ieee/ieee_1.F90 -O1 execution test
FAIL: gfortran.dg/ieee/ieee_1.F90 -O2 execution test
FAIL: gfortran.dg/ieee/ieee_1.F90 -O3 -fomit-frame-pointer -funroll-loops -fpeel-loops -ftracer -finline-functions execution test
FAIL: gfortran.dg/ieee/ieee_1.F90 -O3 -g execution test
FAIL: gfortran.dg/ieee/ieee_1.F90 -Os execution test
FAIL: gfortran.dg/ieee/ieee_2.f90 -O0 execution test
FAIL: gfortran.dg/ieee/ieee_2.f90 -O1 execution test
FAIL: gfortran.dg/ieee/ieee_2.f90 -O2 execution test
FAIL: gfortran.dg/ieee/ieee_2.f90 -O3 -fomit-frame-pointer -funroll-loops -fpeel-loops -ftracer -finline-functions execution test
FAIL: gfortran.dg/ieee/ieee_2.f90 -O3 -g execution test
FAIL: gfortran.dg/ieee/ieee_2.f90 -Os execution test
FAIL: gfortran.dg/ieee/ieee_6.f90 -O0 execution test
FAIL: gfortran.dg/ieee/ieee_6.f90 -O1 execution test
FAIL: gfortran.dg/ieee/ieee_6.f90 -O2 execution test
FAIL: gfortran.dg/ieee/ieee_6.f90 -O3 -fomit-frame-pointer -funroll-loops -fpeel-loops -ftracer -finline-functions execution test
FAIL: gfortran.dg/ieee/ieee_6.f90 -O3 -g execution test
FAIL: gfortran.dg/ieee/ieee_6.f90 -Os execution test
XPASS: gfortran.dg/ieee/ieee_8.f90 -O0 execution test
XPASS: gfortran.dg/ieee/ieee_8.f90 -O1 execution test
XPASS: gfortran.dg/ieee/ieee_8.f90 -O2 execution test
XPASS: gfortran.dg/ieee/ieee_8.f90 -O3 -fomit-frame-pointer -funroll-loops -fpeel-loops -ftracer -finline-functions execution test
XPASS: gfortran.dg/ieee/ieee_8.f90 -O3 -g execution test
XPASS: gfortran.dg/ieee/ieee_8.f90 -Os execution test
FAIL: gfortran.dg/ieee/large_2.f90 -O0 execution test
FAIL: gfortran.dg/ieee/large_2.f90 -O1 execution test
FAIL: gfortran.dg/ieee/large_2.f90 -O2 execution test
FAIL: gfortran.dg/ieee/large_2.f90 -O3 -fomit-frame-pointer -funroll-loops -fpeel-loops -ftracer -finline-functions execution test
FAIL: gfortran.dg/ieee/large_2.f90 -O3 -g execution test
FAIL: gfortran.dg/ieee/large_2.f90 -Os execution test
FAIL: gfortran.dg/ieee/large_3.F90 -O0 execution test
FAIL: gfortran.dg/ieee/large_3.F90 -O1 execution test
FAIL: gfortran.dg/ieee/large_3.F90 -O2 execution test
FAIL: gfortran.dg/ieee/large_3.F90 -O3 -fomit-frame-pointer -funroll-loops -fpeel-loops -ftracer -finline-functions execution test
FAIL: gfortran.dg/ieee/large_3.F90 -O3 -g execution test
FAIL: gfortran.dg/ieee/large_3.F90 -Os execution test
FAIL: gfortran.dg/ieee/rounding_1.f90 -O0 execution test
FAIL: gfortran.dg/ieee/rounding_1.f90 -O1 execution test
FAIL: gfortran.dg/ieee/rounding_1.f90 -O2 execution test
FAIL: gfortran.dg/ieee/rounding_1.f90 -O3 -fomit-frame-pointer -funroll-loops -fpeel-loops -ftracer -finline-functions execution test
FAIL: gfortran.dg/ieee/rounding_1.f90 -O3 -g execution test
FAIL: gfortran.dg/ieee/rounding_1.f90 -Os execution test
=== gfortran Summary ===
# of expected passes 44260
# of unexpected failures 42
# of unexpected successes 6
# of expected failures 92
# of unsupported tests 337
/scratch/gcc/nightly-2017-08-26-mainline/arm-none-linux-gnueabi/obj/test-mainline-0-arm-none-linux-gnueabi/host-i686-pc-linux-gnu/fsf-mainline/bin/arm-none-linux-gnueabi-gfortran version 8.0.0 20170825 (experimental) (GCC)
=== Summary adjusted for local xfails ===
# of unexpected failures 42
# of expected passes 44260
# of unexpected successes 6
# of expected failures 92
# of unsupported tests 337
Host is i686-pc-linux-gnu
=== libatomic tests ===
Running target qemu-wheezy-thumb/-mthumb
=== libatomic Summary ===
# of expected passes 44
# of unsupported tests 5
=== Summary adjusted for local xfails ===
# of expected passes 44
# of unsupported tests 5
Host is i686-pc-linux-gnu
=== libgomp tests ===
Running target qemu-wheezy-thumb/-mthumb
WARNING: program timed out.
FAIL: libgomp.fortran/strassen.f90 -O execution test
FAIL: libgomp.graphite/force-parallel-7.c execution test
FAIL: libgomp.oacc-c/../libgomp.oacc-c-c++-common/atomic_update-1.c -DACC_DEVICE_TYPE_host=1 -DACC_MEM_SHARED=1 -O2 execution test
FAIL: libgomp.oacc-c++/../libgomp.oacc-c-c++-common/atomic_update-1.c -DACC_DEVICE_TYPE_host=1 -DACC_MEM_SHARED=1 -O2 execution test
=== libgomp Summary ===
# of expected passes 5080
# of unexpected failures 4
# of unsupported tests 445
=== Summary adjusted for local xfails ===
# of unexpected failures 4
# of expected passes 5080
# of unsupported tests 445
Host is i686-pc-linux-gnu
=== libitm tests ===
Running target qemu-wheezy-thumb/-mthumb
FAIL: libitm.c/alloc-1.c (test for excess errors)
UNRESOLVED: libitm.c/alloc-1.c compilation failed to produce executable
FAIL: libitm.c/cancel.c (test for excess errors)
UNRESOLVED: libitm.c/cancel.c compilation failed to produce executable
FAIL: libitm.c/clone-1.c (test for excess errors)
UNRESOLVED: libitm.c/clone-1.c compilation failed to produce executable
FAIL: libitm.c/dropref-2.c (test for excess errors)
UNRESOLVED: libitm.c/dropref-2.c compilation failed to produce executable
FAIL: libitm.c/dropref.c (test for excess errors)
UNRESOLVED: libitm.c/dropref.c compilation failed to produce executable
FAIL: libitm.c/memcpy-1.c (test for excess errors)
UNRESOLVED: libitm.c/memcpy-1.c compilation failed to produce executable
FAIL: libitm.c/memset-1.c (test for excess errors)
UNRESOLVED: libitm.c/memset-1.c compilation failed to produce executable
FAIL: libitm.c/notx.c (test for excess errors)
UNRESOLVED: libitm.c/notx.c compilation failed to produce executable
FAIL: libitm.c/priv-1.c (test for excess errors)
UNRESOLVED: libitm.c/priv-1.c compilation failed to produce executable
FAIL: libitm.c/reentrant.c (test for excess errors)
UNRESOLVED: libitm.c/reentrant.c compilation failed to produce executable
FAIL: libitm.c/simple-1.c (test for excess errors)
UNRESOLVED: libitm.c/simple-1.c compilation failed to produce executable
FAIL: libitm.c/simple-2.c (test for excess errors)
UNRESOLVED: libitm.c/simple-2.c compilation failed to produce executable
FAIL: libitm.c/stackundo.c (test for excess errors)
UNRESOLVED: libitm.c/stackundo.c compilation failed to produce executable
FAIL: libitm.c/txrelease.c (test for excess errors)
UNRESOLVED: libitm.c/txrelease.c compilation failed to produce executable
FAIL: libitm.c++/dropref.C (test for excess errors)
UNRESOLVED: libitm.c++/dropref.C compilation failed to produce executable
FAIL: libitm.c++/eh-1.C (test for excess errors)
UNRESOLVED: libitm.c++/eh-1.C compilation failed to produce executable
FAIL: libitm.c++/eh-2.C (test for excess errors)
UNRESOLVED: libitm.c++/eh-2.C compilation failed to produce executable
FAIL: libitm.c++/eh-3.C (test for excess errors)
UNRESOLVED: libitm.c++/eh-3.C compilation failed to produce executable
FAIL: libitm.c++/eh-4.C (test for excess errors)
UNRESOLVED: libitm.c++/eh-4.C compilation failed to produce executable
FAIL: libitm.c++/eh-5.C (test for excess errors)
UNRESOLVED: libitm.c++/eh-5.C compilation failed to produce executable
FAIL: libitm.c++/libstdc++-safeexc.C (test for excess errors)
UNRESOLVED: libitm.c++/libstdc++-safeexc.C compilation failed to produce executable
FAIL: libitm.c++/newdelete.C (test for excess errors)
UNRESOLVED: libitm.c++/newdelete.C compilation failed to produce executable
=== libitm Summary ===
# of expected passes 1
# of unexpected failures 22
# of unresolved testcases 22
# of unsupported tests 1
=== Summary adjusted for local xfails ===
# of unexpected failures 22
# of expected passes 1
# of unresolved testcases 22
# of unsupported tests 1
Host is i686-pc-linux-gnu
=== libstdc++ tests ===
Running target qemu-wheezy-thumb/-mthumb
FAIL: 17_intro/names.cc (test for excess errors)
FAIL: 20_util/pair/cons/explicit_construct.cc (test for errors, line 55)
FAIL: 20_util/tuple/cv_tuple_size_neg.cc (test for errors, line 30)
FAIL: 20_util/tuple/cv_tuple_size_neg.cc (test for errors, line 33)
FAIL: 20_util/unique_ptr/cons/cv_qual_neg.cc (test for errors, line 40)
FAIL: 22_locale/messages/13631.cc execution test
FAIL: 22_locale/messages/members/char/1.cc execution test
FAIL: 22_locale/messages/members/char/2.cc execution test
FAIL: 22_locale/messages/members/char/wrapped_locale.cc execution test
FAIL: 22_locale/messages_byname/named_equivalence.cc execution test
FAIL: 26_numerics/headers/cmath/hypot.cc execution test
FAIL: 28_regex/iterators/regex_token_iterator/ctors/char/dr2332_neg.cc (test for errors, line 37)
=== libstdc++ Summary ===
# of expected passes 11559
# of unexpected failures 12
# of expected failures 70
# of unsupported tests 292
=== Summary adjusted for local xfails ===
# of unexpected failures 12
# of expected passes 11559
# of expected failures 70
# of unsupported tests 292
Compiler version: 8.0.0 20170825 (experimental) (GCC)
Platform: arm-none-linux-gnueabi
configure flags: --build=i686-pc-linux-gnu --host=i686-pc-linux-gnu --target=arm-none-linux-gnueabi --enable-threads --disable-libmudflap --disable-libstdcxx-pch --with-gnu-as --with-gnu-ld --enable-languages=c,c++,fortran --enable-shared --enable-lto --enable-symvers=gnu --enable-__cxa_atexit --with-glibc-version=2.21 --disable-nls --prefix=/scratch/gcc/nightly-2017-08-26-mainline/arm-none-linux-gnueabi/install --with-sysroot=/scratch/gcc/nightly-2017-08-26-mainline/arm-none-linux-gnueabi/install/arm-none-linux-gnueabi/libc --with-gmp=/scratch/gcc/nightly-2017-08-26-mainline/arm-none-linux-gnueabi/obj/pkg-mainline-0-arm-none-linux-gnueabi/fsf-mainline-0-arm-none-linux-gnueabi.extras/host-libs-i686-pc-linux-gnu/usr --with-mpfr=/scratch/gcc/nightly-2017-08-26-mainline/arm-none-linux-gnueabi/obj/pkg-mainline-0-arm-none-linux-gnueabi/fsf-mainline-0-arm-none-linux-gnueabi.extras/host-libs-i686-pc-linux-gnu/usr --with-mpc=/scratch/gcc/nightly-2017-08-26-mainline/arm-none-linux-gnueabi/obj
/pkg-mainline-0-arm-none-linux-gnueabi/fsf-mainline-0-arm-none-linux-gnueabi.extras/host-libs-i686-pc-linux-gnu/usr --with-isl=/scratch/gcc/nightly-2017-08-26-mainline/arm-none-linux-gnueabi/obj/pkg-mainline-0-arm-none-linux-gnueabi/fsf-mainline-0-arm-none-linux-gnueabi.extras/host-libs-i686-pc-linux-gnu/usr --enable-libgomp --enable-libitm --enable-libatomic --disable-libssp --disable-libcc1 --enable-poison-system-directories --with-python-dir=arm-none-linux-gnueabi/share/gdb/python --with-build-time-tools=/scratch/gcc/nightly-2017-08-26-mainline/arm-none-linux-gnueabi/install/arm-none-linux-gnueabi/bin --with-build-time-tools=/scratch/gcc/nightly-2017-08-26-mainline/arm-none-linux-gnueabi/install/arm-none-linux-gnueabi/bin SED=sed