This is the mail archive of the
gcc-testresults@gcc.gnu.org
mailing list for the GCC project.
Results for 8.0.0 20170821 (experimental) (GCC) (build config: asan; languages: all; trunk revision 251249) testsuite on x86_64-pc-linux-gnu
- From: Toon Moene <toon at moene dot org>
- To: gcc-testresults at gcc dot gnu dot org
- Date: Tue, 22 Aug 2017 04:49:46 +0200
- Subject: Results for 8.0.0 20170821 (experimental) (GCC) (build config: asan; languages: all; trunk revision 251249) testsuite on x86_64-pc-linux-gnu
- Authentication-results: sourceware.org; auth=none
LAST_UPDATED: Mon Aug 21 22:30:16 UTC 2017 (revision 251249)
Native configuration is x86_64-pc-linux-gnu
=== brig tests ===
Running target unix
=== brig Summary ===
# of unsupported tests 1
=== gcc tests ===
Running target unix
FAIL: gcc.c-torture/unsorted/dump-noaddr.c, -O0
FAIL: gcc.c-torture/unsorted/dump-noaddr.c, -O1
FAIL: gcc.c-torture/unsorted/dump-noaddr.c, -O2
FAIL: gcc.c-torture/unsorted/dump-noaddr.c, -O2 -flto -fno-use-linker-plugin -flto-partition=none
FAIL: gcc.c-torture/unsorted/dump-noaddr.c, -O2 -flto -fuse-linker-plugin -fno-fat-lto-objects
FAIL: gcc.c-torture/unsorted/dump-noaddr.c, -O3 -fomit-frame-pointer -funroll-loops -fpeel-loops -ftracer -finline-functions
FAIL: gcc.c-torture/unsorted/dump-noaddr.c, -O3 -g
FAIL: gcc.c-torture/unsorted/dump-noaddr.c, -Og -g
FAIL: gcc.c-torture/unsorted/dump-noaddr.c, -Os
FAIL: gcc.dg/20050503-1.c scan-assembler-not call
XPASS: gcc.dg/pr78768.c -Wformat-overflow (test for warnings, line 12)
XPASS: gcc.dg/guality/example.c -O0 execution test
XPASS: gcc.dg/guality/example.c -O1 execution test
XPASS: gcc.dg/guality/guality.c -O0 execution test
XPASS: gcc.dg/guality/guality.c -O1 execution test
XPASS: gcc.dg/guality/guality.c -O2 execution test
XPASS: gcc.dg/guality/guality.c -O2 -flto -fno-use-linker-plugin -flto-partition=none execution test
XPASS: gcc.dg/guality/guality.c -O2 -flto -fuse-linker-plugin -fno-fat-lto-objects execution test
XPASS: gcc.dg/guality/guality.c -O3 -g execution test
XPASS: gcc.dg/guality/guality.c -Os execution test
XPASS: gcc.dg/guality/inline-params-2.c -O2 -flto -fuse-linker-plugin -fno-fat-lto-objects execution test
XPASS: gcc.dg/guality/inline-params.c -O2 execution test
XPASS: gcc.dg/guality/inline-params.c -O2 -flto -fno-use-linker-plugin -flto-partition=none execution test
XPASS: gcc.dg/guality/inline-params.c -O2 -flto -fuse-linker-plugin -fno-fat-lto-objects execution test
XPASS: gcc.dg/guality/inline-params.c -O3 -g execution test
XPASS: gcc.dg/guality/inline-params.c -Os execution test
XPASS: gcc.dg/guality/pr41353-1.c -O0 line 28 j == 28 + 37
XPASS: gcc.dg/guality/pr41353-1.c -O1 line 28 j == 28 + 37
XPASS: gcc.dg/guality/pr41353-1.c -O2 line 28 j == 28 + 37
XPASS: gcc.dg/guality/pr41353-1.c -O2 -flto -fno-use-linker-plugin -flto-partition=none line 28 j == 28 + 37
XPASS: gcc.dg/guality/pr41353-1.c -O2 -flto -fuse-linker-plugin -fno-fat-lto-objects line 28 j == 28 + 37
XPASS: gcc.dg/guality/pr41353-1.c -O3 -g line 28 j == 28 + 37
XPASS: gcc.dg/guality/pr41353-1.c -Os line 28 j == 28 + 37
FAIL: gcc.dg/guality/pr41616-1.c -O2 -flto -fuse-linker-plugin -fno-fat-lto-objects execution test
FAIL: gcc.dg/guality/pr41616-1.c -O3 -g execution test
FAIL: gcc.dg/guality/pr54200.c -Os line 20 z == 3
FAIL: gcc.dg/guality/pr54519-1.c -O2 -flto -fno-use-linker-plugin -flto-partition=none line 20 y == 25
FAIL: gcc.dg/guality/pr54519-1.c -O2 -flto -fno-use-linker-plugin -flto-partition=none line 20 z == 6
FAIL: gcc.dg/guality/pr54519-1.c -O2 -flto -fno-use-linker-plugin -flto-partition=none line 23 y == 117
FAIL: gcc.dg/guality/pr54519-1.c -O2 -flto -fno-use-linker-plugin -flto-partition=none line 23 z == 8
FAIL: gcc.dg/guality/pr54519-2.c -O2 -flto -fno-use-linker-plugin -flto-partition=none line 17 y == 25
FAIL: gcc.dg/guality/pr54519-2.c -O2 -flto -fuse-linker-plugin -fno-fat-lto-objects line 17 y == 25
FAIL: gcc.dg/guality/pr54519-3.c -O2 -flto -fno-use-linker-plugin -flto-partition=none line 20 y == 25
FAIL: gcc.dg/guality/pr54519-3.c -O2 -flto -fno-use-linker-plugin -flto-partition=none line 20 z == 6
FAIL: gcc.dg/guality/pr54519-3.c -O2 -flto -fno-use-linker-plugin -flto-partition=none line 23 y == 117
FAIL: gcc.dg/guality/pr54519-3.c -O2 -flto -fno-use-linker-plugin -flto-partition=none line 23 z == 8
FAIL: gcc.dg/guality/pr54519-3.c -O2 -flto -fuse-linker-plugin -fno-fat-lto-objects line 20 y == 25
FAIL: gcc.dg/guality/pr54519-3.c -O2 -flto -fuse-linker-plugin -fno-fat-lto-objects line 20 z == 6
FAIL: gcc.dg/guality/pr54519-3.c -O2 -flto -fuse-linker-plugin -fno-fat-lto-objects line 23 y == 117
FAIL: gcc.dg/guality/pr54519-3.c -O2 -flto -fuse-linker-plugin -fno-fat-lto-objects line 23 z == 8
FAIL: gcc.dg/guality/pr54519-4.c -O2 -flto -fno-use-linker-plugin -flto-partition=none line 17 y == 25
FAIL: gcc.dg/guality/pr54519-4.c -O2 -flto -fuse-linker-plugin -fno-fat-lto-objects line 17 y == 25
FAIL: gcc.dg/guality/pr54519-5.c -O2 -flto -fno-use-linker-plugin -flto-partition=none line 17 y == 25
FAIL: gcc.dg/guality/pr54519-5.c -O2 -flto -fuse-linker-plugin -fno-fat-lto-objects line 17 y == 25
FAIL: gcc.dg/guality/pr68037-1.c -O2 -flto -fuse-linker-plugin -fno-fat-lto-objects line 33 error == 0x12345670
FAIL: gcc.dg/guality/pr68037-1.c -O2 -flto -fuse-linker-plugin -fno-fat-lto-objects line 33 frame->cs == 0x12345672
FAIL: gcc.dg/guality/pr68037-1.c -O2 -flto -fuse-linker-plugin -fno-fat-lto-objects line 33 frame->flags == 0x12345673
FAIL: gcc.dg/guality/pr68037-1.c -O2 -flto -fuse-linker-plugin -fno-fat-lto-objects line 33 frame->ip == 0x12345671
FAIL: gcc.dg/guality/pr68037-1.c -O2 -flto -fuse-linker-plugin -fno-fat-lto-objects line 33 frame->sp == 0x12345674
FAIL: gcc.dg/guality/pr68037-1.c -O2 -flto -fuse-linker-plugin -fno-fat-lto-objects line 33 frame->ss == 0x12345675
FAIL: gcc.dg/guality/pr68860-1.c -O2 -flto -fno-use-linker-plugin -flto-partition=none line 14 arg1 == 1
FAIL: gcc.dg/guality/pr68860-1.c -O2 -flto -fno-use-linker-plugin -flto-partition=none line 14 arg2 == 2
FAIL: gcc.dg/guality/pr68860-1.c -O2 -flto -fno-use-linker-plugin -flto-partition=none line 14 arg3 == 3
FAIL: gcc.dg/guality/pr68860-1.c -O2 -flto -fno-use-linker-plugin -flto-partition=none line 14 arg4 == 4
FAIL: gcc.dg/guality/pr68860-1.c -O2 -flto -fno-use-linker-plugin -flto-partition=none line 14 arg5 == 5
FAIL: gcc.dg/guality/pr68860-1.c -O2 -flto -fno-use-linker-plugin -flto-partition=none line 14 arg6 == 6
FAIL: gcc.dg/guality/pr68860-1.c -O2 -flto -fno-use-linker-plugin -flto-partition=none line 16 arg1 == 1
FAIL: gcc.dg/guality/pr68860-1.c -O2 -flto -fno-use-linker-plugin -flto-partition=none line 16 arg2 == 2
FAIL: gcc.dg/guality/pr68860-1.c -O2 -flto -fno-use-linker-plugin -flto-partition=none line 16 arg3 == 3
FAIL: gcc.dg/guality/pr68860-1.c -O2 -flto -fno-use-linker-plugin -flto-partition=none line 16 arg4 == 4
FAIL: gcc.dg/guality/pr68860-1.c -O2 -flto -fno-use-linker-plugin -flto-partition=none line 16 arg5 == 5
FAIL: gcc.dg/guality/pr68860-1.c -O2 -flto -fno-use-linker-plugin -flto-partition=none line 16 arg6 == 6
FAIL: gcc.dg/guality/pr68860-1.c -O2 -flto -fuse-linker-plugin -fno-fat-lto-objects line 14 arg1 == 1
FAIL: gcc.dg/guality/pr68860-1.c -O2 -flto -fuse-linker-plugin -fno-fat-lto-objects line 14 arg2 == 2
FAIL: gcc.dg/guality/pr68860-1.c -O2 -flto -fuse-linker-plugin -fno-fat-lto-objects line 14 arg3 == 3
FAIL: gcc.dg/guality/pr68860-1.c -O2 -flto -fuse-linker-plugin -fno-fat-lto-objects line 14 arg4 == 4
FAIL: gcc.dg/guality/pr68860-1.c -O2 -flto -fuse-linker-plugin -fno-fat-lto-objects line 14 arg5 == 5
FAIL: gcc.dg/guality/pr68860-1.c -O2 -flto -fuse-linker-plugin -fno-fat-lto-objects line 14 arg6 == 6
FAIL: gcc.dg/guality/pr68860-1.c -O2 -flto -fuse-linker-plugin -fno-fat-lto-objects line 16 arg1 == 1
FAIL: gcc.dg/guality/pr68860-1.c -O2 -flto -fuse-linker-plugin -fno-fat-lto-objects line 16 arg2 == 2
FAIL: gcc.dg/guality/pr68860-1.c -O2 -flto -fuse-linker-plugin -fno-fat-lto-objects line 16 arg3 == 3
FAIL: gcc.dg/guality/pr68860-1.c -O2 -flto -fuse-linker-plugin -fno-fat-lto-objects line 16 arg4 == 4
FAIL: gcc.dg/guality/pr68860-1.c -O2 -flto -fuse-linker-plugin -fno-fat-lto-objects line 16 arg5 == 5
FAIL: gcc.dg/guality/pr68860-1.c -O2 -flto -fuse-linker-plugin -fno-fat-lto-objects line 16 arg6 == 6
FAIL: gcc.dg/guality/vla-1.c -O1 line 17 sizeof (a) == 6
FAIL: gcc.dg/guality/vla-1.c -O2 line 17 sizeof (a) == 6
FAIL: gcc.dg/guality/vla-1.c -O2 -flto -fno-use-linker-plugin -flto-partition=none line 17 sizeof (a) == 6
FAIL: gcc.dg/guality/vla-1.c -O2 -flto -fno-use-linker-plugin -flto-partition=none line 24 sizeof (a) == 17 * sizeof (short)
FAIL: gcc.dg/guality/vla-1.c -O2 -flto -fuse-linker-plugin -fno-fat-lto-objects line 17 sizeof (a) == 6
FAIL: gcc.dg/guality/vla-1.c -O2 -flto -fuse-linker-plugin -fno-fat-lto-objects line 24 sizeof (a) == 17 * sizeof (short)
FAIL: gcc.dg/guality/vla-1.c -O3 -g line 17 sizeof (a) == 6
FAIL: gcc.dg/guality/vla-1.c -Os line 17 sizeof (a) == 6
FAIL: gcc.dg/plugin/diagnostic_plugin_show_trees.c compilation
FAIL: gcc.dg/plugin/diagnostic_plugin_test_show_locus.c compilation
FAIL: gcc.dg/plugin/diagnostic_plugin_test_string_literals.c compilation
FAIL: gcc.dg/plugin/diagnostic_plugin_test_tree_expression_range.c compilation
FAIL: gcc.dg/plugin/finish_unit_plugin.c compilation
FAIL: gcc.dg/plugin/ggcplug.c compilation
FAIL: gcc.dg/plugin/location_overflow_plugin.c compilation
FAIL: gcc.dg/plugin/must_tail_call_plugin.c compilation
FAIL: gcc.dg/plugin/one_time_plugin.c compilation
FAIL: gcc.dg/plugin/selfassign.c compilation
FAIL: gcc.dg/plugin/start_unit_plugin.c compilation
FAIL: gcc.dg/plugin/wide-int_plugin.c compilation
FAIL: gcc.dg/vect/no-section-anchors-vect-31.c scan-tree-dump-times vect "Alignment of access forced using peeling" 2
FAIL: gcc.dg/vect/no-section-anchors-vect-31.c scan-tree-dump-times vect "Vectorizing an unaligned access" 0
FAIL: gcc.dg/vect/vect-92.c -flto -ffat-lto-objects scan-tree-dump-times vect "Alignment of access forced using peeling" 3
FAIL: gcc.dg/vect/vect-92.c -flto -ffat-lto-objects scan-tree-dump-times vect "Vectorizing an unaligned access" 0
FAIL: gcc.dg/vect/vect-92.c scan-tree-dump-times vect "Alignment of access forced using peeling" 3
FAIL: gcc.dg/vect/vect-92.c scan-tree-dump-times vect "Vectorizing an unaligned access" 0
FAIL: gcc.dg/vect/vect-nb-iter-ub-2.c -flto -ffat-lto-objects scan-tree-dump cunroll "loop turned into non-loop; it never loops"
FAIL: gcc.dg/vect/vect-nb-iter-ub-2.c scan-tree-dump cunroll "loop turned into non-loop; it never loops"
FAIL: gcc.dg/vect/vect-nb-iter-ub-3.c -flto -ffat-lto-objects scan-tree-dump-not cunroll "loop turned into non-loop; it never loops"
FAIL: gcc.dg/vect/vect-nb-iter-ub-3.c scan-tree-dump-not cunroll "loop turned into non-loop; it never loops"
FAIL: gcc.target/i386/align-limit.c scan-assembler .p2align 6,,1
FAIL: gcc.target/i386/pr59501-3a.c scan-assembler-not and[^\\n\\r]*sp
FAIL: gcc.target/i386/pr70021.c scan-tree-dump-times vect "vectorized 1 loops" 2
=== gcc Summary ===
# of expected passes 134511
# of unexpected failures 94
# of unexpected successes 23
# of expected failures 376
# of unsupported tests 2207
/scratch/toon/build17230/gcc/xgcc version 8.0.0 20170821 (experimental) (GCC)
=== gfortran tests ===
Running target unix
FAIL: gfortran.dg/graphite/pr14741.f90 -O scan-tree-dump graphite "tiled by"
=== gfortran Summary ===
# of expected passes 45525
# of unexpected failures 1
# of expected failures 92
# of unsupported tests 73
/scratch/toon/build17230/gcc/gfortran version 8.0.0 20170821 (experimental) (GCC)
=== g++ tests ===
Running target unix
FAIL: g++.dg/asan/asan_globals_test-wrapper.cc -O0 (test for excess errors)
FAIL: g++.dg/asan/asan_globals_test-wrapper.cc -O1 (test for excess errors)
FAIL: g++.dg/asan/asan_globals_test-wrapper.cc -O2 (test for excess errors)
FAIL: g++.dg/asan/asan_globals_test-wrapper.cc -O2 -flto -fno-use-linker-plugin -flto-partition=none (test for excess errors)
FAIL: g++.dg/asan/asan_globals_test-wrapper.cc -O2 -flto -fuse-linker-plugin -fno-fat-lto-objects (test for excess errors)
FAIL: g++.dg/asan/asan_globals_test-wrapper.cc -O3 -g (test for excess errors)
FAIL: g++.dg/asan/asan_globals_test-wrapper.cc -Os (test for excess errors)
FAIL: g++.dg/asan/asan_globals_test.cc -O0 (test for excess errors)
FAIL: g++.dg/asan/asan_globals_test.cc -O1 (test for excess errors)
FAIL: g++.dg/asan/asan_globals_test.cc -O2 (test for excess errors)
FAIL: g++.dg/asan/asan_globals_test.cc -O2 -flto -fno-use-linker-plugin -flto-partition=none (test for excess errors)
FAIL: g++.dg/asan/asan_globals_test.cc -O2 -flto -fuse-linker-plugin -fno-fat-lto-objects (test for excess errors)
FAIL: g++.dg/asan/asan_globals_test.cc -O3 -g (test for excess errors)
FAIL: g++.dg/asan/asan_globals_test.cc -Os (test for excess errors)
FAIL: g++.dg/asan/asan_mem_test.cc -O0 (test for excess errors)
FAIL: g++.dg/asan/asan_mem_test.cc -O1 (test for excess errors)
FAIL: g++.dg/asan/asan_mem_test.cc -O2 (test for excess errors)
FAIL: g++.dg/asan/asan_mem_test.cc -O2 -flto -fno-use-linker-plugin -flto-partition=none (test for excess errors)
FAIL: g++.dg/asan/asan_mem_test.cc -O2 -flto -fuse-linker-plugin -fno-fat-lto-objects (test for excess errors)
FAIL: g++.dg/asan/asan_mem_test.cc -O3 -fomit-frame-pointer -funroll-loops -fpeel-loops -ftracer -finline-functions (test for excess errors)
FAIL: g++.dg/asan/asan_mem_test.cc -O3 -g (test for excess errors)
FAIL: g++.dg/asan/asan_mem_test.cc -Os (test for excess errors)
FAIL: g++.dg/asan/asan_oob_test.cc -O0 (test for excess errors)
FAIL: g++.dg/asan/asan_oob_test.cc -O1 (test for excess errors)
FAIL: g++.dg/asan/asan_oob_test.cc -O2 (test for excess errors)
FAIL: g++.dg/asan/asan_oob_test.cc -O2 -flto -fno-use-linker-plugin -flto-partition=none (test for excess errors)
FAIL: g++.dg/asan/asan_oob_test.cc -O2 -flto -fuse-linker-plugin -fno-fat-lto-objects (test for excess errors)
FAIL: g++.dg/asan/asan_oob_test.cc -O3 -fomit-frame-pointer -funroll-loops -fpeel-loops -ftracer -finline-functions (test for excess errors)
FAIL: g++.dg/asan/asan_oob_test.cc -O3 -g (test for excess errors)
FAIL: g++.dg/asan/asan_oob_test.cc -Os (test for excess errors)
FAIL: g++.dg/asan/asan_str_test.cc -O0 (test for excess errors)
FAIL: g++.dg/asan/asan_str_test.cc -O1 (test for excess errors)
FAIL: g++.dg/asan/asan_str_test.cc -O2 (test for excess errors)
FAIL: g++.dg/asan/asan_str_test.cc -O2 -flto -fno-use-linker-plugin -flto-partition=none (test for excess errors)
FAIL: g++.dg/asan/asan_str_test.cc -O2 -flto -fuse-linker-plugin -fno-fat-lto-objects (test for excess errors)
FAIL: g++.dg/asan/asan_str_test.cc -O3 -fomit-frame-pointer -funroll-loops -fpeel-loops -ftracer -finline-functions (test for excess errors)
FAIL: g++.dg/asan/asan_str_test.cc -O3 -g (test for excess errors)
FAIL: g++.dg/asan/asan_str_test.cc -Os (test for excess errors)
FAIL: g++.dg/asan/asan_test.cc -O0 (test for excess errors)
FAIL: g++.dg/asan/asan_test.cc -O1 (test for excess errors)
FAIL: g++.dg/asan/asan_test.cc -O2 (test for excess errors)
FAIL: g++.dg/asan/asan_test.cc -O2 -flto -fno-use-linker-plugin -flto-partition=none (test for excess errors)
FAIL: g++.dg/asan/asan_test.cc -O2 -flto -fuse-linker-plugin -fno-fat-lto-objects (test for excess errors)
FAIL: g++.dg/asan/asan_test.cc -O3 -fomit-frame-pointer -funroll-loops -fpeel-loops -ftracer -finline-functions (test for excess errors)
FAIL: g++.dg/asan/asan_test.cc -O3 -g (test for excess errors)
FAIL: g++.dg/asan/asan_test.cc -Os (test for excess errors)
FAIL: g++.dg/guality/pr55665.C -O2 line 23 p == 40
FAIL: g++.dg/plugin/../../gcc.dg/plugin/diagnostic_plugin_test_tree_expression_range.c compilation
FAIL: g++.dg/plugin/attribute_plugin.c compilation
FAIL: g++.dg/plugin/comment_plugin.c compilation
FAIL: g++.dg/plugin/decl_plugin.c compilation
FAIL: g++.dg/plugin/def_plugin.c compilation
FAIL: g++.dg/plugin/dumb_plugin.c compilation
FAIL: g++.dg/plugin/header_plugin.c compilation
FAIL: g++.dg/plugin/pragma_plugin.c compilation
FAIL: g++.dg/plugin/selfassign.c compilation
FAIL: g++.dg/plugin/show_template_tree_color_plugin.c compilation
FAIL: g++.dg/vect/slp-pr56812.cc -std=c++11 scan-tree-dump-times slp1 "basic block vectorized" 1
FAIL: g++.dg/vect/slp-pr56812.cc -std=c++14 scan-tree-dump-times slp1 "basic block vectorized" 1
FAIL: g++.dg/vect/slp-pr56812.cc -std=c++98 scan-tree-dump-times slp1 "basic block vectorized" 1
=== g++ Summary ===
# of expected passes 118821
# of unexpected failures 60
# of expected failures 384
# of unsupported tests 4407
/scratch/toon/build17230/gcc/xg++ version 8.0.0 20170821 (experimental) (GCC)
=== go tests ===
Running target unix
FAIL: ./index0-out.go execution, -O0 -g -fno-var-tracking-assignments
FAIL: go.test/test/ken/cplx2.go execution, -O2 -g
=== go Summary ===
# of expected passes 7252
# of unexpected failures 2
# of expected failures 1
# of untested testcases 6
# of unsupported tests 1
/scratch/toon/build17230/gcc/gccgo version 8.0.0 20170821 (experimental) (GCC)
=== obj-c++ tests ===
Running target unix
FAIL: obj-c++.dg/class-extension-3.mm -fgnu-runtime (test for warnings, line 13)
FAIL: obj-c++.dg/class-extension-3.mm -fgnu-runtime (test for warnings, line 14)
FAIL: obj-c++.dg/class-extension-3.mm -fgnu-runtime (test for errors, line 18)
FAIL: obj-c++.dg/class-extension-3.mm -fgnu-runtime (test for errors, line 25)
FAIL: obj-c++.dg/class-extension-3.mm -fgnu-runtime 1 blank line(s) in output
FAIL: obj-c++.dg/class-extension-3.mm -fgnu-runtime (test for excess errors)
FAIL: obj-c++.dg/fobjc-std-1.mm -fgnu-runtime (test for errors, line 26)
FAIL: obj-c++.dg/fobjc-std-1.mm -fgnu-runtime (test for errors, line 32)
FAIL: obj-c++.dg/fobjc-std-1.mm -fgnu-runtime (test for errors, line 36)
FAIL: obj-c++.dg/fobjc-std-1.mm -fgnu-runtime (test for errors, line 43)
FAIL: obj-c++.dg/fobjc-std-1.mm -fgnu-runtime (test for errors, line 45)
FAIL: obj-c++.dg/fobjc-std-1.mm -fgnu-runtime (test for errors, line 46)
FAIL: obj-c++.dg/fobjc-std-1.mm -fgnu-runtime (test for errors, line 47)
FAIL: obj-c++.dg/fobjc-std-1.mm -fgnu-runtime (test for errors, line 71)
FAIL: obj-c++.dg/fobjc-std-1.mm -fgnu-runtime 1 blank line(s) in output
FAIL: obj-c++.dg/fobjc-std-1.mm -fgnu-runtime (test for excess errors)
FAIL: obj-c++.dg/gnu-api-2-property.mm -fgnu-runtime 1 blank line(s) in output
FAIL: obj-c++.dg/gnu-api-2-property.mm -fgnu-runtime (test for excess errors)
UNRESOLVED: obj-c++.dg/gnu-api-2-property.mm -fgnu-runtime compilation failed to produce executable
FAIL: obj-c++.dg/plugin/../../gcc.dg/plugin/diagnostic_plugin_test_tree_expression_range.c compilation
FAIL: obj-c++.dg/property/at-property-1.mm -fgnu-runtime 1 blank line(s) in output
FAIL: obj-c++.dg/property/at-property-1.mm -fgnu-runtime (test for excess errors)
FAIL: obj-c++.dg/property/at-property-10.mm -fgnu-runtime 1 blank line(s) in output
FAIL: obj-c++.dg/property/at-property-10.mm -fgnu-runtime (test for excess errors)
UNRESOLVED: obj-c++.dg/property/at-property-10.mm -fgnu-runtime compilation failed to produce executable
FAIL: obj-c++.dg/property/at-property-11.mm -fgnu-runtime 1 blank line(s) in output
FAIL: obj-c++.dg/property/at-property-11.mm -fgnu-runtime (test for excess errors)
UNRESOLVED: obj-c++.dg/property/at-property-11.mm -fgnu-runtime compilation failed to produce executable
FAIL: obj-c++.dg/property/at-property-12.mm -fgnu-runtime 1 blank line(s) in output
FAIL: obj-c++.dg/property/at-property-12.mm -fgnu-runtime (test for excess errors)
UNRESOLVED: obj-c++.dg/property/at-property-12.mm -fgnu-runtime compilation failed to produce executable
FAIL: obj-c++.dg/property/at-property-13.mm -fgnu-runtime 1 blank line(s) in output
FAIL: obj-c++.dg/property/at-property-13.mm -fgnu-runtime (test for excess errors)
UNRESOLVED: obj-c++.dg/property/at-property-13.mm -fgnu-runtime compilation failed to produce executable
FAIL: obj-c++.dg/property/at-property-14.mm -fgnu-runtime 1 blank line(s) in output
FAIL: obj-c++.dg/property/at-property-14.mm -fgnu-runtime (test for excess errors)
FAIL: obj-c++.dg/property/at-property-15.mm -fgnu-runtime 1 blank line(s) in output
FAIL: obj-c++.dg/property/at-property-15.mm -fgnu-runtime (test for excess errors)
FAIL: obj-c++.dg/property/at-property-16.mm -fgnu-runtime (test for warnings, line 13)
FAIL: obj-c++.dg/property/at-property-16.mm -fgnu-runtime (test for warnings, line 14)
FAIL: obj-c++.dg/property/at-property-16.mm -fgnu-runtime (test for warnings, line 15)
FAIL: obj-c++.dg/property/at-property-16.mm -fgnu-runtime (test for warnings, line 16)
FAIL: obj-c++.dg/property/at-property-16.mm -fgnu-runtime (test for warnings, line 17)
FAIL: obj-c++.dg/property/at-property-16.mm -fgnu-runtime (test for warnings, line 18)
FAIL: obj-c++.dg/property/at-property-16.mm -fgnu-runtime (test for warnings, line 19)
FAIL: obj-c++.dg/property/at-property-16.mm -fgnu-runtime (test for warnings, line 21)
FAIL: obj-c++.dg/property/at-property-16.mm -fgnu-runtime (test for warnings, line 37)
FAIL: obj-c++.dg/property/at-property-16.mm -fgnu-runtime (test for warnings, line 38)
FAIL: obj-c++.dg/property/at-property-16.mm -fgnu-runtime (test for warnings, line 39)
FAIL: obj-c++.dg/property/at-property-16.mm -fgnu-runtime (test for warnings, line 40)
FAIL: obj-c++.dg/property/at-property-16.mm -fgnu-runtime (test for warnings, line 41)
FAIL: obj-c++.dg/property/at-property-16.mm -fgnu-runtime (test for warnings, line 42)
FAIL: obj-c++.dg/property/at-property-16.mm -fgnu-runtime (test for warnings, line 43)
FAIL: obj-c++.dg/property/at-property-16.mm -fgnu-runtime (test for warnings, line 45)
FAIL: obj-c++.dg/property/at-property-16.mm -fgnu-runtime 1 blank line(s) in output
FAIL: obj-c++.dg/property/at-property-16.mm -fgnu-runtime (test for excess errors)
FAIL: obj-c++.dg/property/at-property-17.mm -fgnu-runtime (test for warnings, line 97)
FAIL: obj-c++.dg/property/at-property-17.mm -fgnu-runtime (test for warnings, line 97)
FAIL: obj-c++.dg/property/at-property-17.mm -fgnu-runtime 1 blank line(s) in output
FAIL: obj-c++.dg/property/at-property-17.mm -fgnu-runtime (test for excess errors)
FAIL: obj-c++.dg/property/at-property-18.mm -fgnu-runtime (test for warnings, line 28)
FAIL: obj-c++.dg/property/at-property-18.mm -fgnu-runtime (test for warnings, line 16)
FAIL: obj-c++.dg/property/at-property-18.mm -fgnu-runtime (test for warnings, line 30)
FAIL: obj-c++.dg/property/at-property-18.mm -fgnu-runtime (test for warnings, line 17)
FAIL: obj-c++.dg/property/at-property-18.mm -fgnu-runtime (test for warnings, line 32)
FAIL: obj-c++.dg/property/at-property-18.mm -fgnu-runtime (test for warnings, line 18)
FAIL: obj-c++.dg/property/at-property-18.mm -fgnu-runtime (test for warnings, line 34)
FAIL: obj-c++.dg/property/at-property-18.mm -fgnu-runtime (test for warnings, line 19)
FAIL: obj-c++.dg/property/at-property-18.mm -fgnu-runtime (test for warnings, line 36)
FAIL: obj-c++.dg/property/at-property-18.mm -fgnu-runtime (test for warnings, line 20)
FAIL: obj-c++.dg/property/at-property-18.mm -fgnu-runtime (test for warnings, line 38)
FAIL: obj-c++.dg/property/at-property-18.mm -fgnu-runtime (test for warnings, line 21)
FAIL: obj-c++.dg/property/at-property-18.mm -fgnu-runtime (test for warnings, line 40)
FAIL: obj-c++.dg/property/at-property-18.mm -fgnu-runtime (test for warnings, line 22)
FAIL: obj-c++.dg/property/at-property-18.mm -fgnu-runtime (test for warnings, line 43)
FAIL: obj-c++.dg/property/at-property-18.mm -fgnu-runtime (test for warnings, line 24)
FAIL: obj-c++.dg/property/at-property-18.mm -fgnu-runtime 1 blank line(s) in output
FAIL: obj-c++.dg/property/at-property-18.mm -fgnu-runtime (test for excess errors)
FAIL: obj-c++.dg/property/at-property-19.mm -fgnu-runtime 1 blank line(s) in output
FAIL: obj-c++.dg/property/at-property-19.mm -fgnu-runtime (test for excess errors)
UNRESOLVED: obj-c++.dg/property/at-property-19.mm -fgnu-runtime compilation failed to produce executable
FAIL: obj-c++.dg/property/at-property-2.mm -fgnu-runtime 1 blank line(s) in output
FAIL: obj-c++.dg/property/at-property-2.mm -fgnu-runtime (test for excess errors)
FAIL: obj-c++.dg/property/at-property-20.mm -fgnu-runtime (test for warnings, line 40)
FAIL: obj-c++.dg/property/at-property-20.mm -fgnu-runtime (test for warnings, line 41)
FAIL: obj-c++.dg/property/at-property-20.mm -fgnu-runtime (test for warnings, line 42)
FAIL: obj-c++.dg/property/at-property-20.mm -fgnu-runtime (test for warnings, line 43)
FAIL: obj-c++.dg/property/at-property-20.mm -fgnu-runtime (test for warnings, line 44)
FAIL: obj-c++.dg/property/at-property-20.mm -fgnu-runtime (test for warnings, line 45)
FAIL: obj-c++.dg/property/at-property-20.mm -fgnu-runtime (test for warnings, line 46)
FAIL: obj-c++.dg/property/at-property-20.mm -fgnu-runtime (test for warnings, line 47)
FAIL: obj-c++.dg/property/at-property-20.mm -fgnu-runtime (test for warnings, line 66)
FAIL: obj-c++.dg/property/at-property-20.mm -fgnu-runtime (test for warnings, line 67)
FAIL: obj-c++.dg/property/at-property-20.mm -fgnu-runtime (test for warnings, line 68)
FAIL: obj-c++.dg/property/at-property-20.mm -fgnu-runtime (test for warnings, line 69)
FAIL: obj-c++.dg/property/at-property-20.mm -fgnu-runtime (test for warnings, line 70)
FAIL: obj-c++.dg/property/at-property-20.mm -fgnu-runtime (test for warnings, line 71)
FAIL: obj-c++.dg/property/at-property-20.mm -fgnu-runtime (test for warnings, line 72)
FAIL: obj-c++.dg/property/at-property-20.mm -fgnu-runtime (test for warnings, line 73)
FAIL: obj-c++.dg/property/at-property-20.mm -fgnu-runtime 1 blank line(s) in output
FAIL: obj-c++.dg/property/at-property-20.mm -fgnu-runtime (test for excess errors)
FAIL: obj-c++.dg/property/at-property-21.mm -fgnu-runtime 1 blank line(s) in output
FAIL: obj-c++.dg/property/at-property-21.mm -fgnu-runtime (test for excess errors)
FAIL: obj-c++.dg/property/at-property-22.mm -fgnu-runtime 1 blank line(s) in output
FAIL: obj-c++.dg/property/at-property-22.mm -fgnu-runtime (test for excess errors)
UNRESOLVED: obj-c++.dg/property/at-property-22.mm -fgnu-runtime compilation failed to produce executable
FAIL: obj-c++.dg/property/at-property-23.mm -fgnu-runtime 1 blank line(s) in output
FAIL: obj-c++.dg/property/at-property-23.mm -fgnu-runtime (test for excess errors)
FAIL: obj-c++.dg/property/at-property-24.mm -fgnu-runtime 1 blank line(s) in output
FAIL: obj-c++.dg/property/at-property-24.mm -fgnu-runtime (test for excess errors)
UNRESOLVED: obj-c++.dg/property/at-property-24.mm -fgnu-runtime compilation failed to produce executable
FAIL: obj-c++.dg/property/at-property-25.mm -fgnu-runtime (test for warnings, line 81)
FAIL: obj-c++.dg/property/at-property-25.mm -fgnu-runtime (test for warnings, line 81)
FAIL: obj-c++.dg/property/at-property-25.mm -fgnu-runtime (test for warnings, line 81)
FAIL: obj-c++.dg/property/at-property-25.mm -fgnu-runtime (test for warnings, line 81)
FAIL: obj-c++.dg/property/at-property-25.mm -fgnu-runtime (test for warnings, line 81)
FAIL: obj-c++.dg/property/at-property-25.mm -fgnu-runtime 1 blank line(s) in output
FAIL: obj-c++.dg/property/at-property-25.mm -fgnu-runtime (test for excess errors)
FAIL: obj-c++.dg/property/at-property-26.mm -fgnu-runtime 1 blank line(s) in output
FAIL: obj-c++.dg/property/at-property-26.mm -fgnu-runtime (test for excess errors)
UNRESOLVED: obj-c++.dg/property/at-property-26.mm -fgnu-runtime compilation failed to produce executable
FAIL: obj-c++.dg/property/at-property-27.mm -fgnu-runtime 1 blank line(s) in output
FAIL: obj-c++.dg/property/at-property-27.mm -fgnu-runtime (test for excess errors)
UNRESOLVED: obj-c++.dg/property/at-property-27.mm -fgnu-runtime compilation failed to produce executable
FAIL: obj-c++.dg/property/at-property-28.mm -fgnu-runtime 1 blank line(s) in output
FAIL: obj-c++.dg/property/at-property-28.mm -fgnu-runtime (test for excess errors)
FAIL: obj-c++.dg/property/at-property-29.mm -fgnu-runtime 1 blank line(s) in output
FAIL: obj-c++.dg/property/at-property-29.mm -fgnu-runtime (test for excess errors)
FAIL: obj-c++.dg/property/at-property-3.mm -fgnu-runtime 1 blank line(s) in output
FAIL: obj-c++.dg/property/at-property-3.mm -fgnu-runtime (test for excess errors)
FAIL: obj-c++.dg/property/at-property-4.mm -fgnu-runtime 1 blank line(s) in output
FAIL: obj-c++.dg/property/at-property-4.mm -fgnu-runtime (test for excess errors)
FAIL: obj-c++.dg/property/at-property-5.mm -fgnu-runtime (test for errors, line 34)
FAIL: obj-c++.dg/property/at-property-5.mm -fgnu-runtime 1 blank line(s) in output
FAIL: obj-c++.dg/property/at-property-5.mm -fgnu-runtime (test for excess errors)
FAIL: obj-c++.dg/property/at-property-6.mm -fgnu-runtime 1 blank line(s) in output
FAIL: obj-c++.dg/property/at-property-6.mm -fgnu-runtime (test for excess errors)
UNRESOLVED: obj-c++.dg/property/at-property-6.mm -fgnu-runtime compilation failed to produce executable
FAIL: obj-c++.dg/property/at-property-7.mm -fgnu-runtime 1 blank line(s) in output
FAIL: obj-c++.dg/property/at-property-7.mm -fgnu-runtime (test for excess errors)
UNRESOLVED: obj-c++.dg/property/at-property-7.mm -fgnu-runtime compilation failed to produce executable
FAIL: obj-c++.dg/property/at-property-8.mm -fgnu-runtime 1 blank line(s) in output
FAIL: obj-c++.dg/property/at-property-8.mm -fgnu-runtime (test for excess errors)
UNRESOLVED: obj-c++.dg/property/at-property-8.mm -fgnu-runtime compilation failed to produce executable
FAIL: obj-c++.dg/property/at-property-9.mm -fgnu-runtime 1 blank line(s) in output
FAIL: obj-c++.dg/property/at-property-9.mm -fgnu-runtime (test for excess errors)
UNRESOLVED: obj-c++.dg/property/at-property-9.mm -fgnu-runtime compilation failed to produce executable
FAIL: obj-c++.dg/property/at-property-deprecated-1.mm -fgnu-runtime (test for warnings, line 32)
FAIL: obj-c++.dg/property/at-property-deprecated-1.mm -fgnu-runtime (test for warnings, line 33)
FAIL: obj-c++.dg/property/at-property-deprecated-1.mm -fgnu-runtime 1 blank line(s) in output
FAIL: obj-c++.dg/property/at-property-deprecated-1.mm -fgnu-runtime (test for excess errors)
FAIL: obj-c++.dg/property/at-property-deprecated-2.mm -fgnu-runtime (test for warnings, line 21)
FAIL: obj-c++.dg/property/at-property-deprecated-2.mm -fgnu-runtime (test for warnings, line 23)
FAIL: obj-c++.dg/property/at-property-deprecated-2.mm -fgnu-runtime 1 blank line(s) in output
FAIL: obj-c++.dg/property/at-property-deprecated-2.mm -fgnu-runtime (test for excess errors)
FAIL: obj-c++.dg/property/cxx-property-1.mm -fgnu-runtime 1 blank line(s) in output
FAIL: obj-c++.dg/property/cxx-property-1.mm -fgnu-runtime (test for excess errors)
FAIL: obj-c++.dg/property/cxx-property-2.mm -fgnu-runtime 1 blank line(s) in output
FAIL: obj-c++.dg/property/cxx-property-2.mm -fgnu-runtime (test for excess errors)
FAIL: obj-c++.dg/property/dotsyntax-14.mm -fgnu-runtime (test for errors, line 56)
FAIL: obj-c++.dg/property/dotsyntax-14.mm -fgnu-runtime (test for errors, line 58)
FAIL: obj-c++.dg/property/dotsyntax-14.mm -fgnu-runtime (test for errors, line 74)
FAIL: obj-c++.dg/property/dotsyntax-14.mm -fgnu-runtime (test for errors, line 76)
FAIL: obj-c++.dg/property/dotsyntax-14.mm -fgnu-runtime 1 blank line(s) in output
FAIL: obj-c++.dg/property/dotsyntax-14.mm -fgnu-runtime (test for excess errors)
FAIL: obj-c++.dg/property/dotsyntax-19.mm -fgnu-runtime 1 blank line(s) in output
FAIL: obj-c++.dg/property/dotsyntax-19.mm -fgnu-runtime (test for excess errors)
UNRESOLVED: obj-c++.dg/property/dotsyntax-19.mm -fgnu-runtime compilation failed to produce executable
FAIL: obj-c++.dg/property/dotsyntax-20.mm -fgnu-runtime 1 blank line(s) in output
FAIL: obj-c++.dg/property/dotsyntax-20.mm -fgnu-runtime (test for excess errors)
FAIL: obj-c++.dg/property/dotsyntax-22.mm -fgnu-runtime 1 blank line(s) in output
FAIL: obj-c++.dg/property/dotsyntax-22.mm -fgnu-runtime (test for excess errors)
FAIL: obj-c++.dg/property/dotsyntax-6.mm -fgnu-runtime 1 blank line(s) in output
FAIL: obj-c++.dg/property/dotsyntax-6.mm -fgnu-runtime (test for excess errors)
UNRESOLVED: obj-c++.dg/property/dotsyntax-6.mm -fgnu-runtime compilation failed to produce executable
FAIL: obj-c++.dg/property/dynamic-1.mm -fgnu-runtime (test for errors, line 30)
FAIL: obj-c++.dg/property/dynamic-1.mm -fgnu-runtime (test for errors, line 31)
FAIL: obj-c++.dg/property/dynamic-1.mm -fgnu-runtime 1 blank line(s) in output
FAIL: obj-c++.dg/property/dynamic-1.mm -fgnu-runtime (test for excess errors)
FAIL: obj-c++.dg/property/dynamic-2.mm -fgnu-runtime (test for errors, line 42)
FAIL: obj-c++.dg/property/dynamic-2.mm -fgnu-runtime (test for warnings, line 41)
FAIL: obj-c++.dg/property/dynamic-2.mm -fgnu-runtime (test for errors, line 44)
FAIL: obj-c++.dg/property/dynamic-2.mm -fgnu-runtime 1 blank line(s) in output
FAIL: obj-c++.dg/property/dynamic-2.mm -fgnu-runtime (test for excess errors)
FAIL: obj-c++.dg/property/dynamic-3.mm -fgnu-runtime (test for warnings, line 48)
FAIL: obj-c++.dg/property/dynamic-3.mm -fgnu-runtime (test for warnings, line 48)
FAIL: obj-c++.dg/property/dynamic-3.mm -fgnu-runtime 1 blank line(s) in output
FAIL: obj-c++.dg/property/dynamic-3.mm -fgnu-runtime (test for excess errors)
FAIL: obj-c++.dg/property/dynamic-4.mm -fgnu-runtime (test for warnings, line 43)
FAIL: obj-c++.dg/property/dynamic-4.mm -fgnu-runtime (test for warnings, line 43)
FAIL: obj-c++.dg/property/dynamic-4.mm -fgnu-runtime (test for warnings, line 43)
FAIL: obj-c++.dg/property/dynamic-4.mm -fgnu-runtime 1 blank line(s) in output
FAIL: obj-c++.dg/property/dynamic-4.mm -fgnu-runtime (test for excess errors)
FAIL: obj-c++.dg/property/dynamic-5.mm -fgnu-runtime 1 blank line(s) in output
FAIL: obj-c++.dg/property/dynamic-5.mm -fgnu-runtime (test for excess errors)
UNRESOLVED: obj-c++.dg/property/dynamic-5.mm -fgnu-runtime compilation failed to produce executable
FAIL: obj-c++.dg/property/dynamic-6.mm -fgnu-runtime 1 blank line(s) in output
FAIL: obj-c++.dg/property/dynamic-6.mm -fgnu-runtime (test for excess errors)
FAIL: obj-c++.dg/property/fsf-property-basic.mm -fgnu-runtime 1 blank line(s) in output
FAIL: obj-c++.dg/property/fsf-property-basic.mm -fgnu-runtime (test for excess errors)
UNRESOLVED: obj-c++.dg/property/fsf-property-basic.mm -fgnu-runtime compilation failed to produce executable
FAIL: obj-c++.dg/property/fsf-property-method-access.mm -fgnu-runtime 1 blank line(s) in output
FAIL: obj-c++.dg/property/fsf-property-method-access.mm -fgnu-runtime (test for excess errors)
UNRESOLVED: obj-c++.dg/property/fsf-property-method-access.mm -fgnu-runtime compilation failed to produce executable
FAIL: obj-c++.dg/property/fsf-property-named-ivar.mm -fgnu-runtime 1 blank line(s) in output
FAIL: obj-c++.dg/property/fsf-property-named-ivar.mm -fgnu-runtime (test for excess errors)
UNRESOLVED: obj-c++.dg/property/fsf-property-named-ivar.mm -fgnu-runtime compilation failed to produce executable
FAIL: obj-c++.dg/property/property-1.mm -fgnu-runtime 1 blank line(s) in output
FAIL: obj-c++.dg/property/property-1.mm -fgnu-runtime (test for excess errors)
UNRESOLVED: obj-c++.dg/property/property-1.mm -fgnu-runtime compilation failed to produce executable
FAIL: obj-c++.dg/property/property-encoding-1.mm -fgnu-runtime 1 blank line(s) in output
FAIL: obj-c++.dg/property/property-encoding-1.mm -fgnu-runtime (test for excess errors)
UNRESOLVED: obj-c++.dg/property/property-encoding-1.mm -fgnu-runtime compilation failed to produce executable
FAIL: obj-c++.dg/property/property-neg-1.mm -fgnu-runtime (test for warnings, line 11)
FAIL: obj-c++.dg/property/property-neg-1.mm -fgnu-runtime (test for warnings, line 11)
FAIL: obj-c++.dg/property/property-neg-1.mm -fgnu-runtime (test for warnings, line 11)
FAIL: obj-c++.dg/property/property-neg-1.mm -fgnu-runtime 1 blank line(s) in output
FAIL: obj-c++.dg/property/property-neg-1.mm -fgnu-runtime (test for excess errors)
FAIL: obj-c++.dg/property/property-neg-3.mm -fgnu-runtime (test for errors, line 12)
FAIL: obj-c++.dg/property/property-neg-3.mm -fgnu-runtime (test for warnings, line 11)
FAIL: obj-c++.dg/property/property-neg-3.mm -fgnu-runtime 1 blank line(s) in output
FAIL: obj-c++.dg/property/property-neg-3.mm -fgnu-runtime (test for excess errors)
FAIL: obj-c++.dg/property/property-neg-4.mm -fgnu-runtime (test for errors, line 15)
FAIL: obj-c++.dg/property/property-neg-4.mm -fgnu-runtime 1 blank line(s) in output
FAIL: obj-c++.dg/property/property-neg-4.mm -fgnu-runtime (test for excess errors)
FAIL: obj-c++.dg/property/property-neg-5.mm -fgnu-runtime 1 blank line(s) in output
FAIL: obj-c++.dg/property/property-neg-5.mm -fgnu-runtime (test for excess errors)
FAIL: obj-c++.dg/property/property-neg-6.mm -fgnu-runtime 1 blank line(s) in output
FAIL: obj-c++.dg/property/property-neg-6.mm -fgnu-runtime (test for excess errors)
FAIL: obj-c++.dg/property/synthesize-1.mm -fgnu-runtime (test for errors, line 38)
FAIL: obj-c++.dg/property/synthesize-1.mm -fgnu-runtime (test for errors, line 39)
FAIL: obj-c++.dg/property/synthesize-1.mm -fgnu-runtime (test for errors, line 40)
FAIL: obj-c++.dg/property/synthesize-1.mm -fgnu-runtime 1 blank line(s) in output
FAIL: obj-c++.dg/property/synthesize-1.mm -fgnu-runtime (test for excess errors)
FAIL: obj-c++.dg/property/synthesize-10.mm -fgnu-runtime 1 blank line(s) in output
FAIL: obj-c++.dg/property/synthesize-10.mm -fgnu-runtime (test for excess errors)
UNRESOLVED: obj-c++.dg/property/synthesize-10.mm -fgnu-runtime compilation failed to produce executable
FAIL: obj-c++.dg/property/synthesize-11.mm -fgnu-runtime (test for warnings, line 13)
FAIL: obj-c++.dg/property/synthesize-11.mm -fgnu-runtime (test for warnings, line 14)
FAIL: obj-c++.dg/property/synthesize-11.mm -fgnu-runtime (test for errors, line 27)
FAIL: obj-c++.dg/property/synthesize-11.mm -fgnu-runtime (test for errors, line 28)
FAIL: obj-c++.dg/property/synthesize-11.mm -fgnu-runtime (test for warnings, line 29)
FAIL: obj-c++.dg/property/synthesize-11.mm -fgnu-runtime (test for warnings, line 29)
FAIL: obj-c++.dg/property/synthesize-11.mm -fgnu-runtime (test for warnings, line 29)
FAIL: obj-c++.dg/property/synthesize-11.mm -fgnu-runtime 1 blank line(s) in output
FAIL: obj-c++.dg/property/synthesize-11.mm -fgnu-runtime (test for excess errors)
FAIL: obj-c++.dg/property/synthesize-2.mm -fgnu-runtime 1 blank line(s) in output
FAIL: obj-c++.dg/property/synthesize-2.mm -fgnu-runtime (test for excess errors)
UNRESOLVED: obj-c++.dg/property/synthesize-2.mm -fgnu-runtime compilation failed to produce executable
FAIL: obj-c++.dg/property/synthesize-3.mm -fgnu-runtime 1 blank line(s) in output
FAIL: obj-c++.dg/property/synthesize-3.mm -fgnu-runtime (test for excess errors)
UNRESOLVED: obj-c++.dg/property/synthesize-3.mm -fgnu-runtime compilation failed to produce executable
FAIL: obj-c++.dg/property/synthesize-4.mm -fgnu-runtime 1 blank line(s) in output
FAIL: obj-c++.dg/property/synthesize-4.mm -fgnu-runtime (test for excess errors)
UNRESOLVED: obj-c++.dg/property/synthesize-4.mm -fgnu-runtime compilation failed to produce executable
FAIL: obj-c++.dg/property/synthesize-5.mm -fgnu-runtime (test for errors, line 14)
FAIL: obj-c++.dg/property/synthesize-5.mm -fgnu-runtime (test for warnings, line 15)
FAIL: obj-c++.dg/property/synthesize-5.mm -fgnu-runtime (test for warnings, line 15)
FAIL: obj-c++.dg/property/synthesize-5.mm -fgnu-runtime (test for warnings, line 15)
FAIL: obj-c++.dg/property/synthesize-5.mm -fgnu-runtime 1 blank line(s) in output
FAIL: obj-c++.dg/property/synthesize-5.mm -fgnu-runtime (test for excess errors)
FAIL: obj-c++.dg/property/synthesize-6.mm -fgnu-runtime (test for warnings, line 18)
FAIL: obj-c++.dg/property/synthesize-6.mm -fgnu-runtime (test for errors, line 19)
FAIL: obj-c++.dg/property/synthesize-6.mm -fgnu-runtime (test for errors, line 26)
FAIL: obj-c++.dg/property/synthesize-6.mm -fgnu-runtime (test for warnings, line 27)
FAIL: obj-c++.dg/property/synthesize-6.mm -fgnu-runtime (test for warnings, line 27)
FAIL: obj-c++.dg/property/synthesize-6.mm -fgnu-runtime (test for warnings, line 27)
FAIL: obj-c++.dg/property/synthesize-6.mm -fgnu-runtime 1 blank line(s) in output
FAIL: obj-c++.dg/property/synthesize-6.mm -fgnu-runtime (test for excess errors)
FAIL: obj-c++.dg/property/synthesize-7.mm -fgnu-runtime 1 blank line(s) in output
FAIL: obj-c++.dg/property/synthesize-7.mm -fgnu-runtime (test for excess errors)
UNRESOLVED: obj-c++.dg/property/synthesize-7.mm -fgnu-runtime compilation failed to produce executable
FAIL: obj-c++.dg/property/synthesize-8.mm -fgnu-runtime (test for warnings, line 55)
FAIL: obj-c++.dg/property/synthesize-8.mm -fgnu-runtime (test for warnings, line 56)
FAIL: obj-c++.dg/property/synthesize-8.mm -fgnu-runtime (test for warnings, line 57)
FAIL: obj-c++.dg/property/synthesize-8.mm -fgnu-runtime (test for warnings, line 58)
FAIL: obj-c++.dg/property/synthesize-8.mm -fgnu-runtime (test for warnings, line 59)
FAIL: obj-c++.dg/property/synthesize-8.mm -fgnu-runtime (test for warnings, line 60)
FAIL: obj-c++.dg/property/synthesize-8.mm -fgnu-runtime (test for warnings, line 61)
FAIL: obj-c++.dg/property/synthesize-8.mm -fgnu-runtime (test for errors, line 73)
FAIL: obj-c++.dg/property/synthesize-8.mm -fgnu-runtime (test for errors, line 74)
FAIL: obj-c++.dg/property/synthesize-8.mm -fgnu-runtime (test for errors, line 75)
FAIL: obj-c++.dg/property/synthesize-8.mm -fgnu-runtime (test for errors, line 76)
FAIL: obj-c++.dg/property/synthesize-8.mm -fgnu-runtime (test for errors, line 77)
FAIL: obj-c++.dg/property/synthesize-8.mm -fgnu-runtime (test for errors, line 78)
FAIL: obj-c++.dg/property/synthesize-8.mm -fgnu-runtime (test for errors, line 79)
FAIL: obj-c++.dg/property/synthesize-8.mm -fgnu-runtime 1 blank line(s) in output
FAIL: obj-c++.dg/property/synthesize-8.mm -fgnu-runtime (test for excess errors)
=== obj-c++ Summary ===
# of expected passes 1215
# of unexpected failures 261
# of expected failures 10
# of unresolved testcases 27
# of unsupported tests 77
/scratch/toon/build17230/gcc/xg++ version 8.0.0 20170821 (experimental) (GCC)
=== objc tests ===
Running target unix
FAIL: objc.dg/class-extension-3.m -fgnu-runtime (test for errors, line 18)
FAIL: objc.dg/class-extension-3.m -fgnu-runtime (test for errors, line 25)
FAIL: objc.dg/class-extension-3.m -fgnu-runtime (test for warnings, line 13)
FAIL: objc.dg/class-extension-3.m -fgnu-runtime (test for warnings, line 14)
FAIL: objc.dg/class-extension-3.m -fgnu-runtime 1 blank line(s) in output
FAIL: objc.dg/class-extension-3.m -fgnu-runtime (test for excess errors)
FAIL: objc.dg/fobjc-std-1.m -fgnu-runtime (test for errors, line 26)
FAIL: objc.dg/fobjc-std-1.m -fgnu-runtime (test for errors, line 27)
FAIL: objc.dg/fobjc-std-1.m -fgnu-runtime (test for errors, line 28)
FAIL: objc.dg/fobjc-std-1.m -fgnu-runtime (test for errors, line 33)
FAIL: objc.dg/fobjc-std-1.m -fgnu-runtime (test for errors, line 40)
FAIL: objc.dg/fobjc-std-1.m -fgnu-runtime (test for errors, line 41)
FAIL: objc.dg/fobjc-std-1.m -fgnu-runtime (test for errors, line 42)
FAIL: objc.dg/fobjc-std-1.m -fgnu-runtime (test for errors, line 43)
FAIL: objc.dg/fobjc-std-1.m -fgnu-runtime (test for errors, line 58)
FAIL: objc.dg/fobjc-std-1.m -fgnu-runtime (test for errors, line 66)
FAIL: objc.dg/fobjc-std-1.m -fgnu-runtime (test for errors, line 76)
FAIL: objc.dg/fobjc-std-1.m -fgnu-runtime 1 blank line(s) in output
FAIL: objc.dg/fobjc-std-1.m -fgnu-runtime (test for excess errors)
FAIL: objc.dg/gnu-api-2-property.m -fgnu-runtime 1 blank line(s) in output
FAIL: objc.dg/gnu-api-2-property.m -fgnu-runtime (test for excess errors)
UNRESOLVED: objc.dg/gnu-api-2-property.m -fgnu-runtime compilation failed to produce executable
FAIL: objc.dg/plugin/../../gcc.dg/plugin/diagnostic_plugin_test_tree_expression_range.c compilation
FAIL: objc.dg/property/at-property-1.m -fgnu-runtime 1 blank line(s) in output
FAIL: objc.dg/property/at-property-1.m -fgnu-runtime (test for excess errors)
FAIL: objc.dg/property/at-property-10.m -fgnu-runtime 1 blank line(s) in output
FAIL: objc.dg/property/at-property-10.m -fgnu-runtime (test for excess errors)
UNRESOLVED: objc.dg/property/at-property-10.m -fgnu-runtime compilation failed to produce executable
FAIL: objc.dg/property/at-property-11.m -fgnu-runtime 1 blank line(s) in output
FAIL: objc.dg/property/at-property-11.m -fgnu-runtime (test for excess errors)
UNRESOLVED: objc.dg/property/at-property-11.m -fgnu-runtime compilation failed to produce executable
FAIL: objc.dg/property/at-property-12.m -fgnu-runtime 1 blank line(s) in output
FAIL: objc.dg/property/at-property-12.m -fgnu-runtime (test for excess errors)
UNRESOLVED: objc.dg/property/at-property-12.m -fgnu-runtime compilation failed to produce executable
FAIL: objc.dg/property/at-property-13.m -fgnu-runtime 1 blank line(s) in output
FAIL: objc.dg/property/at-property-13.m -fgnu-runtime (test for excess errors)
UNRESOLVED: objc.dg/property/at-property-13.m -fgnu-runtime compilation failed to produce executable
FAIL: objc.dg/property/at-property-14.m -fgnu-runtime 1 blank line(s) in output
FAIL: objc.dg/property/at-property-14.m -fgnu-runtime (test for excess errors)
FAIL: objc.dg/property/at-property-15.m -fgnu-runtime 1 blank line(s) in output
FAIL: objc.dg/property/at-property-15.m -fgnu-runtime (test for excess errors)
FAIL: objc.dg/property/at-property-16.m -fgnu-runtime (test for warnings, line 13)
FAIL: objc.dg/property/at-property-16.m -fgnu-runtime (test for warnings, line 14)
FAIL: objc.dg/property/at-property-16.m -fgnu-runtime (test for warnings, line 15)
FAIL: objc.dg/property/at-property-16.m -fgnu-runtime (test for warnings, line 16)
FAIL: objc.dg/property/at-property-16.m -fgnu-runtime (test for warnings, line 17)
FAIL: objc.dg/property/at-property-16.m -fgnu-runtime (test for warnings, line 18)
FAIL: objc.dg/property/at-property-16.m -fgnu-runtime (test for warnings, line 19)
FAIL: objc.dg/property/at-property-16.m -fgnu-runtime (test for warnings, line 21)
FAIL: objc.dg/property/at-property-16.m -fgnu-runtime (test for warnings, line 37)
FAIL: objc.dg/property/at-property-16.m -fgnu-runtime (test for warnings, line 39)
FAIL: objc.dg/property/at-property-16.m -fgnu-runtime (test for warnings, line 41)
FAIL: objc.dg/property/at-property-16.m -fgnu-runtime (test for warnings, line 43)
FAIL: objc.dg/property/at-property-16.m -fgnu-runtime (test for warnings, line 45)
FAIL: objc.dg/property/at-property-16.m -fgnu-runtime (test for warnings, line 47)
FAIL: objc.dg/property/at-property-16.m -fgnu-runtime (test for warnings, line 49)
FAIL: objc.dg/property/at-property-16.m -fgnu-runtime (test for warnings, line 52)
FAIL: objc.dg/property/at-property-16.m -fgnu-runtime 1 blank line(s) in output
FAIL: objc.dg/property/at-property-16.m -fgnu-runtime (test for excess errors)
FAIL: objc.dg/property/at-property-17.m -fgnu-runtime (test for warnings, line 97)
FAIL: objc.dg/property/at-property-17.m -fgnu-runtime (test for warnings, line 97)
FAIL: objc.dg/property/at-property-17.m -fgnu-runtime 1 blank line(s) in output
FAIL: objc.dg/property/at-property-17.m -fgnu-runtime (test for excess errors)
FAIL: objc.dg/property/at-property-18.m -fgnu-runtime (test for warnings, line 16)
FAIL: objc.dg/property/at-property-18.m -fgnu-runtime (test for warnings, line 17)
FAIL: objc.dg/property/at-property-18.m -fgnu-runtime (test for warnings, line 18)
FAIL: objc.dg/property/at-property-18.m -fgnu-runtime (test for warnings, line 19)
FAIL: objc.dg/property/at-property-18.m -fgnu-runtime (test for warnings, line 20)
FAIL: objc.dg/property/at-property-18.m -fgnu-runtime (test for warnings, line 21)
FAIL: objc.dg/property/at-property-18.m -fgnu-runtime (test for warnings, line 22)
FAIL: objc.dg/property/at-property-18.m -fgnu-runtime (test for warnings, line 24)
FAIL: objc.dg/property/at-property-18.m -fgnu-runtime (test for warnings, line 29)
FAIL: objc.dg/property/at-property-18.m -fgnu-runtime (test for warnings, line 31)
FAIL: objc.dg/property/at-property-18.m -fgnu-runtime (test for warnings, line 33)
FAIL: objc.dg/property/at-property-18.m -fgnu-runtime (test for warnings, line 35)
FAIL: objc.dg/property/at-property-18.m -fgnu-runtime (test for warnings, line 37)
FAIL: objc.dg/property/at-property-18.m -fgnu-runtime (test for warnings, line 39)
FAIL: objc.dg/property/at-property-18.m -fgnu-runtime (test for warnings, line 41)
FAIL: objc.dg/property/at-property-18.m -fgnu-runtime (test for warnings, line 44)
FAIL: objc.dg/property/at-property-18.m -fgnu-runtime 1 blank line(s) in output
FAIL: objc.dg/property/at-property-18.m -fgnu-runtime (test for excess errors)
FAIL: objc.dg/property/at-property-19.m -fgnu-runtime 1 blank line(s) in output
FAIL: objc.dg/property/at-property-19.m -fgnu-runtime (test for excess errors)
UNRESOLVED: objc.dg/property/at-property-19.m -fgnu-runtime compilation failed to produce executable
FAIL: objc.dg/property/at-property-2.m -fgnu-runtime 1 blank line(s) in output
FAIL: objc.dg/property/at-property-2.m -fgnu-runtime (test for excess errors)
FAIL: objc.dg/property/at-property-20.m -fgnu-runtime (test for warnings, line 40)
FAIL: objc.dg/property/at-property-20.m -fgnu-runtime (test for warnings, line 41)
FAIL: objc.dg/property/at-property-20.m -fgnu-runtime (test for warnings, line 42)
FAIL: objc.dg/property/at-property-20.m -fgnu-runtime (test for warnings, line 43)
FAIL: objc.dg/property/at-property-20.m -fgnu-runtime (test for warnings, line 44)
FAIL: objc.dg/property/at-property-20.m -fgnu-runtime (test for warnings, line 45)
FAIL: objc.dg/property/at-property-20.m -fgnu-runtime (test for warnings, line 46)
FAIL: objc.dg/property/at-property-20.m -fgnu-runtime (test for warnings, line 47)
FAIL: objc.dg/property/at-property-20.m -fgnu-runtime (test for warnings, line 66)
FAIL: objc.dg/property/at-property-20.m -fgnu-runtime (test for warnings, line 67)
FAIL: objc.dg/property/at-property-20.m -fgnu-runtime (test for warnings, line 68)
FAIL: objc.dg/property/at-property-20.m -fgnu-runtime (test for warnings, line 69)
FAIL: objc.dg/property/at-property-20.m -fgnu-runtime (test for warnings, line 70)
FAIL: objc.dg/property/at-property-20.m -fgnu-runtime (test for warnings, line 71)
FAIL: objc.dg/property/at-property-20.m -fgnu-runtime (test for warnings, line 72)
FAIL: objc.dg/property/at-property-20.m -fgnu-runtime (test for warnings, line 73)
FAIL: objc.dg/property/at-property-20.m -fgnu-runtime 1 blank line(s) in output
FAIL: objc.dg/property/at-property-20.m -fgnu-runtime (test for excess errors)
FAIL: objc.dg/property/at-property-21.m -fgnu-runtime 1 blank line(s) in output
FAIL: objc.dg/property/at-property-21.m -fgnu-runtime (test for excess errors)
FAIL: objc.dg/property/at-property-22.m -fgnu-runtime 1 blank line(s) in output
FAIL: objc.dg/property/at-property-22.m -fgnu-runtime (test for excess errors)
UNRESOLVED: objc.dg/property/at-property-22.m -fgnu-runtime compilation failed to produce executable
FAIL: objc.dg/property/at-property-24.m -fgnu-runtime 1 blank line(s) in output
FAIL: objc.dg/property/at-property-24.m -fgnu-runtime (test for excess errors)
UNRESOLVED: objc.dg/property/at-property-24.m -fgnu-runtime compilation failed to produce executable
FAIL: objc.dg/property/at-property-25.m -fgnu-runtime (test for warnings, line 81)
FAIL: objc.dg/property/at-property-25.m -fgnu-runtime (test for warnings, line 81)
FAIL: objc.dg/property/at-property-25.m -fgnu-runtime (test for warnings, line 81)
FAIL: objc.dg/property/at-property-25.m -fgnu-runtime (test for warnings, line 81)
FAIL: objc.dg/property/at-property-25.m -fgnu-runtime (test for warnings, line 81)
FAIL: objc.dg/property/at-property-25.m -fgnu-runtime 1 blank line(s) in output
FAIL: objc.dg/property/at-property-25.m -fgnu-runtime (test for excess errors)
FAIL: objc.dg/property/at-property-26.m -fgnu-runtime 1 blank line(s) in output
FAIL: objc.dg/property/at-property-26.m -fgnu-runtime (test for excess errors)
UNRESOLVED: objc.dg/property/at-property-26.m -fgnu-runtime compilation failed to produce executable
FAIL: objc.dg/property/at-property-27.m -fgnu-runtime 1 blank line(s) in output
FAIL: objc.dg/property/at-property-27.m -fgnu-runtime (test for excess errors)
UNRESOLVED: objc.dg/property/at-property-27.m -fgnu-runtime compilation failed to produce executable
FAIL: objc.dg/property/at-property-28.m -fgnu-runtime 1 blank line(s) in output
FAIL: objc.dg/property/at-property-28.m -fgnu-runtime (test for excess errors)
FAIL: objc.dg/property/at-property-3.m -fgnu-runtime 1 blank line(s) in output
FAIL: objc.dg/property/at-property-3.m -fgnu-runtime (test for excess errors)
FAIL: objc.dg/property/at-property-4.m -fgnu-runtime 1 blank line(s) in output
FAIL: objc.dg/property/at-property-4.m -fgnu-runtime (test for excess errors)
FAIL: objc.dg/property/at-property-5.m -fgnu-runtime (test for errors, line 34)
FAIL: objc.dg/property/at-property-5.m -fgnu-runtime 1 blank line(s) in output
FAIL: objc.dg/property/at-property-5.m -fgnu-runtime (test for excess errors)
FAIL: objc.dg/property/at-property-6.m -fgnu-runtime 1 blank line(s) in output
FAIL: objc.dg/property/at-property-6.m -fgnu-runtime (test for excess errors)
UNRESOLVED: objc.dg/property/at-property-6.m -fgnu-runtime compilation failed to produce executable
FAIL: objc.dg/property/at-property-7.m -fgnu-runtime 1 blank line(s) in output
FAIL: objc.dg/property/at-property-7.m -fgnu-runtime (test for excess errors)
UNRESOLVED: objc.dg/property/at-property-7.m -fgnu-runtime compilation failed to produce executable
FAIL: objc.dg/property/at-property-8.m -fgnu-runtime 1 blank line(s) in output
FAIL: objc.dg/property/at-property-8.m -fgnu-runtime (test for excess errors)
UNRESOLVED: objc.dg/property/at-property-8.m -fgnu-runtime compilation failed to produce executable
FAIL: objc.dg/property/at-property-9.m -fgnu-runtime 1 blank line(s) in output
FAIL: objc.dg/property/at-property-9.m -fgnu-runtime (test for excess errors)
UNRESOLVED: objc.dg/property/at-property-9.m -fgnu-runtime compilation failed to produce executable
FAIL: objc.dg/property/at-property-deprecated-1.m -fgnu-runtime (test for warnings, line 32)
FAIL: objc.dg/property/at-property-deprecated-1.m -fgnu-runtime (test for warnings, line 33)
FAIL: objc.dg/property/at-property-deprecated-1.m -fgnu-runtime 1 blank line(s) in output
FAIL: objc.dg/property/at-property-deprecated-1.m -fgnu-runtime (test for excess errors)
FAIL: objc.dg/property/at-property-deprecated-2.m -fgnu-runtime (test for warnings, line 21)
FAIL: objc.dg/property/at-property-deprecated-2.m -fgnu-runtime (test for warnings, line 23)
FAIL: objc.dg/property/at-property-deprecated-2.m -fgnu-runtime 1 blank line(s) in output
FAIL: objc.dg/property/at-property-deprecated-2.m -fgnu-runtime (test for excess errors)
FAIL: objc.dg/property/dotsyntax-14.m -fgnu-runtime (test for errors, line 56)
FAIL: objc.dg/property/dotsyntax-14.m -fgnu-runtime (test for errors, line 58)
FAIL: objc.dg/property/dotsyntax-14.m -fgnu-runtime (test for errors, line 74)
FAIL: objc.dg/property/dotsyntax-14.m -fgnu-runtime (test for errors, line 76)
FAIL: objc.dg/property/dotsyntax-14.m -fgnu-runtime 1 blank line(s) in output
FAIL: objc.dg/property/dotsyntax-14.m -fgnu-runtime (test for excess errors)
FAIL: objc.dg/property/dotsyntax-19.m -fgnu-runtime 1 blank line(s) in output
FAIL: objc.dg/property/dotsyntax-19.m -fgnu-runtime (test for excess errors)
UNRESOLVED: objc.dg/property/dotsyntax-19.m -fgnu-runtime compilation failed to produce executable
FAIL: objc.dg/property/dotsyntax-20.m -fgnu-runtime (test for warnings, line 58)
FAIL: objc.dg/property/dotsyntax-20.m -fgnu-runtime 1 blank line(s) in output
FAIL: objc.dg/property/dotsyntax-20.m -fgnu-runtime (test for excess errors)
FAIL: objc.dg/property/dotsyntax-22.m -fgnu-runtime 1 blank line(s) in output
FAIL: objc.dg/property/dotsyntax-22.m -fgnu-runtime (test for excess errors)
FAIL: objc.dg/property/dotsyntax-6.m -fgnu-runtime 1 blank line(s) in output
FAIL: objc.dg/property/dotsyntax-6.m -fgnu-runtime (test for excess errors)
UNRESOLVED: objc.dg/property/dotsyntax-6.m -fgnu-runtime compilation failed to produce executable
FAIL: objc.dg/property/dynamic-1.m -fgnu-runtime (test for errors, line 30)
FAIL: objc.dg/property/dynamic-1.m -fgnu-runtime (test for errors, line 31)
FAIL: objc.dg/property/dynamic-1.m -fgnu-runtime 1 blank line(s) in output
FAIL: objc.dg/property/dynamic-1.m -fgnu-runtime (test for excess errors)
FAIL: objc.dg/property/dynamic-2.m -fgnu-runtime (test for errors, line 42)
FAIL: objc.dg/property/dynamic-2.m -fgnu-runtime (test for errors, line 44)
FAIL: objc.dg/property/dynamic-2.m -fgnu-runtime (test for warnings, line 41)
FAIL: objc.dg/property/dynamic-2.m -fgnu-runtime 1 blank line(s) in output
FAIL: objc.dg/property/dynamic-2.m -fgnu-runtime (test for excess errors)
FAIL: objc.dg/property/dynamic-3.m -fgnu-runtime (test for warnings, line 48)
FAIL: objc.dg/property/dynamic-3.m -fgnu-runtime (test for warnings, line 48)
FAIL: objc.dg/property/dynamic-3.m -fgnu-runtime 1 blank line(s) in output
FAIL: objc.dg/property/dynamic-3.m -fgnu-runtime (test for excess errors)
FAIL: objc.dg/property/dynamic-4.m -fgnu-runtime (test for warnings, line 43)
FAIL: objc.dg/property/dynamic-4.m -fgnu-runtime (test for warnings, line 43)
FAIL: objc.dg/property/dynamic-4.m -fgnu-runtime (test for warnings, line 43)
FAIL: objc.dg/property/dynamic-4.m -fgnu-runtime 1 blank line(s) in output
FAIL: objc.dg/property/dynamic-4.m -fgnu-runtime (test for excess errors)
FAIL: objc.dg/property/dynamic-5.m -fgnu-runtime 1 blank line(s) in output
FAIL: objc.dg/property/dynamic-5.m -fgnu-runtime (test for excess errors)
UNRESOLVED: objc.dg/property/dynamic-5.m -fgnu-runtime compilation failed to produce executable
FAIL: objc.dg/property/dynamic-6.m -fgnu-runtime 1 blank line(s) in output
FAIL: objc.dg/property/dynamic-6.m -fgnu-runtime (test for excess errors)
FAIL: objc.dg/property/fsf-property-basic.m -fgnu-runtime 1 blank line(s) in output
FAIL: objc.dg/property/fsf-property-basic.m -fgnu-runtime (test for excess errors)
UNRESOLVED: objc.dg/property/fsf-property-basic.m -fgnu-runtime compilation failed to produce executable
FAIL: objc.dg/property/fsf-property-method-access.m -fgnu-runtime 1 blank line(s) in output
FAIL: objc.dg/property/fsf-property-method-access.m -fgnu-runtime (test for excess errors)
UNRESOLVED: objc.dg/property/fsf-property-method-access.m -fgnu-runtime compilation failed to produce executable
FAIL: objc.dg/property/fsf-property-named-ivar.m -fgnu-runtime 1 blank line(s) in output
FAIL: objc.dg/property/fsf-property-named-ivar.m -fgnu-runtime (test for excess errors)
UNRESOLVED: objc.dg/property/fsf-property-named-ivar.m -fgnu-runtime compilation failed to produce executable
FAIL: objc.dg/property/property-1.m -fgnu-runtime 1 blank line(s) in output
FAIL: objc.dg/property/property-1.m -fgnu-runtime (test for excess errors)
UNRESOLVED: objc.dg/property/property-1.m -fgnu-runtime compilation failed to produce executable
FAIL: objc.dg/property/property-encoding-1.m -fgnu-runtime 1 blank line(s) in output
FAIL: objc.dg/property/property-encoding-1.m -fgnu-runtime (test for excess errors)
UNRESOLVED: objc.dg/property/property-encoding-1.m -fgnu-runtime compilation failed to produce executable
FAIL: objc.dg/property/property-neg-1.m -fgnu-runtime (test for warnings, line 11)
FAIL: objc.dg/property/property-neg-1.m -fgnu-runtime (test for warnings, line 11)
FAIL: objc.dg/property/property-neg-1.m -fgnu-runtime (test for warnings, line 11)
FAIL: objc.dg/property/property-neg-1.m -fgnu-runtime 1 blank line(s) in output
FAIL: objc.dg/property/property-neg-1.m -fgnu-runtime (test for excess errors)
FAIL: objc.dg/property/property-neg-3.m -fgnu-runtime (test for errors, line 12)
FAIL: objc.dg/property/property-neg-3.m -fgnu-runtime (test for warnings, line 11)
FAIL: objc.dg/property/property-neg-3.m -fgnu-runtime 1 blank line(s) in output
FAIL: objc.dg/property/property-neg-3.m -fgnu-runtime (test for excess errors)
FAIL: objc.dg/property/property-neg-4.m -fgnu-runtime (test for errors, line 15)
FAIL: objc.dg/property/property-neg-4.m -fgnu-runtime 1 blank line(s) in output
FAIL: objc.dg/property/property-neg-4.m -fgnu-runtime (test for excess errors)
FAIL: objc.dg/property/property-neg-5.m -fgnu-runtime 1 blank line(s) in output
FAIL: objc.dg/property/property-neg-5.m -fgnu-runtime (test for excess errors)
FAIL: objc.dg/property/synthesize-1.m -fgnu-runtime (test for errors, line 38)
FAIL: objc.dg/property/synthesize-1.m -fgnu-runtime (test for errors, line 39)
FAIL: objc.dg/property/synthesize-1.m -fgnu-runtime (test for errors, line 40)
FAIL: objc.dg/property/synthesize-1.m -fgnu-runtime 1 blank line(s) in output
FAIL: objc.dg/property/synthesize-1.m -fgnu-runtime (test for excess errors)
FAIL: objc.dg/property/synthesize-10.m -fgnu-runtime 1 blank line(s) in output
FAIL: objc.dg/property/synthesize-10.m -fgnu-runtime (test for excess errors)
UNRESOLVED: objc.dg/property/synthesize-10.m -fgnu-runtime compilation failed to produce executable
FAIL: objc.dg/property/synthesize-11.m -fgnu-runtime (test for errors, line 27)
FAIL: objc.dg/property/synthesize-11.m -fgnu-runtime (test for errors, line 28)
FAIL: objc.dg/property/synthesize-11.m -fgnu-runtime (test for warnings, line 13)
FAIL: objc.dg/property/synthesize-11.m -fgnu-runtime (test for warnings, line 14)
FAIL: objc.dg/property/synthesize-11.m -fgnu-runtime (test for warnings, line 29)
FAIL: objc.dg/property/synthesize-11.m -fgnu-runtime (test for warnings, line 29)
FAIL: objc.dg/property/synthesize-11.m -fgnu-runtime (test for warnings, line 29)
FAIL: objc.dg/property/synthesize-11.m -fgnu-runtime 1 blank line(s) in output
FAIL: objc.dg/property/synthesize-11.m -fgnu-runtime (test for excess errors)
FAIL: objc.dg/property/synthesize-2.m -fgnu-runtime 1 blank line(s) in output
FAIL: objc.dg/property/synthesize-2.m -fgnu-runtime (test for excess errors)
UNRESOLVED: objc.dg/property/synthesize-2.m -fgnu-runtime compilation failed to produce executable
FAIL: objc.dg/property/synthesize-3.m -fgnu-runtime 1 blank line(s) in output
FAIL: objc.dg/property/synthesize-3.m -fgnu-runtime (test for excess errors)
UNRESOLVED: objc.dg/property/synthesize-3.m -fgnu-runtime compilation failed to produce executable
FAIL: objc.dg/property/synthesize-4.m -fgnu-runtime 1 blank line(s) in output
FAIL: objc.dg/property/synthesize-4.m -fgnu-runtime (test for excess errors)
UNRESOLVED: objc.dg/property/synthesize-4.m -fgnu-runtime compilation failed to produce executable
FAIL: objc.dg/property/synthesize-5.m -fgnu-runtime (test for errors, line 14)
FAIL: objc.dg/property/synthesize-5.m -fgnu-runtime (test for warnings, line 15)
FAIL: objc.dg/property/synthesize-5.m -fgnu-runtime (test for warnings, line 15)
FAIL: objc.dg/property/synthesize-5.m -fgnu-runtime (test for warnings, line 15)
FAIL: objc.dg/property/synthesize-5.m -fgnu-runtime 1 blank line(s) in output
FAIL: objc.dg/property/synthesize-5.m -fgnu-runtime (test for excess errors)
FAIL: objc.dg/property/synthesize-6.m -fgnu-runtime (test for errors, line 20)
FAIL: objc.dg/property/synthesize-6.m -fgnu-runtime (test for errors, line 28)
FAIL: objc.dg/property/synthesize-6.m -fgnu-runtime (test for warnings, line 19)
FAIL: objc.dg/property/synthesize-6.m -fgnu-runtime (test for warnings, line 29)
FAIL: objc.dg/property/synthesize-6.m -fgnu-runtime (test for warnings, line 29)
FAIL: objc.dg/property/synthesize-6.m -fgnu-runtime (test for warnings, line 29)
FAIL: objc.dg/property/synthesize-6.m -fgnu-runtime 1 blank line(s) in output
FAIL: objc.dg/property/synthesize-6.m -fgnu-runtime (test for excess errors)
FAIL: objc.dg/property/synthesize-7.m -fgnu-runtime 1 blank line(s) in output
FAIL: objc.dg/property/synthesize-7.m -fgnu-runtime (test for excess errors)
UNRESOLVED: objc.dg/property/synthesize-7.m -fgnu-runtime compilation failed to produce executable
FAIL: objc.dg/property/synthesize-8.m -fgnu-runtime (test for errors, line 73)
FAIL: objc.dg/property/synthesize-8.m -fgnu-runtime (test for errors, line 74)
FAIL: objc.dg/property/synthesize-8.m -fgnu-runtime (test for errors, line 75)
FAIL: objc.dg/property/synthesize-8.m -fgnu-runtime (test for errors, line 76)
FAIL: objc.dg/property/synthesize-8.m -fgnu-runtime (test for errors, line 77)
FAIL: objc.dg/property/synthesize-8.m -fgnu-runtime (test for errors, line 78)
FAIL: objc.dg/property/synthesize-8.m -fgnu-runtime (test for errors, line 79)
FAIL: objc.dg/property/synthesize-8.m -fgnu-runtime (test for warnings, line 55)
FAIL: objc.dg/property/synthesize-8.m -fgnu-runtime (test for warnings, line 56)
FAIL: objc.dg/property/synthesize-8.m -fgnu-runtime (test for warnings, line 57)
FAIL: objc.dg/property/synthesize-8.m -fgnu-runtime (test for warnings, line 58)
FAIL: objc.dg/property/synthesize-8.m -fgnu-runtime (test for warnings, line 59)
FAIL: objc.dg/property/synthesize-8.m -fgnu-runtime (test for warnings, line 60)
FAIL: objc.dg/property/synthesize-8.m -fgnu-runtime (test for warnings, line 61)
FAIL: objc.dg/property/synthesize-8.m -fgnu-runtime 1 blank line(s) in output
FAIL: objc.dg/property/synthesize-8.m -fgnu-runtime (test for excess errors)
=== objc Summary ===
# of expected passes 2562
# of unexpected failures 255
# of expected failures 6
# of unresolved testcases 27
# of unsupported tests 68
/scratch/toon/build17230/gcc/xgcc version 8.0.0 20170821 (experimental) (GCC)
=== gotools tests ===
FAIL: TestCgoCallbackGC
=== gotools Summary ===
# of expected passes 349
# of unexpected failures 1
# of untested testcases 123
/scratch/toon/build17230/./gcc/gccgo version 8.0.0 20170821 (experimental) (GCC)
=== libatomic tests ===
Running target unix
=== libatomic Summary ===
# of expected passes 54
=== libffi tests ===
Running target unix
=== libffi Summary ===
# of expected passes 2214
=== libgo tests ===
Running target unix
=== libgo Summary ===
# of expected passes 146
/scratch/toon/build17230/./gcc/gccgo version 8.0.0 20170821 (experimental) (GCC)
=== libgomp tests ===
Running target unix
=== libgomp Summary ===
# of expected passes 5276
# of unsupported tests 316
=== libitm tests ===
Running target unix
=== libitm Summary ===
# of expected passes 42
# of expected failures 3
# of unsupported tests 1
=== libstdc++ tests ===
Running target unix
FAIL: 26_numerics/random/piecewise_linear_distribution/operators/inequal.cc (test for excess errors)
UNRESOLVED: 26_numerics/random/piecewise_linear_distribution/operators/inequal.cc compilation failed to produce executable
=== libstdc++ Summary ===
# of expected passes 11212
# of unexpected failures 1
# of expected failures 70
# of unresolved testcases 1
# of unsupported tests 566
Compiler version: 8.0.0 20170821 (experimental) (GCC)
Platform: x86_64-pc-linux-gnu
configure flags: --prefix=/home/toon/compilers/install --with-gnu-as --with-gnu-ld --enable-languages=all --disable-multilib --disable-nls --with-arch=haswell --with-tune=haswell --with-build-config=bootstrap-asan