This is the mail archive of the
gcc-testresults@gcc.gnu.org
mailing list for the GCC project.
Results for 8.0.0 20170817 (experimental) [trunk revision 251140] (GCC) testsuite on x86_64-pc-linux-gnu
- From: "Andreas Tobler" <andreast at m91pl dot andreas dot nets>
- To: <gcc-testresults at gcc dot gnu dot org>
- Date: Thu, 17 Aug 2017 12:18:24 +0200
- Subject: Results for 8.0.0 20170817 (experimental) [trunk revision 251140] (GCC) testsuite on x86_64-pc-linux-gnu
- Authentication-results: sourceware.org; auth=none
LAST_UPDATED: Thu Aug 17 05:16:10 UTC 2017 (revision 251140)
Native configuration is x86_64-pc-linux-gnu
=== gcc tests ===
Running target unix
FAIL: gcc.dg/20050503-1.c scan-assembler-not call
XPASS: gcc.dg/pr78768.c -Wformat-overflow (test for warnings, line 12)
FAIL: gcc.dg/vect/pr65947-14.c -flto -ffat-lto-objects execution test
FAIL: gcc.dg/vect/pr65947-14.c execution test
FAIL: gcc.target/i386/pr59501-3a.c scan-assembler-not and[^\\n\\r]*sp
FAIL: gcc.target/i386/pr70021.c scan-tree-dump-times vect "vectorized 1 loops" 2
=== gcc Summary for unix ===
# of expected passes 129669
# of unexpected failures 5
# of unexpected successes 1
# of expected failures 357
# of unsupported tests 1926
Running target unix/-m32
FAIL: gcc.dg/20050503-1.c scan-assembler-not call
XPASS: gcc.dg/pr78768.c -Wformat-overflow (test for warnings, line 12)
FAIL: gcc.dg/vect/pr65947-14.c -flto -ffat-lto-objects execution test
FAIL: gcc.dg/vect/pr65947-14.c execution test
FAIL: gcc.target/i386/pr70021.c scan-tree-dump-times vect "vectorized 1 loops" 2
=== gcc Summary for unix/-m32 ===
# of expected passes 128036
# of unexpected failures 4
# of unexpected successes 1
# of expected failures 361
# of unsupported tests 1992
=== gcc Summary ===
# of expected passes 257705
# of unexpected failures 9
# of unexpected successes 2
# of expected failures 718
# of unsupported tests 3918
/export/devel/build/gcc/head/objdir/gcc/xgcc version 8.0.0 20170817 (experimental) [trunk revision 251140] (GCC)
=== gfortran tests ===
Running target unix
=== gfortran Summary for unix ===
# of expected passes 45375
# of expected failures 82
# of unsupported tests 71
Running target unix/-m32
=== gfortran Summary for unix/-m32 ===
# of expected passes 45156
# of expected failures 82
# of unsupported tests 176
=== gfortran Summary ===
# of expected passes 90531
# of expected failures 164
# of unsupported tests 247
/export/devel/build/gcc/head/objdir/gcc/gfortran version 8.0.0 20170817 (experimental) [trunk revision 251140] (GCC)
=== g++ tests ===
Running target unix
FAIL: g++.dg/debug/debug9.C -gstabs -O2 (test for excess errors)
FAIL: g++.dg/debug/debug9.C -gstabs -O3 (test for excess errors)
FAIL: g++.dg/debug/debug9.C -gstabs+ -O2 (test for excess errors)
FAIL: g++.dg/debug/debug9.C -gstabs+ -O3 (test for excess errors)
FAIL: g++.dg/debug/debug9.C -gstabs+3 -O2 (test for excess errors)
FAIL: g++.dg/debug/debug9.C -gstabs+3 -O3 (test for excess errors)
FAIL: g++.dg/debug/debug9.C -gstabs3 -O2 (test for excess errors)
FAIL: g++.dg/debug/debug9.C -gstabs3 -O3 (test for excess errors)
=== g++ Summary for unix ===
# of expected passes 115962
# of unexpected failures 8
# of expected failures 386
# of unsupported tests 4232
Running target unix/-m32
FAIL: g++.dg/pr62079.C (internal compiler error)
FAIL: g++.dg/pr62079.C (test for excess errors)
FAIL: g++.dg/template/nontype10.C -std=c++11 (test for excess errors)
FAIL: g++.dg/template/nontype10.C -std=c++14 (test for excess errors)
FAIL: g++.dg/template/nontype10.C -std=c++98 (test for excess errors)
=== g++ Summary for unix/-m32 ===
# of expected passes 114401
# of unexpected failures 5
# of expected failures 386
# of unsupported tests 4006
=== g++ Summary ===
# of expected passes 230363
# of unexpected failures 13
# of expected failures 772
# of unsupported tests 8238
/export/devel/build/gcc/head/objdir/gcc/xg++ version 8.0.0 20170817 (experimental) [trunk revision 251140] (GCC)
=== objc tests ===
Running target unix
=== objc Summary for unix ===
# of expected passes 2797
# of expected failures 6
# of unsupported tests 68
Running target unix/-m32
=== objc Summary for unix/-m32 ===
# of expected passes 2797
# of expected failures 6
# of unsupported tests 68
=== objc Summary ===
# of expected passes 5594
# of expected failures 12
# of unsupported tests 136
/export/devel/build/gcc/head/objdir/gcc/xgcc version 8.0.0 20170817 (experimental) [trunk revision 251140] (GCC)
=== libatomic tests ===
Running target unix/-m32
=== libatomic Summary for unix/-m32 ===
# of expected passes 44
# of unsupported tests 5
Running target unix
=== libatomic Summary for unix ===
# of expected passes 54
=== libatomic Summary ===
# of expected passes 98
# of unsupported tests 5
=== libgomp tests ===
Running target unix/-m32
=== libgomp Summary for unix/-m32 ===
# of expected passes 5230
# of unsupported tests 316
Running target unix
=== libgomp Summary for unix ===
# of expected passes 5230
# of unsupported tests 316
=== libgomp Summary ===
# of expected passes 10460
# of unsupported tests 632
=== libitm tests ===
Running target unix/-m32
=== libitm Summary for unix/-m32 ===
# of expected passes 42
# of expected failures 3
# of unsupported tests 1
Running target unix
=== libitm Summary for unix ===
# of expected passes 42
# of expected failures 3
# of unsupported tests 1
=== libitm Summary ===
# of expected passes 84
# of expected failures 6
# of unsupported tests 2
=== libstdc++ tests ===
Running target unix
=== libstdc++ Summary for unix ===
# of expected passes 11596
# of expected failures 70
# of unsupported tests 562
Running target unix/-m32
=== libstdc++ Summary for unix/-m32 ===
# of expected passes 11604
# of expected failures 70
# of unsupported tests 558
=== libstdc++ Summary ===
# of expected passes 23200
# of expected failures 140
# of unsupported tests 1120
Compiler version: 8.0.0 20170817 (experimental) [trunk revision 251140] (GCC)
Platform: x86_64-pc-linux-gnu
configure flags: --prefix=/export/devel/build/gcc/head/testbin