This is the mail archive of the
gcc-testresults@gcc.gnu.org
mailing list for the GCC project.
Results for 8.0.0 20170811 (experimental) [trunk revision 251049] (GCC) testsuite on sparc-sun-solaris2.11
- From: Rainer Orth <ro at CeBiTec dot Uni-Bielefeld dot DE>
- To: gcc-testresults at gcc dot gnu dot org
- Date: Sat, 12 Aug 2017 09:06:49 +0200 (MEST)
- Subject: Results for 8.0.0 20170811 (experimental) [trunk revision 251049] (GCC) testsuite on sparc-sun-solaris2.11
- Authentication-results: sourceware.org; auth=none
LAST_UPDATED: Fri Aug 11 12:57:31 UTC 2017 (revision 251049)
=== acats tests ===
=== acats Summary ===
# of expected passes 2320
# of unexpected failures 0
Native configuration is sparc-sun-solaris2.11
=== g++ tests ===
Running target unix
FAIL: g++.dg/template/nontype10.C -std=c++11 (test for excess errors)
FAIL: g++.dg/template/nontype10.C -std=c++14 (test for excess errors)
FAIL: g++.dg/template/nontype10.C -std=c++98 (test for excess errors)
=== g++ Summary for unix ===
# of expected passes 107393
# of unexpected failures 3
# of expected failures 394
# of unsupported tests 4660
Running target unix/-m64
=== g++ Summary for unix/-m64 ===
# of expected passes 109284
# of expected failures 394
# of unsupported tests 4629
=== g++ Summary ===
# of expected passes 216677
# of unexpected failures 3
# of expected failures 788
# of unsupported tests 9289
/var/gcc/regression/trunk/11-gcc/build/gcc/testsuite/g++/../../xg++ version 8.0.0 20170811 (experimental) [trunk revision 251049] (GCC)
=== gcc tests ===
Running target unix
FAIL: gcc.dg/visibility-22.c execution test
FAIL: gcc.dg/plugin/must-tail-call-1.c -fplugin=./must_tail_call_plugin.so (test for excess errors)
FAIL: gcc.dg/simulate-thread/atomic-other-int.c -O2 -g thread simulation test
FAIL: gcc.dg/simulate-thread/atomic-other-int.c -O3 -g thread simulation test
FAIL: gcc.dg/simulate-thread/speculative-store-4.c -O0 -g thread simulation test
FAIL: gcc.dg/simulate-thread/speculative-store-4.c -O2 -g thread simulation test
FAIL: gcc.dg/simulate-thread/speculative-store-4.c -O3 -g thread simulation test
FAIL: gcc.dg/simulate-thread/speculative-store.c -O0 -g thread simulation test
FAIL: gcc.dg/torture/pr60092.c -O0 execution test
FAIL: gcc.dg/vect/bb-slp-1.c -flto -ffat-lto-objects scan-tree-dump-times slp1 "basic block vectorized" 1
FAIL: gcc.dg/vect/bb-slp-1.c scan-tree-dump-times slp1 "basic block vectorized" 1
FAIL: gcc.dg/vect/bb-slp-16.c -flto -ffat-lto-objects scan-tree-dump-times slp1 "basic block vectorized" 1
FAIL: gcc.dg/vect/bb-slp-16.c scan-tree-dump-times slp1 "basic block vectorized" 1
FAIL: gcc.dg/vect/bb-slp-2.c -flto -ffat-lto-objects scan-tree-dump-times slp1 "basic block vectorized" 1
FAIL: gcc.dg/vect/bb-slp-2.c scan-tree-dump-times slp1 "basic block vectorized" 1
FAIL: gcc.dg/vect/no-section-anchors-vect-69.c scan-tree-dump-times vect "vectorized 4 loops" 1
XPASS: gcc.dg/vect/vect-multitypes-12.c -flto -ffat-lto-objects scan-tree-dump-times vect "vectorized 1 loops" 1
XPASS: gcc.dg/vect/vect-multitypes-12.c scan-tree-dump-times vect "vectorized 1 loops" 1
=== gcc Summary for unix ===
# of expected passes 100945
# of unexpected failures 16
# of unexpected successes 2
# of expected failures 426
# of unsupported tests 2664
Running target unix/-m64
FAIL: gcc.dg/visibility-22.c execution test
FAIL: gcc.dg/plugin/must-tail-call-1.c -fplugin=./must_tail_call_plugin.so (test for excess errors)
FAIL: gcc.dg/torture/pr60092.c -O0 execution test
FAIL: gcc.dg/vect/bb-slp-1.c -flto -ffat-lto-objects scan-tree-dump-times slp1 "basic block vectorized" 1
FAIL: gcc.dg/vect/bb-slp-1.c scan-tree-dump-times slp1 "basic block vectorized" 1
FAIL: gcc.dg/vect/bb-slp-16.c -flto -ffat-lto-objects scan-tree-dump-times slp1 "basic block vectorized" 1
FAIL: gcc.dg/vect/bb-slp-16.c scan-tree-dump-times slp1 "basic block vectorized" 1
FAIL: gcc.dg/vect/bb-slp-2.c -flto -ffat-lto-objects scan-tree-dump-times slp1 "basic block vectorized" 1
FAIL: gcc.dg/vect/bb-slp-2.c scan-tree-dump-times slp1 "basic block vectorized" 1
FAIL: gcc.dg/vect/no-section-anchors-vect-69.c scan-tree-dump-times vect "vectorized 4 loops" 1
=== gcc Summary for unix/-m64 ===
# of expected passes 102011
# of unexpected failures 10
# of expected failures 413
# of unsupported tests 2455
=== gcc Summary ===
# of expected passes 202956
# of unexpected failures 26
# of unexpected successes 2
# of expected failures 839
# of unsupported tests 5119
/var/gcc/regression/trunk/11-gcc/build/gcc/xgcc version 8.0.0 20170811 (experimental) [trunk revision 251049] (GCC)
=== gfortran tests ===
Running target unix
FAIL: gfortran.dg/elemental_subroutine_3.f90 -O1 (test for excess errors)
FAIL: gfortran.dg/elemental_subroutine_3.f90 -O2 (test for excess errors)
FAIL: gfortran.dg/elemental_subroutine_3.f90 -O3 -fomit-frame-pointer -funroll-loops -fpeel-loops -ftracer -finline-functions (test for excess errors)
FAIL: gfortran.dg/elemental_subroutine_3.f90 -O3 -g (test for excess errors)
FAIL: gfortran.dg/elemental_subroutine_3.f90 -Os (test for excess errors)
=== gfortran Summary for unix ===
# of expected passes 45079
# of unexpected failures 5
# of expected failures 94
# of unsupported tests 248
Running target unix/-m64
FAIL: gfortran.dg/elemental_subroutine_3.f90 -O1 (test for excess errors)
FAIL: gfortran.dg/elemental_subroutine_3.f90 -O2 (test for excess errors)
FAIL: gfortran.dg/elemental_subroutine_3.f90 -O3 -fomit-frame-pointer -funroll-loops -fpeel-loops -ftracer -finline-functions (test for excess errors)
FAIL: gfortran.dg/elemental_subroutine_3.f90 -O3 -g (test for excess errors)
FAIL: gfortran.dg/elemental_subroutine_3.f90 -Os (test for excess errors)
FAIL: gfortran.dg/graphite/pr14741.f90 -O scan-tree-dump graphite "tiled by"
=== gfortran Summary for unix/-m64 ===
# of expected passes 45325
# of unexpected failures 6
# of expected failures 94
# of unsupported tests 127
=== gfortran Summary ===
# of expected passes 90404
# of unexpected failures 11
# of expected failures 188
# of unsupported tests 375
/var/gcc/regression/trunk/11-gcc/build/gcc/testsuite/gfortran/../../gfortran version 8.0.0 20170811 (experimental) [trunk revision 251049] (GCC)
=== gnat tests ===
Running target unix
ERROR: couldn't fork child process: not enough memory
WARNING: program timed out.
ERROR: tcl error sourcing /vol/gcc/src/hg/trunk/local/gcc/testsuite/gnat.dg/dg.exp.
=== gnat Summary for unix ===
# of expected passes 1576
# of expected failures 33
# of unsupported tests 18
Running target unix/-m64
=== gnat Summary for unix/-m64 ===
# of expected passes 2938
# of expected failures 35
# of unsupported tests 40
=== gnat Summary ===
# of expected passes 4514
# of expected failures 68
# of unsupported tests 58
/var/gcc/regression/trunk/11-gcc/build/gcc/gnatmake version 8.0.0 20170811 (experimental) [trunk revision 251049]
=== go tests ===
Running target unix
FAIL: ./index0-out.go execution, -O0 -g -fno-var-tracking-assignments
FAIL: go.test/test/fixedbugs/issue4562.go execution, -O2 -g
FAIL: go.test/test/method5.go execution, -O2 -g
FAIL: go.test/test/nil.go execution, -O2 -g
=== go Summary for unix ===
# of expected passes 7358
# of unexpected failures 4
# of expected failures 1
# of untested testcases 11
# of unsupported tests 3
Running target unix/-m64
FAIL: ./index0-out.go execution, -O0 -g -fno-var-tracking-assignments
=== go Summary for unix/-m64 ===
# of expected passes 7241
# of unexpected failures 1
# of expected failures 1
# of untested testcases 11
# of unsupported tests 3
=== go Summary ===
# of expected passes 14599
# of unexpected failures 5
# of expected failures 2
# of untested testcases 22
# of unsupported tests 6
=== obj-c++ tests ===
Running target unix
WARNING: program timed out.
ERROR: tcl error sourcing /vol/gcc/src/hg/trunk/local/gcc/testsuite/obj-c++.dg/torture/tls/tls.exp.
ERROR: couldn't fork child process: not enough memory
=== obj-c++ Summary for unix ===
# of expected passes 1428
# of expected failures 2
# of unsupported tests 77
Running target unix/-m64
=== objc tests ===
Running target unix
ERROR: tcl error sourcing /vol/gcc/src/hg/trunk/local/gcc/testsuite/objc.dg/pch/pch.exp.
ERROR: torture-init: torture_without_loops is not empty as expected
ERROR: couldn't fork child process: not enough memory
WARNING: program timed out.
ERROR: tcl error sourcing /vol/gcc/src/hg/trunk/local/gcc/testsuite/objc/execute/execute.exp.
=== objc Summary for unix ===
# of expected passes 2700
# of unsupported tests 68
Running target unix/-m64
ERROR: tcl error sourcing /vol/gcc/src/hg/trunk/local/gcc/testsuite/objc.dg/pch/pch.exp.
ERROR: torture-init: torture_without_loops is not empty as expected
ERROR: tcl error sourcing /vol/gcc/src/hg/trunk/local/gcc/testsuite/objc/compile/compile.exp.
ERROR: torture-init: torture_without_loops is not empty as expected
ERROR: tcl error sourcing /vol/gcc/src/hg/trunk/local/gcc/testsuite/objc/execute/exceptions/exceptions.exp.
ERROR: torture-init: torture_without_loops is not empty as expected
ERROR: tcl error sourcing /vol/gcc/src/hg/trunk/local/gcc/testsuite/objc/execute/execute.exp.
ERROR: torture-init: torture_without_loops is not empty as expected
=== objc Summary for unix/-m64 ===
# of expected passes 2225
# of unsupported tests 106
=== objc Summary ===
# of expected passes 4925
# of unsupported tests 174
/var/gcc/regression/trunk/11-gcc/build/gcc/xgcc version 8.0.0 20170811 (experimental) [trunk revision 251049] (GCC)
=== gotools tests ===
FAIL: TestSelectStackAdjust
FAIL: TestBreakpoint
FAIL: TestInstall
FAIL: TestEarlySignalHandler
FAIL: TestSignalForwardingExternal
FAIL: TestOsSignal
FAIL: TestSigaltstack
FAIL: TestPIE
=== gotools Summary ===
# of expected passes 224
# of unexpected failures 8
# of untested testcases 118
=== libatomic tests ===
Running target unix
=== libatomic Summary for unix ===
# of expected passes 44
# of unsupported tests 5
Running target unix/-m64
=== libatomic Summary for unix/-m64 ===
# of expected passes 54
=== libatomic Summary ===
# of expected passes 98
# of unsupported tests 5
=== libffi tests ===
Running target unix
WARNING: program timed out.
ERROR: tcl error sourcing /vol/gcc/src/hg/trunk/local/libffi/testsuite/libffi.call/call.exp.
ERROR: couldn't fork child process: not enough memory
=== libffi Summary for unix ===
# of expected passes 1095
Running target unix/-m64
=== libffi Summary for unix/-m64 ===
# of expected passes 2214
=== libffi Summary ===
# of expected passes 3309
=== libgo tests ===
Running target unix
FAIL: net
FAIL: runtime
FAIL: go/build
FAIL: net/http
=== libgo Summary for unix ===
# of expected passes 143
# of unexpected failures 4
Running target unix/-m64
FAIL: net
FAIL: go/build
=== libgo Summary for unix/-m64 ===
# of expected passes 145
# of unexpected failures 2
=== libgo Summary ===
# of expected passes 288
# of unexpected failures 6
=== libgomp tests ===
Running target unix
WARNING: program timed out.
FAIL: libgomp.c/for-3.c (test for excess errors)
WARNING: libgomp.c/for-3.c compilation failed to produce executable
=== libgomp Summary for unix ===
# of expected passes 5148
# of unexpected failures 1
# of unsupported tests 379
Running target unix/-m64
=== libgomp Summary for unix/-m64 ===
# of expected passes 5150
# of unsupported tests 379
=== libgomp Summary ===
# of expected passes 10298
# of unexpected failures 1
# of unsupported tests 758
=== libitm tests ===
Running target unix
=== libitm Summary for unix ===
# of expected passes 42
# of expected failures 3
# of unsupported tests 1
Running target unix/-m64
=== libitm Summary for unix/-m64 ===
# of expected passes 42
# of expected failures 3
# of unsupported tests 1
=== libitm Summary ===
# of expected passes 84
# of expected failures 6
# of unsupported tests 2
=== libstdc++ tests ===
Running target unix
FAIL: 21_strings/basic_string/inserters_extractors/wchar_t/11.cc (test for excess errors)
WARNING: 21_strings/basic_string/inserters_extractors/wchar_t/11.cc compilation failed to produce executable
FAIL: 21_strings/basic_string/modifiers/assign/char/4.cc (test for excess errors)
WARNING: 21_strings/basic_string/modifiers/assign/char/4.cc compilation failed to produce executable
FAIL: 21_strings/basic_string/modifiers/insert/char/2.cc (test for excess errors)
WARNING: 21_strings/basic_string/modifiers/insert/char/2.cc compilation failed to produce executable
FAIL: 21_strings/basic_string/modifiers/replace/wchar_t/1.cc (test for excess errors)
WARNING: 21_strings/basic_string/modifiers/replace/wchar_t/1.cc compilation failed to produce executable
FAIL: 21_strings/basic_string/numeric_conversions/wchar_t/stod.cc (test for excess errors)
WARNING: 21_strings/basic_string/numeric_conversions/wchar_t/stod.cc compilation failed to produce executable
FAIL: 21_strings/basic_string/operators/char/1.cc (test for excess errors)
WARNING: 21_strings/basic_string/operators/char/1.cc compilation failed to produce executable
FAIL: 21_strings/basic_string/operators/wchar_t/5.cc (test for excess errors)
WARNING: 21_strings/basic_string/operators/wchar_t/5.cc compilation failed to produce executable
=== libstdc++ Summary for unix ===
# of expected passes 10858
# of unexpected failures 7
# of expected failures 70
# of unsupported tests 636
Running target unix/-m64
=== libstdc++ Summary for unix/-m64 ===
# of expected passes 10872
# of expected failures 70
# of unsupported tests 636
=== libstdc++ Summary ===
# of expected passes 21730
# of unexpected failures 7
# of expected failures 140
# of unsupported tests 1272
Compiler version: 8.0.0 20170811 (experimental) [trunk revision 251049] (GCC)
Platform: sparc-sun-solaris2.11
configure flags: --prefix=/vol/gcc --target=sparc-sun-solaris2.11 --enable-objc-gc --with-target-bdw-gc-include=/vol/gcc/include --with-target-bdw-gc-lib=/vol/gcc/lib,sparcv9=/vol/gcc/lib/sparcv9 --enable-libmudflap --with-as=/usr/ccs/bin/as --without-gnu-as --with-gmp-include=/vol/gcc/include --with-gmp-lib=/vol/gcc/lib --with-mpfr-include=/vol/gcc/include --with-mpfr-lib=/vol/gcc/lib --with-mpc-include=/vol/gcc/include --with-mpc-lib=/vol/gcc/lib --enable-languages=all,ada,obj-c++,go --with-isl-include=/vol/gcc/include --with-isl-lib=/vol/gcc/lib --build=sparc-sun-solaris2.11 --host=sparc-sun-solaris2.11
BOOT_CFLAGS=-g -O2