This is the mail archive of the
gcc-testresults@gcc.gnu.org
mailing list for the GCC project.
Results for 8.0.0 20170804 (experimental) [trunk revision 250865] (GCC) testsuite on x86_64-pc-solaris2.11
- From: Rainer Orth <ro at CeBiTec dot Uni-Bielefeld dot DE>
- To: gcc-testresults at gcc dot gnu dot org
- Date: Sat, 5 Aug 2017 15:15:49 +0200 (MEST)
- Subject: Results for 8.0.0 20170804 (experimental) [trunk revision 250865] (GCC) testsuite on x86_64-pc-solaris2.11
- Authentication-results: sourceware.org; auth=none
LAST_UPDATED: Fri Aug 4 10:56:26 UTC 2017 (revision 250865)
Native configuration is x86_64-pc-solaris2.11
=== libatomic tests ===
Running target unix/-m32
=== libatomic Summary for unix/-m32 ===
# of expected passes 44
# of unsupported tests 5
Running target unix
=== libatomic Summary for unix ===
# of expected passes 54
=== libatomic Summary ===
# of expected passes 98
# of unsupported tests 5
=== libffi tests ===
Running target unix/-m32
=== libffi Summary for unix/-m32 ===
# of expected passes 2799
Running target unix
=== libffi Summary for unix ===
# of expected passes 2214
=== libffi Summary ===
# of expected passes 5013
=== libgo tests ===
Running target unix
FAIL: bufio
FAIL: bytes
FAIL: fmt
FAIL: image
FAIL: io
FAIL: net
FAIL: os
FAIL: reflect
FAIL: regexp
FAIL: runtime
FAIL: strconv
FAIL: strings
FAIL: sync
FAIL: time
FAIL: unicode
FAIL: archive/tar
FAIL: archive/zip
FAIL: compress/bzip2
FAIL: compress/flate
FAIL: compress/gzip
FAIL: compress/zlib
FAIL: crypto/ecdsa
FAIL: crypto/elliptic
FAIL: crypto/rand
FAIL: crypto/rc4
FAIL: crypto/rsa
FAIL: crypto/tls
FAIL: crypto/x509
FAIL: database/sql
FAIL: debug/dwarf
FAIL: debug/elf
FAIL: debug/pe
FAIL: encoding/gob
FAIL: encoding/json
FAIL: html/template
FAIL: go/build
FAIL: go/doc
FAIL: go/format
FAIL: go/printer
FAIL: golang_org/x/crypto/chacha20poly1305
FAIL: image/color
FAIL: image/jpeg
FAIL: image/png
FAIL: index/suffixarray
FAIL: internal/trace
FAIL: math/big
FAIL: math/rand
FAIL: mime/multipart
FAIL: mime/quotedprintable
FAIL: net/http
FAIL: net/http/httptest
FAIL: net/http/httptrace
FAIL: net/http/httputil
FAIL: net/mail
FAIL: net/smtp
FAIL: os/exec
FAIL: os/user
FAIL: regexp/syntax
FAIL: runtime/debug
FAIL: runtime/pprof
FAIL: runtime/pprof/internal/protopprof
FAIL: runtime/trace
FAIL: sync/atomic
FAIL: text/template
FAIL: testing/quick
=== libgo Summary for unix ===
# of expected passes 82
# of unexpected failures 65
Running target unix/-m32
FAIL: runtime
FAIL: go/build
=== libgo Summary for unix/-m32 ===
# of expected passes 145
# of unexpected failures 2
=== libgo Summary ===
# of expected passes 227
# of unexpected failures 67
/var/gcc/regression/trunk/11-gcc-gas-64/build/./gcc/gccgo version 8.0.0 20170804 (experimental) [trunk revision 250865] (GCC)
=== libgomp tests ===
Running target unix/-m32
=== libgomp Summary for unix/-m32 ===
# of expected passes 5238
# of unsupported tests 330
Running target unix
=== libgomp Summary for unix ===
# of expected passes 5238
# of unsupported tests 330
=== libgomp Summary ===
# of expected passes 10476
# of unsupported tests 660
=== libitm tests ===
Running target unix/-m32
=== libitm Summary for unix/-m32 ===
# of expected passes 42
# of expected failures 3
# of unsupported tests 1
Running target unix
=== libitm Summary for unix ===
# of expected passes 42
# of expected failures 3
# of unsupported tests 1
=== libitm Summary ===
# of expected passes 84
# of expected failures 6
# of unsupported tests 2
=== libstdc++ tests ===
Running target unix
=== libstdc++ Summary for unix ===
# of expected passes 10889
# of expected failures 70
# of unsupported tests 626
Running target unix/-m32
FAIL: experimental/memory_resource/resource_adaptor.cc execution test
=== libstdc++ Summary for unix/-m32 ===
# of expected passes 10896
# of unexpected failures 1
# of expected failures 70
# of unsupported tests 622
=== libstdc++ Summary ===
# of expected passes 21785
# of unexpected failures 1
# of expected failures 140
# of unsupported tests 1248
=== acats tests ===
=== acats Summary ===
# of expected passes 2320
# of unexpected failures 0
=== g++ tests ===
Running target unix
FAIL: g++.dg/debug/debug9.C -gstabs -O2 (test for excess errors)
FAIL: g++.dg/debug/debug9.C -gstabs -O3 (test for excess errors)
FAIL: g++.dg/debug/debug9.C -gstabs+ -O2 (test for excess errors)
FAIL: g++.dg/debug/debug9.C -gstabs+ -O3 (test for excess errors)
FAIL: g++.dg/debug/debug9.C -gstabs+3 -O2 (test for excess errors)
FAIL: g++.dg/debug/debug9.C -gstabs+3 -O3 (test for excess errors)
FAIL: g++.dg/debug/debug9.C -gstabs3 -O2 (test for excess errors)
FAIL: g++.dg/debug/debug9.C -gstabs3 -O3 (test for excess errors)
=== g++ Summary for unix ===
# of expected passes 109884
# of unexpected failures 8
# of expected failures 391
# of unsupported tests 4325
Running target unix/-m32
FAIL: g++.dg/opt/pr59470.C -std=gnu++11 (test for excess errors)
WARNING: g++.dg/opt/pr59470.C -std=gnu++11 compilation failed to produce executable
FAIL: g++.dg/opt/pr59470.C -std=gnu++14 (test for excess errors)
WARNING: g++.dg/opt/pr59470.C -std=gnu++14 compilation failed to produce executable
FAIL: g++.dg/opt/pr59470.C -std=gnu++98 (test for excess errors)
WARNING: g++.dg/opt/pr59470.C -std=gnu++98 compilation failed to produce executable
FAIL: g++.dg/pr62079.C (internal compiler error)
FAIL: g++.dg/pr62079.C (test for excess errors)
FAIL: g++.dg/template/nontype10.C -std=c++11 (test for excess errors)
FAIL: g++.dg/template/nontype10.C -std=c++14 (test for excess errors)
FAIL: g++.dg/template/nontype10.C -std=c++98 (test for excess errors)
=== g++ Summary for unix/-m32 ===
# of expected passes 108547
# of unexpected failures 8
# of expected failures 391
# of unsupported tests 4087
=== g++ Summary ===
# of expected passes 218431
# of unexpected failures 16
# of expected failures 782
# of unsupported tests 8412
/var/gcc/regression/trunk/11-gcc-gas-64/build/gcc/testsuite/g++/../../xg++ version 8.0.0 20170804 (experimental) [trunk revision 250865] (GCC)
=== gcc tests ===
Running target unix
UNRESOLVED: gcc.dg/pr46932.c scan-rtl-dump-not auto_inc_dec "success"
FAIL: gcc.dg/visibility-22.c execution test
FAIL: gcc.dg/rtl/x86_64/final.c (internal compiler error)
FAIL: gcc.dg/rtl/x86_64/final.c (test for excess errors)
UNRESOLVED: gcc.dg/rtl/x86_64/final.c scan-assembler .cfi_endproc
UNRESOLVED: gcc.dg/rtl/x86_64/final.c scan-assembler .cfi_startproc
UNRESOLVED: gcc.dg/rtl/x86_64/final.c scan-assembler ret
UNRESOLVED: gcc.dg/rtl/x86_64/final.c scan-assembler test_1:
FAIL: gcc.dg/torture/pr60092.c -O0 execution test
FAIL: gcc.dg/vect/pr65947-14.c -flto -ffat-lto-objects execution test
FAIL: gcc.dg/vect/pr65947-14.c execution test
FAIL: gcc.target/i386/pr59501-3a.c scan-assembler-not and[^\\n\\r]*sp
FAIL: gcc.target/i386/pr70021.c scan-tree-dump-times vect "vectorized 1 loops" 2
=== gcc Summary for unix ===
# of expected passes 120278
# of unexpected failures 8
# of expected failures 361
# of unresolved testcases 5
# of unsupported tests 2044
Running target unix/-m32
UNRESOLVED: gcc.dg/pr46932.c scan-rtl-dump-not auto_inc_dec "success"
FAIL: gcc.dg/visibility-22.c execution test
FAIL: gcc.dg/torture/pr60092.c -O0 execution test
FAIL: gcc.dg/vect/pr65947-14.c -flto -ffat-lto-objects execution test
FAIL: gcc.dg/vect/pr65947-14.c execution test
FAIL: gcc.target/i386/pr70021.c scan-tree-dump-times vect "vectorized 1 loops" 2
=== gcc Summary for unix/-m32 ===
# of expected passes 118667
# of unexpected failures 5
# of expected failures 367
# of unresolved testcases 1
# of unsupported tests 2086
=== gcc Summary ===
# of expected passes 238945
# of unexpected failures 13
# of expected failures 728
# of unresolved testcases 6
# of unsupported tests 4130
/var/gcc/regression/trunk/11-gcc-gas-64/build/gcc/xgcc version 8.0.0 20170804 (experimental) [trunk revision 250865] (GCC)
=== gfortran tests ===
Running target unix
FAIL: gfortran.dg/dtio_13.f90 -O (test for errors, line 141)
FAIL: gfortran.dg/dtio_13.f90 -O (internal compiler error)
FAIL: gfortran.dg/dtio_13.f90 -O (test for excess errors)
FAIL: gfortran.dg/graphite/pr14741.f90 -O scan-tree-dump graphite "tiled by"
=== gfortran Summary for unix ===
# of expected passes 45407
# of unexpected failures 4
# of expected failures 92
# of unsupported tests 85
Running target unix/-m32
FAIL: gfortran.dg/dtio_13.f90 -O (test for errors, line 141)
FAIL: gfortran.dg/dtio_13.f90 -O (internal compiler error)
FAIL: gfortran.dg/dtio_13.f90 -O (test for excess errors)
=== gfortran Summary for unix/-m32 ===
# of expected passes 45191
# of unexpected failures 3
# of expected failures 92
# of unsupported tests 188
=== gfortran Summary ===
# of expected passes 90598
# of unexpected failures 7
# of expected failures 184
# of unsupported tests 273
/var/gcc/regression/trunk/11-gcc-gas-64/build/gcc/testsuite/gfortran/../../gfortran version 8.0.0 20170804 (experimental) [trunk revision 250865] (GCC)
=== gnat tests ===
Running target unix
=== gnat Summary for unix ===
# of expected passes 2587
# of expected failures 24
# of unsupported tests 7
Running target unix/-m32
=== gnat Summary for unix/-m32 ===
# of expected passes 2587
# of expected failures 24
# of unsupported tests 7
=== gnat Summary ===
# of expected passes 5174
# of expected failures 48
# of unsupported tests 14
/var/gcc/regression/trunk/11-gcc-gas-64/build/gcc/gnatmake version 8.0.0 20170804 (experimental) [trunk revision 250865]
=== go tests ===
Running target unix
FAIL: go.go-torture/execute/switch-1.go execution, -Os
FAIL: ./index0-out.go execution, -O0 -g -fno-var-tracking-assignments
=== go Summary for unix ===
# of expected passes 7244
# of unexpected failures 2
# of expected failures 1
# of untested testcases 10
# of unsupported tests 1
Running target unix/-m32
FAIL: ./index0-out.go execution, -O0 -g -fno-var-tracking-assignments
=== go Summary for unix/-m32 ===
# of expected passes 7364
# of unexpected failures 1
# of expected failures 1
# of untested testcases 10
# of unsupported tests 2
=== go Summary ===
# of expected passes 14608
# of unexpected failures 3
# of expected failures 2
# of untested testcases 20
# of unsupported tests 3
=== obj-c++ tests ===
Running target unix/-m32
=== obj-c++ Summary for unix/-m32 ===
# of expected passes 1459
# of expected failures 2
# of unsupported tests 77
Running target unix
=== obj-c++ Summary for unix ===
# of expected passes 1451
# of expected failures 10
# of unsupported tests 77
=== obj-c++ Summary ===
# of expected passes 2910
# of expected failures 12
# of unsupported tests 154
/var/gcc/regression/trunk/11-gcc-gas-64/build/gcc/testsuite/obj-c++/../../xg++ version 8.0.0 20170804 (experimental) [trunk revision 250865] (GCC)
=== objc tests ===
Running target unix
=== objc Summary for unix ===
# of expected passes 2797
# of expected failures 6
# of unsupported tests 68
Running target unix/-m32
=== objc Summary for unix/-m32 ===
# of expected passes 2797
# of expected failures 6
# of unsupported tests 68
=== objc Summary ===
# of expected passes 5594
# of expected failures 12
# of unsupported tests 136
/var/gcc/regression/trunk/11-gcc-gas-64/build/gcc/xgcc version 8.0.0 20170804 (experimental) [trunk revision 250865] (GCC)
=== gotools tests ===
FAIL: TestCgoCrashHandler
FAIL: TestEnsureDropM
FAIL: TestCgoCheckBytes
FAIL: TestCgoCCodeSIGPROF
FAIL: TestCgoExecSignalMask
FAIL: TestCgoPanicDeadlock
FAIL: TestCgoTraceback
FAIL: TestCgoExternalThreadPanic
FAIL: TestInstall
FAIL: TestEarlySignalHandler
FAIL: TestSignalForwarding
FAIL: TestSignalForwardingExternal
FAIL: TestOsSignal
FAIL: TestSigaltstack
FAIL: TestPIE
=== gotools Summary ===
# of expected passes 141
# of unexpected failures 15
# of untested testcases 44
/var/gcc/regression/trunk/11-gcc-gas-64/build/./gcc/gccgo version 8.0.0 20170804 (experimental) [trunk revision 250865] (GCC)
Compiler version: 8.0.0 20170804 (experimental) [trunk revision 250865] (GCC)
Platform: x86_64-pc-solaris2.11
configure flags: --prefix=/vol/gcc --target=amd64-pc-solaris2.11 --enable-objc-gc --with-target-bdw-gc-include=/vol/gcc/include --with-target-bdw-gc-lib=/vol/gcc/lib/amd64,32=/vol/gcc/lib --enable-libmudflap --with-as=/vol/gcc/bin/amd64/gas-2.29 --with-gnu-as --with-gmp-include=/vol/gcc/include --with-gmp-lib=/vol/gcc/lib/amd64 --with-mpfr-include=/vol/gcc/include --with-mpfr-lib=/vol/gcc/lib/amd64 --with-mpc-include=/vol/gcc/include --with-mpc-lib=/vol/gcc/lib/amd64 --enable-languages=all,ada,obj-c++,go --with-isl-include=/vol/gcc/include --with-isl-lib=/vol/gcc/lib/amd64 --build=amd64-pc-solaris2.11 --host=amd64-pc-solaris2.11
BOOT_CFLAGS=-g -O2