This is the mail archive of the
gcc-testresults@gcc.gnu.org
mailing list for the GCC project.
Results for 8.0.0 20170801 (experimental) (AVR_8_bit_GNU_Toolchain_4.0.0_559) gcc testsuite on avr-unknown-none
- From: <avr-atmega1280@ba46d142c1df>
- To: <gcc-testresults at gcc dot gnu dot org>
- Date: Tue, 1 Aug 2017 21:20:26 +0000
- Subject: Results for 8.0.0 20170801 (experimental) (AVR_8_bit_GNU_Toolchain_4.0.0_559) gcc testsuite on avr-unknown-none
- Authentication-results: sourceware.org; auth=none
Target is avr-unknown-none
Host is x86_64-pc-linux-gnu
=== gcc tests ===
Running target atmega128-sim/-mrelax
FAIL: gcc.c-torture/execute/builtins/mempcpy-2.c execution, -O0
FAIL: gcc.c-torture/execute/builtins/mempcpy-2.c execution, -O1
FAIL: gcc.c-torture/execute/builtins/mempcpy-2.c execution, -O2
FAIL: gcc.c-torture/execute/builtins/mempcpy-2.c execution, -O3 -g
FAIL: gcc.c-torture/execute/builtins/mempcpy-2.c execution, -Os
FAIL: gcc.c-torture/execute/builtins/mempcpy-2.c execution, -Og -g
FAIL: gcc.c-torture/execute/builtins/mempcpy-2.c execution, -O2 -flto -fno-use-linker-plugin -flto-partition=none
FAIL: gcc.c-torture/execute/builtins/mempcpy-2.c execution, -O2 -flto -fuse-linker-plugin -fno-fat-lto-objects
FAIL: gcc.c-torture/execute/builtins/mempcpy-chk.c execution, -O1
FAIL: gcc.c-torture/execute/builtins/mempcpy-chk.c execution, -O2
FAIL: gcc.c-torture/execute/builtins/mempcpy-chk.c execution, -O3 -fomit-frame-pointer -funroll-loops -fpeel-loops -ftracer -finline-functions
FAIL: gcc.c-torture/execute/builtins/mempcpy-chk.c execution, -O3 -g
FAIL: gcc.c-torture/execute/builtins/mempcpy-chk.c execution, -Os
FAIL: gcc.c-torture/execute/builtins/mempcpy-chk.c execution, -Og -g
FAIL: gcc.c-torture/execute/builtins/mempcpy-chk.c execution, -O2 -flto -fno-use-linker-plugin -flto-partition=none
FAIL: gcc.c-torture/execute/builtins/mempcpy-chk.c compilation, -O2 -flto -fuse-linker-plugin -fno-fat-lto-objects (internal compiler error)
UNRESOLVED: gcc.c-torture/execute/builtins/mempcpy-chk.c execution, -O2 -flto -fuse-linker-plugin -fno-fat-lto-objects
FAIL: gcc.c-torture/execute/builtins/mempcpy.c execution, -O0
FAIL: gcc.c-torture/execute/builtins/mempcpy.c compilation, -O1 (internal compiler error)
UNRESOLVED: gcc.c-torture/execute/builtins/mempcpy.c execution, -O1
FAIL: gcc.c-torture/execute/builtins/mempcpy.c compilation, -O2 (internal compiler error)
UNRESOLVED: gcc.c-torture/execute/builtins/mempcpy.c execution, -O2
FAIL: gcc.c-torture/execute/builtins/mempcpy.c compilation, -O3 -g (internal compiler error)
UNRESOLVED: gcc.c-torture/execute/builtins/mempcpy.c execution, -O3 -g
FAIL: gcc.c-torture/execute/builtins/mempcpy.c compilation, -Os (internal compiler error)
UNRESOLVED: gcc.c-torture/execute/builtins/mempcpy.c execution, -Os
FAIL: gcc.c-torture/execute/builtins/mempcpy.c compilation, -Og -g (internal compiler error)
UNRESOLVED: gcc.c-torture/execute/builtins/mempcpy.c execution, -Og -g
FAIL: gcc.c-torture/execute/builtins/mempcpy.c compilation, -O2 -flto -fno-use-linker-plugin -flto-partition=none (internal compiler error)
UNRESOLVED: gcc.c-torture/execute/builtins/mempcpy.c execution, -O2 -flto -fno-use-linker-plugin -flto-partition=none
FAIL: gcc.c-torture/execute/builtins/mempcpy.c execution, -O2 -flto -fuse-linker-plugin -fno-fat-lto-objects
FAIL: gcc.c-torture/execute/builtins/stpcpy-chk.c execution, -Os
FAIL: gcc.c-torture/execute/builtins/strpcpy-2.c execution, -Os
FAIL: gcc.c-torture/execute/builtins/strpcpy.c execution, -Os
FAIL: gcc.c-torture/execute/pr23135.c -O0 (test for excess errors)
FAIL: gcc.c-torture/execute/pr23135.c -O1 (test for excess errors)
FAIL: gcc.c-torture/execute/pr23135.c -O2 (test for excess errors)
FAIL: gcc.c-torture/execute/pr23135.c -O3 -g (test for excess errors)
FAIL: gcc.c-torture/execute/pr23135.c -Os (test for excess errors)
FAIL: gcc.c-torture/execute/pr23135.c -O2 -flto -fno-use-linker-plugin -flto-partition=none (test for excess errors)
FAIL: gcc.c-torture/execute/pr23135.c -O2 -flto -fuse-linker-plugin -fno-fat-lto-objects (test for excess errors)
FAIL: gcc.c-torture/execute/pr70460.c -O0 execution test
FAIL: gcc.c-torture/execute/pr70460.c -O1 execution test
FAIL: gcc.c-torture/execute/pr70460.c -O2 execution test
FAIL: gcc.c-torture/execute/pr70460.c -Os execution test
FAIL: gcc.c-torture/execute/pr70460.c -O2 -flto -fno-use-linker-plugin -flto-partition=none execution test
FAIL: gcc.c-torture/execute/pr70460.c -O2 -flto -fuse-linker-plugin -fno-fat-lto-objects execution test
FAIL: gcc.dg/20141029-1.c scan-rtl-dump-times final "mem/v(/.)*:HI" 4
FAIL: gcc.dg/Wsign-conversion.c (test for warnings, line 63)
FAIL: gcc.dg/Wsign-conversion.c (test for warnings, line 64)
FAIL: gcc.dg/Wsign-conversion.c (test for excess errors)
XPASS: gcc.dg/Wtype-limits-Wextra.c (test for excess errors)
FAIL: gcc.dg/addr_equal-1.c execution test
XPASS: gcc.dg/attr-alloc_size-11.c missing range info for signed char (test for warnings, line 50)
XPASS: gcc.dg/attr-alloc_size-11.c missing range info for short (test for warnings, line 51)
FAIL: gcc.dg/attr-alloc_size-3.c (test for excess errors)
FAIL: gcc.dg/attr-alloc_size-4.c (test for warnings, line 165)
FAIL: gcc.dg/attr-alloc_size-4.c (test for excess errors)
XPASS: gcc.dg/builtin-return-1.c execution test
FAIL: gcc.dg/builtin-stringop-chk-4.c (internal compiler error)
FAIL: gcc.dg/builtin-stringop-chk-4.c (test for warnings, line 185)
FAIL: gcc.dg/builtin-stringop-chk-4.c (test for warnings, line 187)
FAIL: gcc.dg/builtin-stringop-chk-4.c (test for warnings, line 189)
FAIL: gcc.dg/builtin-stringop-chk-4.c (test for warnings, line 190)
FAIL: gcc.dg/builtin-stringop-chk-4.c (test for warnings, line 191)
FAIL: gcc.dg/builtin-stringop-chk-4.c (test for warnings, line 196)
FAIL: gcc.dg/builtin-stringop-chk-4.c (test for warnings, line 211)
FAIL: gcc.dg/builtin-stringop-chk-4.c (test for warnings, line 213)
FAIL: gcc.dg/builtin-stringop-chk-4.c (test for warnings, line 215)
FAIL: gcc.dg/builtin-stringop-chk-4.c (test for warnings, line 216)
FAIL: gcc.dg/builtin-stringop-chk-4.c (test for warnings, line 217)
FAIL: gcc.dg/builtin-stringop-chk-4.c (test for warnings, line 222)
FAIL: gcc.dg/builtin-stringop-chk-4.c (test for warnings, line 237)
FAIL: gcc.dg/builtin-stringop-chk-4.c (test for warnings, line 239)
FAIL: gcc.dg/builtin-stringop-chk-4.c (test for warnings, line 241)
FAIL: gcc.dg/builtin-stringop-chk-4.c (test for warnings, line 242)
FAIL: gcc.dg/builtin-stringop-chk-4.c (test for warnings, line 243)
FAIL: gcc.dg/builtin-stringop-chk-4.c (test for warnings, line 248)
FAIL: gcc.dg/builtin-stringop-chk-4.c (test for warnings, line 263)
FAIL: gcc.dg/builtin-stringop-chk-4.c (test for warnings, line 302)
FAIL: gcc.dg/builtin-stringop-chk-4.c (test for warnings, line 305)
FAIL: gcc.dg/builtin-stringop-chk-4.c (test for warnings, line 319)
FAIL: gcc.dg/builtin-stringop-chk-4.c (test for warnings, line 320)
FAIL: gcc.dg/builtin-stringop-chk-4.c (test for warnings, line 321)
FAIL: gcc.dg/builtin-stringop-chk-4.c (test for warnings, line 322)
FAIL: gcc.dg/builtin-stringop-chk-4.c (test for warnings, line 323)
FAIL: gcc.dg/builtin-stringop-chk-4.c (test for warnings, line 324)
FAIL: gcc.dg/builtin-stringop-chk-4.c (test for warnings, line 326)
FAIL: gcc.dg/builtin-stringop-chk-4.c (test for warnings, line 328)
FAIL: gcc.dg/builtin-stringop-chk-4.c (test for warnings, line 346)
FAIL: gcc.dg/builtin-stringop-chk-4.c (test for warnings, line 347)
FAIL: gcc.dg/builtin-stringop-chk-4.c (test for warnings, line 353)
FAIL: gcc.dg/builtin-stringop-chk-4.c (test for warnings, line 354)
FAIL: gcc.dg/builtin-stringop-chk-4.c (test for warnings, line 361)
FAIL: gcc.dg/builtin-stringop-chk-4.c (test for warnings, line 362)
FAIL: gcc.dg/builtin-stringop-chk-4.c (test for warnings, line 363)
FAIL: gcc.dg/builtin-stringop-chk-4.c (test for warnings, line 369)
FAIL: gcc.dg/builtin-stringop-chk-4.c (test for warnings, line 370)
FAIL: gcc.dg/builtin-stringop-chk-4.c (test for warnings, line 395)
FAIL: gcc.dg/builtin-stringop-chk-4.c (test for warnings, line 401)
FAIL: gcc.dg/builtin-stringop-chk-4.c (test for warnings, line 403)
FAIL: gcc.dg/builtin-stringop-chk-4.c (test for warnings, line 405)
FAIL: gcc.dg/builtin-stringop-chk-4.c (test for warnings, line 421)
FAIL: gcc.dg/builtin-stringop-chk-4.c (test for warnings, line 425)
FAIL: gcc.dg/builtin-stringop-chk-4.c (test for warnings, line 427)
FAIL: gcc.dg/builtin-stringop-chk-4.c (test for warnings, line 428)
FAIL: gcc.dg/builtin-stringop-chk-4.c (test for warnings, line 429)
FAIL: gcc.dg/builtin-stringop-chk-4.c (test for warnings, line 430)
FAIL: gcc.dg/builtin-stringop-chk-4.c (test for warnings, line 436)
FAIL: gcc.dg/builtin-stringop-chk-4.c (test for warnings, line 437)
FAIL: gcc.dg/builtin-stringop-chk-4.c (test for warnings, line 471)
FAIL: gcc.dg/builtin-stringop-chk-4.c (test for warnings, line 472)
FAIL: gcc.dg/builtin-stringop-chk-4.c (test for warnings, line 473)
FAIL: gcc.dg/builtin-stringop-chk-4.c (test for warnings, line 475)
FAIL: gcc.dg/builtin-stringop-chk-4.c (test for warnings, line 479)
FAIL: gcc.dg/builtin-stringop-chk-4.c (test for warnings, line 480)
FAIL: gcc.dg/builtin-stringop-chk-4.c (test for warnings, line 493)
FAIL: gcc.dg/builtin-stringop-chk-4.c (test for warnings, line 503)
FAIL: gcc.dg/builtin-stringop-chk-4.c (test for excess errors)
FAIL: gcc.dg/builtin-stringop-chk-7.c (test for excess errors)
FAIL: gcc.dg/fold-convmaxconv-1.c scan-tree-dump-not optimized " = MAX_EXPR <x_[0-9]*"
FAIL: gcc.dg/fold-convminconv-1.c scan-tree-dump-not optimized " = MIN_EXPR <x_[0-9]*"
FAIL: gcc.dg/gimplefe-14.c execution test
FAIL: gcc.dg/ifcvt-4.c scan-rtl-dump ce1 "2 true changes made"
XPASS: gcc.dg/memcpy-1.c scan-tree-dump-times optimized "nasty_local\\\\." 0
FAIL: gcc.dg/pr21643.c scan-tree-dump-times reassoc1 "Optimizing range tests c_[0-9]*.D. -.0, 31. and -.32, 32.[\\n\\r]* into" 6
FAIL: gcc.dg/pr59963-2.c (test for excess errors)
FAIL: gcc.dg/pr63387-2.c scan-tree-dump-not optimized "ccc[^\\n\\r]* ord ddd"
FAIL: gcc.dg/pr63387.c scan-tree-dump-not optimized "ccc[^\\n\\r]* unord ddd"
FAIL: gcc.dg/pr67786.c output pattern test, is , should match 15
XPASS: gcc.dg/pr78768.c -Wformat-overflow (test for warnings, line 12)
FAIL: gcc.dg/pr78973.c pr79073 (test for warnings, line 12)
FAIL: gcc.dg/pr81192.c scan-tree-dump-times pre "(?n)find_duplicates: <bb .*> duplicate of <bb .*>" 1
FAIL: gcc.dg/strlenopt-33g.c (test for excess errors)
UNRESOLVED: gcc.dg/strlenopt-33g.c compilation failed to produce executable
XPASS: gcc.dg/strlenopt-8.c scan-tree-dump-times strlen "strlen \\\\(" 0
FAIL: gcc.dg/strlenopt-8.c scan-tree-dump-times strlen "memcpy \\\\(" 2
FAIL: gcc.dg/utf16-4.c (test for warnings, line 15)
FAIL: gcc.dg/utf16-4.c (test for excess errors)
FAIL: c-c++-common/pr27336.c -Wc++-compat scan-tree-dump vrp1 "return 1;"
FAIL: gcc.dg/lto/20081120-1 c_lto_20081120-1_0.o-c_lto_20081120-1_1.o link, -flto -r -nostdlib
UNRESOLVED: gcc.dg/lto/20081120-1 c_lto_20081120-1_0.o-c_lto_20081120-1_1.o execute -flto -r -nostdlib
FAIL: gcc.dg/lto/20081120-2 c_lto_20081120-2_0.o-c_lto_20081120-2_1.o link, -flto -flto-partition=1to1 -r -nostdlib
UNRESOLVED: gcc.dg/lto/20081120-2 c_lto_20081120-2_0.o-c_lto_20081120-2_1.o execute -flto -flto-partition=1to1 -r -nostdlib
FAIL: gcc.dg/lto/20081212-1 c_lto_20081212-1_0.o-c_lto_20081212-1_0.o link, -r -nostdlib
UNRESOLVED: gcc.dg/lto/20081212-1 c_lto_20081212-1_0.o-c_lto_20081212-1_0.o execute -r -nostdlib
FAIL: scan-symbol exported_var: dump file does not exist
FAIL: gcc.dg/lto/20090126-1 c_lto_20090126-1_0.o-c_lto_20090126-1_0.o link, -O0 -flto -flto-partition=1to1
UNRESOLVED: gcc.dg/lto/20090126-1 c_lto_20090126-1_0.o-c_lto_20090126-1_0.o execute -O0 -flto -flto-partition=1to1
FAIL: gcc.dg/lto/20091027-1 c_lto_20091027-1_0.o-c_lto_20091027-1_1.o link, -O0 -flto -flto-partition=none -fuse-linker-plugin
UNRESOLVED: gcc.dg/lto/20091027-1 c_lto_20091027-1_0.o-c_lto_20091027-1_1.o execute -O0 -flto -flto-partition=none -fuse-linker-plugin
FAIL: gcc.dg/lto/20091027-1 c_lto_20091027-1_0.o-c_lto_20091027-1_1.o link, -O2 -flto -flto-partition=none -fuse-linker-plugin -fno-fat-lto-objects
UNRESOLVED: gcc.dg/lto/20091027-1 c_lto_20091027-1_0.o-c_lto_20091027-1_1.o execute -O2 -flto -flto-partition=none -fuse-linker-plugin -fno-fat-lto-objects
FAIL: gcc.dg/lto/20091027-1 c_lto_20091027-1_0.o-c_lto_20091027-1_1.o link, -O0 -flto -flto-partition=1to1 -fno-use-linker-plugin
UNRESOLVED: gcc.dg/lto/20091027-1 c_lto_20091027-1_0.o-c_lto_20091027-1_1.o execute -O0 -flto -flto-partition=1to1 -fno-use-linker-plugin
FAIL: gcc.dg/lto/20091027-1 c_lto_20091027-1_0.o-c_lto_20091027-1_1.o link, -O2 -flto -flto-partition=1to1 -fno-use-linker-plugin
UNRESOLVED: gcc.dg/lto/20091027-1 c_lto_20091027-1_0.o-c_lto_20091027-1_1.o execute -O2 -flto -flto-partition=1to1 -fno-use-linker-plugin
FAIL: gcc.dg/lto/20091027-1 c_lto_20091027-1_0.o-c_lto_20091027-1_1.o link, -O0 -flto -fuse-linker-plugin -fno-fat-lto-objects
UNRESOLVED: gcc.dg/lto/20091027-1 c_lto_20091027-1_0.o-c_lto_20091027-1_1.o execute -O0 -flto -fuse-linker-plugin -fno-fat-lto-objects
FAIL: gcc.dg/lto/20091027-1 c_lto_20091027-1_0.o-c_lto_20091027-1_1.o link, -O2 -flto -fuse-linker-plugin
UNRESOLVED: gcc.dg/lto/20091027-1 c_lto_20091027-1_0.o-c_lto_20091027-1_1.o execute -O2 -flto -fuse-linker-plugin
FAIL: gcc.dg/lto/20100426 c_lto_20100426_0.o-c_lto_20100426_0.o link, -r -nostdlib -flto -g
UNRESOLVED: gcc.dg/lto/20100426 c_lto_20100426_0.o-c_lto_20100426_0.o execute -r -nostdlib -flto -g
FAIL: gcc.dg/lto/20100430-1 c_lto_20100430-1_0.o-c_lto_20100430-1_0.o link, -O2 -fprofile-arcs -flto -r -nostdlib
UNRESOLVED: gcc.dg/lto/20100430-1 c_lto_20100430-1_0.o-c_lto_20100430-1_0.o execute -O2 -fprofile-arcs -flto -r -nostdlib
FAIL: gcc.dg/lto/20100603-1 c_lto_20100603-1_0.o-c_lto_20100603-1_0.o link, -O0 -flto -flto-partition=none -fuse-linker-plugin
UNRESOLVED: gcc.dg/lto/20100603-1 c_lto_20100603-1_0.o-c_lto_20100603-1_0.o execute -O0 -flto -flto-partition=none -fuse-linker-plugin
FAIL: gcc.dg/lto/20100603-1 c_lto_20100603-1_0.o-c_lto_20100603-1_0.o link, -O2 -flto -flto-partition=none -fuse-linker-plugin -fno-fat-lto-objects
UNRESOLVED: gcc.dg/lto/20100603-1 c_lto_20100603-1_0.o-c_lto_20100603-1_0.o execute -O2 -flto -flto-partition=none -fuse-linker-plugin -fno-fat-lto-objects
FAIL: gcc.dg/lto/20100603-1 c_lto_20100603-1_0.o-c_lto_20100603-1_0.o link, -O0 -flto -flto-partition=1to1 -fno-use-linker-plugin
UNRESOLVED: gcc.dg/lto/20100603-1 c_lto_20100603-1_0.o-c_lto_20100603-1_0.o execute -O0 -flto -flto-partition=1to1 -fno-use-linker-plugin
FAIL: gcc.dg/lto/20100603-1 c_lto_20100603-1_0.o-c_lto_20100603-1_0.o link, -O2 -flto -flto-partition=1to1 -fno-use-linker-plugin
UNRESOLVED: gcc.dg/lto/20100603-1 c_lto_20100603-1_0.o-c_lto_20100603-1_0.o execute -O2 -flto -flto-partition=1to1 -fno-use-linker-plugin
FAIL: gcc.dg/lto/20100603-1 c_lto_20100603-1_0.o-c_lto_20100603-1_0.o link, -O0 -flto -fuse-linker-plugin -fno-fat-lto-objects
UNRESOLVED: gcc.dg/lto/20100603-1 c_lto_20100603-1_0.o-c_lto_20100603-1_0.o execute -O0 -flto -fuse-linker-plugin -fno-fat-lto-objects
FAIL: gcc.dg/lto/20100603-1 c_lto_20100603-1_0.o-c_lto_20100603-1_0.o link, -O2 -flto -fuse-linker-plugin
UNRESOLVED: gcc.dg/lto/20100603-1 c_lto_20100603-1_0.o-c_lto_20100603-1_0.o execute -O2 -flto -fuse-linker-plugin
FAIL: gcc.dg/lto/20100603-2 c_lto_20100603-2_0.o-c_lto_20100603-2_0.o link, -O0 -flto -flto-partition=none -fuse-linker-plugin
UNRESOLVED: gcc.dg/lto/20100603-2 c_lto_20100603-2_0.o-c_lto_20100603-2_0.o execute -O0 -flto -flto-partition=none -fuse-linker-plugin
FAIL: gcc.dg/lto/20100603-2 c_lto_20100603-2_0.o-c_lto_20100603-2_0.o link, -O2 -flto -flto-partition=none -fuse-linker-plugin -fno-fat-lto-objects
UNRESOLVED: gcc.dg/lto/20100603-2 c_lto_20100603-2_0.o-c_lto_20100603-2_0.o execute -O2 -flto -flto-partition=none -fuse-linker-plugin -fno-fat-lto-objects
FAIL: gcc.dg/lto/20100603-2 c_lto_20100603-2_0.o-c_lto_20100603-2_0.o link, -O0 -flto -flto-partition=1to1 -fno-use-linker-plugin
UNRESOLVED: gcc.dg/lto/20100603-2 c_lto_20100603-2_0.o-c_lto_20100603-2_0.o execute -O0 -flto -flto-partition=1to1 -fno-use-linker-plugin
FAIL: gcc.dg/lto/20100603-2 c_lto_20100603-2_0.o-c_lto_20100603-2_0.o link, -O2 -flto -flto-partition=1to1 -fno-use-linker-plugin
UNRESOLVED: gcc.dg/lto/20100603-2 c_lto_20100603-2_0.o-c_lto_20100603-2_0.o execute -O2 -flto -flto-partition=1to1 -fno-use-linker-plugin
FAIL: gcc.dg/lto/20100603-2 c_lto_20100603-2_0.o-c_lto_20100603-2_0.o link, -O0 -flto -fuse-linker-plugin -fno-fat-lto-objects
UNRESOLVED: gcc.dg/lto/20100603-2 c_lto_20100603-2_0.o-c_lto_20100603-2_0.o execute -O0 -flto -fuse-linker-plugin -fno-fat-lto-objects
FAIL: gcc.dg/lto/20100603-2 c_lto_20100603-2_0.o-c_lto_20100603-2_0.o link, -O2 -flto -fuse-linker-plugin
UNRESOLVED: gcc.dg/lto/20100603-2 c_lto_20100603-2_0.o-c_lto_20100603-2_0.o execute -O2 -flto -fuse-linker-plugin
FAIL: gcc.dg/lto/20100603-3 c_lto_20100603-3_0.o-c_lto_20100603-3_0.o link, -O0 -flto -flto-partition=none -fuse-linker-plugin
UNRESOLVED: gcc.dg/lto/20100603-3 c_lto_20100603-3_0.o-c_lto_20100603-3_0.o execute -O0 -flto -flto-partition=none -fuse-linker-plugin
FAIL: gcc.dg/lto/20100603-3 c_lto_20100603-3_0.o-c_lto_20100603-3_0.o link, -O2 -flto -flto-partition=none -fuse-linker-plugin -fno-fat-lto-objects
UNRESOLVED: gcc.dg/lto/20100603-3 c_lto_20100603-3_0.o-c_lto_20100603-3_0.o execute -O2 -flto -flto-partition=none -fuse-linker-plugin -fno-fat-lto-objects
FAIL: gcc.dg/lto/20100603-3 c_lto_20100603-3_0.o-c_lto_20100603-3_0.o link, -O0 -flto -flto-partition=1to1 -fno-use-linker-plugin
UNRESOLVED: gcc.dg/lto/20100603-3 c_lto_20100603-3_0.o-c_lto_20100603-3_0.o execute -O0 -flto -flto-partition=1to1 -fno-use-linker-plugin
FAIL: gcc.dg/lto/20100603-3 c_lto_20100603-3_0.o-c_lto_20100603-3_0.o link, -O2 -flto -flto-partition=1to1 -fno-use-linker-plugin
UNRESOLVED: gcc.dg/lto/20100603-3 c_lto_20100603-3_0.o-c_lto_20100603-3_0.o execute -O2 -flto -flto-partition=1to1 -fno-use-linker-plugin
FAIL: gcc.dg/lto/20100603-3 c_lto_20100603-3_0.o-c_lto_20100603-3_0.o link, -O0 -flto -fuse-linker-plugin -fno-fat-lto-objects
UNRESOLVED: gcc.dg/lto/20100603-3 c_lto_20100603-3_0.o-c_lto_20100603-3_0.o execute -O0 -flto -fuse-linker-plugin -fno-fat-lto-objects
FAIL: gcc.dg/lto/20100603-3 c_lto_20100603-3_0.o-c_lto_20100603-3_0.o link, -O2 -flto -fuse-linker-plugin
UNRESOLVED: gcc.dg/lto/20100603-3 c_lto_20100603-3_0.o-c_lto_20100603-3_0.o execute -O2 -flto -fuse-linker-plugin
FAIL: gcc.dg/lto/20111213-1 c_lto_20111213-1_0.o-c_lto_20111213-1_0.o link, -flto -g
UNRESOLVED: gcc.dg/lto/20111213-1 c_lto_20111213-1_0.o-c_lto_20111213-1_0.o execute -flto -g
FAIL: gcc.dg/lto/pr45736 c_lto_pr45736_0.o-c_lto_pr45736_0.o link, -flto -r -nostdlib -O
UNRESOLVED: gcc.dg/lto/pr45736 c_lto_pr45736_0.o-c_lto_pr45736_0.o execute -flto -r -nostdlib -O
FAIL: gcc.dg/lto/pr54702 c_lto_pr54702_0.o-c_lto_pr54702_1.o link, -O2 -flto -w
UNRESOLVED: gcc.dg/lto/pr54702 c_lto_pr54702_0.o-c_lto_pr54702_1.o execute -O2 -flto -w
FAIL: gcc.dg/lto/pr59323-2 c_lto_pr59323-2_0.o-c_lto_pr59323-2_0.o link, -O2 -g -flto
UNRESOLVED: gcc.dg/lto/pr59323-2 c_lto_pr59323-2_0.o-c_lto_pr59323-2_0.o execute -O2 -g -flto
FAIL: gcc.dg/lto/pr59323 c_lto_pr59323_0.o-c_lto_pr59323_0.o link, -O2 -g -flto
UNRESOLVED: gcc.dg/lto/pr59323 c_lto_pr59323_0.o-c_lto_pr59323_0.o execute -O2 -g -flto
FAIL: gcc.dg/lto/pr60820 c_lto_pr60820_0.o-c_lto_pr60820_1.o link, -flto -r -nostdlib -O2
UNRESOLVED: gcc.dg/lto/pr60820 c_lto_pr60820_0.o-c_lto_pr60820_1.o execute -flto -r -nostdlib -O2
FAIL: c-c++-common/torture/builtin-arith-overflow-14.c -O0 (test for excess errors)
UNRESOLVED: c-c++-common/torture/builtin-arith-overflow-14.c -O0 compilation failed to produce executable
FAIL: c-c++-common/torture/builtin-arith-overflow-14.c -O2 (test for excess errors)
UNRESOLVED: c-c++-common/torture/builtin-arith-overflow-14.c -O2 compilation failed to produce executable
FAIL: c-c++-common/torture/builtin-arith-overflow-14.c -O2 -flto -fno-use-linker-plugin -flto-partition=none (test for excess errors)
UNRESOLVED: c-c++-common/torture/builtin-arith-overflow-14.c -O2 -flto -fno-use-linker-plugin -flto-partition=none compilation failed to produce executable
FAIL: c-c++-common/torture/builtin-arith-overflow-3.c -O0 (test for excess errors)
UNRESOLVED: c-c++-common/torture/builtin-arith-overflow-3.c -O0 compilation failed to produce executable
FAIL: c-c++-common/torture/builtin-arith-overflow-p-14.c -O0 (test for excess errors)
UNRESOLVED: c-c++-common/torture/builtin-arith-overflow-p-14.c -O0 compilation failed to produce executable
FAIL: c-c++-common/torture/builtin-arith-overflow-p-14.c -O2 execution test
FAIL: c-c++-common/torture/builtin-arith-overflow-p-14.c -O2 -flto -fno-use-linker-plugin -flto-partition=none execution test
FAIL: c-c++-common/torture/builtin-arith-overflow-p-3.c -O0 (test for excess errors)
UNRESOLVED: c-c++-common/torture/builtin-arith-overflow-p-3.c -O0 compilation failed to produce executable
FAIL: gcc.dg/torture/20090618-1.c -O1 execution test
FAIL: gcc.dg/torture/20090618-1.c -O2 execution test
FAIL: gcc.dg/torture/20090618-1.c -O3 -g execution test
FAIL: gcc.dg/torture/20090618-1.c -Os execution test
FAIL: gcc.dg/torture/20090618-1.c -O2 -flto -fno-use-linker-plugin -flto-partition=none execution test
FAIL: gcc.dg/torture/20090618-1.c -O2 -flto -fuse-linker-plugin -fno-fat-lto-objects execution test
FAIL: gcc.dg/torture/pr68955.c -O0 output pattern test, is , should match ONE1ONE
FAIL: gcc.dg/torture/pr68955.c -O1 output pattern test, is , should match ONE1ONE
FAIL: gcc.dg/torture/pr68955.c -O2 output pattern test, is , should match ONE1ONE
FAIL: gcc.dg/torture/pr68955.c -O3 -fomit-frame-pointer -funroll-loops -fpeel-loops -ftracer -finline-functions output pattern test, is , should match ONE1ONE
FAIL: gcc.dg/torture/pr68955.c -O3 -g output pattern test, is , should match ONE1ONE
FAIL: gcc.dg/torture/pr68955.c -Os output pattern test, is , should match ONE1ONE
FAIL: gcc.dg/torture/pr68955.c -O2 -flto -fno-use-linker-plugin -flto-partition=none output pattern test, is , should match ONE1ONE
FAIL: gcc.dg/torture/pr68955.c -O2 -flto -fuse-linker-plugin -fno-fat-lto-objects output pattern test, is , should match ONE1ONE
XPASS: gcc.dg/tree-ssa/20040204-1.c scan-tree-dump-times optimized "link_error" 0
FAIL: gcc.dg/tree-ssa/addadd.c scan-tree-dump-times optimized "\\\\(unsigned int\\\\)" 2
FAIL: gcc.dg/tree-ssa/alias-32.c scan-tree-dump-times cddce1 "\\\\*[^ ]" 1
FAIL: gcc.dg/tree-ssa/builtin-sprintf-2.c scan-tree-dump-times optimized "> \\\\[[0-9.]+%\\\\] \\\\[count: [0-9INV]*\\\\]:\\n *must_not_eliminate" 96
FAIL: gcc.dg/tree-ssa/builtin-sprintf-2.c scan-tree-dump-not optimized ";\\n *must_not_eliminate"
FAIL: gcc.dg/tree-ssa/builtin-sprintf-warn-6.c scan-tree-dump-not optimized "abort"
FAIL: gcc.dg/tree-ssa/builtin-sprintf.c (test for excess errors)
UNRESOLVED: gcc.dg/tree-ssa/builtin-sprintf.c compilation failed to produce executable
FAIL: gcc.dg/tree-ssa/ldist-25.c (test for excess errors)
UNRESOLVED: gcc.dg/tree-ssa/ldist-25.c scan-tree-dump ldist "Loop . is the same"
FAIL: gcc.dg/tree-ssa/phi-opt-11.c scan-tree-dump-times optimized "if" 0
FAIL: gcc.dg/tree-ssa/pr78154.c scan-tree-dump-not evrp "__builtin_abort"
FAIL: gcc.dg/tree-ssa/pr79327-2.c scan-tree-dump-times optimized "keep_call_on_line" 43
FAIL: gcc.dg/tree-ssa/pr80803.c (test for excess errors)
FAIL: gcc.dg/tree-ssa/pr80803.c execution test
FAIL: gcc.dg/tree-ssa/pr80887.c (internal compiler error)
FAIL: gcc.dg/tree-ssa/pr80887.c (test for excess errors)
FAIL: gcc.dg/tree-ssa/pr80898-2.c (test for excess errors)
FAIL: gcc.dg/tree-ssa/pr80898-2.c execution test
FAIL: gcc.dg/tree-ssa/pr80898.c (test for excess errors)
UNRESOLVED: gcc.dg/tree-ssa/pr80898.c compilation failed to produce executable
FAIL: gcc.dg/tree-ssa/pr81346-4.c (test for excess errors)
FAIL: gcc.dg/tree-ssa/pr81346-5.c scan-tree-dump-times optimized "\\\\(signed int\\\\) x" 10
FAIL: gcc.dg/tree-ssa/pr81588.c scan-tree-dump-times reassoc1 "Optimizing range test [^\\n\\r]* and comparison" 1
FAIL: gcc.dg/tree-ssa/scev-8.c scan-tree-dump-not ivopts " Type:\\\\tADDRESS\\n Use [0-9].[0-9]:"
XPASS: gcc.dg/tree-ssa/ssa-fre-26.c scan-tree-dump fre1 "Replaced u.i with 0 in"
FAIL: gcc.dg/tree-ssa/ssa-hoist-4.c scan-tree-dump-times optimized "= \\\\*" 2
FAIL: gcc.dg/tree-ssa/ssa-hoist-4.c scan-tree-dump-times optimized "MAX_EXPR" 1
FAIL: gcc.dg/tree-ssa/ssa-sink-11.c scan-tree-dump optimized "MEM\\\\[.* \\\\+ 252B\\\\]"
FAIL: gcc.dg/tree-ssa/ssa-sink-12.c scan-tree-dump optimized "MEM\\\\[.* \\\\+ 252B\\\\]"
FAIL: gcc.dg/tree-ssa/ssa-sink-15.c scan-tree-dump-times optimized "goto" 0
FAIL: gcc.dg/tree-ssa/vrp111.c scan-tree-dump-not evrp "abort"
FAIL: gcc.dg/tree-ssa/vrp114.c (test for excess errors)
FAIL: gcc.dg/tree-ssa/vrp114.c scan-tree-dump-times evrp "link_error" 0
FAIL: gcc.target/avr/torture/pr57631.c -O0 (test for warnings, line 10)
FAIL: gcc.target/avr/torture/pr57631.c -O0 (test for warnings, line 15)
FAIL: gcc.target/avr/torture/pr57631.c -O0 (test for excess errors)
FAIL: gcc.target/avr/torture/pr57631.c -O1 (test for warnings, line 10)
FAIL: gcc.target/avr/torture/pr57631.c -O1 (test for warnings, line 15)
FAIL: gcc.target/avr/torture/pr57631.c -O1 (test for excess errors)
FAIL: gcc.target/avr/torture/pr57631.c -O2 (test for warnings, line 10)
FAIL: gcc.target/avr/torture/pr57631.c -O2 (test for warnings, line 15)
FAIL: gcc.target/avr/torture/pr57631.c -O2 (test for excess errors)
FAIL: gcc.target/avr/torture/pr57631.c -Os -flto (test for warnings, line 10)
FAIL: gcc.target/avr/torture/pr57631.c -Os -flto (test for warnings, line 15)
FAIL: gcc.target/avr/torture/pr57631.c -Os -flto (test for excess errors)
FAIL: gcc.target/avr/torture/pr57631.c -O2 -mcall-prologues (test for warnings, line 10)
FAIL: gcc.target/avr/torture/pr57631.c -O2 -mcall-prologues (test for warnings, line 15)
FAIL: gcc.target/avr/torture/pr57631.c -O2 -mcall-prologues (test for excess errors)
FAIL: gcc.target/avr/torture/pr57631.c -O2 -fdata-sections (test for warnings, line 10)
FAIL: gcc.target/avr/torture/pr57631.c -O2 -fdata-sections (test for warnings, line 15)
FAIL: gcc.target/avr/torture/pr57631.c -O2 -fdata-sections (test for excess errors)
FAIL: gcc.target/avr/torture/pr57631.c -O2 -fmerge-all-constants (test for warnings, line 10)
FAIL: gcc.target/avr/torture/pr57631.c -O2 -fmerge-all-constants (test for warnings, line 15)
FAIL: gcc.target/avr/torture/pr57631.c -O2 -fmerge-all-constants (test for excess errors)
FAIL: gcc.target/avr/torture/pr57631.c -Os -fomit-frame-pointer (test for warnings, line 10)
FAIL: gcc.target/avr/torture/pr57631.c -Os -fomit-frame-pointer (test for warnings, line 15)
FAIL: gcc.target/avr/torture/pr57631.c -Os -fomit-frame-pointer (test for excess errors)
FAIL: gcc.target/avr/torture/pr57631.c -Os -fomit-frame-pointer -finline-functions (test for warnings, line 10)
FAIL: gcc.target/avr/torture/pr57631.c -Os -fomit-frame-pointer -finline-functions (test for warnings, line 15)
FAIL: gcc.target/avr/torture/pr57631.c -Os -fomit-frame-pointer -finline-functions (test for excess errors)
FAIL: gcc.target/avr/torture/pr57631.c -O3 -g (test for warnings, line 10)
FAIL: gcc.target/avr/torture/pr57631.c -O3 -g (test for warnings, line 15)
FAIL: gcc.target/avr/torture/pr57631.c -O3 -g (test for excess errors)
FAIL: gcc.target/avr/torture/pr57631.c -Os -mcall-prologues (test for warnings, line 10)
FAIL: gcc.target/avr/torture/pr57631.c -Os -mcall-prologues (test for warnings, line 15)
FAIL: gcc.target/avr/torture/pr57631.c -Os -mcall-prologues (test for excess errors)
=== gcc Summary for atmega128-sim/-mrelax ===
# of expected passes 85060
# of unexpected failures 246
# of unexpected successes 9
# of expected failures 157
# of unresolved testcases 53
# of untested testcases 3
# of unsupported tests 4004
Running target atmega128-sim
FAIL: gcc.c-torture/execute/builtins/mempcpy-2.c execution, -O0
FAIL: gcc.c-torture/execute/builtins/mempcpy-2.c execution, -O1
FAIL: gcc.c-torture/execute/builtins/mempcpy-2.c execution, -O2
FAIL: gcc.c-torture/execute/builtins/mempcpy-2.c execution, -O3 -g
FAIL: gcc.c-torture/execute/builtins/mempcpy-2.c execution, -Os
FAIL: gcc.c-torture/execute/builtins/mempcpy-2.c execution, -Og -g
FAIL: gcc.c-torture/execute/builtins/mempcpy-2.c execution, -O2 -flto -fno-use-linker-plugin -flto-partition=none
FAIL: gcc.c-torture/execute/builtins/mempcpy-2.c execution, -O2 -flto -fuse-linker-plugin -fno-fat-lto-objects
FAIL: gcc.c-torture/execute/builtins/mempcpy-chk.c execution, -O1
FAIL: gcc.c-torture/execute/builtins/mempcpy-chk.c execution, -O2
FAIL: gcc.c-torture/execute/builtins/mempcpy-chk.c execution, -O3 -fomit-frame-pointer -funroll-loops -fpeel-loops -ftracer -finline-functions
FAIL: gcc.c-torture/execute/builtins/mempcpy-chk.c execution, -O3 -g
FAIL: gcc.c-torture/execute/builtins/mempcpy-chk.c execution, -Os
FAIL: gcc.c-torture/execute/builtins/mempcpy-chk.c execution, -Og -g
FAIL: gcc.c-torture/execute/builtins/mempcpy-chk.c execution, -O2 -flto -fno-use-linker-plugin -flto-partition=none
FAIL: gcc.c-torture/execute/builtins/mempcpy-chk.c compilation, -O2 -flto -fuse-linker-plugin -fno-fat-lto-objects (internal compiler error)
UNRESOLVED: gcc.c-torture/execute/builtins/mempcpy-chk.c execution, -O2 -flto -fuse-linker-plugin -fno-fat-lto-objects
FAIL: gcc.c-torture/execute/builtins/mempcpy.c execution, -O0
FAIL: gcc.c-torture/execute/builtins/mempcpy.c compilation, -O1 (internal compiler error)
UNRESOLVED: gcc.c-torture/execute/builtins/mempcpy.c execution, -O1
FAIL: gcc.c-torture/execute/builtins/mempcpy.c compilation, -O2 (internal compiler error)
UNRESOLVED: gcc.c-torture/execute/builtins/mempcpy.c execution, -O2
FAIL: gcc.c-torture/execute/builtins/mempcpy.c compilation, -O3 -g (internal compiler error)
UNRESOLVED: gcc.c-torture/execute/builtins/mempcpy.c execution, -O3 -g
FAIL: gcc.c-torture/execute/builtins/mempcpy.c compilation, -Os (internal compiler error)
UNRESOLVED: gcc.c-torture/execute/builtins/mempcpy.c execution, -Os
FAIL: gcc.c-torture/execute/builtins/mempcpy.c compilation, -Og -g (internal compiler error)
UNRESOLVED: gcc.c-torture/execute/builtins/mempcpy.c execution, -Og -g
FAIL: gcc.c-torture/execute/builtins/mempcpy.c compilation, -O2 -flto -fno-use-linker-plugin -flto-partition=none (internal compiler error)
UNRESOLVED: gcc.c-torture/execute/builtins/mempcpy.c execution, -O2 -flto -fno-use-linker-plugin -flto-partition=none
FAIL: gcc.c-torture/execute/builtins/mempcpy.c execution, -O2 -flto -fuse-linker-plugin -fno-fat-lto-objects
FAIL: gcc.c-torture/execute/builtins/stpcpy-chk.c execution, -Os
FAIL: gcc.c-torture/execute/builtins/strpcpy-2.c execution, -Os
FAIL: gcc.c-torture/execute/builtins/strpcpy.c execution, -Os
FAIL: gcc.c-torture/execute/pr23135.c -O0 (test for excess errors)
FAIL: gcc.c-torture/execute/pr23135.c -O1 (test for excess errors)
FAIL: gcc.c-torture/execute/pr23135.c -O2 (test for excess errors)
FAIL: gcc.c-torture/execute/pr23135.c -O3 -g (test for excess errors)
FAIL: gcc.c-torture/execute/pr23135.c -Os (test for excess errors)
FAIL: gcc.c-torture/execute/pr23135.c -O2 -flto -fno-use-linker-plugin -flto-partition=none (test for excess errors)
FAIL: gcc.c-torture/execute/pr23135.c -O2 -flto -fuse-linker-plugin -fno-fat-lto-objects (test for excess errors)
FAIL: gcc.c-torture/execute/pr70460.c -O0 execution test
FAIL: gcc.c-torture/execute/pr70460.c -O1 execution test
FAIL: gcc.c-torture/execute/pr70460.c -O2 execution test
FAIL: gcc.c-torture/execute/pr70460.c -Os execution test
FAIL: gcc.c-torture/execute/pr70460.c -O2 -flto -fno-use-linker-plugin -flto-partition=none execution test
FAIL: gcc.c-torture/execute/pr70460.c -O2 -flto -fuse-linker-plugin -fno-fat-lto-objects execution test
FAIL: gcc.dg/20141029-1.c scan-rtl-dump-times final "mem/v(/.)*:HI" 4
FAIL: gcc.dg/Wsign-conversion.c (test for warnings, line 63)
FAIL: gcc.dg/Wsign-conversion.c (test for warnings, line 64)
FAIL: gcc.dg/Wsign-conversion.c (test for excess errors)
XPASS: gcc.dg/Wtype-limits-Wextra.c (test for excess errors)
FAIL: gcc.dg/addr_equal-1.c execution test
XPASS: gcc.dg/attr-alloc_size-11.c missing range info for signed char (test for warnings, line 50)
XPASS: gcc.dg/attr-alloc_size-11.c missing range info for short (test for warnings, line 51)
FAIL: gcc.dg/attr-alloc_size-3.c (test for excess errors)
FAIL: gcc.dg/attr-alloc_size-4.c (test for warnings, line 165)
FAIL: gcc.dg/attr-alloc_size-4.c (test for excess errors)
XPASS: gcc.dg/builtin-return-1.c execution test
FAIL: gcc.dg/builtin-stringop-chk-4.c (internal compiler error)
FAIL: gcc.dg/builtin-stringop-chk-4.c (test for warnings, line 185)
FAIL: gcc.dg/builtin-stringop-chk-4.c (test for warnings, line 187)
FAIL: gcc.dg/builtin-stringop-chk-4.c (test for warnings, line 189)
FAIL: gcc.dg/builtin-stringop-chk-4.c (test for warnings, line 190)
FAIL: gcc.dg/builtin-stringop-chk-4.c (test for warnings, line 191)
FAIL: gcc.dg/builtin-stringop-chk-4.c (test for warnings, line 196)
FAIL: gcc.dg/builtin-stringop-chk-4.c (test for warnings, line 211)
FAIL: gcc.dg/builtin-stringop-chk-4.c (test for warnings, line 213)
FAIL: gcc.dg/builtin-stringop-chk-4.c (test for warnings, line 215)
FAIL: gcc.dg/builtin-stringop-chk-4.c (test for warnings, line 216)
FAIL: gcc.dg/builtin-stringop-chk-4.c (test for warnings, line 217)
FAIL: gcc.dg/builtin-stringop-chk-4.c (test for warnings, line 222)
FAIL: gcc.dg/builtin-stringop-chk-4.c (test for warnings, line 237)
FAIL: gcc.dg/builtin-stringop-chk-4.c (test for warnings, line 239)
FAIL: gcc.dg/builtin-stringop-chk-4.c (test for warnings, line 241)
FAIL: gcc.dg/builtin-stringop-chk-4.c (test for warnings, line 242)
FAIL: gcc.dg/builtin-stringop-chk-4.c (test for warnings, line 243)
FAIL: gcc.dg/builtin-stringop-chk-4.c (test for warnings, line 248)
FAIL: gcc.dg/builtin-stringop-chk-4.c (test for warnings, line 263)
FAIL: gcc.dg/builtin-stringop-chk-4.c (test for warnings, line 302)
FAIL: gcc.dg/builtin-stringop-chk-4.c (test for warnings, line 305)
FAIL: gcc.dg/builtin-stringop-chk-4.c (test for warnings, line 319)
FAIL: gcc.dg/builtin-stringop-chk-4.c (test for warnings, line 320)
FAIL: gcc.dg/builtin-stringop-chk-4.c (test for warnings, line 321)
FAIL: gcc.dg/builtin-stringop-chk-4.c (test for warnings, line 322)
FAIL: gcc.dg/builtin-stringop-chk-4.c (test for warnings, line 323)
FAIL: gcc.dg/builtin-stringop-chk-4.c (test for warnings, line 324)
FAIL: gcc.dg/builtin-stringop-chk-4.c (test for warnings, line 326)
FAIL: gcc.dg/builtin-stringop-chk-4.c (test for warnings, line 328)
FAIL: gcc.dg/builtin-stringop-chk-4.c (test for warnings, line 346)
FAIL: gcc.dg/builtin-stringop-chk-4.c (test for warnings, line 347)
FAIL: gcc.dg/builtin-stringop-chk-4.c (test for warnings, line 353)
FAIL: gcc.dg/builtin-stringop-chk-4.c (test for warnings, line 354)
FAIL: gcc.dg/builtin-stringop-chk-4.c (test for warnings, line 361)
FAIL: gcc.dg/builtin-stringop-chk-4.c (test for warnings, line 362)
FAIL: gcc.dg/builtin-stringop-chk-4.c (test for warnings, line 363)
FAIL: gcc.dg/builtin-stringop-chk-4.c (test for warnings, line 369)
FAIL: gcc.dg/builtin-stringop-chk-4.c (test for warnings, line 370)
FAIL: gcc.dg/builtin-stringop-chk-4.c (test for warnings, line 395)
FAIL: gcc.dg/builtin-stringop-chk-4.c (test for warnings, line 401)
FAIL: gcc.dg/builtin-stringop-chk-4.c (test for warnings, line 403)
FAIL: gcc.dg/builtin-stringop-chk-4.c (test for warnings, line 405)
FAIL: gcc.dg/builtin-stringop-chk-4.c (test for warnings, line 421)
FAIL: gcc.dg/builtin-stringop-chk-4.c (test for warnings, line 425)
FAIL: gcc.dg/builtin-stringop-chk-4.c (test for warnings, line 427)
FAIL: gcc.dg/builtin-stringop-chk-4.c (test for warnings, line 428)
FAIL: gcc.dg/builtin-stringop-chk-4.c (test for warnings, line 429)
FAIL: gcc.dg/builtin-stringop-chk-4.c (test for warnings, line 430)
FAIL: gcc.dg/builtin-stringop-chk-4.c (test for warnings, line 436)
FAIL: gcc.dg/builtin-stringop-chk-4.c (test for warnings, line 437)
FAIL: gcc.dg/builtin-stringop-chk-4.c (test for warnings, line 471)
FAIL: gcc.dg/builtin-stringop-chk-4.c (test for warnings, line 472)
FAIL: gcc.dg/builtin-stringop-chk-4.c (test for warnings, line 473)
FAIL: gcc.dg/builtin-stringop-chk-4.c (test for warnings, line 475)
FAIL: gcc.dg/builtin-stringop-chk-4.c (test for warnings, line 479)
FAIL: gcc.dg/builtin-stringop-chk-4.c (test for warnings, line 480)
FAIL: gcc.dg/builtin-stringop-chk-4.c (test for warnings, line 493)
FAIL: gcc.dg/builtin-stringop-chk-4.c (test for warnings, line 503)
FAIL: gcc.dg/builtin-stringop-chk-4.c (test for excess errors)
FAIL: gcc.dg/builtin-stringop-chk-7.c (test for excess errors)
FAIL: gcc.dg/fold-convmaxconv-1.c scan-tree-dump-not optimized " = MAX_EXPR <x_[0-9]*"
FAIL: gcc.dg/fold-convminconv-1.c scan-tree-dump-not optimized " = MIN_EXPR <x_[0-9]*"
FAIL: gcc.dg/gimplefe-14.c execution test
FAIL: gcc.dg/ifcvt-4.c scan-rtl-dump ce1 "2 true changes made"
XPASS: gcc.dg/memcpy-1.c scan-tree-dump-times optimized "nasty_local\\\\." 0
FAIL: gcc.dg/pr21643.c scan-tree-dump-times reassoc1 "Optimizing range tests c_[0-9]*.D. -.0, 31. and -.32, 32.[\\n\\r]* into" 6
FAIL: gcc.dg/pr59963-2.c (test for excess errors)
FAIL: gcc.dg/pr63387-2.c scan-tree-dump-not optimized "ccc[^\\n\\r]* ord ddd"
FAIL: gcc.dg/pr63387.c scan-tree-dump-not optimized "ccc[^\\n\\r]* unord ddd"
FAIL: gcc.dg/pr67786.c output pattern test, is , should match 15
XPASS: gcc.dg/pr78768.c -Wformat-overflow (test for warnings, line 12)
FAIL: gcc.dg/pr78973.c pr79073 (test for warnings, line 12)
FAIL: gcc.dg/pr81192.c scan-tree-dump-times pre "(?n)find_duplicates: <bb .*> duplicate of <bb .*>" 1
FAIL: gcc.dg/strlenopt-33g.c (test for excess errors)
UNRESOLVED: gcc.dg/strlenopt-33g.c compilation failed to produce executable
XPASS: gcc.dg/strlenopt-8.c scan-tree-dump-times strlen "strlen \\\\(" 0
FAIL: gcc.dg/strlenopt-8.c scan-tree-dump-times strlen "memcpy \\\\(" 2
FAIL: gcc.dg/utf16-4.c (test for warnings, line 15)
FAIL: gcc.dg/utf16-4.c (test for excess errors)
FAIL: c-c++-common/pr27336.c -Wc++-compat scan-tree-dump vrp1 "return 1;"
FAIL: c-c++-common/torture/builtin-arith-overflow-13.c -O0 (test for excess errors)
UNRESOLVED: c-c++-common/torture/builtin-arith-overflow-13.c -O0 compilation failed to produce executable
FAIL: c-c++-common/torture/builtin-arith-overflow-14.c -O0 (test for excess errors)
UNRESOLVED: c-c++-common/torture/builtin-arith-overflow-14.c -O0 compilation failed to produce executable
FAIL: c-c++-common/torture/builtin-arith-overflow-14.c -O2 (test for excess errors)
UNRESOLVED: c-c++-common/torture/builtin-arith-overflow-14.c -O2 compilation failed to produce executable
FAIL: c-c++-common/torture/builtin-arith-overflow-14.c -O2 -flto -fno-use-linker-plugin -flto-partition=none (test for excess errors)
UNRESOLVED: c-c++-common/torture/builtin-arith-overflow-14.c -O2 -flto -fno-use-linker-plugin -flto-partition=none compilation failed to produce executable
FAIL: c-c++-common/torture/builtin-arith-overflow-3.c -O0 (test for excess errors)
UNRESOLVED: c-c++-common/torture/builtin-arith-overflow-3.c -O0 compilation failed to produce executable
FAIL: c-c++-common/torture/builtin-arith-overflow-3.c -O2 (test for excess errors)
UNRESOLVED: c-c++-common/torture/builtin-arith-overflow-3.c -O2 compilation failed to produce executable
FAIL: c-c++-common/torture/builtin-arith-overflow-3.c -O2 -flto -fno-use-linker-plugin -flto-partition=none (test for excess errors)
UNRESOLVED: c-c++-common/torture/builtin-arith-overflow-3.c -O2 -flto -fno-use-linker-plugin -flto-partition=none compilation failed to produce executable
FAIL: c-c++-common/torture/builtin-arith-overflow-p-14.c -O0 (test for excess errors)
UNRESOLVED: c-c++-common/torture/builtin-arith-overflow-p-14.c -O0 compilation failed to produce executable
FAIL: c-c++-common/torture/builtin-arith-overflow-p-14.c -O2 execution test
FAIL: c-c++-common/torture/builtin-arith-overflow-p-14.c -O2 -flto -fno-use-linker-plugin -flto-partition=none execution test
FAIL: c-c++-common/torture/builtin-arith-overflow-p-3.c -O0 (test for excess errors)
UNRESOLVED: c-c++-common/torture/builtin-arith-overflow-p-3.c -O0 compilation failed to produce executable
FAIL: gcc.dg/torture/20090618-1.c -O1 execution test
FAIL: gcc.dg/torture/20090618-1.c -O2 execution test
FAIL: gcc.dg/torture/20090618-1.c -O3 -g execution test
FAIL: gcc.dg/torture/20090618-1.c -Os execution test
FAIL: gcc.dg/torture/20090618-1.c -O2 -flto -fno-use-linker-plugin -flto-partition=none execution test
FAIL: gcc.dg/torture/20090618-1.c -O2 -flto -fuse-linker-plugin -fno-fat-lto-objects execution test
FAIL: gcc.dg/torture/pr68955.c -O0 output pattern test, is , should match ONE1ONE
FAIL: gcc.dg/torture/pr68955.c -O1 output pattern test, is , should match ONE1ONE
FAIL: gcc.dg/torture/pr68955.c -O2 output pattern test, is , should match ONE1ONE
FAIL: gcc.dg/torture/pr68955.c -O3 -fomit-frame-pointer -funroll-loops -fpeel-loops -ftracer -finline-functions output pattern test, is , should match ONE1ONE
FAIL: gcc.dg/torture/pr68955.c -O3 -g output pattern test, is , should match ONE1ONE
FAIL: gcc.dg/torture/pr68955.c -Os output pattern test, is , should match ONE1ONE
FAIL: gcc.dg/torture/pr68955.c -O2 -flto -fno-use-linker-plugin -flto-partition=none output pattern test, is , should match ONE1ONE
FAIL: gcc.dg/torture/pr68955.c -O2 -flto -fuse-linker-plugin -fno-fat-lto-objects output pattern test, is , should match ONE1ONE
XPASS: gcc.dg/tree-ssa/20040204-1.c scan-tree-dump-times optimized "link_error" 0
FAIL: gcc.dg/tree-ssa/addadd.c scan-tree-dump-times optimized "\\\\(unsigned int\\\\)" 2
FAIL: gcc.dg/tree-ssa/alias-32.c scan-tree-dump-times cddce1 "\\\\*[^ ]" 1
FAIL: gcc.dg/tree-ssa/builtin-sprintf-2.c scan-tree-dump-times optimized "> \\\\[[0-9.]+%\\\\] \\\\[count: [0-9INV]*\\\\]:\\n *must_not_eliminate" 96
FAIL: gcc.dg/tree-ssa/builtin-sprintf-2.c scan-tree-dump-not optimized ";\\n *must_not_eliminate"
FAIL: gcc.dg/tree-ssa/builtin-sprintf-warn-6.c scan-tree-dump-not optimized "abort"
FAIL: gcc.dg/tree-ssa/builtin-sprintf.c (test for excess errors)
UNRESOLVED: gcc.dg/tree-ssa/builtin-sprintf.c compilation failed to produce executable
FAIL: gcc.dg/tree-ssa/ldist-25.c (test for excess errors)
UNRESOLVED: gcc.dg/tree-ssa/ldist-25.c scan-tree-dump ldist "Loop . is the same"
FAIL: gcc.dg/tree-ssa/phi-opt-11.c scan-tree-dump-times optimized "if" 0
FAIL: gcc.dg/tree-ssa/pr78154.c scan-tree-dump-not evrp "__builtin_abort"
FAIL: gcc.dg/tree-ssa/pr79327-2.c scan-tree-dump-times optimized "keep_call_on_line" 43
FAIL: gcc.dg/tree-ssa/pr80803.c (test for excess errors)
FAIL: gcc.dg/tree-ssa/pr80803.c execution test
FAIL: gcc.dg/tree-ssa/pr80887.c (internal compiler error)
FAIL: gcc.dg/tree-ssa/pr80887.c (test for excess errors)
FAIL: gcc.dg/tree-ssa/pr80898-2.c (test for excess errors)
FAIL: gcc.dg/tree-ssa/pr80898-2.c execution test
FAIL: gcc.dg/tree-ssa/pr80898.c (test for excess errors)
UNRESOLVED: gcc.dg/tree-ssa/pr80898.c compilation failed to produce executable
FAIL: gcc.dg/tree-ssa/pr81346-4.c (test for excess errors)
FAIL: gcc.dg/tree-ssa/pr81346-5.c scan-tree-dump-times optimized "\\\\(signed int\\\\) x" 10
FAIL: gcc.dg/tree-ssa/pr81588.c scan-tree-dump-times reassoc1 "Optimizing range test [^\\n\\r]* and comparison" 1
FAIL: gcc.dg/tree-ssa/scev-8.c scan-tree-dump-not ivopts " Type:\\\\tADDRESS\\n Use [0-9].[0-9]:"
XPASS: gcc.dg/tree-ssa/ssa-fre-26.c scan-tree-dump fre1 "Replaced u.i with 0 in"
FAIL: gcc.dg/tree-ssa/ssa-hoist-4.c scan-tree-dump-times optimized "= \\\\*" 2
FAIL: gcc.dg/tree-ssa/ssa-hoist-4.c scan-tree-dump-times optimized "MAX_EXPR" 1
FAIL: gcc.dg/tree-ssa/ssa-sink-11.c scan-tree-dump optimized "MEM\\\\[.* \\\\+ 252B\\\\]"
FAIL: gcc.dg/tree-ssa/ssa-sink-12.c scan-tree-dump optimized "MEM\\\\[.* \\\\+ 252B\\\\]"
FAIL: gcc.dg/tree-ssa/ssa-sink-15.c scan-tree-dump-times optimized "goto" 0
FAIL: gcc.dg/tree-ssa/vrp111.c scan-tree-dump-not evrp "abort"
FAIL: gcc.dg/tree-ssa/vrp114.c (test for excess errors)
FAIL: gcc.dg/tree-ssa/vrp114.c scan-tree-dump-times evrp "link_error" 0
FAIL: gcc.target/avr/torture/pr57631.c -O0 (test for warnings, line 10)
FAIL: gcc.target/avr/torture/pr57631.c -O0 (test for warnings, line 15)
FAIL: gcc.target/avr/torture/pr57631.c -O0 (test for excess errors)
FAIL: gcc.target/avr/torture/pr57631.c -O1 (test for warnings, line 10)
FAIL: gcc.target/avr/torture/pr57631.c -O1 (test for warnings, line 15)
FAIL: gcc.target/avr/torture/pr57631.c -O1 (test for excess errors)
FAIL: gcc.target/avr/torture/pr57631.c -O2 (test for warnings, line 10)
FAIL: gcc.target/avr/torture/pr57631.c -O2 (test for warnings, line 15)
FAIL: gcc.target/avr/torture/pr57631.c -O2 (test for excess errors)
FAIL: gcc.target/avr/torture/pr57631.c -Os -flto (test for warnings, line 10)
FAIL: gcc.target/avr/torture/pr57631.c -Os -flto (test for warnings, line 15)
FAIL: gcc.target/avr/torture/pr57631.c -Os -flto (test for excess errors)
FAIL: gcc.target/avr/torture/pr57631.c -O2 -mcall-prologues (test for warnings, line 10)
FAIL: gcc.target/avr/torture/pr57631.c -O2 -mcall-prologues (test for warnings, line 15)
FAIL: gcc.target/avr/torture/pr57631.c -O2 -mcall-prologues (test for excess errors)
FAIL: gcc.target/avr/torture/pr57631.c -O2 -fdata-sections (test for warnings, line 10)
FAIL: gcc.target/avr/torture/pr57631.c -O2 -fdata-sections (test for warnings, line 15)
FAIL: gcc.target/avr/torture/pr57631.c -O2 -fdata-sections (test for excess errors)
FAIL: gcc.target/avr/torture/pr57631.c -O2 -fmerge-all-constants (test for warnings, line 10)
FAIL: gcc.target/avr/torture/pr57631.c -O2 -fmerge-all-constants (test for warnings, line 15)
FAIL: gcc.target/avr/torture/pr57631.c -O2 -fmerge-all-constants (test for excess errors)
FAIL: gcc.target/avr/torture/pr57631.c -Os -fomit-frame-pointer (test for warnings, line 10)
FAIL: gcc.target/avr/torture/pr57631.c -Os -fomit-frame-pointer (test for warnings, line 15)
FAIL: gcc.target/avr/torture/pr57631.c -Os -fomit-frame-pointer (test for excess errors)
FAIL: gcc.target/avr/torture/pr57631.c -Os -fomit-frame-pointer -finline-functions (test for warnings, line 10)
FAIL: gcc.target/avr/torture/pr57631.c -Os -fomit-frame-pointer -finline-functions (test for warnings, line 15)
FAIL: gcc.target/avr/torture/pr57631.c -Os -fomit-frame-pointer -finline-functions (test for excess errors)
FAIL: gcc.target/avr/torture/pr57631.c -O3 -g (test for warnings, line 10)
FAIL: gcc.target/avr/torture/pr57631.c -O3 -g (test for warnings, line 15)
FAIL: gcc.target/avr/torture/pr57631.c -O3 -g (test for excess errors)
FAIL: gcc.target/avr/torture/pr57631.c -Os -mcall-prologues (test for warnings, line 10)
FAIL: gcc.target/avr/torture/pr57631.c -Os -mcall-prologues (test for warnings, line 15)
FAIL: gcc.target/avr/torture/pr57631.c -Os -mcall-prologues (test for excess errors)
=== gcc Summary for atmega128-sim ===
# of expected passes 85091
# of unexpected failures 212
# of unexpected successes 9
# of expected failures 157
# of unresolved testcases 20
# of untested testcases 3
# of unsupported tests 4004
=== gcc Summary ===
# of expected passes 170151
# of unexpected failures 458
# of unexpected successes 18
# of expected failures 314
# of unresolved testcases 73
# of untested testcases 6
# of unsupported tests 8008
/home/toolsbuild/workspace/avr8-gnu-regression-test-mega-trunk/build-linux_x86_64/avr-gcc-full/gcc/xgcc version 8.0.0 20170801 (experimental) (AVR_8_bit_GNU_Toolchain_4.0.0_559)
Compiler version: 8.0.0 20170801 (experimental) (AVR_8_bit_GNU_Toolchain_4.0.0_559) gcc
Platform: avr-unknown-none
configure flags: LDFLAGS=-L/home/toolsbuild/workspace/avr8-gnu-regression-test-mega-trunk/avr8-gnu-regression-test-mega-trunk-linux_x86_64-hostlibs/lib CPPFLAGS= --target=avr --host=x86_64-pc-linux-gnu --build=x86_64-pc-linux-gnu --prefix=/home/toolsbuild/workspace/avr8-gnu-regression-test-mega-trunk/avr8-gnu-regression-test-mega-trunk-linux_x86_64 --libdir=/home/toolsbuild/workspace/avr8-gnu-regression-test-mega-trunk/avr8-gnu-regression-test-mega-trunk-linux_x86_64/lib --enable-languages=c,c++ --with-dwarf2 --enable-doc --disable-shared --disable-libada --disable-libssp --disable-nls --with-avrlibc=yes --with-mpfr=/home/toolsbuild/workspace/avr8-gnu-regression-test-mega-trunk/avr8-gnu-regression-test-mega-trunk-linux_x86_64-hostlibs --with-gmp=/home/toolsbuild/workspace/avr8-gnu-regression-test-mega-trunk/avr8-gnu-regression-test-mega-trunk-linux_x86_64-hostlibs --with-mpc=/home/toolsbuild/workspace/avr8-gnu-regression-test-mega-trunk/avr8-gnu-regression-test-mega-trunk-linux_x86_64-hostlibs --with-pkgversion=AVR_8_bit_GNU_Toolchain_4.0.0_559 --with-bugurl=http://www.atmel.com