This is the mail archive of the
gcc-testresults@gcc.gnu.org
mailing list for the GCC project.
Results for 8.0.0 20170724 (experimental) [trunk revision 250486] (GCC) testsuite on armv6-unknown-freebsd12.0
- From: "Andreas Tobler" <andreast at fgznet dot ch>
- To: gcc-testresults at gcc dot gnu dot org
- Date: Tue, 25 Jul 2017 20:54:50 +0200
- Subject: Results for 8.0.0 20170724 (experimental) [trunk revision 250486] (GCC) testsuite on armv6-unknown-freebsd12.0
- Authentication-results: sourceware.org; auth=none
LAST_UPDATED: Mon Jul 24 20:59:00 UTC 2017 (revision 250486)
Native configuration is armv6-unknown-freebsd12.0
=== libatomic tests ===
Running target unix
=== libatomic Summary ===
# of expected passes 44
# of unsupported tests 5
=== libgomp tests ===
Running target unix
FAIL: libgomp.c/copyin-3.c execution test
FAIL: libgomp.oacc-c/../libgomp.oacc-c-c++-common/loop-dim-default.c -DACC_DEVICE_TYPE_host=1 -DACC_MEM_SHARED=1 -O2 (test for excess errors)
UNRESOLVED: libgomp.oacc-c/../libgomp.oacc-c-c++-common/loop-dim-default.c -DACC_DEVICE_TYPE_host=1 -DACC_MEM_SHARED=1 -O2 compilation failed to produce executable
FAIL: libgomp.oacc-c++/../libgomp.oacc-c-c++-common/loop-dim-default.c -DACC_DEVICE_TYPE_host=1 -DACC_MEM_SHARED=1 -O2 (test for excess errors)
UNRESOLVED: libgomp.oacc-c++/../libgomp.oacc-c-c++-common/loop-dim-default.c -DACC_DEVICE_TYPE_host=1 -DACC_MEM_SHARED=1 -O2 compilation failed to produce executable
=== libgomp Summary ===
# of expected passes 5075
# of unexpected failures 3
# of unresolved testcases 2
# of unsupported tests 384
=== libitm tests ===
Running target unix
FAIL: libitm.c/priv-1.c execution test
=== libitm Summary ===
# of expected passes 41
# of unexpected failures 1
# of expected failures 3
# of unsupported tests 1
=== libstdc++ tests ===
Running target unix
ERROR: tcl error sourcing /export/devel/net/src/gcc/head/gcc/libstdc++-v3/testsuite/libstdc++-abi/abi.exp.
ERROR: could not compile testsuite_character.cc
ERROR: tcl error sourcing /export/devel/net/src/gcc/head/gcc/libstdc++-v3/testsuite/libstdc++-dg/conformance.exp.
ERROR: could not compile testsuite_character.cc
ERROR: tcl error sourcing /export/devel/net/src/gcc/head/gcc/libstdc++-v3/testsuite/libstdc++-prettyprinters/prettyprinters.exp.
ERROR: could not compile testsuite_character.cc
ERROR: tcl error sourcing /export/devel/net/src/gcc/head/gcc/libstdc++-v3/testsuite/libstdc++-xmethods/xmethods.exp.
ERROR: could not compile testsuite_character.cc
=== libstdc++ Summary ===
=== libstdc++ Summary ===
=== g++ tests ===
Running target unix
FAIL: g++.dg/ext/packed8.C -std=gnu++98 (test for excess errors)
FAIL: g++.dg/ext/packed8.C -std=gnu++11 (test for excess errors)
FAIL: g++.dg/ext/packed8.C -std=gnu++14 (test for excess errors)
FAIL: g++.dg/ext/arm-fp16/arm-fp16-ops-3.C -std=gnu++98 (test for excess errors)
UNRESOLVED: g++.dg/ext/arm-fp16/arm-fp16-ops-3.C -std=gnu++98 compilation failed to produce executable
FAIL: g++.dg/ext/arm-fp16/arm-fp16-ops-3.C -std=gnu++11 (test for excess errors)
UNRESOLVED: g++.dg/ext/arm-fp16/arm-fp16-ops-3.C -std=gnu++11 compilation failed to produce executable
FAIL: g++.dg/ext/arm-fp16/arm-fp16-ops-3.C -std=gnu++14 (test for excess errors)
UNRESOLVED: g++.dg/ext/arm-fp16/arm-fp16-ops-3.C -std=gnu++14 compilation failed to produce executable
FAIL: g++.dg/ext/arm-fp16/arm-fp16-ops-4.C -std=gnu++98 (test for excess errors)
UNRESOLVED: g++.dg/ext/arm-fp16/arm-fp16-ops-4.C -std=gnu++98 compilation failed to produce executable
FAIL: g++.dg/ext/arm-fp16/arm-fp16-ops-4.C -std=gnu++11 (test for excess errors)
UNRESOLVED: g++.dg/ext/arm-fp16/arm-fp16-ops-4.C -std=gnu++11 compilation failed to produce executable
FAIL: g++.dg/ext/arm-fp16/arm-fp16-ops-4.C -std=gnu++14 (test for excess errors)
UNRESOLVED: g++.dg/ext/arm-fp16/arm-fp16-ops-4.C -std=gnu++14 compilation failed to produce executable
FAIL: g++.dg/inherit/thunk10.C -std=gnu++98 (test for excess errors)
UNRESOLVED: g++.dg/inherit/thunk10.C -std=gnu++98 compilation failed to produce executable
FAIL: g++.dg/inherit/thunk10.C -std=gnu++11 (test for excess errors)
UNRESOLVED: g++.dg/inherit/thunk10.C -std=gnu++11 compilation failed to produce executable
FAIL: g++.dg/inherit/thunk10.C -std=gnu++14 (test for excess errors)
UNRESOLVED: g++.dg/inherit/thunk10.C -std=gnu++14 compilation failed to produce executable
FAIL: g++.dg/init/array16.C -std=gnu++98 (test for excess errors)
FAIL: g++.dg/init/array16.C -std=gnu++11 (test for excess errors)
FAIL: g++.dg/init/array16.C -std=gnu++14 (test for excess errors)
FAIL: g++.dg/other/crash-4.C -std=gnu++98 (test for excess errors)
FAIL: g++.dg/other/crash-4.C -std=gnu++11 (test for excess errors)
FAIL: g++.dg/other/crash-4.C -std=gnu++14 (test for excess errors)
FAIL: g++.dg/template/nontype10.C -std=c++98 (test for excess errors)
FAIL: g++.dg/template/nontype10.C -std=c++11 (test for excess errors)
FAIL: g++.dg/template/nontype10.C -std=c++14 (test for excess errors)
FAIL: g++.dg/gcov/pr16855-priority.C -std=gnu++98 line 22: is #####:should be 1
FAIL: g++.dg/gcov/pr16855-priority.C -std=gnu++98 gcov: 1 failures in line counts, 0 in branch percentages, 0 in return percentages, 0 in intermediate format
FAIL: g++.dg/gcov/pr16855-priority.C -std=gnu++11 line 22: is #####:should be 1
FAIL: g++.dg/gcov/pr16855-priority.C -std=gnu++11 gcov: 1 failures in line counts, 0 in branch percentages, 0 in return percentages, 0 in intermediate format
FAIL: g++.dg/gcov/pr16855-priority.C -std=gnu++14 line 22: is #####:should be 1
FAIL: g++.dg/gcov/pr16855-priority.C -std=gnu++14 gcov: 1 failures in line counts, 0 in branch percentages, 0 in return percentages, 0 in intermediate format
FAIL: g++.dg/gcov/pr16855.C -std=gnu++98 line 21: is #####:should be 1
FAIL: g++.dg/gcov/pr16855.C -std=gnu++98 gcov: 1 failures in line counts, 0 in branch percentages, 0 in return percentages, 0 in intermediate format
FAIL: g++.dg/gcov/pr16855.C -std=gnu++11 line 21: is #####:should be 1
FAIL: g++.dg/gcov/pr16855.C -std=gnu++11 gcov: 1 failures in line counts, 0 in branch percentages, 0 in return percentages, 0 in intermediate format
FAIL: g++.dg/gcov/pr16855.C -std=gnu++14 line 21: is #####:should be 1
FAIL: g++.dg/gcov/pr16855.C -std=gnu++14 gcov: 1 failures in line counts, 0 in branch percentages, 0 in return percentages, 0 in intermediate format
FAIL: g++.dg/lto/pr65276 cp_lto_pr65276_0.o-cp_lto_pr65276_1.o link, -flto -O0 -std=c++11
UNRESOLVED: g++.dg/lto/pr65276 cp_lto_pr65276_0.o-cp_lto_pr65276_1.o execute -flto -O0 -std=c++11
FAIL: g++.dg/pch/array-1.C -g -I. -Dwith_PCH (internal compiler error)
FAIL: g++.dg/pch/array-1.C -g -I. -Dwith_PCH (test for excess errors)
FAIL: g++.dg/pch/array-1.C -g assembly comparison
FAIL: g++.dg/pch/array-1.C -O2 -g -I. -Dwith_PCH (test for excess errors)
FAIL: g++.dg/pch/array-1.C -O2 -g assembly comparison
FAIL: g++.dg/pch/array-1.C -O2 -I. -Dwith_PCH (internal compiler error)
FAIL: g++.dg/pch/array-1.C -O2 -I. -Dwith_PCH (test for excess errors)
FAIL: g++.dg/pch/array-1.C -O2 assembly comparison
FAIL: g++.dg/pch/empty.C -g -I. -Dwith_PCH (test for excess errors)
FAIL: g++.dg/pch/empty.C -g assembly comparison
FAIL: g++.dg/pch/empty.C -O2 -g -I. -Dwith_PCH (test for excess errors)
FAIL: g++.dg/pch/empty.C -O2 -g assembly comparison
FAIL: g++.dg/pch/empty.C -O2 -I. -Dwith_PCH (test for excess errors)
FAIL: g++.dg/pch/empty.C -O2 assembly comparison
FAIL: g++.dg/pch/externc-1.C -g -I. -Dwith_PCH (test for excess errors)
FAIL: g++.dg/pch/externc-1.C -g assembly comparison
FAIL: g++.dg/pch/externc-1.C -O2 -g -I. -Dwith_PCH (internal compiler error)
FAIL: g++.dg/pch/externc-1.C -O2 -g -I. -Dwith_PCH (test for excess errors)
FAIL: g++.dg/pch/externc-1.C -O2 -g assembly comparison
FAIL: g++.dg/pch/externc-1.C -O2 -I. -Dwith_PCH (internal compiler error)
FAIL: g++.dg/pch/externc-1.C -O2 -I. -Dwith_PCH (test for excess errors)
FAIL: g++.dg/pch/externc-1.C -O2 assembly comparison
FAIL: g++.dg/pch/local-1.C -g -I. -Dwith_PCH (test for excess errors)
FAIL: g++.dg/pch/local-1.C -g assembly comparison
FAIL: g++.dg/pch/local-1.C -O2 -g -I. -Dwith_PCH (test for excess errors)
FAIL: g++.dg/pch/local-1.C -O2 -g assembly comparison
FAIL: g++.dg/pch/local-1.C -O2 -I. -Dwith_PCH (internal compiler error)
FAIL: g++.dg/pch/local-1.C -O2 -I. -Dwith_PCH (test for excess errors)
FAIL: g++.dg/pch/local-1.C -O2 assembly comparison
FAIL: g++.dg/pch/pch.C -g -I. -Dwith_PCH (test for excess errors)
FAIL: g++.dg/pch/pch.C -g assembly comparison
FAIL: g++.dg/pch/pch.C -O2 -g -I. -Dwith_PCH (test for excess errors)
FAIL: g++.dg/pch/pch.C -O2 -g assembly comparison
FAIL: g++.dg/pch/pch.C -O2 -I. -Dwith_PCH (test for excess errors)
FAIL: g++.dg/pch/pch.C -O2 assembly comparison
FAIL: g++.dg/pch/static-1.C -g -I. -Dwith_PCH (test for excess errors)
FAIL: g++.dg/pch/static-1.C -g assembly comparison
FAIL: g++.dg/pch/static-1.C -O2 -g -I. -Dwith_PCH (internal compiler error)
FAIL: g++.dg/pch/static-1.C -O2 -g -I. -Dwith_PCH (test for excess errors)
FAIL: g++.dg/pch/static-1.C -O2 -g assembly comparison
FAIL: g++.dg/pch/static-1.C -O2 -I. -Dwith_PCH (internal compiler error)
FAIL: g++.dg/pch/static-1.C -O2 -I. -Dwith_PCH (test for excess errors)
FAIL: g++.dg/pch/static-1.C -O2 assembly comparison
FAIL: g++.dg/pch/system-1.C -g -I. -Dwith_PCH (internal compiler error)
FAIL: g++.dg/pch/system-1.C -g -I. -Dwith_PCH (test for excess errors)
FAIL: g++.dg/pch/system-1.C -g assembly comparison
FAIL: g++.dg/pch/system-1.C -O2 -g -I. -Dwith_PCH (internal compiler error)
FAIL: g++.dg/pch/system-1.C -O2 -g -I. -Dwith_PCH (test for excess errors)
FAIL: g++.dg/pch/system-1.C -O2 -g assembly comparison
FAIL: g++.dg/pch/system-1.C -O2 -I. -Dwith_PCH (internal compiler error)
FAIL: g++.dg/pch/system-1.C -O2 -I. -Dwith_PCH (test for excess errors)
FAIL: g++.dg/pch/system-1.C -O2 assembly comparison
FAIL: g++.dg/pch/system-2.C -g -I. -Dwith_PCH (internal compiler error)
FAIL: g++.dg/pch/system-2.C -g -I. -Dwith_PCH (test for excess errors)
FAIL: g++.dg/pch/system-2.C -g assembly comparison
FAIL: g++.dg/pch/system-2.C -O2 -g -I. -Dwith_PCH (internal compiler error)
FAIL: g++.dg/pch/system-2.C -O2 -g -I. -Dwith_PCH (test for excess errors)
FAIL: g++.dg/pch/system-2.C -O2 -g assembly comparison
FAIL: g++.dg/pch/system-2.C -O2 -I. -Dwith_PCH (internal compiler error)
FAIL: g++.dg/pch/system-2.C -O2 -I. -Dwith_PCH (test for excess errors)
FAIL: g++.dg/pch/system-2.C -O2 assembly comparison
FAIL: g++.dg/pch/template-1.C -g -I. -Dwith_PCH (internal compiler error)
FAIL: g++.dg/pch/template-1.C -g -I. -Dwith_PCH (test for excess errors)
FAIL: g++.dg/pch/template-1.C -g assembly comparison
FAIL: g++.dg/pch/template-1.C -O2 -g -I. -Dwith_PCH (test for excess errors)
FAIL: g++.dg/pch/template-1.C -O2 -g assembly comparison
FAIL: g++.dg/pch/template-1.C -O2 -I. -Dwith_PCH (test for excess errors)
FAIL: g++.dg/pch/template-1.C -O2 assembly comparison
FAIL: g++.dg/pch/uninst.C -g -I. -Dwith_PCH (internal compiler error)
FAIL: g++.dg/pch/uninst.C -g -I. -Dwith_PCH (test for excess errors)
FAIL: g++.dg/pch/uninst.C -g assembly comparison
FAIL: g++.dg/pch/uninst.C -O2 -g -I. -Dwith_PCH (internal compiler error)
FAIL: g++.dg/pch/uninst.C -O2 -g -I. -Dwith_PCH (test for excess errors)
FAIL: g++.dg/pch/uninst.C -O2 -g assembly comparison
FAIL: g++.dg/pch/uninst.C -O2 -I. -Dwith_PCH (internal compiler error)
FAIL: g++.dg/pch/uninst.C -O2 -I. -Dwith_PCH (test for excess errors)
FAIL: g++.dg/pch/uninst.C -O2 assembly comparison
FAIL: g++.dg/pch/wchar-1.C -g -I. -Dwith_PCH (test for excess errors)
FAIL: g++.dg/pch/wchar-1.C -g assembly comparison
FAIL: g++.dg/pch/wchar-1.C -O2 -g -I. -Dwith_PCH (internal compiler error)
FAIL: g++.dg/pch/wchar-1.C -O2 -g -I. -Dwith_PCH (test for excess errors)
FAIL: g++.dg/pch/wchar-1.C -O2 -g assembly comparison
FAIL: g++.dg/pch/wchar-1.C -O2 -I. -Dwith_PCH (internal compiler error)
FAIL: g++.dg/pch/wchar-1.C -O2 -I. -Dwith_PCH (test for excess errors)
FAIL: g++.dg/pch/wchar-1.C -O2 assembly comparison
FAIL: g++.dg/tls/static-1.C -std=gnu++98 execution test
FAIL: g++.dg/tls/static-1.C -std=gnu++11 execution test
FAIL: g++.dg/tls/static-1.C -std=gnu++14 execution test
FAIL: g++.old-deja/g++.other/init18.C -std=c++98 execution test
FAIL: g++.old-deja/g++.other/init18.C -std=c++11 execution test
FAIL: g++.old-deja/g++.other/init18.C -std=c++14 execution test
FAIL: g++.old-deja/g++.other/init19.C -std=c++98 execution test
FAIL: g++.old-deja/g++.other/init19.C -std=c++11 execution test
FAIL: g++.old-deja/g++.other/init19.C -std=c++14 execution test
=== g++ Summary ===
# of expected passes 104333
# of unexpected failures 128
# of expected failures 379
# of unresolved testcases 10
# of unsupported tests 4556
/build/gcc/objdir_armv6/gcc/xg++ version 8.0.0 20170724 (experimental) [trunk revision 250486] (GCC)
=== gcc tests ===
Running target unix
FAIL: gcc.c-torture/compile/limits-exprparen.c -O0 (internal compiler error)
FAIL: gcc.c-torture/compile/limits-exprparen.c -O0 (test for excess errors)
FAIL: gcc.c-torture/compile/limits-exprparen.c -O1 (internal compiler error)
FAIL: gcc.c-torture/compile/limits-exprparen.c -O1 (test for excess errors)
FAIL: gcc.c-torture/compile/limits-exprparen.c -O2 (internal compiler error)
FAIL: gcc.c-torture/compile/limits-exprparen.c -O2 (test for excess errors)
FAIL: gcc.c-torture/compile/limits-exprparen.c -O3 -g (internal compiler error)
FAIL: gcc.c-torture/compile/limits-exprparen.c -O3 -g (test for excess errors)
FAIL: gcc.c-torture/compile/limits-exprparen.c -Os (internal compiler error)
FAIL: gcc.c-torture/compile/limits-exprparen.c -Os (test for excess errors)
FAIL: gcc.c-torture/compile/limits-exprparen.c -O2 -flto -fno-use-linker-plugin -flto-partition=none (internal compiler error)
FAIL: gcc.c-torture/compile/limits-exprparen.c -O2 -flto -fno-use-linker-plugin -flto-partition=none (test for excess errors)
FAIL: gcc.c-torture/compile/limits-exprparen.c -O2 -flto -fuse-linker-plugin -fno-fat-lto-objects (internal compiler error)
FAIL: gcc.c-torture/compile/limits-exprparen.c -O2 -flto -fuse-linker-plugin -fno-fat-lto-objects (test for excess errors)
FAIL: gcc.c-torture/execute/20030125-1.c -O1 execution test
FAIL: gcc.c-torture/execute/20030125-1.c -Os execution test
FAIL: gcc.c-torture/execute/nestfunc-2.c -O0 execution test
FAIL: gcc.c-torture/execute/nestfunc-5.c -O0 execution test
FAIL: gcc.c-torture/execute/nestfunc-5.c -O1 execution test
FAIL: gcc.c-torture/execute/nestfunc-5.c -O2 execution test
FAIL: gcc.c-torture/execute/nestfunc-5.c -O3 -g execution test
FAIL: gcc.c-torture/execute/nestfunc-5.c -Os execution test
FAIL: gcc.c-torture/execute/nestfunc-5.c -O2 -flto -fno-use-linker-plugin -flto-partition=none execution test
FAIL: gcc.c-torture/execute/nestfunc-5.c -O2 -flto -fuse-linker-plugin -fno-fat-lto-objects execution test
FAIL: gcc.dg/builtin-stringop-chk-1.c (test for excess errors)
FAIL: gcc.dg/builtins-58.c scan-assembler-not pow\\\\M
FAIL: gcc.dg/builtins-59.c scan-tree-dump gimple "__builtin_cexpi"
FAIL: gcc.dg/builtins-59.c scan-tree-dump-not gimple "sincos"
FAIL: gcc.dg/builtins-61.c scan-tree-dump optimized "cexpi"
FAIL: gcc.dg/builtins-61.c scan-tree-dump optimized "sin"
FAIL: gcc.dg/builtins-61.c scan-tree-dump optimized "cos"
FAIL: gcc.dg/builtins-61.c scan-tree-dump optimized "return 0.0"
FAIL: gcc.dg/builtins-62.c scan-tree-dump-times optimized "cexpi" 3
FAIL: gcc.dg/builtins-65.c (test for excess errors)
FAIL: gcc.dg/c99-stdint-5.c (test for excess errors)
FAIL: gcc.dg/c99-stdint-6.c (test for excess errors)
FAIL: gcc.dg/c99-stdint-7.c (test for excess errors)
FAIL: gcc.dg/c99-tgmath-4.c (test for excess errors)
UNRESOLVED: gcc.dg/c99-tgmath-4.c scan-assembler cpowf
FAIL: gcc.dg/gimplefe-26.c (internal compiler error)
FAIL: gcc.dg/gimplefe-26.c (test for excess errors)
XPASS: gcc.dg/pr78768.c -Wformat-overflow (test for warnings, line 12)
FAIL: gcc.dg/trampoline-1.c execution test
FAIL: gcc.dg/utf-array-short-wchar.c (test for errors, line 41)
FAIL: gcc.dg/utf-array-short-wchar.c (test for excess errors)
FAIL: gcc.dg/fixed-point/binary.c (test for excess errors)
UNRESOLVED: gcc.dg/fixed-point/binary.c compilation failed to produce executable
FAIL: gcc.dg/lto/20110201-1 c_lto_20110201-1_0.o-c_lto_20110201-1_0.o link, -O0 -flto -fno-math-errno -mfloat-abi=softfp -mfpu=neon-vfpv4
UNRESOLVED: gcc.dg/lto/20110201-1 c_lto_20110201-1_0.o-c_lto_20110201-1_0.o execute -O0 -flto -fno-math-errno -mfloat-abi=softfp -mfpu=neon-vfpv4
FAIL: gcc.dg/pch/largefile.c -O0 -g assembly comparison
FAIL: gcc.dg/pch/largefile.c -O0 assembly comparison
FAIL: gcc.dg/pch/largefile.c -O1 assembly comparison
FAIL: gcc.dg/pch/largefile.c -O2 assembly comparison
FAIL: gcc.dg/pch/largefile.c -O3 -g assembly comparison
FAIL: gcc.dg/pch/largefile.c -Os assembly comparison
FAIL: gcc.dg/pch/pr66343-1.c -O0 -g -I. -Dwith_PCH (internal compiler error)
FAIL: gcc.dg/pch/pr66343-1.c -O0 -g -I. -Dwith_PCH (test for excess errors)
FAIL: gcc.dg/pch/pr66343-1.c -O0 -I. -Dwith_PCH (internal compiler error)
FAIL: gcc.dg/pch/pr66343-1.c -O0 -I. -Dwith_PCH (test for excess errors)
FAIL: gcc.dg/pch/pr66343-1.c -O1 -I. -Dwith_PCH (internal compiler error)
FAIL: gcc.dg/pch/pr66343-1.c -O1 -I. -Dwith_PCH (test for excess errors)
FAIL: gcc.dg/pch/pr66343-1.c -O2 -I. -Dwith_PCH (internal compiler error)
FAIL: gcc.dg/pch/pr66343-1.c -O2 -I. -Dwith_PCH (test for excess errors)
FAIL: gcc.dg/pch/pr66343-1.c -O3 -g -I. -Dwith_PCH (internal compiler error)
FAIL: gcc.dg/pch/pr66343-1.c -O3 -g -I. -Dwith_PCH (test for excess errors)
FAIL: gcc.dg/pch/pr66343-1.c -Os -I. -Dwith_PCH (internal compiler error)
FAIL: gcc.dg/pch/pr66343-1.c -Os -I. -Dwith_PCH (test for excess errors)
FAIL: gcc.dg/pch/pr66343-2.c -O0 -g -I. -Dwith_PCH (internal compiler error)
FAIL: gcc.dg/pch/pr66343-2.c -O0 -g -I. -Dwith_PCH (test for excess errors)
FAIL: gcc.dg/pch/pr66343-2.c -O0 -g assembly comparison
FAIL: gcc.dg/pch/pr66343-2.c -O0 -I. -Dwith_PCH (internal compiler error)
FAIL: gcc.dg/pch/pr66343-2.c -O0 -I. -Dwith_PCH (test for excess errors)
FAIL: gcc.dg/pch/pr66343-2.c -O0 assembly comparison
FAIL: gcc.dg/pch/pr66343-2.c -O1 -I. -Dwith_PCH (internal compiler error)
FAIL: gcc.dg/pch/pr66343-2.c -O1 -I. -Dwith_PCH (test for excess errors)
FAIL: gcc.dg/pch/pr66343-2.c -O1 assembly comparison
FAIL: gcc.dg/pch/pr66343-2.c -O2 -I. -Dwith_PCH (internal compiler error)
FAIL: gcc.dg/pch/pr66343-2.c -O2 -I. -Dwith_PCH (test for excess errors)
FAIL: gcc.dg/pch/pr66343-2.c -O2 assembly comparison
FAIL: gcc.dg/pch/pr66343-2.c -O3 -g -I. -Dwith_PCH (internal compiler error)
FAIL: gcc.dg/pch/pr66343-2.c -O3 -g -I. -Dwith_PCH (test for excess errors)
FAIL: gcc.dg/pch/pr66343-2.c -O3 -g assembly comparison
FAIL: gcc.dg/pch/pr66343-2.c -Os -I. -Dwith_PCH (internal compiler error)
FAIL: gcc.dg/pch/pr66343-2.c -Os -I. -Dwith_PCH (test for excess errors)
FAIL: gcc.dg/pch/pr66343-2.c -Os assembly comparison
FAIL: gcc.dg/pch/system-1.c -O0 -g -I. -Dwith_PCH (test for excess errors)
FAIL: gcc.dg/pch/system-1.c -O0 -g assembly comparison
FAIL: gcc.dg/pch/system-1.c -O0 -I. -Dwith_PCH (test for excess errors)
FAIL: gcc.dg/pch/system-1.c -O0 assembly comparison
FAIL: gcc.dg/pch/system-1.c -O1 -I. -Dwith_PCH (test for excess errors)
FAIL: gcc.dg/pch/system-1.c -O1 assembly comparison
FAIL: gcc.dg/pch/system-1.c -O2 -I. -Dwith_PCH (test for excess errors)
FAIL: gcc.dg/pch/system-1.c -O2 assembly comparison
FAIL: gcc.dg/pch/system-1.c -O3 -g -I. -Dwith_PCH (test for excess errors)
FAIL: gcc.dg/pch/system-1.c -O3 -g assembly comparison
FAIL: gcc.dg/pch/system-1.c -Os -I. -Dwith_PCH (internal compiler error)
FAIL: gcc.dg/pch/system-1.c -Os -I. -Dwith_PCH (test for excess errors)
FAIL: gcc.dg/pch/system-1.c -Os assembly comparison
FAIL: gcc.dg/torture/arm-fp16-int-convert-alt.c -O0 (test for excess errors)
UNRESOLVED: gcc.dg/torture/arm-fp16-int-convert-alt.c -O0 compilation failed to produce executable
FAIL: gcc.dg/torture/arm-fp16-int-convert-alt.c -O1 (test for excess errors)
UNRESOLVED: gcc.dg/torture/arm-fp16-int-convert-alt.c -O1 compilation failed to produce executable
FAIL: gcc.dg/torture/arm-fp16-int-convert-alt.c -O2 (test for excess errors)
UNRESOLVED: gcc.dg/torture/arm-fp16-int-convert-alt.c -O2 compilation failed to produce executable
FAIL: gcc.dg/torture/arm-fp16-int-convert-alt.c -O3 -g (test for excess errors)
UNRESOLVED: gcc.dg/torture/arm-fp16-int-convert-alt.c -O3 -g compilation failed to produce executable
FAIL: gcc.dg/torture/arm-fp16-int-convert-alt.c -Os (test for excess errors)
UNRESOLVED: gcc.dg/torture/arm-fp16-int-convert-alt.c -Os compilation failed to produce executable
FAIL: gcc.dg/torture/arm-fp16-int-convert-alt.c -O2 -flto -fno-use-linker-plugin -flto-partition=none (test for excess errors)
UNRESOLVED: gcc.dg/torture/arm-fp16-int-convert-alt.c -O2 -flto -fno-use-linker-plugin -flto-partition=none compilation failed to produce executable
FAIL: gcc.dg/torture/arm-fp16-int-convert-alt.c -O2 -flto -fuse-linker-plugin -fno-fat-lto-objects (test for excess errors)
UNRESOLVED: gcc.dg/torture/arm-fp16-int-convert-alt.c -O2 -flto -fuse-linker-plugin -fno-fat-lto-objects compilation failed to produce executable
FAIL: gcc.dg/torture/arm-fp16-ops-3.c -O0 (test for excess errors)
UNRESOLVED: gcc.dg/torture/arm-fp16-ops-3.c -O0 compilation failed to produce executable
FAIL: gcc.dg/torture/arm-fp16-ops-3.c -O1 (test for excess errors)
UNRESOLVED: gcc.dg/torture/arm-fp16-ops-3.c -O1 compilation failed to produce executable
FAIL: gcc.dg/torture/arm-fp16-ops-3.c -O2 (test for excess errors)
UNRESOLVED: gcc.dg/torture/arm-fp16-ops-3.c -O2 compilation failed to produce executable
FAIL: gcc.dg/torture/arm-fp16-ops-3.c -O3 -g (test for excess errors)
UNRESOLVED: gcc.dg/torture/arm-fp16-ops-3.c -O3 -g compilation failed to produce executable
FAIL: gcc.dg/torture/arm-fp16-ops-3.c -Os (test for excess errors)
UNRESOLVED: gcc.dg/torture/arm-fp16-ops-3.c -Os compilation failed to produce executable
FAIL: gcc.dg/torture/arm-fp16-ops-3.c -O2 -flto -fno-use-linker-plugin -flto-partition=none (test for excess errors)
UNRESOLVED: gcc.dg/torture/arm-fp16-ops-3.c -O2 -flto -fno-use-linker-plugin -flto-partition=none compilation failed to produce executable
FAIL: gcc.dg/torture/arm-fp16-ops-3.c -O2 -flto -fuse-linker-plugin -fno-fat-lto-objects (test for excess errors)
UNRESOLVED: gcc.dg/torture/arm-fp16-ops-3.c -O2 -flto -fuse-linker-plugin -fno-fat-lto-objects compilation failed to produce executable
FAIL: gcc.dg/torture/arm-fp16-ops-4.c -O0 (test for excess errors)
UNRESOLVED: gcc.dg/torture/arm-fp16-ops-4.c -O0 compilation failed to produce executable
FAIL: gcc.dg/torture/arm-fp16-ops-4.c -O1 (test for excess errors)
UNRESOLVED: gcc.dg/torture/arm-fp16-ops-4.c -O1 compilation failed to produce executable
FAIL: gcc.dg/torture/arm-fp16-ops-4.c -O2 (test for excess errors)
UNRESOLVED: gcc.dg/torture/arm-fp16-ops-4.c -O2 compilation failed to produce executable
FAIL: gcc.dg/torture/arm-fp16-ops-4.c -O3 -g (test for excess errors)
UNRESOLVED: gcc.dg/torture/arm-fp16-ops-4.c -O3 -g compilation failed to produce executable
FAIL: gcc.dg/torture/arm-fp16-ops-4.c -Os (test for excess errors)
UNRESOLVED: gcc.dg/torture/arm-fp16-ops-4.c -Os compilation failed to produce executable
FAIL: gcc.dg/torture/arm-fp16-ops-4.c -O2 -flto -fno-use-linker-plugin -flto-partition=none (test for excess errors)
UNRESOLVED: gcc.dg/torture/arm-fp16-ops-4.c -O2 -flto -fno-use-linker-plugin -flto-partition=none compilation failed to produce executable
FAIL: gcc.dg/torture/arm-fp16-ops-4.c -O2 -flto -fuse-linker-plugin -fno-fat-lto-objects (test for excess errors)
UNRESOLVED: gcc.dg/torture/arm-fp16-ops-4.c -O2 -flto -fuse-linker-plugin -fno-fat-lto-objects compilation failed to produce executable
FAIL: gcc.dg/torture/builtin-convert-1.c -O1 (test for excess errors)
FAIL: gcc.dg/torture/builtin-convert-1.c -O2 (test for excess errors)
FAIL: gcc.dg/torture/builtin-convert-1.c -O3 -g (test for excess errors)
FAIL: gcc.dg/torture/builtin-convert-1.c -Os (test for excess errors)
FAIL: gcc.dg/torture/builtin-convert-1.c -O2 -flto -fno-use-linker-plugin -flto-partition=none (test for excess errors)
FAIL: gcc.dg/torture/builtin-convert-2.c -O1 (test for excess errors)
FAIL: gcc.dg/torture/builtin-convert-2.c -O2 (test for excess errors)
FAIL: gcc.dg/torture/builtin-convert-2.c -O3 -g (test for excess errors)
FAIL: gcc.dg/torture/builtin-convert-2.c -Os (test for excess errors)
FAIL: gcc.dg/torture/builtin-convert-2.c -O2 -flto -fno-use-linker-plugin -flto-partition=none (test for excess errors)
FAIL: gcc.dg/torture/pr68264.c -O0 execution test
FAIL: gcc.dg/torture/pr68264.c -O1 execution test
FAIL: gcc.dg/torture/pr68264.c -O2 execution test
FAIL: gcc.dg/torture/pr68264.c -O3 -g execution test
FAIL: gcc.dg/torture/pr68264.c -Os execution test
FAIL: gcc.dg/torture/pr68264.c -O2 -flto -fno-use-linker-plugin -flto-partition=none execution test
FAIL: gcc.dg/torture/pr68264.c -O2 -flto -fuse-linker-plugin -fno-fat-lto-objects execution test
FAIL: gcc.dg/torture/pr69951.c -O0 (test for excess errors)
FAIL: gcc.dg/torture/pr69951.c -O1 (test for excess errors)
FAIL: gcc.dg/torture/pr69951.c -O2 (test for excess errors)
FAIL: gcc.dg/torture/pr69951.c -O3 -g (test for excess errors)
FAIL: gcc.dg/torture/pr69951.c -Os (test for excess errors)
FAIL: gcc.dg/torture/pr69951.c -O2 -flto -fno-use-linker-plugin -flto-partition=none (test for excess errors)
FAIL: gcc.dg/torture/pr69951.c -O2 -flto -fuse-linker-plugin -fno-fat-lto-objects (test for excess errors)
FAIL: gcc.dg/torture/tls/run-ie.c -O0 execution test
FAIL: gcc.dg/torture/tls/run-ie.c -O0 -fpic execution test
FAIL: gcc.dg/torture/tls/run-ie.c -O1 -fpic execution test
FAIL: gcc.dg/torture/tls/run-ie.c -O2 -fpic execution test
FAIL: gcc.dg/torture/tls/run-ie.c -O3 -g -fpic execution test
FAIL: gcc.dg/torture/tls/run-ie.c -Os -fpic execution test
FAIL: gcc.dg/torture/tls/run-ie.c -O0 -fPIC execution test
FAIL: gcc.dg/torture/tls/run-ie.c -O1 -fPIC execution test
FAIL: gcc.dg/torture/tls/run-ie.c -O2 -fPIC execution test
FAIL: gcc.dg/torture/tls/run-ie.c -O3 -g -fPIC execution test
FAIL: gcc.dg/torture/tls/run-ie.c -Os -fPIC execution test
FAIL: gcc.dg/torture/tls/run-ie.c -O0 -pie -fpie execution test
FAIL: gcc.dg/torture/tls/run-ie.c -O1 -pie -fpie execution test
FAIL: gcc.dg/torture/tls/run-ie.c -O2 -pie -fpie execution test
FAIL: gcc.dg/torture/tls/run-ie.c -O3 -g -pie -fpie execution test
FAIL: gcc.dg/torture/tls/run-ie.c -Os -pie -fpie execution test
FAIL: gcc.dg/torture/tls/run-ie.c -O0 -pie -fPIE execution test
FAIL: gcc.dg/torture/tls/run-ie.c -O1 -pie -fPIE execution test
FAIL: gcc.dg/torture/tls/run-ie.c -O2 -pie -fPIE execution test
FAIL: gcc.dg/torture/tls/run-ie.c -O3 -g -pie -fPIE execution test
FAIL: gcc.dg/torture/tls/run-ie.c -Os -pie -fPIE execution test
FAIL: gcc.dg/tree-ssa/copy-sign-1.c scan-tree-dump-times gimple "copysign" 8
FAIL: gcc.dg/tree-ssa/gen-vect-26.c scan-tree-dump-times vect "Vectorizing an unaligned access" 0
FAIL: gcc.dg/tree-ssa/gen-vect-26.c scan-tree-dump-times vect "Alignment of access forced using peeling" 1
FAIL: gcc.dg/tree-ssa/gen-vect-28.c scan-tree-dump-times vect "Vectorizing an unaligned access" 0
FAIL: gcc.dg/tree-ssa/gen-vect-28.c scan-tree-dump-times vect "Alignment of access forced using peeling" 1
FAIL: gcc.dg/tree-ssa/minmax-2.c scan-tree-dump optimized "__builtin_fmin"
FAIL: gcc.dg/tree-ssa/mult-abs-2.c scan-tree-dump-times gimple "ABS" 8
FAIL: gcc.dg/tree-ssa/pr71078-1-double.c scan-tree-dump forwprop1 "__builtin_copysign"
FAIL: gcc.dg/tree-ssa/pr71078-1.c scan-tree-dump forwprop1 "__builtin_copysignf"
FAIL: gcc.dg/tree-ssa/pr71078-2-double.c scan-tree-dump forwprop1 "__builtin_copysign"
FAIL: gcc.dg/tree-ssa/pr71078-2.c scan-tree-dump forwprop1 "__builtin_copysignf"
FAIL: gcc.dg/tree-ssa/pr71078-3.c scan-tree-dump forwprop1 "__builtin_copysign"
FAIL: gcc.dg/vect/pr65947-9.c scan-tree-dump vect "loop size is greater than data size"
FAIL: gcc.dg/vect/pr65947-9.c -flto -ffat-lto-objects scan-tree-dump vect "loop size is greater than data size"
FAIL: gcc.dg/vect/pr79920.c -flto -ffat-lto-objects (test for excess errors)
UNRESOLVED: gcc.dg/vect/pr79920.c -flto -ffat-lto-objects compilation failed to produce executable
FAIL: gcc.dg/vect/pr79920.c (test for excess errors)
UNRESOLVED: gcc.dg/vect/pr79920.c compilation failed to produce executable
FAIL: gcc.dg/vect/section-anchors-vect-69.c scan-tree-dump-times vect "Vectorizing an unaligned access" 0
FAIL: gcc.dg/vect/vect-tail-nomask-1.c -flto -ffat-lto-objects (test for excess errors)
UNRESOLVED: gcc.dg/vect/vect-tail-nomask-1.c -flto -ffat-lto-objects compilation failed to produce executable
FAIL: gcc.dg/vect/vect-tail-nomask-1.c (test for excess errors)
UNRESOLVED: gcc.dg/vect/vect-tail-nomask-1.c compilation failed to produce executable
FAIL: gcc.target/arm/aapcs/align4.c (test for excess errors)
UNRESOLVED: gcc.target/arm/aapcs/align4.c compilation failed to produce executable
FAIL: gcc.target/arm/aapcs/align_rec4.c (test for excess errors)
UNRESOLVED: gcc.target/arm/aapcs/align_rec4.c compilation failed to produce executable
FAIL: gcc.target/arm/aapcs/neon-vect1.c (test for excess errors)
UNRESOLVED: gcc.target/arm/aapcs/neon-vect1.c compilation failed to produce executable
FAIL: gcc.target/arm/aapcs/neon-vect2.c (test for excess errors)
UNRESOLVED: gcc.target/arm/aapcs/neon-vect2.c compilation failed to produce executable
FAIL: gcc.target/arm/aapcs/neon-vect3.c (test for excess errors)
UNRESOLVED: gcc.target/arm/aapcs/neon-vect3.c compilation failed to produce executable
FAIL: gcc.target/arm/aapcs/neon-vect4.c (test for excess errors)
UNRESOLVED: gcc.target/arm/aapcs/neon-vect4.c compilation failed to produce executable
FAIL: gcc.target/arm/aapcs/neon-vect5.c (test for excess errors)
UNRESOLVED: gcc.target/arm/aapcs/neon-vect5.c compilation failed to produce executable
FAIL: gcc.target/arm/aapcs/neon-vect6.c (test for excess errors)
UNRESOLVED: gcc.target/arm/aapcs/neon-vect6.c compilation failed to produce executable
FAIL: gcc.target/arm/aapcs/neon-vect7.c (test for excess errors)
UNRESOLVED: gcc.target/arm/aapcs/neon-vect7.c compilation failed to produce executable
FAIL: gcc.target/arm/aapcs/neon-vect8.c (test for excess errors)
UNRESOLVED: gcc.target/arm/aapcs/neon-vect8.c compilation failed to produce executable
FAIL: gcc.target/arm/aapcs/vfp22.c (test for excess errors)
UNRESOLVED: gcc.target/arm/aapcs/vfp22.c compilation failed to produce executable
FAIL: gcc.target/arm/aapcs/vfp23.c (test for excess errors)
UNRESOLVED: gcc.target/arm/aapcs/vfp23.c compilation failed to produce executable
FAIL: gcc.target/arm/aapcs/vfp24.c (test for excess errors)
UNRESOLVED: gcc.target/arm/aapcs/vfp24.c compilation failed to produce executable
FAIL: gcc.target/arm/aapcs/vfp25.c (test for excess errors)
UNRESOLVED: gcc.target/arm/aapcs/vfp25.c compilation failed to produce executable
FAIL: gcc.target/arm/armv8_2-fp16-move-1.c scan-assembler-times vmov\\\\.f16\\\\ts[0-9]+, r[0-9]+ 4
FAIL: gcc.target/arm/armv8_2-fp16-move-1.c scan-assembler-times vmov\\\\.f16\\\\tr[0-9]+, s[0-9]+ 4
FAIL: gcc.target/arm/attr-crypto.c (test for excess errors)
UNRESOLVED: gcc.target/arm/attr-crypto.c scan-assembler sha256su0.32\\tq[0-9]+, q[0-9]+
FAIL: gcc.target/arm/attr_thumb-static.c (test for excess errors)
UNRESOLVED: gcc.target/arm/attr_thumb-static.c compilation failed to produce executable
FAIL: gcc.target/arm/fixed-point-exec.c (test for excess errors)
UNRESOLVED: gcc.target/arm/fixed-point-exec.c compilation failed to produce executable
FAIL: gcc.target/arm/fp16-rounding-alt-1.c (test for excess errors)
UNRESOLVED: gcc.target/arm/fp16-rounding-alt-1.c compilation failed to produce executable
FAIL: gcc.target/arm/ftest-armv4-arm.c (test for excess errors)
FAIL: gcc.target/arm/ftest-armv4t-arm.c (test for excess errors)
FAIL: gcc.target/arm/ftest-armv4t-thumb.c (test for excess errors)
FAIL: gcc.target/arm/ftest-armv5t-arm.c (test for excess errors)
FAIL: gcc.target/arm/ftest-armv5t-thumb.c (test for excess errors)
FAIL: gcc.target/arm/ftest-armv5te-arm.c (test for excess errors)
FAIL: gcc.target/arm/ftest-armv5te-thumb.c (test for excess errors)
FAIL: gcc.target/arm/ftest-armv6-arm.c (test for excess errors)
FAIL: gcc.target/arm/ftest-armv6-thumb.c (test for excess errors)
FAIL: gcc.target/arm/ftest-armv6k-arm.c (test for excess errors)
FAIL: gcc.target/arm/ftest-armv6k-thumb.c (test for excess errors)
FAIL: gcc.target/arm/ftest-armv6t2-arm.c (test for excess errors)
FAIL: gcc.target/arm/ftest-armv6t2-thumb.c (test for excess errors)
FAIL: gcc.target/arm/ftest-armv6z-arm.c (test for excess errors)
FAIL: gcc.target/arm/ftest-armv6z-thumb.c (test for excess errors)
FAIL: gcc.target/arm/ftest-armv7a-arm.c (test for excess errors)
FAIL: gcc.target/arm/ftest-armv7a-thumb.c (test for excess errors)
FAIL: gcc.target/arm/ftest-armv7em-thumb.c (test for excess errors)
FAIL: gcc.target/arm/ftest-armv7m-thumb.c (test for excess errors)
FAIL: gcc.target/arm/ftest-armv7r-arm.c (test for excess errors)
FAIL: gcc.target/arm/ftest-armv7r-thumb.c (test for excess errors)
FAIL: gcc.target/arm/ftest-armv7ve-arm.c (test for excess errors)
FAIL: gcc.target/arm/ftest-armv7ve-thumb.c (test for excess errors)
FAIL: gcc.target/arm/ftest-armv8a-arm.c (test for excess errors)
FAIL: gcc.target/arm/ftest-armv8a-thumb.c (test for excess errors)
FAIL: gcc.target/arm/g2.c (test for excess errors)
UNRESOLVED: gcc.target/arm/g2.c scan-assembler mla[ \\t].*
UNRESOLVED: gcc.target/arm/ivopts.c object-size text <= 32
FAIL: gcc.target/arm/macro_defs1.c (test for excess errors)
FAIL: gcc.target/arm/optional_thumb-1.c (test for excess errors)
FAIL: gcc.target/arm/pr19599.c (test for excess errors)
UNRESOLVED: gcc.target/arm/pr19599.c scan-assembler bx
FAIL: gcc.target/arm/pr40887.c (test for excess errors)
UNRESOLVED: gcc.target/arm/pr40887.c scan-assembler blx
FAIL: gcc.target/arm/pr42575.c scan-assembler-not mov
FAIL: gcc.target/arm/pr59575.c (test for excess errors)
FAIL: gcc.target/arm/pr60650-2.c (test for excess errors)
FAIL: gcc.target/arm/pr60657.c (test for excess errors)
FAIL: gcc.target/arm/pr60663.c (test for excess errors)
FAIL: gcc.target/arm/pr62554.c (test for excess errors)
FAIL: gcc.target/arm/pr65647-2.c (test for excess errors)
FAIL: gcc.target/arm/pr69610-1.c (test for excess errors)
FAIL: gcc.target/arm/pr69610-2.c (test for excess errors)
FAIL: gcc.target/arm/pr70278.c (test for excess errors)
FAIL: gcc.target/arm/pr79058.c (test for excess errors)
FAIL: gcc.target/arm/reg_equal_test.c scan-rtl-dump expand "expr_list:REG_EQUAL \\\\(const_int -942519458"
FAIL: gcc.target/arm/scd42-2.c (test for excess errors)
UNRESOLVED: gcc.target/arm/scd42-2.c scan-assembler mov[ \\t].*272
FAIL: gcc.target/arm/tail-long-call.c (test for excess errors)
UNRESOLVED: gcc.target/arm/tail-long-call.c scan-assembler bx
UNRESOLVED: gcc.target/arm/tail-long-call.c scan-assembler-not blx
FAIL: gcc.target/arm/unsigned-float.c (test for excess errors)
UNRESOLVED: gcc.target/arm/unsigned-float.c scan-assembler-not vcvt.(f32.f64|f64.f32)
FAIL: gcc.target/arm/xor-and.c (test for excess errors)
UNRESOLVED: gcc.target/arm/xor-and.c scan-assembler eor
UNRESOLVED: gcc.target/arm/xor-and.c scan-assembler-not mvn
UNRESOLVED: gcc.target/arm/xor-and.c scan-assembler-not uxth
FAIL: object-readelf Tag_ABI_enum_size size is incorrect.
=== gcc Summary ===
# of expected passes 100522
# of unexpected failures 246
# of unexpected successes 1
# of expected failures 234
# of unresolved testcases 57
# of unsupported tests 5400
/build/gcc/objdir_armv6/gcc/xgcc version 8.0.0 20170724 (experimental) [trunk revision 250486] (GCC)
=== gfortran tests ===
Running target unix
FAIL: gfortran.dg/default_format_denormal_1.f90 -O0 execution test
FAIL: gfortran.dg/default_format_denormal_1.f90 -O1 execution test
FAIL: gfortran.dg/default_format_denormal_1.f90 -O2 execution test
FAIL: gfortran.dg/default_format_denormal_1.f90 -O3 -fomit-frame-pointer -funroll-loops -fpeel-loops -ftracer -finline-functions execution test
FAIL: gfortran.dg/default_format_denormal_1.f90 -O3 -g execution test
FAIL: gfortran.dg/default_format_denormal_1.f90 -Os execution test
FAIL: gfortran.dg/elemental_dependency_4.f90 -O0 execution test
FAIL: gfortran.dg/elemental_subroutine_3.f90 -O1 (test for excess errors)
FAIL: gfortran.dg/elemental_subroutine_3.f90 -O2 (test for excess errors)
FAIL: gfortran.dg/elemental_subroutine_3.f90 -O3 -fomit-frame-pointer -funroll-loops -fpeel-loops -ftracer -finline-functions (test for excess errors)
FAIL: gfortran.dg/elemental_subroutine_3.f90 -O3 -g (test for excess errors)
FAIL: gfortran.dg/elemental_subroutine_3.f90 -Os (test for excess errors)
FAIL: gfortran.dg/internal_dummy_3.f08 -O0 execution test
FAIL: gfortran.dg/internal_dummy_3.f08 -O2 execution test
FAIL: gfortran.dg/internal_dummy_3.f08 -O3 -fomit-frame-pointer -funroll-loops -fpeel-loops -ftracer -finline-functions execution test
FAIL: gfortran.dg/internal_dummy_3.f08 -O3 -g execution test
FAIL: gfortran.dg/internal_dummy_3.f08 -Os execution test
FAIL: gfortran.dg/proc_ptr_comp_11.f90 -O0 execution test
FAIL: gfortran.dg/proc_ptr_comp_18.f90 -O0 execution test
FAIL: gfortran.dg/proc_ptr_comp_19.f90 -O0 execution test
FAIL: gfortran.dg/proc_ptr_comp_34.f90 -O0 execution test
FAIL: gfortran.dg/proc_ptr_comp_9.f90 -O0 execution test
FAIL: gfortran.dg/proc_ptr_result_7.f90 -O0 execution test
FAIL: gfortran.dg/structure_constructor_11.f90 -O2 execution test
FAIL: gfortran.dg/structure_constructor_11.f90 -O3 -fomit-frame-pointer -funroll-loops -fpeel-loops -ftracer -finline-functions execution test
FAIL: gfortran.dg/structure_constructor_11.f90 -O3 -g execution test
FAIL: gfortran.dg/structure_constructor_11.f90 -Os execution test
FAIL: gfortran.dg/ieee/ieee_6.f90 -O0 execution test
FAIL: gfortran.dg/ieee/ieee_6.f90 -O1 execution test
FAIL: gfortran.dg/ieee/ieee_6.f90 -O2 execution test
FAIL: gfortran.dg/ieee/ieee_6.f90 -O3 -fomit-frame-pointer -funroll-loops -fpeel-loops -ftracer -finline-functions execution test
FAIL: gfortran.dg/ieee/ieee_6.f90 -O3 -g execution test
FAIL: gfortran.dg/ieee/ieee_6.f90 -Os execution test
=== gfortran Summary ===
# of expected passes 44094
# of unexpected failures 33
# of expected failures 88
# of unsupported tests 379
/build/gcc/objdir_armv6/gcc/gfortran version 8.0.0 20170724 (experimental) [trunk revision 250486] (GCC)
=== objc tests ===
Running target unix
=== objc Summary ===
# of expected passes 2803
# of unsupported tests 68
/build/gcc/objdir_armv6/gcc/xgcc version 8.0.0 20170724 (experimental) [trunk revision 250486] (GCC)
Compiler version: 8.0.0 20170724 (experimental) [trunk revision 250486] (GCC)
Platform: armv6-unknown-freebsd12.0
configure flags: --with-gmp=/usr/local --disable-nls --with-ld=/usr/local/bin/ld --with-as=/usr/local/bin/as --prefix=/build/gcc/testbin_armv6