This is the mail archive of the
gcc-testresults@gcc.gnu.org
mailing list for the GCC project.
Results for 8.0.0 20170721 (experimental) [trunk revision 250424] (GCC) testsuite on sparc-sun-solaris2.11
- From: Rainer Orth <ro at CeBiTec dot Uni-Bielefeld dot DE>
- To: gcc-testresults at gcc dot gnu dot org
- Date: Sat, 22 Jul 2017 15:03:58 +0200 (MEST)
- Subject: Results for 8.0.0 20170721 (experimental) [trunk revision 250424] (GCC) testsuite on sparc-sun-solaris2.11
- Authentication-results: sourceware.org; auth=none
LAST_UPDATED: Fri Jul 21 12:54:31 UTC 2017 (revision 250424)
=== acats tests ===
=== acats Summary ===
# of expected passes 2320
# of unexpected failures 0
Native configuration is sparc-sun-solaris2.11
=== g++ tests ===
Running target unix
FAIL: g++.dg/init/cleanup3.C -std=c++11 scan-assembler-not _tcf
FAIL: g++.dg/init/cleanup3.C -std=c++14 scan-assembler-not _tcf
FAIL: g++.dg/init/cleanup3.C -std=c++98 scan-assembler-not _tcf
FAIL: g++.dg/lookup/missing-std-include-2.C -std=gnu++11 (test for warnings, line 13)
FAIL: g++.dg/lookup/missing-std-include-2.C -std=gnu++11 (test for warnings, line 24)
FAIL: g++.dg/lookup/missing-std-include-2.C -std=gnu++11 expected multiline pattern lines 45-53 not found: "\\s*@@ -7,6 \\+7,8 @@.*\\n directives\\)\\. \\*/.*\\n .*\\n #include <stdio\\.h>.*\\n\\+#include <string>.*\\n\\+#include <iostream>.*\\n .*\\n void test \\(void\\).*\\n \\{.*\\n"
FAIL: g++.dg/lookup/missing-std-include-2.C -std=gnu++11 (test for excess errors)
FAIL: g++.dg/lookup/missing-std-include-2.C -std=gnu++14 (test for warnings, line 13)
FAIL: g++.dg/lookup/missing-std-include-2.C -std=gnu++14 (test for warnings, line 24)
FAIL: g++.dg/lookup/missing-std-include-2.C -std=gnu++14 expected multiline pattern lines 45-53 not found: "\\s*@@ -7,6 \\+7,8 @@.*\\n directives\\)\\. \\*/.*\\n .*\\n #include <stdio\\.h>.*\\n\\+#include <string>.*\\n\\+#include <iostream>.*\\n .*\\n void test \\(void\\).*\\n \\{.*\\n"
FAIL: g++.dg/lookup/missing-std-include-2.C -std=gnu++14 (test for excess errors)
FAIL: g++.dg/lookup/missing-std-include-2.C -std=gnu++98 (test for warnings, line 13)
FAIL: g++.dg/lookup/missing-std-include-2.C -std=gnu++98 (test for warnings, line 24)
FAIL: g++.dg/lookup/missing-std-include-2.C -std=gnu++98 expected multiline pattern lines 45-53 not found: "\\s*@@ -7,6 \\+7,8 @@.*\\n directives\\)\\. \\*/.*\\n .*\\n #include <stdio\\.h>.*\\n\\+#include <string>.*\\n\\+#include <iostream>.*\\n .*\\n void test \\(void\\).*\\n \\{.*\\n"
FAIL: g++.dg/lookup/missing-std-include-2.C -std=gnu++98 (test for excess errors)
FAIL: g++.dg/template/nontype10.C -std=c++11 (test for excess errors)
FAIL: g++.dg/template/nontype10.C -std=c++14 (test for excess errors)
FAIL: g++.dg/template/nontype10.C -std=c++98 (test for excess errors)
FAIL: g++.dg/tls/thread_local-order1.C -std=c++11 execution test
FAIL: g++.dg/tls/thread_local-order1.C -std=c++14 execution test
FAIL: g++.dg/tls/thread_local3g.C -std=gnu++11 execution test
FAIL: g++.dg/tls/thread_local3g.C -std=gnu++14 execution test
FAIL: g++.dg/tls/thread_local4g.C -std=gnu++11 execution test
FAIL: g++.dg/tls/thread_local4g.C -std=gnu++14 execution test
FAIL: g++.dg/tls/thread_local5g.C -std=gnu++11 execution test
FAIL: g++.dg/tls/thread_local5g.C -std=gnu++14 execution test
FAIL: g++.dg/tls/thread_local6g.C -std=c++11 execution test
FAIL: g++.dg/tls/thread_local6g.C -std=c++14 execution test
FAIL: g++.old-deja/g++.other/init5.C -std=c++11 execution test
FAIL: g++.old-deja/g++.other/init5.C -std=c++14 execution test
FAIL: g++.old-deja/g++.other/init5.C -std=c++98 execution test
=== g++ Summary for unix ===
# of expected passes 106979
# of unexpected failures 31
# of expected failures 388
# of unsupported tests 4611
Running target unix/-m64
FAIL: g++.dg/init/cleanup3.C -std=c++11 scan-assembler-not _tcf
FAIL: g++.dg/init/cleanup3.C -std=c++14 scan-assembler-not _tcf
FAIL: g++.dg/init/cleanup3.C -std=c++98 scan-assembler-not _tcf
FAIL: g++.dg/lookup/missing-std-include-2.C -std=gnu++11 (test for warnings, line 13)
FAIL: g++.dg/lookup/missing-std-include-2.C -std=gnu++11 (test for warnings, line 24)
FAIL: g++.dg/lookup/missing-std-include-2.C -std=gnu++11 expected multiline pattern lines 45-53 not found: "\\s*@@ -7,6 \\+7,8 @@.*\\n directives\\)\\. \\*/.*\\n .*\\n #include <stdio\\.h>.*\\n\\+#include <string>.*\\n\\+#include <iostream>.*\\n .*\\n void test \\(void\\).*\\n \\{.*\\n"
FAIL: g++.dg/lookup/missing-std-include-2.C -std=gnu++11 (test for excess errors)
FAIL: g++.dg/lookup/missing-std-include-2.C -std=gnu++14 (test for warnings, line 13)
FAIL: g++.dg/lookup/missing-std-include-2.C -std=gnu++14 (test for warnings, line 24)
FAIL: g++.dg/lookup/missing-std-include-2.C -std=gnu++14 expected multiline pattern lines 45-53 not found: "\\s*@@ -7,6 \\+7,8 @@.*\\n directives\\)\\. \\*/.*\\n .*\\n #include <stdio\\.h>.*\\n\\+#include <string>.*\\n\\+#include <iostream>.*\\n .*\\n void test \\(void\\).*\\n \\{.*\\n"
FAIL: g++.dg/lookup/missing-std-include-2.C -std=gnu++14 (test for excess errors)
FAIL: g++.dg/lookup/missing-std-include-2.C -std=gnu++98 (test for warnings, line 13)
FAIL: g++.dg/lookup/missing-std-include-2.C -std=gnu++98 (test for warnings, line 24)
FAIL: g++.dg/lookup/missing-std-include-2.C -std=gnu++98 expected multiline pattern lines 45-53 not found: "\\s*@@ -7,6 \\+7,8 @@.*\\n directives\\)\\. \\*/.*\\n .*\\n #include <stdio\\.h>.*\\n\\+#include <string>.*\\n\\+#include <iostream>.*\\n .*\\n void test \\(void\\).*\\n \\{.*\\n"
FAIL: g++.dg/lookup/missing-std-include-2.C -std=gnu++98 (test for excess errors)
FAIL: g++.dg/tls/thread_local-order1.C -std=c++11 execution test
FAIL: g++.dg/tls/thread_local-order1.C -std=c++14 execution test
FAIL: g++.dg/tls/thread_local3g.C -std=gnu++11 execution test
FAIL: g++.dg/tls/thread_local3g.C -std=gnu++14 execution test
FAIL: g++.dg/tls/thread_local4g.C -std=gnu++11 execution test
FAIL: g++.dg/tls/thread_local4g.C -std=gnu++14 execution test
FAIL: g++.dg/tls/thread_local5g.C -std=gnu++11 execution test
FAIL: g++.dg/tls/thread_local5g.C -std=gnu++14 execution test
FAIL: g++.dg/tls/thread_local6g.C -std=c++11 execution test
FAIL: g++.dg/tls/thread_local6g.C -std=c++14 execution test
FAIL: g++.old-deja/g++.other/init5.C -std=c++11 execution test
FAIL: g++.old-deja/g++.other/init5.C -std=c++14 execution test
FAIL: g++.old-deja/g++.other/init5.C -std=c++98 execution test
=== g++ Summary for unix/-m64 ===
# of expected passes 108864
# of unexpected failures 28
# of expected failures 388
# of unsupported tests 4583
=== g++ Summary ===
# of expected passes 215843
# of unexpected failures 59
# of expected failures 776
# of unsupported tests 9194
/var/gcc/regression/trunk/11-gcc-gas-gld/build/gcc/testsuite/g++/../../xg++ version 8.0.0 20170721 (experimental) [trunk revision 250424] (GCC)
=== gcc tests ===
Running target unix
XPASS: gcc.dg/pr78768.c -Wformat-overflow (test for warnings, line 12)
FAIL: gcc.dg/plugin/must-tail-call-1.c -fplugin=./must_tail_call_plugin.so (test for excess errors)
FAIL: gcc.dg/simulate-thread/atomic-other-int.c -O2 -g thread simulation test
FAIL: gcc.dg/simulate-thread/atomic-other-int.c -O3 -g thread simulation test
FAIL: gcc.dg/simulate-thread/speculative-store-4.c -O0 -g thread simulation test
FAIL: gcc.dg/simulate-thread/speculative-store-4.c -O2 -g thread simulation test
FAIL: gcc.dg/simulate-thread/speculative-store-4.c -O3 -g thread simulation test
FAIL: gcc.dg/simulate-thread/speculative-store.c -O0 -g thread simulation test
FAIL: gcc.dg/vect/bb-slp-1.c -flto -ffat-lto-objects scan-tree-dump-times slp1 "basic block vectorized" 1
FAIL: gcc.dg/vect/bb-slp-1.c scan-tree-dump-times slp1 "basic block vectorized" 1
FAIL: gcc.dg/vect/bb-slp-16.c -flto -ffat-lto-objects scan-tree-dump-times slp1 "basic block vectorized" 1
FAIL: gcc.dg/vect/bb-slp-16.c scan-tree-dump-times slp1 "basic block vectorized" 1
FAIL: gcc.dg/vect/bb-slp-2.c -flto -ffat-lto-objects scan-tree-dump-times slp1 "basic block vectorized" 1
FAIL: gcc.dg/vect/bb-slp-2.c scan-tree-dump-times slp1 "basic block vectorized" 1
FAIL: gcc.dg/vect/pr80815-3.c -flto -ffat-lto-objects scan-tree-dump vect "improved number of alias checks from [0-9]* to 1"
FAIL: gcc.dg/vect/pr80815-3.c scan-tree-dump vect "improved number of alias checks from [0-9]* to 1"
XPASS: gcc.dg/vect/vect-multitypes-12.c -flto -ffat-lto-objects scan-tree-dump-times vect "vectorized 1 loops" 1
XPASS: gcc.dg/vect/vect-multitypes-12.c scan-tree-dump-times vect "vectorized 1 loops" 1
=== gcc Summary for unix ===
# of expected passes 100370
# of unexpected failures 15
# of unexpected successes 3
# of expected failures 428
# of unsupported tests 2653
Running target unix/-m64
XPASS: gcc.dg/pr78768.c -Wformat-overflow (test for warnings, line 12)
FAIL: gcc.dg/plugin/must-tail-call-1.c -fplugin=./must_tail_call_plugin.so (test for excess errors)
FAIL: gcc.dg/vect/bb-slp-1.c -flto -ffat-lto-objects scan-tree-dump-times slp1 "basic block vectorized" 1
FAIL: gcc.dg/vect/bb-slp-1.c scan-tree-dump-times slp1 "basic block vectorized" 1
FAIL: gcc.dg/vect/bb-slp-16.c -flto -ffat-lto-objects scan-tree-dump-times slp1 "basic block vectorized" 1
FAIL: gcc.dg/vect/bb-slp-16.c scan-tree-dump-times slp1 "basic block vectorized" 1
FAIL: gcc.dg/vect/bb-slp-2.c -flto -ffat-lto-objects scan-tree-dump-times slp1 "basic block vectorized" 1
FAIL: gcc.dg/vect/bb-slp-2.c scan-tree-dump-times slp1 "basic block vectorized" 1
FAIL: gcc.dg/vect/pr80815-3.c -flto -ffat-lto-objects scan-tree-dump vect "improved number of alias checks from [0-9]* to 1"
FAIL: gcc.dg/vect/pr80815-3.c scan-tree-dump vect "improved number of alias checks from [0-9]* to 1"
=== gcc Summary for unix/-m64 ===
# of expected passes 101433
# of unexpected failures 9
# of unexpected successes 1
# of expected failures 415
# of unsupported tests 2445
=== gcc Summary ===
# of expected passes 201803
# of unexpected failures 24
# of unexpected successes 4
# of expected failures 843
# of unsupported tests 5098
/var/gcc/regression/trunk/11-gcc-gas-gld/build/gcc/xgcc version 8.0.0 20170721 (experimental) [trunk revision 250424] (GCC)
=== gfortran tests ===
Running target unix
FAIL: gfortran.dg/elemental_subroutine_3.f90 -O1 (test for excess errors)
FAIL: gfortran.dg/elemental_subroutine_3.f90 -O2 (test for excess errors)
FAIL: gfortran.dg/elemental_subroutine_3.f90 -O3 -fomit-frame-pointer -funroll-loops -fpeel-loops -ftracer -finline-functions (test for excess errors)
FAIL: gfortran.dg/elemental_subroutine_3.f90 -O3 -g (test for excess errors)
FAIL: gfortran.dg/elemental_subroutine_3.f90 -Os (test for excess errors)
=== gfortran Summary for unix ===
# of expected passes 45032
# of unexpected failures 5
# of expected failures 94
# of unsupported tests 248
Running target unix/-m64
FAIL: gfortran.dg/elemental_subroutine_3.f90 -O1 (test for excess errors)
FAIL: gfortran.dg/elemental_subroutine_3.f90 -O2 (test for excess errors)
FAIL: gfortran.dg/elemental_subroutine_3.f90 -O3 -fomit-frame-pointer -funroll-loops -fpeel-loops -ftracer -finline-functions (test for excess errors)
FAIL: gfortran.dg/elemental_subroutine_3.f90 -O3 -g (test for excess errors)
FAIL: gfortran.dg/elemental_subroutine_3.f90 -Os (test for excess errors)
FAIL: gfortran.dg/graphite/pr14741.f90 -O scan-tree-dump graphite "tiled by"
=== gfortran Summary for unix/-m64 ===
# of expected passes 45278
# of unexpected failures 6
# of expected failures 94
# of unsupported tests 127
=== gfortran Summary ===
# of expected passes 90310
# of unexpected failures 11
# of expected failures 188
# of unsupported tests 375
/var/gcc/regression/trunk/11-gcc-gas-gld/build/gcc/testsuite/gfortran/../../gfortran version 8.0.0 20170721 (experimental) [trunk revision 250424] (GCC)
=== gnat tests ===
Running target unix
=== gnat Summary for unix ===
# of expected passes 2552
# of expected failures 24
# of unsupported tests 23
Running target unix/-m64
=== gnat Summary for unix/-m64 ===
# of expected passes 2552
# of expected failures 24
# of unsupported tests 23
=== gnat Summary ===
# of expected passes 5104
# of expected failures 48
# of unsupported tests 46
/var/gcc/regression/trunk/11-gcc-gas-gld/build/gcc/gnatmake version 8.0.0 20170721 (experimental) [trunk revision 250424]
=== go tests ===
Running target unix
FAIL: ./index0-out.go execution, -O0 -g -fno-var-tracking-assignments
FAIL: go.test/test/fixedbugs/issue4562.go execution, -O2 -g
FAIL: go.test/test/method5.go execution, -O2 -g
FAIL: go.test/test/nil.go execution, -O2 -g
=== go Summary for unix ===
# of expected passes 7358
# of unexpected failures 4
# of expected failures 1
# of untested testcases 11
# of unsupported tests 3
Running target unix/-m64
FAIL: ./index0-out.go execution, -O0 -g -fno-var-tracking-assignments
=== go Summary for unix/-m64 ===
# of expected passes 7241
# of unexpected failures 1
# of expected failures 1
# of untested testcases 11
# of unsupported tests 3
=== go Summary ===
# of expected passes 14599
# of unexpected failures 5
# of expected failures 2
# of untested testcases 22
# of unsupported tests 6
/var/gcc/regression/trunk/11-gcc-gas-gld/build/gcc/testsuite/go/../../gccgo version 8.0.0 20170721 (experimental) [trunk revision 250424] (GCC)
=== obj-c++ tests ===
Running target unix
=== obj-c++ Summary for unix ===
# of expected passes 1459
# of expected failures 2
# of unsupported tests 77
Running target unix/-m64
=== obj-c++ Summary for unix/-m64 ===
# of expected passes 1451
# of expected failures 10
# of unsupported tests 77
=== obj-c++ Summary ===
# of expected passes 2910
# of expected failures 12
# of unsupported tests 154
/var/gcc/regression/trunk/11-gcc-gas-gld/build/gcc/testsuite/obj-c++/../../xg++ version 8.0.0 20170721 (experimental) [trunk revision 250424] (GCC)
=== objc tests ===
Running target unix
=== objc Summary for unix ===
# of expected passes 2803
# of unsupported tests 68
Running target unix/-m64
=== objc Summary for unix/-m64 ===
# of expected passes 2803
# of unsupported tests 68
=== objc Summary ===
# of expected passes 5606
# of unsupported tests 136
/var/gcc/regression/trunk/11-gcc-gas-gld/build/gcc/xgcc version 8.0.0 20170721 (experimental) [trunk revision 250424] (GCC)
=== gotools tests ===
FAIL: TestRelativeImportsGoTest
FAIL: TestLdBindNow
FAIL: TestGoEnv
FAIL: TestGoTestWithPackageListedMultipleTimes
FAIL: TestIssue7573
FAIL: TestImportMain
FAIL: TestFileLineInErrorMessages
FAIL: TestPackageMainTestImportsArchiveNotBinary
FAIL: TestDefaultGOPATH
FAIL: TestInstallWithTags
FAIL: TestCaseCollisions
FAIL: TestBinaryOnlyPackages
FAIL: TestNonCanonicalImportPaths
FAIL: TestMultipleGOPATHEntriesReportedSeparately
FAIL: TestAlwaysLinkSysoFiles
FAIL: TestImportLocal
FAIL: TestCgoHandlesWlORIGIN
FAIL: TestMentionGOPATHNotOnSecondEntry
FAIL: TestSelectStackAdjust
FAIL: TestBreakpoint
FAIL: TestCgoCrashHandler
FAIL: TestEnsureDropM
FAIL: TestCgoExternalThreadPanic
FAIL: TestCgoCallbackGC
FAIL: TestCgoTraceback
FAIL: TestCgoExecSignalMask
FAIL: TestInstall
FAIL: TestEarlySignalHandler
FAIL: TestSignalForwardingExternal
FAIL: TestOsSignal
FAIL: TestSigaltstack
FAIL: TestPIE
=== gotools Summary ===
# of expected passes 234
# of unexpected failures 32
# of untested testcases 119
=== libatomic tests ===
Running target unix
=== libatomic Summary for unix ===
# of expected passes 44
# of unsupported tests 5
Running target unix/-m64
=== libatomic Summary for unix/-m64 ===
# of expected passes 54
=== libatomic Summary ===
# of expected passes 98
# of unsupported tests 5
=== libffi tests ===
Running target unix
=== libffi Summary for unix ===
# of expected passes 2214
Running target unix/-m64
=== libffi Summary for unix/-m64 ===
# of expected passes 2214
=== libffi Summary ===
# of expected passes 4428
=== libgo tests ===
Running target unix
FAIL: net
FAIL: runtime
FAIL: go/build
FAIL: net/http
FAIL: os/signal
FAIL: runtime/pprof
=== libgo Summary for unix ===
# of expected passes 141
# of unexpected failures 6
Running target unix/-m64
FAIL: net
FAIL: go/build
FAIL: net/http
FAIL: os/signal
=== libgo Summary for unix/-m64 ===
# of expected passes 143
# of unexpected failures 4
=== libgo Summary ===
# of expected passes 284
# of unexpected failures 10
=== libgomp tests ===
Running target unix
FAIL: libgomp.c/target-link-1.c execution test
=== libgomp Summary for unix ===
# of expected passes 5135
# of unexpected failures 1
# of unsupported tests 379
Running target unix/-m64
=== libgomp Summary for unix/-m64 ===
# of expected passes 5136
# of unsupported tests 379
=== libgomp Summary ===
# of expected passes 10271
# of unexpected failures 1
# of unsupported tests 758
=== libitm tests ===
Running target unix
=== libitm Summary for unix ===
# of expected passes 42
# of expected failures 3
# of unsupported tests 1
Running target unix/-m64
=== libitm Summary for unix/-m64 ===
# of expected passes 42
# of expected failures 3
# of unsupported tests 1
=== libitm Summary ===
# of expected passes 84
# of expected failures 6
# of unsupported tests 2
=== libstdc++ tests ===
Running target unix
FAIL: 23_containers/set/modifiers/swap/3.cc (test for excess errors)
WARNING: 23_containers/set/modifiers/swap/3.cc compilation failed to produce executable
FAIL: 23_containers/unordered_map/allocator/copy_assign.cc (test for excess errors)
WARNING: 23_containers/unordered_map/allocator/copy_assign.cc compilation failed to produce executable
FAIL: 23_containers/unordered_map/allocator/swap.cc (test for excess errors)
WARNING: 23_containers/unordered_map/allocator/swap.cc compilation failed to produce executable
FAIL: 23_containers/unordered_map/erase/54276.cc (test for excess errors)
WARNING: 23_containers/unordered_map/erase/54276.cc compilation failed to produce executable
FAIL: 23_containers/unordered_map/insert/map_single.cc (test for excess errors)
WARNING: 23_containers/unordered_map/insert/map_single.cc compilation failed to produce executable
FAIL: 23_containers/unordered_map/requirements/citerators.cc (test for excess errors)
WARNING: 23_containers/unordered_map/requirements/citerators.cc compilation failed to produce executable
FAIL: 23_containers/unordered_map/requirements/debug_mode.cc (test for excess errors)
FAIL: 23_containers/unordered_multimap/allocator/copy_assign.cc (test for excess errors)
WARNING: 23_containers/unordered_multimap/allocator/copy_assign.cc compilation failed to produce executable
FAIL: 23_containers/unordered_multimap/hash_policy/dr1189.cc (test for excess errors)
WARNING: 23_containers/unordered_multimap/hash_policy/dr1189.cc compilation failed to produce executable
FAIL: 23_containers/unordered_multimap/insert/multimap_range.cc (test for excess errors)
WARNING: 23_containers/unordered_multimap/insert/multimap_range.cc compilation failed to produce executable
FAIL: 23_containers/unordered_multimap/requirements/exception/basic.cc (test for excess errors)
WARNING: 23_containers/unordered_multimap/requirements/exception/basic.cc compilation failed to produce executable
FAIL: 23_containers/unordered_multiset/allocator/copy_assign.cc (test for excess errors)
WARNING: 23_containers/unordered_multiset/allocator/copy_assign.cc compilation failed to produce executable
FAIL: 23_containers/unordered_multiset/debug/move_neg.cc (test for excess errors)
WARNING: 23_containers/unordered_multiset/debug/move_neg.cc compilation failed to produce executable
FAIL: 23_containers/unordered_multiset/init-list.cc (test for excess errors)
WARNING: 23_containers/unordered_multiset/init-list.cc compilation failed to produce executable
FAIL: 23_containers/unordered_multiset/insert/24061-multiset.cc (test for excess errors)
WARNING: 23_containers/unordered_multiset/insert/24061-multiset.cc compilation failed to produce executable
FAIL: 23_containers/unordered_multiset/insert/multiset_single_move.cc execution test
FAIL: 23_containers/unordered_multiset/requirements/citerators.cc (test for excess errors)
WARNING: 23_containers/unordered_multiset/requirements/citerators.cc compilation failed to produce executable
FAIL: 23_containers/unordered_multiset/requirements/explicit_instantiation/5.cc (test for excess errors)
=== libstdc++ Summary for unix ===
# of expected passes 10842
# of unexpected failures 18
# of expected failures 69
# of unsupported tests 631
Running target unix/-m64
=== libstdc++ Summary for unix/-m64 ===
# of expected passes 10876
# of expected failures 70
# of unsupported tests 630
=== libstdc++ Summary ===
# of expected passes 21718
# of unexpected failures 18
# of expected failures 139
# of unsupported tests 1261
Compiler version: 8.0.0 20170721 (experimental) [trunk revision 250424] (GCC)
Platform: sparc-sun-solaris2.11
configure flags: --prefix=/vol/gcc --target=sparc-sun-solaris2.11 --enable-objc-gc --with-target-bdw-gc-include=/vol/gcc/include --with-target-bdw-gc-lib=/vol/gcc/lib,sparcv9=/vol/gcc/lib/sparcv9 --enable-libmudflap --with-as=/vol/gcc/bin/gas-2.28 --with-gnu-as --with-ld=/vol/gcc/bin/gld-2.28 --with-gnu-ld --with-gmp-include=/vol/gcc/include --with-gmp-lib=/vol/gcc/lib --with-mpfr-include=/vol/gcc/include --with-mpfr-lib=/vol/gcc/lib --with-mpc-include=/vol/gcc/include --with-mpc-lib=/vol/gcc/lib --enable-languages=all,ada,obj-c++,go --with-isl-include=/vol/gcc/include --with-isl-lib=/vol/gcc/lib --build=sparc-sun-solaris2.11 --host=sparc-sun-solaris2.11
BOOT_CFLAGS=-g -O2