This is the mail archive of the
gcc-testresults@gcc.gnu.org
mailing list for the GCC project.
Results for 8.0.0 20170714 (experimental) [trunk revision 250207] (GCC) testsuite on i386-pc-solaris2.11
- From: Rainer Orth <ro at CeBiTec dot Uni-Bielefeld dot DE>
- To: gcc-testresults at gcc dot gnu dot org
- Date: Sat, 15 Jul 2017 15:49:18 +0200 (MEST)
- Subject: Results for 8.0.0 20170714 (experimental) [trunk revision 250207] (GCC) testsuite on i386-pc-solaris2.11
- Authentication-results: sourceware.org; auth=none
LAST_UPDATED: Fri Jul 14 16:12:44 UTC 2017 (revision 250207)
=== acats tests ===
FAIL: cb4008a
FAIL: cb41001
=== acats Summary ===
# of expected passes 2318
# of unexpected failures 2
Native configuration is i386-pc-solaris2.11
=== g++ tests ===
Running target unix
FAIL: g++.dg/debug/debug9.C -gstabs -O2 (test for excess errors)
FAIL: g++.dg/debug/debug9.C -gstabs -O3 (test for excess errors)
FAIL: g++.dg/debug/debug9.C -gstabs+ -O2 (test for excess errors)
FAIL: g++.dg/debug/debug9.C -gstabs+ -O3 (test for excess errors)
FAIL: g++.dg/debug/debug9.C -gstabs+1 -O2 (test for excess errors)
FAIL: g++.dg/debug/debug9.C -gstabs+1 -O3 (test for excess errors)
FAIL: g++.dg/debug/debug9.C -gstabs+3 -O2 (test for excess errors)
FAIL: g++.dg/debug/debug9.C -gstabs+3 -O3 (test for excess errors)
FAIL: g++.dg/debug/debug9.C -gstabs1 -O2 (test for excess errors)
FAIL: g++.dg/debug/debug9.C -gstabs1 -O3 (test for excess errors)
FAIL: g++.dg/debug/debug9.C -gstabs3 -O2 (test for excess errors)
FAIL: g++.dg/debug/debug9.C -gstabs3 -O3 (test for excess errors)
FAIL: g++.dg/init/cleanup3.C -std=c++11 scan-assembler-not _tcf
FAIL: g++.dg/init/cleanup3.C -std=c++14 scan-assembler-not _tcf
FAIL: g++.dg/init/cleanup3.C -std=c++98 scan-assembler-not _tcf
FAIL: g++.dg/lookup/missing-std-include-2.C -std=gnu++11 (test for warnings, line 13)
FAIL: g++.dg/lookup/missing-std-include-2.C -std=gnu++11 (test for warnings, line 24)
FAIL: g++.dg/lookup/missing-std-include-2.C -std=gnu++11 expected multiline pattern lines 45-53 not found: "\\s*@@ -7,6 \\+7,8 @@.*\\n directives\\)\\. \\*/.*\\n .*\\n #include <stdio\\.h>.*\\n\\+#include <string>.*\\n\\+#include <iostream>.*\\n .*\\n void test \\(void\\).*\\n \\{.*\\n"
FAIL: g++.dg/lookup/missing-std-include-2.C -std=gnu++11 (test for excess errors)
FAIL: g++.dg/lookup/missing-std-include-2.C -std=gnu++14 (test for warnings, line 13)
FAIL: g++.dg/lookup/missing-std-include-2.C -std=gnu++14 (test for warnings, line 24)
FAIL: g++.dg/lookup/missing-std-include-2.C -std=gnu++14 expected multiline pattern lines 45-53 not found: "\\s*@@ -7,6 \\+7,8 @@.*\\n directives\\)\\. \\*/.*\\n .*\\n #include <stdio\\.h>.*\\n\\+#include <string>.*\\n\\+#include <iostream>.*\\n .*\\n void test \\(void\\).*\\n \\{.*\\n"
FAIL: g++.dg/lookup/missing-std-include-2.C -std=gnu++14 (test for excess errors)
FAIL: g++.dg/lookup/missing-std-include-2.C -std=gnu++98 (test for warnings, line 13)
FAIL: g++.dg/lookup/missing-std-include-2.C -std=gnu++98 (test for warnings, line 24)
FAIL: g++.dg/lookup/missing-std-include-2.C -std=gnu++98 expected multiline pattern lines 45-53 not found: "\\s*@@ -7,6 \\+7,8 @@.*\\n directives\\)\\. \\*/.*\\n .*\\n #include <stdio\\.h>.*\\n\\+#include <string>.*\\n\\+#include <iostream>.*\\n .*\\n void test \\(void\\).*\\n \\{.*\\n"
FAIL: g++.dg/lookup/missing-std-include-2.C -std=gnu++98 (test for excess errors)
FAIL: g++.dg/pr62079.C (internal compiler error)
FAIL: g++.dg/pr62079.C (test for excess errors)
FAIL: g++.dg/template/nontype10.C -std=c++11 (test for excess errors)
FAIL: g++.dg/template/nontype10.C -std=c++14 (test for excess errors)
FAIL: g++.dg/template/nontype10.C -std=c++98 (test for excess errors)
FAIL: g++.dg/tls/thread_local-order1.C -std=c++11 execution test
FAIL: g++.dg/tls/thread_local-order1.C -std=c++14 execution test
FAIL: g++.dg/tls/thread_local3g.C -std=gnu++11 execution test
FAIL: g++.dg/tls/thread_local3g.C -std=gnu++14 execution test
FAIL: g++.dg/tls/thread_local4g.C -std=gnu++11 execution test
FAIL: g++.dg/tls/thread_local4g.C -std=gnu++14 execution test
FAIL: g++.dg/tls/thread_local5g.C -std=gnu++11 execution test
FAIL: g++.dg/tls/thread_local5g.C -std=gnu++14 execution test
FAIL: g++.dg/tls/thread_local6g.C -std=c++11 execution test
FAIL: g++.dg/tls/thread_local6g.C -std=c++14 execution test
FAIL: g++.old-deja/g++.other/init5.C -std=c++11 execution test
FAIL: g++.old-deja/g++.other/init5.C -std=c++14 execution test
FAIL: g++.old-deja/g++.other/init5.C -std=c++98 execution test
=== g++ Summary for unix ===
# of expected passes 108392
# of unexpected failures 45
# of expected failures 388
# of unsupported tests 4058
Running target unix/-m64
FAIL: g++.dg/debug/debug9.C -gstabs -O2 (test for excess errors)
FAIL: g++.dg/debug/debug9.C -gstabs -O3 (test for excess errors)
FAIL: g++.dg/debug/debug9.C -gstabs+ -O2 (test for excess errors)
FAIL: g++.dg/debug/debug9.C -gstabs+ -O3 (test for excess errors)
FAIL: g++.dg/debug/debug9.C -gstabs+1 -O2 (test for excess errors)
FAIL: g++.dg/debug/debug9.C -gstabs+1 -O3 (test for excess errors)
FAIL: g++.dg/debug/debug9.C -gstabs+3 -O2 (test for excess errors)
FAIL: g++.dg/debug/debug9.C -gstabs+3 -O3 (test for excess errors)
FAIL: g++.dg/debug/debug9.C -gstabs1 -O2 (test for excess errors)
FAIL: g++.dg/debug/debug9.C -gstabs1 -O3 (test for excess errors)
FAIL: g++.dg/debug/debug9.C -gstabs3 -O2 (test for excess errors)
FAIL: g++.dg/debug/debug9.C -gstabs3 -O3 (test for excess errors)
FAIL: g++.dg/init/cleanup3.C -std=c++11 scan-assembler-not _tcf
FAIL: g++.dg/init/cleanup3.C -std=c++14 scan-assembler-not _tcf
FAIL: g++.dg/init/cleanup3.C -std=c++98 scan-assembler-not _tcf
FAIL: g++.dg/lookup/missing-std-include-2.C -std=gnu++11 (test for warnings, line 13)
FAIL: g++.dg/lookup/missing-std-include-2.C -std=gnu++11 (test for warnings, line 24)
FAIL: g++.dg/lookup/missing-std-include-2.C -std=gnu++11 expected multiline pattern lines 45-53 not found: "\\s*@@ -7,6 \\+7,8 @@.*\\n directives\\)\\. \\*/.*\\n .*\\n #include <stdio\\.h>.*\\n\\+#include <string>.*\\n\\+#include <iostream>.*\\n .*\\n void test \\(void\\).*\\n \\{.*\\n"
FAIL: g++.dg/lookup/missing-std-include-2.C -std=gnu++11 (test for excess errors)
FAIL: g++.dg/lookup/missing-std-include-2.C -std=gnu++14 (test for warnings, line 13)
FAIL: g++.dg/lookup/missing-std-include-2.C -std=gnu++14 (test for warnings, line 24)
FAIL: g++.dg/lookup/missing-std-include-2.C -std=gnu++14 expected multiline pattern lines 45-53 not found: "\\s*@@ -7,6 \\+7,8 @@.*\\n directives\\)\\. \\*/.*\\n .*\\n #include <stdio\\.h>.*\\n\\+#include <string>.*\\n\\+#include <iostream>.*\\n .*\\n void test \\(void\\).*\\n \\{.*\\n"
FAIL: g++.dg/lookup/missing-std-include-2.C -std=gnu++14 (test for excess errors)
FAIL: g++.dg/lookup/missing-std-include-2.C -std=gnu++98 (test for warnings, line 13)
FAIL: g++.dg/lookup/missing-std-include-2.C -std=gnu++98 (test for warnings, line 24)
FAIL: g++.dg/lookup/missing-std-include-2.C -std=gnu++98 expected multiline pattern lines 45-53 not found: "\\s*@@ -7,6 \\+7,8 @@.*\\n directives\\)\\. \\*/.*\\n .*\\n #include <stdio\\.h>.*\\n\\+#include <string>.*\\n\\+#include <iostream>.*\\n .*\\n void test \\(void\\).*\\n \\{.*\\n"
FAIL: g++.dg/lookup/missing-std-include-2.C -std=gnu++98 (test for excess errors)
FAIL: g++.dg/tls/thread_local-order1.C -std=c++11 execution test
FAIL: g++.dg/tls/thread_local-order1.C -std=c++14 execution test
FAIL: g++.dg/tls/thread_local3g.C -std=gnu++11 execution test
FAIL: g++.dg/tls/thread_local3g.C -std=gnu++14 execution test
FAIL: g++.dg/tls/thread_local4g.C -std=gnu++11 execution test
FAIL: g++.dg/tls/thread_local4g.C -std=gnu++14 execution test
FAIL: g++.dg/tls/thread_local5g.C -std=gnu++11 execution test
FAIL: g++.dg/tls/thread_local5g.C -std=gnu++14 execution test
FAIL: g++.dg/tls/thread_local6g.C -std=c++11 execution test
FAIL: g++.dg/tls/thread_local6g.C -std=c++14 execution test
FAIL: g++.old-deja/g++.other/init5.C -std=c++11 execution test
FAIL: g++.old-deja/g++.other/init5.C -std=c++14 execution test
FAIL: g++.old-deja/g++.other/init5.C -std=c++98 execution test
=== g++ Summary for unix/-m64 ===
# of expected passes 109731
# of unexpected failures 40
# of expected failures 388
# of unsupported tests 4296
=== g++ Summary ===
# of expected passes 218123
# of unexpected failures 85
# of expected failures 776
# of unsupported tests 8354
/var/gcc/regression/trunk/11-gcc-gas-gld/build/gcc/testsuite/g++/../../xg++ version 8.0.0 20170714 (experimental) [trunk revision 250207] (GCC)
=== gcc tests ===
Running target unix
XPASS: gcc.dg/pr78768.c -Wformat-overflow (test for warnings, line 12)
FAIL: gcc.dg/vect/pr65947-14.c -flto -ffat-lto-objects execution test
FAIL: gcc.dg/vect/pr65947-14.c execution test
FAIL: gcc.target/i386/pr70021.c scan-tree-dump-times vect "vectorized 1 loops" 2
=== gcc Summary for unix ===
# of expected passes 118133
# of unexpected failures 3
# of unexpected successes 1
# of expected failures 369
# of unsupported tests 2094
Running target unix/-m64
XPASS: gcc.dg/pr78768.c -Wformat-overflow (test for warnings, line 12)
FAIL: gcc.dg/vect/pr65947-14.c -flto -ffat-lto-objects execution test
FAIL: gcc.dg/vect/pr65947-14.c execution test
FAIL: gcc.target/i386/pr59501-3a.c scan-assembler-not and[^\\n\\r]*sp
FAIL: gcc.target/i386/pr70021.c scan-tree-dump-times vect "vectorized 1 loops" 2
=== gcc Summary for unix/-m64 ===
# of expected passes 119719
# of unexpected failures 4
# of unexpected successes 1
# of expected failures 365
# of unsupported tests 2072
=== gcc Summary ===
# of expected passes 237852
# of unexpected failures 7
# of unexpected successes 2
# of expected failures 734
# of unsupported tests 4166
/var/gcc/regression/trunk/11-gcc-gas-gld/build/gcc/xgcc version 8.0.0 20170714 (experimental) [trunk revision 250207] (GCC)
=== gfortran tests ===
Running target unix
=== gfortran Summary for unix ===
# of expected passes 45168
# of expected failures 92
# of unsupported tests 188
Running target unix/-m64
FAIL: gfortran.dg/graphite/pr14741.f90 -O scan-tree-dump graphite "tiled by"
=== gfortran Summary for unix/-m64 ===
# of expected passes 45384
# of unexpected failures 1
# of expected failures 92
# of unsupported tests 85
=== gfortran Summary ===
# of expected passes 90552
# of unexpected failures 1
# of expected failures 184
# of unsupported tests 273
/var/gcc/regression/trunk/11-gcc-gas-gld/build/gcc/testsuite/gfortran/../../gfortran version 8.0.0 20170714 (experimental) [trunk revision 250207] (GCC)
=== gnat tests ===
Running target unix
=== gnat Summary for unix ===
# of expected passes 2584
# of expected failures 24
# of unsupported tests 7
Running target unix/-m64
=== gnat Summary for unix/-m64 ===
# of expected passes 2584
# of expected failures 24
# of unsupported tests 7
=== gnat Summary ===
# of expected passes 5168
# of expected failures 48
# of unsupported tests 14
/var/gcc/regression/trunk/11-gcc-gas-gld/build/gcc/gnatmake version 8.0.0 20170714 (experimental) [trunk revision 250207]
=== go tests ===
Running target unix
FAIL: ./index0-out.go execution, -O0 -g -fno-var-tracking-assignments
=== go Summary for unix ===
# of expected passes 7364
# of unexpected failures 1
# of expected failures 1
# of untested testcases 10
# of unsupported tests 2
Running target unix/-m64
FAIL: ./index0-out.go execution, -O0 -g -fno-var-tracking-assignments
=== go Summary for unix/-m64 ===
# of expected passes 7245
# of unexpected failures 1
# of expected failures 1
# of untested testcases 10
# of unsupported tests 1
=== go Summary ===
# of expected passes 14609
# of unexpected failures 2
# of expected failures 2
# of untested testcases 20
# of unsupported tests 3
/var/gcc/regression/trunk/11-gcc-gas-gld/build/gcc/testsuite/go/../../gccgo version 8.0.0 20170714 (experimental) [trunk revision 250207] (GCC)
=== obj-c++ tests ===
Running target unix
=== obj-c++ Summary for unix ===
# of expected passes 1459
# of expected failures 2
# of unsupported tests 77
Running target unix/-m64
=== obj-c++ Summary for unix/-m64 ===
# of expected passes 1451
# of expected failures 10
# of unsupported tests 77
=== obj-c++ Summary ===
# of expected passes 2910
# of expected failures 12
# of unsupported tests 154
/var/gcc/regression/trunk/11-gcc-gas-gld/build/gcc/testsuite/obj-c++/../../xg++ version 8.0.0 20170714 (experimental) [trunk revision 250207] (GCC)
=== objc tests ===
Running target unix
=== objc Summary for unix ===
# of expected passes 2797
# of expected failures 6
# of unsupported tests 68
Running target unix/-m64
=== objc Summary for unix/-m64 ===
# of expected passes 2797
# of expected failures 6
# of unsupported tests 68
=== objc Summary ===
# of expected passes 5594
# of expected failures 12
# of unsupported tests 136
/var/gcc/regression/trunk/11-gcc-gas-gld/build/gcc/xgcc version 8.0.0 20170714 (experimental) [trunk revision 250207] (GCC)
=== gotools tests ===
FAIL: TestSelectStackAdjust
FAIL: TestRecursivePanic
FAIL: TestCgoCrashHandler
FAIL: TestCgoCCodeSIGPROF
FAIL: TestEnsureDropM
FAIL: TestCgoExecSignalMask
FAIL: TestCgoExternalThreadPanic
FAIL: TestCgoCheckBytes
FAIL: TestCgoPanicDeadlock
FAIL: TestCgoExternalThreadSignal
FAIL: TestCgoTraceback
FAIL: TestCgoCallbackGC
FAIL: TestCgoSignalDeadlock
FAIL: TestCgoExternalThreadSIGPROF
FAIL: TestInstall
FAIL: TestEarlySignalHandler
FAIL: TestSignalForwarding
FAIL: TestSignalForwardingExternal
FAIL: TestOsSignal
FAIL: TestSigaltstack
FAIL: TestPIE
=== gotools Summary ===
# of expected passes 157
# of unexpected failures 21
# of untested testcases 58
/var/gcc/regression/trunk/11-gcc-gas-gld/build/./gcc/gccgo version 8.0.0 20170714 (experimental) [trunk revision 250207] (GCC)
=== libatomic tests ===
Running target unix
=== libatomic Summary for unix ===
# of expected passes 44
# of unsupported tests 5
Running target unix/-m64
=== libatomic Summary for unix/-m64 ===
# of expected passes 54
=== libatomic Summary ===
# of expected passes 98
# of unsupported tests 5
=== libffi tests ===
Running target unix
=== libffi Summary for unix ===
# of expected passes 2799
Running target unix/-m64
=== libffi Summary for unix/-m64 ===
# of expected passes 2214
=== libffi Summary ===
# of expected passes 5013
=== libgo tests ===
Running target unix
FAIL: runtime
FAIL: go/build
=== libgo Summary for unix ===
# of expected passes 145
# of unexpected failures 2
Running target unix/-m64
FAIL: bufio
FAIL: bytes
FAIL: image
FAIL: io
FAIL: net
FAIL: reflect
FAIL: regexp
FAIL: runtime
FAIL: strconv
FAIL: strings
FAIL: sync
FAIL: syscall
FAIL: time
FAIL: archive/tar
FAIL: archive/zip
FAIL: compress/bzip2
FAIL: compress/flate
FAIL: compress/gzip
FAIL: compress/zlib
FAIL: crypto/aes
FAIL: crypto/ecdsa
FAIL: crypto/rand
FAIL: crypto/rc4
FAIL: crypto/rsa
FAIL: crypto/tls
FAIL: crypto/x509
FAIL: database/sql
FAIL: debug/elf
FAIL: debug/pe
FAIL: encoding/gob
FAIL: encoding/json
FAIL: html/template
FAIL: go/build
FAIL: go/constant
FAIL: go/doc
FAIL: go/printer
FAIL: go/token
FAIL: golang_org/x/crypto/chacha20poly1305
FAIL: image/color
FAIL: image/jpeg
FAIL: image/png
FAIL: index/suffixarray
FAIL: internal/trace
FAIL: math/big
FAIL: math/rand
FAIL: mime/multipart
FAIL: mime/quotedprintable
FAIL: net/http
FAIL: net/http/httptrace
FAIL: net/http/httputil
FAIL: net/mail
FAIL: net/rpc
FAIL: net/smtp
FAIL: os/exec
FAIL: os/signal
FAIL: os/user
FAIL: runtime/debug
FAIL: runtime/pprof
FAIL: runtime/pprof/internal/protopprof
FAIL: runtime/trace
FAIL: sync/atomic
FAIL: text/template
FAIL: testing/quick
=== libgo Summary for unix/-m64 ===
# of expected passes 84
# of unexpected failures 63
=== libgo Summary ===
# of expected passes 229
# of unexpected failures 65
/var/gcc/regression/trunk/11-gcc-gas-gld/build/./gcc/gccgo version 8.0.0 20170714 (experimental) [trunk revision 250207] (GCC)
=== libgomp tests ===
Running target unix
=== libgomp Summary for unix ===
# of expected passes 5234
# of unsupported tests 329
Running target unix/-m64
=== libgomp Summary for unix/-m64 ===
# of expected passes 5234
# of unsupported tests 329
=== libgomp Summary ===
# of expected passes 10468
# of unsupported tests 658
=== libitm tests ===
Running target unix
=== libitm Summary for unix ===
# of expected passes 42
# of expected failures 3
# of unsupported tests 1
Running target unix/-m64
=== libitm Summary for unix/-m64 ===
# of expected passes 42
# of expected failures 3
# of unsupported tests 1
=== libitm Summary ===
# of expected passes 84
# of expected failures 6
# of unsupported tests 2
=== libstdc++ tests ===
Running target unix
FAIL: 21_strings/basic_string/modifiers/insert/char/1.cc execution test
FAIL: 21_strings/basic_string/modifiers/insert/wchar_t/1.cc execution test
=== libstdc++ Summary for unix ===
# of expected passes 10899
# of unexpected failures 2
# of expected failures 69
# of unsupported tests 616
Running target unix/-m64
FAIL: 21_strings/basic_string/modifiers/insert/char/1.cc execution test
FAIL: 21_strings/basic_string/modifiers/insert/wchar_t/1.cc execution test
=== libstdc++ Summary for unix/-m64 ===
# of expected passes 10891
# of unexpected failures 2
# of expected failures 69
# of unsupported tests 620
=== libstdc++ Summary ===
# of expected passes 21790
# of unexpected failures 4
# of expected failures 138
# of unsupported tests 1236
Compiler version: 8.0.0 20170714 (experimental) [trunk revision 250207] (GCC)
Platform: i386-pc-solaris2.11
configure flags: --prefix=/vol/gcc --target=i386-pc-solaris2.11 --enable-objc-gc --with-target-bdw-gc-include=/vol/gcc/include --with-target-bdw-gc-lib=/vol/gcc/lib,amd64=/vol/gcc/lib/amd64 --enable-libmudflap --with-as=/vol/gcc/bin/gas-2.28 --with-gnu-as --with-ld=/vol/gcc/bin/gld-2.28 --with-gnu-ld --with-gmp-include=/vol/gcc/include --with-gmp-lib=/vol/gcc/lib --with-mpfr-include=/vol/gcc/include --with-mpfr-lib=/vol/gcc/lib --with-mpc-include=/vol/gcc/include --with-mpc-lib=/vol/gcc/lib --enable-languages=all,ada,obj-c++,go --with-isl-include=/vol/gcc/include --with-isl-lib=/vol/gcc/lib --build=i386-pc-solaris2.11 --host=i386-pc-solaris2.11
BOOT_CFLAGS=-g -O2