This is the mail archive of the
gcc-testresults@gcc.gnu.org
mailing list for the GCC project.
Results for 8.0.0 20170525 (experimental) [master revision 5b5018e:0bf4ec4:421bfc0fa6f3528d13830f667df9b1d0e92976d5] (Cavium Inc. (Build 1547)) testsuite on aarch64-unknown-linux-gnu
- From: Jenkins <jenkins at cavium dot com>
- To: gcc-testresults at gcc dot gnu dot org
- Date: Thu, 25 May 2017 13:22:31 -0700
- Subject: Results for 8.0.0 20170525 (experimental) [master revision 5b5018e:0bf4ec4:421bfc0fa6f3528d13830f667df9b1d0e92976d5] (Cavium Inc. (Build 1547)) testsuite on aarch64-unknown-linux-gnu
- Authentication-results: sourceware.org; auth=none
LAST_UPDATED: Thu May 25 16:23:15 UTC 2017 (revision 5b5018e:0bf4ec4:421bfc0fa6f3528d13830f667df9b1d0e92976d5)
Native configuration is aarch64-unknown-linux-gnu
=== libatomic tests ===
Running target unix
=== libatomic Summary ===
# of expected passes 54
=== libffi tests ===
Running target unix
=== libffi Summary ===
# of expected passes 2214
=== libgo tests ===
Running target unix
FAIL: fmt
FAIL: net
FAIL: reflect
FAIL: archive/tar
FAIL: debug/dwarf
FAIL: mime/multipart
FAIL: net/mail
=== libgo Summary ===
# of expected passes 139
# of unexpected failures 7
/home/jenkins/workspace/BuildThunderX_native_gcc_upstream/objdir/./gcc/gccgo version 8.0.0 20170525 (experimental) [master revision 5b5018e:0bf4ec4:421bfc0fa6f3528d13830f667df9b1d0e92976d5] (Cavium Inc. (Build 1547))
=== libgomp tests ===
Running target unix
FAIL: libgomp.c++/udr-12.C (test for excess errors)
UNRESOLVED: libgomp.c++/udr-12.C compilation failed to produce executable
FAIL: libgomp.c++/udr-13.C (test for excess errors)
UNRESOLVED: libgomp.c++/udr-13.C compilation failed to produce executable
FAIL: libgomp.c++/udr-16.C (test for excess errors)
UNRESOLVED: libgomp.c++/udr-16.C compilation failed to produce executable
FAIL: libgomp.c++/udr-2.C (test for excess errors)
UNRESOLVED: libgomp.c++/udr-2.C compilation failed to produce executable
FAIL: libgomp.c++/udr-3.C (test for excess errors)
UNRESOLVED: libgomp.c++/udr-3.C compilation failed to produce executable
FAIL: libgomp.c++/udr-6.C (test for excess errors)
UNRESOLVED: libgomp.c++/udr-6.C compilation failed to produce executable
=== libgomp Summary ===
# of expected passes 5074
# of unexpected failures 6
# of unresolved testcases 6
# of unsupported tests 376
=== libitm tests ===
Running target unix
=== libitm Summary ===
# of expected passes 42
# of expected failures 3
# of unsupported tests 1
=== libstdc++ tests ===
Running target unix
FAIL: 27_io/manipulators/extended/get_money/char/1.cc execution test
=== libstdc++ Summary ===
# of expected passes 11369
# of unexpected failures 1
# of expected failures 66
# of unsupported tests 556
=== gcc tests ===
Running target unix
FAIL: gcc.dg/pr59963-2.c (test for warnings, line 16)
FAIL: gcc.dg/pr59963-2.c (test for excess errors)
FAIL: gcc.dg/pr60114.c (test for warnings, line 12)
FAIL: gcc.dg/pr60114.c (test for warnings, line 13)
FAIL: gcc.dg/pr60114.c (test for warnings, line 14)
FAIL: gcc.dg/pr60114.c (test for warnings, line 23)
FAIL: gcc.dg/pr60114.c (test for warnings, line 24)
FAIL: gcc.dg/pr60114.c (test for excess errors)
XPASS: gcc.dg/pr78768.c -Wformat-overflow (test for warnings, line 12)
FAIL: c-c++-common/ubsan/overflow-mul-4.c -O0 output pattern test
FAIL: c-c++-common/ubsan/overflow-mul-4.c -O1 output pattern test
FAIL: c-c++-common/ubsan/overflow-mul-4.c -O2 output pattern test
FAIL: c-c++-common/ubsan/overflow-mul-4.c -O3 -g output pattern test
XPASS: gcc.dg/vect/vect-95.c -flto -ffat-lto-objects scan-tree-dump-times vect "Alignment of access forced using peeling" 0
XPASS: gcc.dg/vect/vect-95.c scan-tree-dump-times vect "Alignment of access forced using peeling" 0
FAIL: gcc.target/aarch64/pr62178.c scan-assembler ld1r\\\\t{v[0-9]+.
FAIL: gcc.target/aarch64/vect-abs-compile.c scan-assembler abs\\\\tv[0-9]+.16b
FAIL: gcc.target/aarch64/vect-abs-compile.c scan-assembler abs\\\\tv[0-9]+.8h
=== gcc Summary ===
# of expected passes 113008
# of unexpected failures 15
# of unexpected successes 3
# of expected failures 343
# of unsupported tests 3215
/home/jenkins/workspace/BuildThunderX_native_gcc_upstream/objdir/gcc/xgcc version 8.0.0 20170525 (experimental) [master revision 5b5018e:0bf4ec4:421bfc0fa6f3528d13830f667df9b1d0e92976d5] (Cavium Inc. (Build 1547))
=== gfortran tests ===
Running target unix
FAIL: gfortran.dg/vect/vect-2.f90 -O scan-tree-dump-times vect "Alignment of access forced using peeling" 3
FAIL: gfortran.dg/vect/vect-2.f90 -O scan-tree-dump-times vect "Vectorizing an unaligned access" 2
FAIL: gfortran.dg/vect/vect-5.f90 -O scan-tree-dump-times vect "Alignment of access forced using peeling" 1
FAIL: gfortran.dg/vect/vect-5.f90 -O scan-tree-dump-times vect "Vectorizing an unaligned access" 1
=== gfortran Summary ===
# of expected passes 44532
# of unexpected failures 4
# of expected failures 89
# of unsupported tests 75
/home/jenkins/workspace/BuildThunderX_native_gcc_upstream/objdir/gcc/testsuite/gfortran/../../gfortran version 8.0.0 20170525 (experimental) [master revision 5b5018e:0bf4ec4:421bfc0fa6f3528d13830f667df9b1d0e92976d5] (Cavium Inc. (Build 1547))
=== g++ tests ===
Running target unix
FAIL: g++.dg/ext/utf16-4.C -std=c++11 (test for warnings, line 16)
FAIL: g++.dg/ext/utf16-4.C -std=c++11 (test for excess errors)
FAIL: g++.dg/ext/utf16-4.C -std=c++14 (test for warnings, line 16)
FAIL: g++.dg/ext/utf16-4.C -std=c++14 (test for excess errors)
FAIL: c-c++-common/ubsan/float-cast-overflow-2.c -O3 -g output pattern test
FAIL: c-c++-common/ubsan/overflow-mul-4.c -O0 output pattern test
FAIL: c-c++-common/ubsan/overflow-mul-4.c -O1 output pattern test
FAIL: c-c++-common/ubsan/overflow-mul-4.c -O3 -fomit-frame-pointer -funroll-loops -fpeel-loops -ftracer -finline-functions output pattern test
FAIL: c-c++-common/ubsan/overflow-mul-4.c -Os output pattern test
=== g++ Summary ===
# of expected passes 109541
# of unexpected failures 9
# of expected failures 380
# of unsupported tests 4745
/home/jenkins/workspace/BuildThunderX_native_gcc_upstream/objdir/gcc/testsuite/g++/../../xg++ version 8.0.0 20170525 (experimental) [master revision 5b5018e:0bf4ec4:421bfc0fa6f3528d13830f667df9b1d0e92976d5] (Cavium Inc. (Build 1547))
=== go tests ===
Running target unix
FAIL: go.test/test/cmplxdivide.go
FAIL: go.test/test/ken/cplx2.go execution, -O2 -g
WARNING: program timed out.
=== go Summary ===
# of expected passes 7242
# of unexpected failures 2
# of expected failures 1
# of untested testcases 10
# of unsupported tests 3
/home/jenkins/workspace/BuildThunderX_native_gcc_upstream/objdir/gcc/testsuite/go/../../gccgo version 8.0.0 20170525 (experimental) [master revision 5b5018e:0bf4ec4:421bfc0fa6f3528d13830f667df9b1d0e92976d5] (Cavium Inc. (Build 1547))
Compiler version: 8.0.0 20170525 (experimental) [master revision 5b5018e:0bf4ec4:421bfc0fa6f3528d13830f667df9b1d0e92976d5] (Cavium Inc. (Build 1547))
Platform: aarch64-unknown-linux-gnu
configure flags: --prefix=/home/jenkins/workspace/BuildThunderX_native_gcc_upstream/objdir/../tools --enable-languages=c,c++,fortran,go --disable-werror --with-sysroot=/ --enable-plugins --enable-gnu-indirect-function --with-pkgversion='Cavium Inc. (Build 1547)'