This is the mail archive of the
gcc-testresults@gcc.gnu.org
mailing list for the GCC project.
Results for 8.0.0 20170519 (experimental) [trunk revision 248262] (GCC) testsuite on x86_64-pc-solaris2.11
- From: Rainer Orth <ro at CeBiTec dot Uni-Bielefeld dot DE>
- To: gcc-testresults at gcc dot gnu dot org
- Date: Sat, 20 May 2017 15:19:03 +0200 (MEST)
- Subject: Results for 8.0.0 20170519 (experimental) [trunk revision 248262] (GCC) testsuite on x86_64-pc-solaris2.11
- Authentication-results: sourceware.org; auth=none
LAST_UPDATED: Fri May 19 09:26:57 UTC 2017 (revision 248262)
Native configuration is x86_64-pc-solaris2.11
=== libatomic tests ===
Running target unix/-m32
=== libatomic Summary for unix/-m32 ===
# of expected passes 44
# of unsupported tests 5
Running target unix
=== libatomic Summary for unix ===
# of expected passes 54
=== libatomic Summary ===
# of expected passes 98
# of unsupported tests 5
=== libffi tests ===
Running target unix/-m32
=== libffi Summary for unix/-m32 ===
# of expected passes 2799
Running target unix
=== libffi Summary for unix ===
# of expected passes 2214
=== libffi Summary ===
# of expected passes 5013
=== libgo tests ===
Running target unix
FAIL: bufio
FAIL: bytes
FAIL: image
FAIL: io
FAIL: net
FAIL: os
FAIL: reflect
FAIL: regexp
FAIL: runtime
FAIL: strconv
FAIL: strings
FAIL: sync
FAIL: time
FAIL: archive/zip
FAIL: compress/bzip2
FAIL: compress/flate
FAIL: compress/gzip
FAIL: compress/zlib
FAIL: crypto/ecdsa
FAIL: crypto/elliptic
FAIL: crypto/md5
FAIL: crypto/rand
FAIL: crypto/rc4
FAIL: crypto/rsa
FAIL: crypto/sha1
FAIL: crypto/tls
FAIL: crypto/x509
FAIL: database/sql
FAIL: debug/elf
FAIL: debug/pe
FAIL: encoding/gob
FAIL: encoding/xml
FAIL: html/template
FAIL: go/build
FAIL: go/doc
FAIL: go/printer
FAIL: go/token
FAIL: golang_org/x/crypto/chacha20poly1305
FAIL: image/color
FAIL: image/draw
FAIL: image/jpeg
FAIL: image/png
FAIL: index/suffixarray
FAIL: internal/trace
FAIL: math/big
FAIL: math/rand
FAIL: mime/multipart
FAIL: mime/quotedprintable
FAIL: net/http
FAIL: net/http/httptrace
FAIL: net/http/httputil
FAIL: net/rpc
FAIL: net/rpc/jsonrpc
FAIL: os/exec
FAIL: os/user
FAIL: regexp/syntax
FAIL: runtime/debug
FAIL: runtime/pprof
FAIL: runtime/pprof/internal/protopprof
FAIL: runtime/trace
FAIL: sync/atomic
FAIL: text/template
FAIL: testing/quick
=== libgo Summary for unix ===
# of expected passes 84
# of unexpected failures 63
Running target unix/-m32
FAIL: runtime
FAIL: go/build
=== libgo Summary for unix/-m32 ===
# of expected passes 145
# of unexpected failures 2
=== libgo Summary ===
# of expected passes 229
# of unexpected failures 65
/var/gcc/regression/trunk/11-gcc-64/build/./gcc/gccgo version 8.0.0 20170519 (experimental) [trunk revision 248262] (GCC)
=== libgomp tests ===
Running target unix/-m32
=== libgomp Summary for unix/-m32 ===
# of expected passes 5062
# of unsupported tests 381
Running target unix
=== libgomp Summary for unix ===
# of expected passes 5062
# of unsupported tests 381
=== libgomp Summary ===
# of expected passes 10124
# of unsupported tests 762
=== libitm tests ===
Running target unix/-m32
=== libitm Summary for unix/-m32 ===
# of expected passes 42
# of expected failures 3
# of unsupported tests 1
Running target unix
=== libitm Summary for unix ===
# of expected passes 42
# of expected failures 3
# of unsupported tests 1
=== libitm Summary ===
# of expected passes 84
# of expected failures 6
# of unsupported tests 2
=== libstdc++ tests ===
Running target unix
=== libstdc++ Summary for unix ===
# of expected passes 10849
# of expected failures 66
# of unsupported tests 625
Running target unix/-m32
=== libstdc++ Summary for unix/-m32 ===
# of expected passes 10857
# of expected failures 66
# of unsupported tests 621
=== libstdc++ Summary ===
# of expected passes 21706
# of expected failures 132
# of unsupported tests 1246
=== acats tests ===
FAIL: c954a01
=== acats Summary ===
# of expected passes 2319
# of unexpected failures 1
=== g++ tests ===
Running target unix
=== g++ Summary for unix ===
# of expected passes 106785
# of expected failures 394
# of unsupported tests 4307
Running target unix/-m32
FAIL: g++.dg/opt/pr59470.C -std=gnu++11 (test for excess errors)
WARNING: g++.dg/opt/pr59470.C -std=gnu++11 compilation failed to produce executable
FAIL: g++.dg/opt/pr59470.C -std=gnu++14 (test for excess errors)
WARNING: g++.dg/opt/pr59470.C -std=gnu++14 compilation failed to produce executable
FAIL: g++.dg/opt/pr59470.C -std=gnu++98 (test for excess errors)
WARNING: g++.dg/opt/pr59470.C -std=gnu++98 compilation failed to produce executable
=== g++ Summary for unix/-m32 ===
# of expected passes 105444
# of unexpected failures 3
# of expected failures 394
# of unsupported tests 4069
=== g++ Summary ===
# of expected passes 212229
# of unexpected failures 3
# of expected failures 788
# of unsupported tests 8376
/var/gcc/regression/trunk/11-gcc-64/build/gcc/testsuite/g++/../../xg++ version 8.0.0 20170519 (experimental) [trunk revision 248262] (GCC)
=== gcc tests ===
Running target unix
FAIL: gcc.c-torture/compile/pr61159.c -O0 (test for excess errors)
FAIL: gcc.c-torture/compile/pr61159.c -O1 (test for excess errors)
FAIL: gcc.c-torture/compile/pr61159.c -O2 (test for excess errors)
FAIL: gcc.c-torture/compile/pr61159.c -O2 -flto (test for excess errors)
FAIL: gcc.c-torture/compile/pr61159.c -O2 -flto -flto-partition=none (test for excess errors)
FAIL: gcc.c-torture/compile/pr61159.c -O3 -g (test for excess errors)
FAIL: gcc.c-torture/compile/pr61159.c -Os (test for excess errors)
FAIL: gcc.c-torture/execute/alias-3.c -O0 execution test
FAIL: gcc.c-torture/execute/alias-3.c -O1 execution test
FAIL: gcc.c-torture/execute/alias-3.c -O2 execution test
FAIL: gcc.c-torture/execute/alias-3.c -O2 -flto execution test
FAIL: gcc.c-torture/execute/alias-3.c -O2 -flto -flto-partition=none execution test
FAIL: gcc.c-torture/execute/alias-3.c -O3 -g execution test
FAIL: gcc.c-torture/execute/alias-3.c -Os execution test
FAIL: gcc.dg/attr-weakref-1.c (test for excess errors)
WARNING: gcc.dg/attr-weakref-1.c compilation failed to produce executable
FAIL: gcc.dg/visibility-22.c execution test
FAIL: gcc.dg/rtl/x86_64/final.c (internal compiler error)
FAIL: gcc.dg/rtl/x86_64/final.c (test for excess errors)
UNRESOLVED: gcc.dg/rtl/x86_64/final.c scan-assembler .cfi_endproc
UNRESOLVED: gcc.dg/rtl/x86_64/final.c scan-assembler .cfi_startproc
UNRESOLVED: gcc.dg/rtl/x86_64/final.c scan-assembler ret
UNRESOLVED: gcc.dg/rtl/x86_64/final.c scan-assembler test_1:
FAIL: gcc.target/i386/pr70021.c scan-tree-dump-times vect "vectorized 1 loops" 2
WARNING: Could not build /vol/gcc/src/hg/trunk/local/gcc/testsuite/gcc.target/x86_64/abi/ms-sysv/ms-sysv.c.
WARNING: Could not build /vol/gcc/src/hg/trunk/local/gcc/testsuite/gcc.target/x86_64/abi/ms-sysv/ms-sysv.c.
WARNING: Link failed.
FAIL: gcc.target/x86_64/abi/ms-sysv CFLAGS="-O2" generator_args="-p0-5"
FAIL: gcc.target/x86_64/abi/ms-sysv CFLAGS="-mcall-ms2sysv-xlogues -O0 -g3" generator_args="-p0-5 --omit-rbp-clobbers"
FAIL: gcc.target/x86_64/abi/ms-sysv CFLAGS="-mcall-ms2sysv-xlogues -O2" generator_args="-p0-5"
=== gcc Summary for unix ===
# of expected passes 116901
# of unexpected failures 22
# of expected failures 390
# of unresolved testcases 4
# of unsupported tests 3094
Running target unix/-m32
FAIL: gcc.c-torture/compile/pr61159.c -O0 (test for excess errors)
FAIL: gcc.c-torture/compile/pr61159.c -O1 (test for excess errors)
FAIL: gcc.c-torture/compile/pr61159.c -O2 (test for excess errors)
FAIL: gcc.c-torture/compile/pr61159.c -O2 -flto (test for excess errors)
FAIL: gcc.c-torture/compile/pr61159.c -O2 -flto -flto-partition=none (test for excess errors)
FAIL: gcc.c-torture/compile/pr61159.c -O3 -g (test for excess errors)
FAIL: gcc.c-torture/compile/pr61159.c -Os (test for excess errors)
FAIL: gcc.c-torture/execute/alias-3.c -O0 execution test
FAIL: gcc.c-torture/execute/alias-3.c -O1 execution test
FAIL: gcc.c-torture/execute/alias-3.c -O2 execution test
FAIL: gcc.c-torture/execute/alias-3.c -O2 -flto execution test
FAIL: gcc.c-torture/execute/alias-3.c -O2 -flto -flto-partition=none execution test
FAIL: gcc.c-torture/execute/alias-3.c -O3 -g execution test
FAIL: gcc.c-torture/execute/alias-3.c -Os execution test
FAIL: gcc.dg/attr-weakref-1.c (test for excess errors)
WARNING: gcc.dg/attr-weakref-1.c compilation failed to produce executable
FAIL: gcc.dg/visibility-22.c execution test
FAIL: gcc.target/i386/pr70021.c scan-tree-dump-times vect "vectorized 1 loops" 2
=== gcc Summary for unix/-m32 ===
# of expected passes 115409
# of unexpected failures 17
# of expected failures 396
# of unsupported tests 3107
=== gcc Summary ===
# of expected passes 232310
# of unexpected failures 39
# of expected failures 786
# of unresolved testcases 4
# of unsupported tests 6201
/var/gcc/regression/trunk/11-gcc-64/build/gcc/xgcc version 8.0.0 20170519 (experimental) [trunk revision 248262] (GCC)
=== gfortran tests ===
Running target unix
=== gfortran Summary for unix ===
# of expected passes 45129
# of expected failures 88
# of unsupported tests 86
Running target unix/-m32
=== gfortran Summary for unix/-m32 ===
# of expected passes 44912
# of expected failures 88
# of unsupported tests 189
=== gfortran Summary ===
# of expected passes 90041
# of expected failures 176
# of unsupported tests 275
/var/gcc/regression/trunk/11-gcc-64/build/gcc/testsuite/gfortran/../../gfortran version 8.0.0 20170519 (experimental) [trunk revision 248262] (GCC)
=== gnat tests ===
Running target unix
=== gnat Summary for unix ===
# of expected passes 2571
# of expected failures 24
# of unsupported tests 7
Running target unix/-m32
=== gnat Summary for unix/-m32 ===
# of expected passes 2571
# of expected failures 24
# of unsupported tests 7
=== gnat Summary ===
# of expected passes 5142
# of expected failures 48
# of unsupported tests 14
/var/gcc/regression/trunk/11-gcc-64/build/gcc/gnatmake version 8.0.0 20170519 (experimental) [trunk revision 248262]
=== go tests ===
Running target unix
FAIL: ./index0-out.go compilation, -O0 -g -fno-var-tracking-assignments
FAIL: go.test/test/chan/select5.go execution
=== go Summary for unix ===
# of expected passes 7241
# of unexpected failures 2
# of expected failures 1
# of untested testcases 11
# of unsupported tests 1
Running target unix/-m32
FAIL: ./index0-out.go compilation, -O0 -g -fno-var-tracking-assignments
=== go Summary for unix/-m32 ===
# of expected passes 7363
# of unexpected failures 1
# of expected failures 1
# of untested testcases 11
# of unsupported tests 2
=== go Summary ===
# of expected passes 14604
# of unexpected failures 3
# of expected failures 2
# of untested testcases 22
# of unsupported tests 3
=== obj-c++ tests ===
Running target unix/-m32
=== obj-c++ Summary for unix/-m32 ===
# of expected passes 1459
# of expected failures 2
# of unsupported tests 77
Running target unix
=== obj-c++ Summary for unix ===
# of expected passes 1451
# of expected failures 10
# of unsupported tests 77
=== obj-c++ Summary ===
# of expected passes 2910
# of expected failures 12
# of unsupported tests 154
/var/gcc/regression/trunk/11-gcc-64/build/gcc/testsuite/obj-c++/../../xg++ version 8.0.0 20170519 (experimental) [trunk revision 248262] (GCC)
=== objc tests ===
Running target unix
=== objc Summary for unix ===
# of expected passes 2797
# of expected failures 6
# of unsupported tests 68
Running target unix/-m32
=== objc Summary for unix/-m32 ===
# of expected passes 2797
# of expected failures 6
# of unsupported tests 68
=== objc Summary ===
# of expected passes 5594
# of expected failures 12
# of unsupported tests 136
/var/gcc/regression/trunk/11-gcc-64/build/gcc/xgcc version 8.0.0 20170519 (experimental) [trunk revision 248262] (GCC)
Compiler version: 8.0.0 20170519 (experimental) [trunk revision 248262] (GCC)
Platform: x86_64-pc-solaris2.11
configure flags: --prefix=/vol/gcc --target=amd64-pc-solaris2.11 --enable-objc-gc --with-target-bdw-gc-include=/vol/gcc/include --with-target-bdw-gc-lib=/vol/gcc/lib/amd64,32=/vol/gcc/lib --enable-libmudflap --with-as=/usr/ccs/bin/as --without-gnu-as --with-gmp-include=/vol/gcc/include --with-gmp-lib=/vol/gcc/lib/amd64 --with-mpfr-include=/vol/gcc/include --with-mpfr-lib=/vol/gcc/lib/amd64 --with-mpc-include=/vol/gcc/include --with-mpc-lib=/vol/gcc/lib/amd64 --enable-languages=all,ada,obj-c++,go --with-isl-include=/vol/gcc/include --with-isl-lib=/vol/gcc/lib/amd64 --build=amd64-pc-solaris2.11 --host=amd64-pc-solaris2.11
BOOT_CFLAGS=-g -O2