This is the mail archive of the gcc-testresults@gcc.gnu.org mailing list for the GCC project.


Index Nav: [Date Index] [Subject Index] [Author Index] [Thread Index]
Message Nav: [Date Prev] [Date Next] [Thread Prev] [Thread Next]
Other format: [Raw text]

Results for 7.1.0 (tags/gcc_7_1_0_release revision 247494) on powerpc64le-unknown-linux-gnu


Linux 4.8.0-46-generic ppc64le
GNU C Library (Ubuntu GLIBC 2.24-3ubuntu2) stable release version 2.24
GNU ld (GNU Binutils for Ubuntu) 2.27
GNU assembler (GNU Binutils for Ubuntu) 2.27
GNU Make 4.1

LAST_UPDATED: Obtained from SVN: tags/gcc_7_1_0_release revision 247494

Native configuration is powerpc64le-unknown-linux-gnu

		=== g++ tests ===


Running target unix/-m64

		=== g++ Summary ===

# of expected passes		110592
# of expected failures		377
# of unsupported tests		4579
/home/wschmidt/gcc/build/gcc-7.1.0/gcc/xg++  version 7.1.0 (GCC) 

		=== gcc tests ===


Running target unix/-m64
XPASS: gcc.dg/Wtrampolines.c standard descriptors (test for warnings, line 31)
FAIL: gcc.dg/sms-4.c scan-rtl-dump-times sms "SMS succeeded" 1
FAIL: gcc.dg/ipa/iinline-attr.c scan-ipa-dump inline "hooray[^\\\\n]*inline copy in test"
FAIL: gcc.dg/simulate-thread/atomic-other-short.c   -O0 -g  thread simulation test
FAIL: gcc.dg/simulate-thread/atomic-other-short.c   -O2 -g  thread simulation test
FAIL: gcc.dg/simulate-thread/atomic-other-short.c   -O3 -g  thread simulation test
XPASS: gcc.dg/tree-ssa/ssa-dom-cse-2.c scan-tree-dump optimized "return 28;"
XPASS: gcc.dg/vect/vect-24.c -flto -ffat-lto-objects  scan-tree-dump-times vect "vectorized 3 loops" 1
XPASS: gcc.dg/vect/vect-24.c scan-tree-dump-times vect "vectorized 3 loops" 1
XPASS: gcc.target/powerpc/20050603-3.c scan-assembler-not \\\\mrlwinm
XPASS: gcc.target/powerpc/20050603-3.c scan-assembler-times \\\\mrl[wd]imi 1
FAIL: gcc.target/powerpc/bool3-p7.c scan-assembler-not [ \\t]xxlnor 
FAIL: gcc.target/powerpc/bool3-p8.c scan-assembler-not [ \\t]xxlnor 
UNRESOLVED: gcc.target/powerpc/le-altivec-consts.c scan-assembler-not lvx

		=== gcc Summary ===

# of expected passes		110200
# of unexpected failures	7
# of unexpected successes	6
# of expected failures		360
# of unresolved testcases	1
# of unsupported tests		2285
/home/wschmidt/gcc/build/gcc-7.1.0/gcc/xgcc  version 7.1.0 (GCC) 

		=== gfortran tests ===


Running target unix/-m64
XPASS: gfortran.dg/large_real_kind_form_io_2.f90   -O0  execution test
XPASS: gfortran.dg/large_real_kind_form_io_2.f90   -O1  execution test
XPASS: gfortran.dg/large_real_kind_form_io_2.f90   -O2  execution test
XPASS: gfortran.dg/large_real_kind_form_io_2.f90   -O3 -fomit-frame-pointer -funroll-loops -fpeel-loops -ftracer -finline-functions  execution test
XPASS: gfortran.dg/large_real_kind_form_io_2.f90   -O3 -g  execution test
XPASS: gfortran.dg/large_real_kind_form_io_2.f90   -Os  execution test
FAIL: gfortran.dg/ieee/large_2.f90   -O0  execution test
FAIL: gfortran.dg/ieee/large_2.f90   -O1  execution test
FAIL: gfortran.dg/ieee/large_2.f90   -O2  execution test
FAIL: gfortran.dg/ieee/large_2.f90   -O3 -fomit-frame-pointer -funroll-loops -fpeel-loops -ftracer -finline-functions  execution test
FAIL: gfortran.dg/ieee/large_2.f90   -O3 -g  execution test
FAIL: gfortran.dg/ieee/large_2.f90   -Os  execution test

		=== gfortran Summary ===

# of expected passes		44840
# of unexpected failures	6
# of unexpected successes	6
# of expected failures		90
# of unsupported tests		91
/home/wschmidt/gcc/build/gcc-7.1.0/gcc/gfortran  version 7.1.0 (GCC) 

		=== go tests ===


Running target unix/-m64
FAIL: go.test/test/ken/cplx2.go execution,  -O2 -g 

		=== go Summary ===

# of expected passes		7249
# of unexpected failures	1
# of expected failures		1
# of untested testcases		7
# of unsupported tests		3
/home/wschmidt/gcc/build/gcc-7.1.0/gcc/gccgo  version 7.1.0 (GCC) 

		=== obj-c++ tests ===


Running target unix/-m64

		=== obj-c++ Summary ===

# of expected passes		1451
# of expected failures		10
# of unsupported tests		77
/home/wschmidt/gcc/build/gcc-7.1.0/gcc/xg++  version 7.1.0 (GCC) 

		=== objc tests ===


Running target unix/-m64

		=== objc Summary ===

# of expected passes		2803
# of unsupported tests		68
/home/wschmidt/gcc/build/gcc-7.1.0/gcc/xgcc  version 7.1.0 (GCC) 

		=== libatomic tests ===


Running target unix/-m64

		=== libatomic Summary ===

# of expected passes		54
		=== libffi tests ===


Running target unix/-m64

		=== libffi Summary ===

# of expected passes		1934
# of unsupported tests		28
		=== libgo tests ===


Running target unix

		=== libgo Summary ===

# of expected passes		145
/home/wschmidt/gcc/build/gcc-7.1.0/./gcc/gccgo version 7.1.0 (GCC)

		=== libgomp tests ===


Running target unix/-m64

		=== libgomp Summary ===

# of expected passes		5020
# of unsupported tests		379
		=== libitm tests ===


Running target unix/-m64

		=== libitm Summary ===

# of expected passes		42
# of expected failures		3
# of unsupported tests		1
		=== libstdc++ tests ===


Running target unix/-m64

		=== libstdc++ Summary ===

# of expected passes		11511
# of expected failures		66
# of unsupported tests		563

Compiler version: 7.1.0 (GCC) 
Platform: powerpc64le-unknown-linux-gnu
configure flags: --enable-languages=c,c++,fortran,objc,obj-c++,go --with-cpu=power8 --disable-multilib --with-long-double-128 --prefix=/home/wschmidt/gcc/install/gcc-7.1.0


Index Nav: [Date Index] [Subject Index] [Author Index] [Thread Index]
Message Nav: [Date Prev] [Date Next] [Thread Prev] [Thread Next]