This is the mail archive of the
gcc-testresults@gcc.gnu.org
mailing list for the GCC project.
Results for 8.0.0 20170514 (experimental) (GCC) testsuite on x86_64-unknown-cygwin
- From: Tim Prince <tprince818 dot tp at gmail dot com>
- To: gcc-testresults at gcc dot gnu dot org
- Date: Mon, 15 May 2017 17:23:21 -0400
- Subject: Results for 8.0.0 20170514 (experimental) (GCC) testsuite on x86_64-unknown-cygwin
- Authentication-results: sourceware.org; auth=none
Native configuration is x86_64-unknown-cygwin
=== g++ tests ===
Running target unix
FAIL: g++.dg/debug/const1.C -gstabs1 (test for excess errors)
...
=== g++ Summary ===
# of expected passes 104115
# of unexpected failures 549
# of unexpected successes 3
# of expected failures 377
# of unresolved testcases 29
# of unsupported tests 4474
/cygdrive/c/users/tim/tim/tim/src/gnu/gcc2/cyg64/gcc/testsuite/g++/../../xg++
version 8.0.0 20170514 (experimental) (GCC)
=== gcc tests ===
Running target unix
FAIL: gcc.c-torture/compile/limits-exprparen.c -O0 (internal compiler
error)
...
ERROR: tcl error sourcing
/cygdrive/c/users/tim/tim/tim/src/gnu/gcc2/gcc/testsuite/gcc.target/x86_64/abi/ms-sysv/ms-sysv.exp.
ERROR: no such variable
=== gcc Summary ===
# of expected passes 118346
# of unexpected failures 916
# of unexpected successes 26
# of expected failures 379
# of unresolved testcases 333
# of unsupported tests 2130
/cygdrive/c/users/tim/tim/tim/src/gnu/gcc2/cyg64/gcc/xgcc version 8.0.0
20170514 (experimental) (GCC)
=== gfortran tests ===
Running target unix
FAIL: gfortran.dg/bind_c_array_params_2.f90 -O scan-assembler-times
[ \\t][\$,_0-9]*myBindC 1
XPASS: gfortran.dg/default_format_denormal_1.f90 -O0 execution test
XPASS: gfortran.dg/default_format_denormal_1.f90 -O1 execution test
XPASS: gfortran.dg/default_format_denormal_1.f90 -O2 execution test
XPASS: gfortran.dg/default_format_denormal_1.f90 -O3
-fomit-frame-pointer -funroll-loops -fpeel-loops -ftracer
-finline-functions execution test
XPASS: gfortran.dg/default_format_denormal_1.f90 -O3 -g execution test
XPASS: gfortran.dg/default_format_denormal_1.f90 -Os execution test
FAIL: gfortran.dg/internal_dummy_2.f08 -O0 execution test
FAIL: gfortran.dg/internal_dummy_2.f08 -O1 execution test
FAIL: gfortran.dg/internal_dummy_2.f08 -O2 execution test
FAIL: gfortran.dg/internal_dummy_2.f08 -O3 -fomit-frame-pointer
-funroll-loops -fpeel-loops -ftracer -finline-functions execution test
FAIL: gfortran.dg/internal_dummy_2.f08 -O3 -g execution test
FAIL: gfortran.dg/internal_dummy_2.f08 -Os execution test
FAIL: gfortran.dg/internal_dummy_3.f08 -O0 execution test
FAIL: gfortran.dg/internal_dummy_3.f08 -O1 execution test
FAIL: gfortran.dg/internal_dummy_3.f08 -O2 execution test
FAIL: gfortran.dg/internal_dummy_3.f08 -O3 -fomit-frame-pointer
-funroll-loops -fpeel-loops -ftracer -finline-functions execution test
FAIL: gfortran.dg/internal_dummy_3.f08 -O3 -g execution test
FAIL: gfortran.dg/internal_dummy_3.f08 -Os execution test
FAIL: gfortran.dg/internal_dummy_4.f08 -O0 execution test
FAIL: gfortran.dg/pointer_check_1.f90 -O0 output pattern test, is
FAIL: gfortran.dg/pointer_check_2.f90 -O0 output pattern test, is
FAIL: gfortran.dg/pointer_check_3.f90 -O0 output pattern test, is
FAIL: gfortran.dg/pointer_check_4.f90 -O0 output pattern test, is
FAIL: gfortran.dg/proc_ptr_18.f90 -O0 execution test
FAIL: gfortran.dg/proc_ptr_19.f90 -O0 execution test
FAIL: gfortran.dg/proc_ptr_20.f90 -O0 execution test
FAIL: gfortran.dg/proc_ptr_21.f90 -O0 execution test
FAIL: gfortran.dg/proc_ptr_23.f90 -O0 execution test
FAIL: gfortran.dg/proc_ptr_25.f90 -O0 execution test
FAIL: gfortran.dg/proc_ptr_47.f90 -O0 execution test
FAIL: gfortran.dg/proc_ptr_48.f90 -O0 execution test
FAIL: gfortran.dg/proc_ptr_5.f90 -O0 execution test
FAIL: gfortran.dg/proc_ptr_7.f90 -O0 execution test
FAIL: gfortran.dg/proc_ptr_comp_1.f90 -O0 execution test
FAIL: gfortran.dg/proc_ptr_comp_11.f90 -O0 execution test
FAIL: gfortran.dg/proc_ptr_comp_13.f90 -O0 execution test
FAIL: gfortran.dg/proc_ptr_comp_14.f90 -O0 execution test
FAIL: gfortran.dg/proc_ptr_comp_18.f90 -O0 execution test
FAIL: gfortran.dg/proc_ptr_comp_19.f90 -O0 execution test
FAIL: gfortran.dg/proc_ptr_comp_2.f90 -O0 execution test
FAIL: gfortran.dg/proc_ptr_comp_29.f90 -O0 execution test
FAIL: gfortran.dg/proc_ptr_comp_34.f90 -O0 execution test
FAIL: gfortran.dg/proc_ptr_comp_5.f90 -O0 execution test
FAIL: gfortran.dg/proc_ptr_comp_8.f90 -O0 execution test
FAIL: gfortran.dg/proc_ptr_comp_9.f90 -O0 execution test
FAIL: gfortran.dg/proc_ptr_comp_pass_3.f90 -O0 execution test
FAIL: gfortran.dg/proc_ptr_result_7.f90 -O0 execution test
FAIL: gfortran.dg/round_4.f90 -O0 execution test
FAIL: gfortran.dg/round_4.f90 -O1 execution test
FAIL: gfortran.dg/round_4.f90 -O2 execution test
FAIL: gfortran.dg/round_4.f90 -O3 -fomit-frame-pointer -funroll-loops
-fpeel-loops -ftracer -finline-functions execution test
FAIL: gfortran.dg/round_4.f90 -O3 -g execution test
FAIL: gfortran.dg/round_4.f90 -Os execution test
FAIL: gfortran.dg/structure_constructor_11.f90 -O0 execution test
FAIL: gfortran.dg/structure_constructor_11.f90 -O1 execution test
FAIL: gfortran.dg/structure_constructor_11.f90 -O2 execution test
FAIL: gfortran.dg/structure_constructor_11.f90 -O3
-fomit-frame-pointer -funroll-loops -fpeel-loops -ftracer
-finline-functions execution test
FAIL: gfortran.dg/structure_constructor_11.f90 -O3 -g execution test
FAIL: gfortran.dg/structure_constructor_11.f90 -Os execution test
FAIL: gfortran.dg/unlimited_polymorphic_19.f90 -O0 execution test
=== gfortran Summary ===
# of expected passes 44750
# of unexpected failures 55
# of unexpected successes 6
# of expected failures 75
# of unsupported tests 180
/cygdrive/c/users/tim/tim/tim/src/gnu/gcc2/cyg64/gcc/testsuite/gfortran/../../gfortran
version 8.0.0 20170514 (experimental) (GCC)
=== libatomic tests ===
Running target unix
=== libatomic Summary ===
# of expected passes 54
=== libgomp tests ===
Running target unix
FAIL: libgomp.c/examples-4/target-1.c execution test
FAIL: libgomp.c/examples-4/target-3.c execution test
FAIL: libgomp.c/examples-4/target-4.c execution test
FAIL: libgomp.fortran/declare-simd-1.f90 -O1 execution test
FAIL: libgomp.fortran/declare-simd-1.f90 -Os execution test
FAIL: libgomp.oacc-c/../libgomp.oacc-c-c++-common/kernels-loop-nest.c
-DACC_DEVICE_TYPE_host=1 -DACC_MEM_SHARED=1 -O2 execution test
FAIL: libgomp.oacc-c++/../libgomp.oacc-c-c++-common/kernels-loop-nest.c
-DACC_DEVICE_TYPE_host=1 -DACC_MEM_SHARED=1 -O2 execution test
=== libgomp Summary ===
# of expected passes 5129
# of unexpected failures 7
# of unsupported tests 321
=== libstdc++ tests ===
Running target unix
FAIL: 22_locale/ctype/scan/wchar_t/1.cc execution test
XPASS: 23_containers/array/element_access/at_neg.cc execution test
FAIL: 30_threads/call_once/constexpr.cc (test for excess errors)
FAIL: 30_threads/mutex/cons/constexpr.cc (test for excess errors)
FAIL: 30_threads/this_thread/60421.cc execution test
FAIL: decimal/conversion-to-integral.cc (test for excess errors)
UNRESOLVED: decimal/conversion-to-integral.cc compilation failed to
produce executable
FAIL: ext/codecvt/wchar_t.cc execution test
FAIL: libstdc++-prettyprinters/cxx11.cc print refl
FAIL: libstdc++-prettyprinters/cxx11.cc print rfl
FAIL: libstdc++-prettyprinters/cxx11.cc print reum
FAIL: libstdc++-prettyprinters/cxx11.cc print reumm
FAIL: libstdc++-prettyprinters/cxx11.cc print reus
FAIL: libstdc++-prettyprinters/cxx11.cc print reums
FAIL: libstdc++-prettyprinters/cxx11.cc print ruom
FAIL: libstdc++-prettyprinters/cxx11.cc print ruomm
FAIL: libstdc++-prettyprinters/cxx11.cc print ruos
FAIL: libstdc++-prettyprinters/cxx11.cc print ruoms
FAIL: libstdc++-prettyprinters/cxx11.cc print ruptr
FAIL: libstdc++-xmethods/shared_ptr.cc print r[1]
FAIL: libstdc++-xmethods/shared_ptr.cc print r.get()
FAIL: libstdc++-xmethods/shared_ptr.cc print r[1].y
FAIL: libstdc++-xmethods/shared_ptr.cc whatis r[1]
FAIL: libstdc++-xmethods/shared_ptr.cc whatis r.get()
=== libstdc++ Summary ===
# of expected passes 11254
# of unexpected failures 22
# of unexpected successes 1
# of expected failures 65
# of unresolved testcases 1
# of unsupported tests 693
Compiler version: 8.0.0 20170514 (experimental) (GCC)
Platform: x86_64-unknown-cygwin
configure flags: --prefix=/usr/local/gcc8 --enable-languages='c c++
fortran' --enable-libgomp --enable-threads=posix --with-dwarf2
--without-libiconv-prefix --without-libintl-prefix --with-system-zlib
--disable-werror --without-cloog --without-isl --disable-multilib