This is the mail archive of the
gcc-testresults@gcc.gnu.org
mailing list for the GCC project.
Results for 8.0.0 20170428 (experimental) [trunk revision 247365] (GCC) testsuite on x86_64-pc-solaris2.11
- From: Rainer Orth <ro at CeBiTec dot Uni-Bielefeld dot DE>
- To: gcc-testresults at gcc dot gnu dot org
- Date: Sat, 29 Apr 2017 18:45:50 +0200 (MEST)
- Subject: Results for 8.0.0 20170428 (experimental) [trunk revision 247365] (GCC) testsuite on x86_64-pc-solaris2.11
- Authentication-results: sourceware.org; auth=none
LAST_UPDATED: Fri Apr 28 08:54:03 UTC 2017 (revision 247365)
Native configuration is x86_64-pc-solaris2.11
=== libatomic tests ===
Running target unix/-m32
=== libatomic Summary for unix/-m32 ===
# of expected passes 44
# of unsupported tests 5
Running target unix
=== libatomic Summary for unix ===
# of expected passes 54
=== libatomic Summary ===
# of expected passes 98
# of unsupported tests 5
=== libffi tests ===
Running target unix/-m32
=== libffi Summary for unix/-m32 ===
# of expected passes 2799
Running target unix
=== libffi Summary for unix ===
# of expected passes 2214
=== libffi Summary ===
# of expected passes 5013
=== libgo tests ===
Running target unix
FAIL: go/build
FAIL: runtime/pprof
=== libgo Summary for unix ===
# of expected passes 144
# of unexpected failures 2
Running target unix/-m32
FAIL: go/build
=== libgo Summary for unix/-m32 ===
# of expected passes 145
# of unexpected failures 1
=== libgo Summary ===
# of expected passes 289
# of unexpected failures 3
/var/gcc/regression/trunk/11-gcc-gas-64/build/./gcc/gccgo version 8.0.0 20170428 (experimental) [trunk revision 247365] (GCC)
=== libgomp tests ===
Running target unix/-m32
=== libgomp Summary for unix/-m32 ===
# of expected passes 5158
# of unsupported tests 333
Running target unix
=== libgomp Summary for unix ===
# of expected passes 5158
# of unsupported tests 333
=== libgomp Summary ===
# of expected passes 10316
# of unsupported tests 666
=== libitm tests ===
Running target unix/-m32
=== libitm Summary for unix/-m32 ===
# of expected passes 42
# of expected failures 3
# of unsupported tests 1
Running target unix
=== libitm Summary for unix ===
# of expected passes 42
# of expected failures 3
# of unsupported tests 1
=== libitm Summary ===
# of expected passes 84
# of expected failures 6
# of unsupported tests 2
=== libstdc++ tests ===
Running target unix
=== libstdc++ Summary for unix ===
# of expected passes 10820
# of expected failures 66
# of unsupported tests 625
Running target unix/-m32
FAIL: experimental/memory_resource/resource_adaptor.cc execution test
=== libstdc++ Summary for unix/-m32 ===
# of expected passes 10827
# of unexpected failures 1
# of expected failures 66
# of unsupported tests 621
=== libstdc++ Summary ===
# of expected passes 21647
# of unexpected failures 1
# of expected failures 132
# of unsupported tests 1246
=== acats tests ===
=== acats Summary ===
# of expected passes 2320
# of unexpected failures 0
=== g++ tests ===
Running target unix
FAIL: g++.dg/cilk-plus/AN/array_test_ND_tplt.cc -O3 -fcilkplus (test for excess errors)
WARNING: g++.dg/cilk-plus/AN/array_test_ND_tplt.cc -O3 -fcilkplus compilation failed to produce executable
FAIL: g++.dg/cilk-plus/AN/array_test_ND_tplt.cc -O3 -ftree-vectorize -fcilkplus -g (test for excess errors)
WARNING: g++.dg/cilk-plus/AN/array_test_ND_tplt.cc -O3 -ftree-vectorize -fcilkplus -g compilation failed to produce executable
FAIL: g++.dg/cilk-plus/AN/array_test_ND_tplt.cc -g -O3 -fcilkplus (test for excess errors)
WARNING: g++.dg/cilk-plus/AN/array_test_ND_tplt.cc -g -O3 -fcilkplus compilation failed to produce executable
WARNING: program timed out.
WARNING: program timed out.
WARNING: program timed out.
=== g++ Summary for unix ===
# of expected passes 106270
# of unexpected failures 3
# of expected failures 391
# of unsupported tests 4253
Running target unix/-m32
FAIL: g++.dg/opt/pr59470.C -std=gnu++11 (test for excess errors)
WARNING: g++.dg/opt/pr59470.C -std=gnu++11 compilation failed to produce executable
FAIL: g++.dg/opt/pr59470.C -std=gnu++14 (test for excess errors)
WARNING: g++.dg/opt/pr59470.C -std=gnu++14 compilation failed to produce executable
FAIL: g++.dg/opt/pr59470.C -std=gnu++98 (test for excess errors)
WARNING: g++.dg/opt/pr59470.C -std=gnu++98 compilation failed to produce executable
=== g++ Summary for unix/-m32 ===
# of expected passes 104935
# of unexpected failures 3
# of expected failures 391
# of unsupported tests 4015
=== g++ Summary ===
# of expected passes 211205
# of unexpected failures 6
# of expected failures 782
# of unsupported tests 8268
/var/gcc/regression/trunk/11-gcc-gas-64/build/gcc/testsuite/g++/../../xg++ version 8.0.0 20170428 (experimental) [trunk revision 247365] (GCC)
=== gcc tests ===
Running target unix
XPASS: gcc.dg/pr78768.c -Wformat-overflow (test for warnings, line 11)
FAIL: gcc.dg/visibility-22.c execution test
FAIL: gcc.dg/rtl/x86_64/final.c (internal compiler error)
FAIL: gcc.dg/rtl/x86_64/final.c (test for excess errors)
UNRESOLVED: gcc.dg/rtl/x86_64/final.c scan-assembler .cfi_endproc
UNRESOLVED: gcc.dg/rtl/x86_64/final.c scan-assembler .cfi_startproc
UNRESOLVED: gcc.dg/rtl/x86_64/final.c scan-assembler ret
UNRESOLVED: gcc.dg/rtl/x86_64/final.c scan-assembler test_1:
=== gcc Summary for unix ===
# of expected passes 118582
# of unexpected failures 3
# of unexpected successes 1
# of expected failures 373
# of unresolved testcases 4
# of unsupported tests 2018
Running target unix/-m32
XPASS: gcc.dg/pr78768.c -Wformat-overflow (test for warnings, line 11)
FAIL: gcc.dg/visibility-22.c execution test
FAIL: gcc.dg/simulate-thread/atomic-load-longlong.c -O0 -g thread simulation test
FAIL: gcc.dg/simulate-thread/atomic-load-longlong.c -O3 -g thread simulation test
FAIL: gcc.target/i386/pr22152.c scan-assembler-times movq[ \\\\t]+[^\\n]*%mm 1
=== gcc Summary for unix/-m32 ===
# of expected passes 116997
# of unexpected failures 4
# of unexpected successes 1
# of expected failures 379
# of unsupported tests 2055
=== gcc Summary ===
# of expected passes 235579
# of unexpected failures 7
# of unexpected successes 2
# of expected failures 752
# of unresolved testcases 4
# of unsupported tests 4073
/var/gcc/regression/trunk/11-gcc-gas-64/build/gcc/xgcc version 8.0.0 20170428 (experimental) [trunk revision 247365] (GCC)
=== gfortran tests ===
Running target unix
=== gfortran Summary for unix ===
# of expected passes 44986
# of expected failures 88
# of unsupported tests 86
Running target unix/-m32
=== gfortran Summary for unix/-m32 ===
# of expected passes 44769
# of expected failures 88
# of unsupported tests 189
=== gfortran Summary ===
# of expected passes 89755
# of expected failures 176
# of unsupported tests 275
/var/gcc/regression/trunk/11-gcc-gas-64/build/gcc/testsuite/gfortran/../../gfortran version 8.0.0 20170428 (experimental) [trunk revision 247365] (GCC)
=== gnat tests ===
Running target unix
=== gnat Summary for unix ===
# of expected passes 2570
# of expected failures 24
# of unsupported tests 7
Running target unix/-m32
=== gnat Summary for unix/-m32 ===
# of expected passes 2570
# of expected failures 24
# of unsupported tests 7
=== gnat Summary ===
# of expected passes 5140
# of expected failures 48
# of unsupported tests 14
/var/gcc/regression/trunk/11-gcc-gas-64/build/gcc/gnatmake version 8.0.0 20170428 (experimental) [trunk revision 247365]
=== go tests ===
Running target unix
=== go Summary for unix ===
# of expected passes 7246
# of expected failures 1
# of untested testcases 10
# of unsupported tests 1
Running target unix/-m32
=== go Summary for unix/-m32 ===
# of expected passes 7365
# of expected failures 1
# of untested testcases 10
# of unsupported tests 2
=== go Summary ===
# of expected passes 14611
# of expected failures 2
# of untested testcases 20
# of unsupported tests 3
=== obj-c++ tests ===
Running target unix/-m32
=== obj-c++ Summary for unix/-m32 ===
# of expected passes 1459
# of expected failures 2
# of unsupported tests 77
Running target unix
=== obj-c++ Summary for unix ===
# of expected passes 1451
# of expected failures 10
# of unsupported tests 77
=== obj-c++ Summary ===
# of expected passes 2910
# of expected failures 12
# of unsupported tests 154
/var/gcc/regression/trunk/11-gcc-gas-64/build/gcc/testsuite/obj-c++/../../xg++ version 8.0.0 20170428 (experimental) [trunk revision 247365] (GCC)
=== objc tests ===
Running target unix
=== objc Summary for unix ===
# of expected passes 2797
# of expected failures 6
# of unsupported tests 68
Running target unix/-m32
=== objc Summary for unix/-m32 ===
# of expected passes 2797
# of expected failures 6
# of unsupported tests 68
=== objc Summary ===
# of expected passes 5594
# of expected failures 12
# of unsupported tests 136
/var/gcc/regression/trunk/11-gcc-gas-64/build/gcc/xgcc version 8.0.0 20170428 (experimental) [trunk revision 247365] (GCC)
Compiler version: 8.0.0 20170428 (experimental) [trunk revision 247365] (GCC)
Platform: x86_64-pc-solaris2.11
configure flags: --prefix=/vol/gcc --target=amd64-pc-solaris2.11 --enable-objc-gc --with-target-bdw-gc-include=/vol/gcc/include --with-target-bdw-gc-lib=/vol/gcc/lib/amd64,32=/vol/gcc/lib --enable-libmudflap --with-as=/vol/gcc/bin/amd64/gas-2.28 --with-gnu-as --with-gmp-include=/vol/gcc/include --with-gmp-lib=/vol/gcc/lib/amd64 --with-mpfr-include=/vol/gcc/include --with-mpfr-lib=/vol/gcc/lib/amd64 --with-mpc-include=/vol/gcc/include --with-mpc-lib=/vol/gcc/lib/amd64 --enable-languages=all,ada,obj-c++,go --with-isl-include=/vol/gcc/include --with-isl-lib=/vol/gcc/lib/amd64 --build=amd64-pc-solaris2.11 --host=amd64-pc-solaris2.11
BOOT_CFLAGS=-g -O2