This is the mail archive of the
gcc-testresults@gcc.gnu.org
mailing list for the GCC project.
Results for 7.0.1 20170425 (prerelease) (GCC) testsuite on aarch64-unknown-linux-gnu
- From: "Richard Earnshaw (lists)" <Richard dot Earnshaw at arm dot com>
- To: gcc-testresults at gcc dot gnu dot org
- Date: Wed, 26 Apr 2017 14:25:23 +0100
- Subject: Results for 7.0.1 20170425 (prerelease) (GCC) testsuite on aarch64-unknown-linux-gnu
- Authentication-results: sourceware.org; auth=none
LAST_UPDATED: Obtained from SVN: branches/gcc-7-branch revision 247264
Native configuration is aarch64-unknown-linux-gnu
=== libatomic tests ===
Running target unix
=== libatomic Summary ===
# of expected passes 54
=== libgomp tests ===
Running target unix
=== libgomp Summary ===
# of expected passes 5064
# of unsupported tests 380
=== libitm tests ===
Running target unix
=== libitm Summary ===
# of expected passes 42
# of expected failures 3
# of unsupported tests 1
=== libstdc++ tests ===
Running target unix
=== libstdc++ Summary ===
# of expected passes 11274
# of expected failures 66
# of unsupported tests 586
=== gcc tests ===
Running target unix
FAIL: gcc.dg/tree-ssa/recip-1.c (internal compiler error)
FAIL: gcc.dg/tree-ssa/recip-1.c (test for excess errors)
FAIL: gcc.dg/tree-ssa/recip-1.c scan-tree-dump-times recip "= .* /" 1
FAIL: gcc.dg/tree-ssa/ssa-dom-cse-2.c scan-tree-dump optimized "return 28;"
FAIL: gcc.target/aarch64/vect-abs-compile.c scan-assembler
abs\\\\tv[0-9]+.16b
FAIL: gcc.target/aarch64/vect-abs-compile.c scan-assembler
abs\\\\tv[0-9]+.8h
=== gcc Summary ===
# of expected passes 112650
# of unexpected failures 6
# of expected failures 322
# of unsupported tests 3204
/work/rearnsha/scratch/gnu/gcc/gcc-7.0.1-RC-20170425/gcc/xgcc version
7.0.1 20170425 (prerelease) (GCC)
=== gfortran tests ===
Running target unix
FAIL: gfortran.dg/vect/fast-math-mgrid-resid.f -O scan-tree-dump
pcom "Executing predictive commoning without unrolling"
FAIL: gfortran.dg/vect/fast-math-mgrid-resid.f -O scan-tree-dump
pcom "vectp_u.*__lsm.* = PHI <.*vectp_u.*__lsm"
=== gfortran Summary ===
# of expected passes 44399
# of unexpected failures 2
# of expected failures 95
# of unsupported tests 76
/work/rearnsha/scratch/gnu/gcc/gcc-7.0.1-RC-20170425/gcc/gfortran
version 7.0.1 20170425 (prerelease) (GCC)
=== g++ tests ===
Running target unix
=== g++ Summary ===
# of expected passes 108376
# of expected failures 380
# of unsupported tests 4715
/work/rearnsha/scratch/gnu/gcc/gcc-7.0.1-RC-20170425/gcc/xg++ version
7.0.1 20170425 (prerelease) (GCC)
Compiler version: 7.0.1 20170425 (prerelease) (GCC) Platform:
aarch64-unknown-linux-gnu
configure flags: --with-cpu=xgene1 --enable-languages=c,c++,fortran
--prefix=/work/rearnsha/scratch/gnu/gcc-install/gcc-7.0.1-RC-20170425