This is the mail archive of the
gcc-testresults@gcc.gnu.org
mailing list for the GCC project.
Results for 7.0.1 20170324 (experimental) [trunk revision 246436] (GCC) testsuite on sparcv9-sun-solaris2.11
- From: Rainer Orth <ro at CeBiTec dot Uni-Bielefeld dot DE>
- To: gcc-testresults at gcc dot gnu dot org
- Date: Sat, 25 Mar 2017 21:30:44 +0100 (MET)
- Subject: Results for 7.0.1 20170324 (experimental) [trunk revision 246436] (GCC) testsuite on sparcv9-sun-solaris2.11
- Authentication-results: sourceware.org; auth=none
LAST_UPDATED: Fri Mar 24 10:03:45 UTC 2017 (revision 246436)
=== acats tests ===
=== acats Summary ===
# of expected passes 2320
# of unexpected failures 0
Native configuration is sparcv9-sun-solaris2.11
=== g++ tests ===
Running target unix
=== g++ Summary for unix ===
# of expected passes 104963
# of expected failures 394
# of unsupported tests 4488
Running target unix/-m32
=== g++ Summary for unix/-m32 ===
# of expected passes 103081
# of expected failures 394
# of unsupported tests 4516
=== g++ Summary ===
# of expected passes 208044
# of expected failures 788
# of unsupported tests 9004
/var/gcc/regression/trunk/11-gcc-64/build/gcc/testsuite/g++/../../xg++ version 7.0.1 20170324 (experimental) [trunk revision 246436] (GCC)
=== gcc tests ===
Running target unix
XPASS: gcc.dg/pr78768.c -Wformat-overflow (test for warnings, line 11)
FAIL: gcc.dg/visibility-22.c execution test
FAIL: gcc.dg/plugin/must-tail-call-1.c -fplugin=./must_tail_call_plugin.so (test for excess errors)
=== gcc Summary for unix ===
# of expected passes 100061
# of unexpected failures 2
# of unexpected successes 1
# of expected failures 390
# of unsupported tests 2405
Running target unix/-m32
XPASS: gcc.dg/pr78768.c -Wformat-overflow (test for warnings, line 11)
FAIL: gcc.dg/visibility-22.c execution test
FAIL: gcc.dg/plugin/must-tail-call-1.c -fplugin=./must_tail_call_plugin.so (test for excess errors)
FAIL: gcc.dg/simulate-thread/atomic-other-int.c -O2 -g thread simulation test
FAIL: gcc.dg/simulate-thread/atomic-other-int.c -O3 -g thread simulation test
FAIL: gcc.dg/simulate-thread/speculative-store-4.c -O0 -g thread simulation test
FAIL: gcc.dg/simulate-thread/speculative-store.c -O0 -g thread simulation test
=== gcc Summary for unix/-m32 ===
# of expected passes 99010
# of unexpected failures 6
# of unexpected successes 1
# of expected failures 405
# of unsupported tests 2604
=== gcc Summary ===
# of expected passes 199071
# of unexpected failures 8
# of unexpected successes 2
# of expected failures 795
# of unsupported tests 5009
/var/gcc/regression/trunk/11-gcc-64/build/gcc/xgcc version 7.0.1 20170324 (experimental) [trunk revision 246436] (GCC)
=== gfortran tests ===
Running target unix
=== gfortran Summary for unix ===
# of expected passes 44800
# of expected failures 90
# of unsupported tests 115
Running target unix/-m32
=== gfortran Summary for unix/-m32 ===
# of expected passes 44553
# of expected failures 90
# of unsupported tests 236
=== gfortran Summary ===
# of expected passes 89353
# of expected failures 180
# of unsupported tests 351
/var/gcc/regression/trunk/11-gcc-64/build/gcc/testsuite/gfortran/../../gfortran version 7.0.1 20170324 (experimental) [trunk revision 246436] (GCC)
=== gnat tests ===
Running target unix
=== gnat Summary for unix ===
# of expected passes 2535
# of expected failures 24
# of unsupported tests 23
Running target unix/-m32
=== gnat Summary for unix/-m32 ===
# of expected passes 2535
# of expected failures 24
# of unsupported tests 23
=== gnat Summary ===
# of expected passes 5070
# of expected failures 48
# of unsupported tests 46
/var/gcc/regression/trunk/11-gcc-64/build/gcc/gnatmake version 7.0.1 20170324 (experimental) [trunk revision 246436]
=== go tests ===
Running target unix
=== go Summary for unix ===
# of expected passes 7242
# of expected failures 1
# of untested testcases 11
# of unsupported tests 3
Running target unix/-m32
FAIL: go.test/test/cmplxdivide.go
WARNING: program timed out.
=== go Summary for unix/-m32 ===
# of expected passes 7361
# of unexpected failures 1
# of expected failures 1
# of untested testcases 11
# of unsupported tests 3
=== go Summary ===
# of expected passes 14603
# of unexpected failures 1
# of expected failures 2
# of untested testcases 22
# of unsupported tests 6
=== obj-c++ tests ===
Running target unix/-m32
=== obj-c++ Summary for unix/-m32 ===
# of expected passes 1459
# of expected failures 2
# of unsupported tests 77
Running target unix
=== obj-c++ Summary for unix ===
# of expected passes 1451
# of expected failures 10
# of unsupported tests 77
=== obj-c++ Summary ===
# of expected passes 2910
# of expected failures 12
# of unsupported tests 154
/var/gcc/regression/trunk/11-gcc-64/build/gcc/testsuite/obj-c++/../../xg++ version 7.0.1 20170324 (experimental) [trunk revision 246436] (GCC)
=== objc tests ===
Running target unix
=== objc Summary for unix ===
# of expected passes 2803
# of unsupported tests 68
Running target unix/-m32
=== objc Summary for unix/-m32 ===
# of expected passes 2803
# of unsupported tests 68
=== objc Summary ===
# of expected passes 5606
# of unsupported tests 136
/var/gcc/regression/trunk/11-gcc-64/build/gcc/xgcc version 7.0.1 20170324 (experimental) [trunk revision 246436] (GCC)
=== libatomic tests ===
Running target unix/-m32
=== libatomic Summary for unix/-m32 ===
# of expected passes 44
# of unsupported tests 5
Running target unix
=== libatomic Summary for unix ===
# of expected passes 54
=== libatomic Summary ===
# of expected passes 98
# of unsupported tests 5
=== libffi tests ===
Running target unix/-m32
=== libffi Summary for unix/-m32 ===
# of expected passes 2214
Running target unix
=== libffi Summary for unix ===
# of expected passes 2214
=== libffi Summary ===
# of expected passes 4428
=== libgo tests ===
Running target unix
FAIL: net
FAIL: go/build
FAIL: os/signal
=== libgo Summary for unix ===
# of expected passes 143
# of unexpected failures 3
Running target unix/-m32
FAIL: net
FAIL: go/build
FAIL: net/http
=== libgo Summary for unix/-m32 ===
# of expected passes 143
# of unexpected failures 3
=== libgo Summary ===
# of expected passes 286
# of unexpected failures 6
=== libgomp tests ===
Running target unix/-m32
=== libgomp Summary for unix/-m32 ===
# of expected passes 5056
# of unsupported tests 382
Running target unix
=== libgomp Summary for unix ===
# of expected passes 5056
# of unsupported tests 382
=== libgomp Summary ===
# of expected passes 10112
# of unsupported tests 764
=== libitm tests ===
Running target unix/-m32
=== libitm Summary for unix/-m32 ===
# of expected passes 42
# of expected failures 3
# of unsupported tests 1
Running target unix
=== libitm Summary for unix ===
# of expected passes 42
# of expected failures 3
# of unsupported tests 1
=== libitm Summary ===
# of expected passes 84
# of expected failures 6
# of unsupported tests 2
=== libstdc++ tests ===
Running target unix
FAIL: 26_numerics/random/seed_seq/cons/initlist.cc (test for excess errors)
FAIL: 26_numerics/valarray/operators.cc (test for excess errors)
=== libstdc++ Summary for unix ===
# of expected passes 10783
# of unexpected failures 2
# of expected failures 66
# of unsupported tests 636
Running target unix/-m32
=== libstdc++ Summary for unix/-m32 ===
# of expected passes 10785
# of expected failures 66
# of unsupported tests 636
=== libstdc++ Summary ===
# of expected passes 21568
# of unexpected failures 2
# of expected failures 132
# of unsupported tests 1272
Compiler version: 7.0.1 20170324 (experimental) [trunk revision 246436] (GCC)
Platform: sparcv9-sun-solaris2.11
configure flags: --prefix=/vol/gcc --target=sparcv9-sun-solaris2.11 --enable-objc-gc --with-target-bdw-gc-include=/vol/gcc/include --with-target-bdw-gc-lib=/vol/gcc/lib/sparcv9,sparcv8plus=/vol/gcc/lib --enable-libmudflap --with-as=/usr/ccs/bin/as --without-gnu-as --with-gmp-include=/vol/gcc/include --with-gmp-lib=/vol/gcc/lib/sparcv9 --with-mpfr-include=/vol/gcc/include --with-mpfr-lib=/vol/gcc/lib/sparcv9 --with-mpc-include=/vol/gcc/include --with-mpc-lib=/vol/gcc/lib/sparcv9 --enable-languages=all,ada,obj-c++,go --with-isl-include=/vol/gcc/include --with-isl-lib=/vol/gcc/lib/sparcv9 --build=sparcv9-sun-solaris2.11 --host=sparcv9-sun-solaris2.11
BOOT_CFLAGS=-g -O2