This is the mail archive of the
gcc-testresults@gcc.gnu.org
mailing list for the GCC project.
Results for 7.0.1 20170321 (experimental) [trunk revision 246324] (GCC) testsuite on hppa2.0w-hp-hpux11.11
- From: John David Anglin <dave at hiauly3 dot hia dot nrc dot ca>
- To: dave at hiauly3 dot hia dot nrc dot ca, gcc-testresults at gcc dot gnu dot org
- Date: Fri, 24 Mar 2017 17:18:50 -0400 (EDT)
- Subject: Results for 7.0.1 20170321 (experimental) [trunk revision 246324] (GCC) testsuite on hppa2.0w-hp-hpux11.11
- Authentication-results: sourceware.org; auth=none
=== acats tests ===
FAIL: c974013
FAIL: c9a011b
=== acats Summary ===
# of expected passes 2318
# of unexpected failures 2
Native configuration is hppa2.0w-hp-hpux11.11
=== g++ tests ===
Running target unix
FAIL: g++.dg/abi/abi-tag18a.C -std=gnu++98 scan-assembler _ZZ1fB7__test1vEN1T1gB7__test2Ev
FAIL: g++.dg/abi/abi-tag18a.C -std=gnu++98 scan-assembler _ZZZ1fB7__test1vEN1T1gEvE1x
FAIL: g++.dg/abi/abi-tag18a.C -std=gnu++11 scan-assembler _ZZ1fB7__test1vEN1T1gB7__test2Ev
FAIL: g++.dg/abi/abi-tag18a.C -std=gnu++11 scan-assembler _ZZZ1fB7__test1vEN1T1gEvE1x
FAIL: g++.dg/abi/abi-tag18a.C -std=gnu++14 scan-assembler _ZZ1fB7__test1vEN1T1gB7__test2Ev
FAIL: g++.dg/abi/abi-tag18a.C -std=gnu++14 scan-assembler _ZZZ1fB7__test1vEN1T1gEvE1x
FAIL: c-c++-common/gomp/clauses-2.c -std=c++98 (test for errors, line 25)
FAIL: c-c++-common/gomp/clauses-2.c -std=c++98 (test for errors, line 39)
FAIL: c-c++-common/gomp/clauses-2.c -std=c++98 (test for errors, line 41)
FAIL: c-c++-common/gomp/clauses-2.c -std=c++98 (test for errors, line 43)
FAIL: c-c++-common/gomp/clauses-2.c -std=c++98 (test for excess errors)
FAIL: c-c++-common/gomp/clauses-2.c -std=c++11 (test for errors, line 25)
FAIL: c-c++-common/gomp/clauses-2.c -std=c++11 (test for errors, line 39)
FAIL: c-c++-common/gomp/clauses-2.c -std=c++11 (test for errors, line 41)
FAIL: c-c++-common/gomp/clauses-2.c -std=c++11 (test for errors, line 43)
FAIL: c-c++-common/gomp/clauses-2.c -std=c++11 (test for excess errors)
FAIL: c-c++-common/gomp/clauses-2.c -std=c++14 (test for errors, line 25)
FAIL: c-c++-common/gomp/clauses-2.c -std=c++14 (test for errors, line 39)
FAIL: c-c++-common/gomp/clauses-2.c -std=c++14 (test for errors, line 41)
FAIL: c-c++-common/gomp/clauses-2.c -std=c++14 (test for errors, line 43)
FAIL: c-c++-common/gomp/clauses-2.c -std=c++14 (test for excess errors)
WARNING: program timed out.
FAIL: g++.dg/tls/pr77285-2.C -std=c++11 scan-assembler _ZTH4var1B3tag
FAIL: g++.dg/tls/pr77285-2.C -std=c++14 scan-assembler _ZTH4var1B3tag
=== g++ Summary ===
# of expected passes 93474
# of unexpected failures 23
# of expected failures 360
# of unsupported tests 4824
/mnt/gnu/gcc/objdir-test/gcc/testsuite/g++/../../xg++ version 7.0.1 20170321 (experimental) [trunk revision 246324] (GCC)
=== gcc tests ===
Running target unix
FAIL: gcc.c-torture/compile/limits-exprparen.c -O0 (internal compiler error)
FAIL: gcc.c-torture/compile/limits-exprparen.c -O0 (test for excess errors)
FAIL: gcc.c-torture/compile/limits-exprparen.c -O1 (internal compiler error)
FAIL: gcc.c-torture/compile/limits-exprparen.c -O1 (test for excess errors)
FAIL: gcc.c-torture/compile/limits-exprparen.c -O2 (internal compiler error)
FAIL: gcc.c-torture/compile/limits-exprparen.c -O2 (test for excess errors)
FAIL: gcc.c-torture/compile/limits-exprparen.c -O3 -g (internal compiler error)
FAIL: gcc.c-torture/compile/limits-exprparen.c -O3 -g (test for excess errors)
FAIL: gcc.c-torture/compile/limits-exprparen.c -Os (internal compiler error)
FAIL: gcc.c-torture/compile/limits-exprparen.c -Os (test for excess errors)
FAIL: gcc.dg/atomic/c11-atomic-exec-5.c -O0 execution test
FAIL: gcc.dg/atomic/c11-atomic-exec-5.c -O1 execution test
FAIL: gcc.dg/atomic/c11-atomic-exec-5.c -O2 execution test
FAIL: gcc.dg/atomic/c11-atomic-exec-5.c -O3 -fomit-frame-pointer -funroll-loops -fpeel-loops -ftracer -finline-functions execution test
FAIL: gcc.dg/atomic/c11-atomic-exec-5.c -O3 -g execution test
FAIL: gcc.dg/atomic/c11-atomic-exec-5.c -Os execution test
FAIL: c-c++-common/gomp/clauses-2.c (test for errors, line 25)
FAIL: c-c++-common/gomp/clauses-2.c (test for errors, line 39)
FAIL: c-c++-common/gomp/clauses-2.c (test for errors, line 41)
FAIL: c-c++-common/gomp/clauses-2.c (test for errors, line 43)
FAIL: c-c++-common/gomp/clauses-2.c (test for excess errors)
WARNING: program timed out.
FAIL: gcc.dg/ipa/ipcp-cstagg-7.c scan-ipa-dump-times cp "Discovered an indirect call to a known target" 3
XPASS: gcc.dg/torture/pr47917.c -O1 execution test
XPASS: gcc.dg/torture/pr47917.c -O2 execution test
XPASS: gcc.dg/torture/pr47917.c -O3 -g execution test
XPASS: gcc.dg/torture/pr47917.c -Os execution test
FAIL: gcc.dg/tree-ssa/builtin-sprintf.c execution test
FAIL: gcc.dg/tree-ssa/pr79800.c execution test
FAIL: gcc.target/hppa/shadd-3.c scan-assembler-times sh.add 5
=== gcc Summary ===
# of expected passes 74571
# of unexpected failures 25
# of unexpected successes 4
# of expected failures 198
# of unsupported tests 2188
/mnt/gnu/gcc/objdir-test/gcc/xgcc version 7.0.1 20170321 (experimental) [trunk revision 246324] (GCC)
=== gfortran tests ===
Running target unix
FAIL: gfortran.dg/coarray_failed_images_1.f08 -O0 (test for excess errors)
FAIL: gfortran.dg/coarray_failed_images_1.f08 -O0 execution test
FAIL: gfortran.dg/coarray_failed_images_1.f08 -O1 (test for excess errors)
FAIL: gfortran.dg/coarray_failed_images_1.f08 -O1 execution test
FAIL: gfortran.dg/coarray_failed_images_1.f08 -O2 (test for excess errors)
FAIL: gfortran.dg/coarray_failed_images_1.f08 -O2 execution test
FAIL: gfortran.dg/coarray_failed_images_1.f08 -O3 -fomit-frame-pointer -funroll-loops -fpeel-loops -ftracer -finline-functions (test for excess errors)
FAIL: gfortran.dg/coarray_failed_images_1.f08 -O3 -fomit-frame-pointer -funroll-loops -fpeel-loops -ftracer -finline-functions execution test
FAIL: gfortran.dg/coarray_failed_images_1.f08 -O3 -g (test for excess errors)
FAIL: gfortran.dg/coarray_failed_images_1.f08 -O3 -g execution test
FAIL: gfortran.dg/coarray_failed_images_1.f08 -Os (test for excess errors)
FAIL: gfortran.dg/coarray_failed_images_1.f08 -Os execution test
FAIL: gfortran.dg/coarray_image_status_1.f08 -O0 (test for excess errors)
FAIL: gfortran.dg/coarray_image_status_1.f08 -O0 execution test
FAIL: gfortran.dg/coarray_image_status_1.f08 -O1 (test for excess errors)
FAIL: gfortran.dg/coarray_image_status_1.f08 -O1 execution test
FAIL: gfortran.dg/coarray_image_status_1.f08 -O2 (test for excess errors)
FAIL: gfortran.dg/coarray_image_status_1.f08 -O2 execution test
FAIL: gfortran.dg/coarray_image_status_1.f08 -O3 -fomit-frame-pointer -funroll-loops -fpeel-loops -ftracer -finline-functions (test for excess errors)
FAIL: gfortran.dg/coarray_image_status_1.f08 -O3 -fomit-frame-pointer -funroll-loops -fpeel-loops -ftracer -finline-functions execution test
FAIL: gfortran.dg/coarray_image_status_1.f08 -O3 -g (test for excess errors)
FAIL: gfortran.dg/coarray_image_status_1.f08 -O3 -g execution test
FAIL: gfortran.dg/coarray_image_status_1.f08 -Os (test for excess errors)
FAIL: gfortran.dg/coarray_image_status_1.f08 -Os execution test
FAIL: gfortran.dg/coarray_stopped_images_1.f08 -O0 (test for excess errors)
FAIL: gfortran.dg/coarray_stopped_images_1.f08 -O0 execution test
FAIL: gfortran.dg/coarray_stopped_images_1.f08 -O1 (test for excess errors)
FAIL: gfortran.dg/coarray_stopped_images_1.f08 -O1 execution test
FAIL: gfortran.dg/coarray_stopped_images_1.f08 -O2 (test for excess errors)
FAIL: gfortran.dg/coarray_stopped_images_1.f08 -O2 execution test
FAIL: gfortran.dg/coarray_stopped_images_1.f08 -O3 -fomit-frame-pointer -funroll-loops -fpeel-loops -ftracer -finline-functions (test for excess errors)
FAIL: gfortran.dg/coarray_stopped_images_1.f08 -O3 -fomit-frame-pointer -funroll-loops -fpeel-loops -ftracer -finline-functions execution test
FAIL: gfortran.dg/coarray_stopped_images_1.f08 -O3 -g (test for excess errors)
FAIL: gfortran.dg/coarray_stopped_images_1.f08 -O3 -g execution test
FAIL: gfortran.dg/coarray_stopped_images_1.f08 -Os (test for excess errors)
FAIL: gfortran.dg/coarray_stopped_images_1.f08 -Os execution test
FAIL: gfortran.dg/fmt_fw_d.f90 -O0 execution test
FAIL: gfortran.dg/fmt_fw_d.f90 -O1 execution test
FAIL: gfortran.dg/fmt_fw_d.f90 -O2 execution test
FAIL: gfortran.dg/fmt_fw_d.f90 -O3 -fomit-frame-pointer -funroll-loops -fpeel-loops -ftracer -finline-functions execution test
FAIL: gfortran.dg/fmt_fw_d.f90 -O3 -g execution test
FAIL: gfortran.dg/fmt_fw_d.f90 -Os execution test
=== gfortran Summary ===
# of expected passes 42972
# of unexpected failures 42
# of expected failures 104
# of unsupported tests 428
/mnt/gnu/gcc/objdir-test/gcc/testsuite/gfortran/../../gfortran version 7.0.1 20170321 (experimental) [trunk revision 246324] (GCC)
=== gnat tests ===
Running target unix
XPASS: gnat.dg/lto19.adb (test for excess errors)
XPASS: gnat.dg/lto20.adb (test for excess errors)
=== gnat Summary ===
# of expected passes 2530
# of unexpected successes 2
# of expected failures 22
# of unsupported tests 25
/mnt/gnu/gcc/objdir-test/gcc/gnatmake version 7.0.1 20170321 (experimental) [trunk revision 246324]
=== obj-c++ tests ===
Running target unix
=== obj-c++ Summary ===
# of expected passes 1401
# of expected failures 2
# of unsupported tests 60
/mnt/gnu/gcc/objdir-test/gcc/testsuite/obj-c++/../../xg++ version 7.0.1 20170321 (experimental) [trunk revision 246324] (GCC)
=== objc tests ===
Running target unix
=== objc Summary ===
# of expected passes 2705
# of unsupported tests 61
/mnt/gnu/gcc/objdir-test/gcc/xgcc version 7.0.1 20170321 (experimental) [trunk revision 246324] (GCC)
=== libatomic tests ===
Running target unix
=== libatomic Summary ===
# of expected passes 44
# of unsupported tests 5
=== libgomp tests ===
Running target unix
FAIL: libgomp.c/target-29.c (internal compiler error)
FAIL: libgomp.c/target-29.c (test for excess errors)
UNRESOLVED: libgomp.c/target-29.c compilation failed to produce executable
FAIL: libgomp.c++/member-5.C execution test
FAIL: libgomp.c++/target-15.C (internal compiler error)
FAIL: libgomp.c++/target-15.C (test for excess errors)
UNRESOLVED: libgomp.c++/target-15.C compilation failed to produce executable
FAIL: libgomp.c++/target-16.C (internal compiler error)
FAIL: libgomp.c++/target-16.C (test for excess errors)
UNRESOLVED: libgomp.c++/target-16.C compilation failed to produce executable
FAIL: libgomp.c++/target-17.C (internal compiler error)
FAIL: libgomp.c++/target-17.C (test for excess errors)
UNRESOLVED: libgomp.c++/target-17.C compilation failed to produce executable
FAIL: libgomp.c++/target-19.C (internal compiler error)
FAIL: libgomp.c++/target-19.C (test for excess errors)
UNRESOLVED: libgomp.c++/target-19.C compilation failed to produce executable
FAIL: libgomp.oacc-c/../libgomp.oacc-c-c++-common/atomic_update-1.c -DACC_DEVICE_TYPE_host=1 -DACC_MEM_SHARED=1 -O2 execution test
FAIL: libgomp.oacc-c++/../libgomp.oacc-c-c++-common/atomic_update-1.c -DACC_DEVICE_TYPE_host=1 -DACC_MEM_SHARED=1 -O2 execution test
=== libgomp Summary ===
# of expected passes 5007
# of unexpected failures 13
# of unresolved testcases 5
# of unsupported tests 398
=== libstdc++ tests ===
Running target unix
FAIL: 17_intro/names.cc (test for excess errors)
FAIL: 22_locale/num_put/put/char/14220.cc execution test
FAIL: 22_locale/num_put/put/wchar_t/14220.cc execution test
FAIL: 27_io/basic_ostream/inserters_arithmetic/char/4402.cc execution test
FAIL: 27_io/basic_ostream/inserters_arithmetic/wchar_t/4402.cc execution test
FAIL: libstdc++-prettyprinters/48362.cc
FAIL: libstdc++-prettyprinters/59161.cc
FAIL: libstdc++-prettyprinters/cxx11.cc
FAIL: libstdc++-prettyprinters/cxx17.cc
FAIL: libstdc++-prettyprinters/debug.cc
FAIL: libstdc++-prettyprinters/debug_cxx11.cc
FAIL: libstdc++-prettyprinters/libfundts.cc
FAIL: libstdc++-prettyprinters/shared_ptr.cc
FAIL: libstdc++-prettyprinters/simple.cc
FAIL: libstdc++-prettyprinters/simple11.cc
FAIL: libstdc++-prettyprinters/tr1.cc
FAIL: libstdc++-prettyprinters/whatis.cc
FAIL: libstdc++-xmethods/array.cc
FAIL: libstdc++-xmethods/associative-containers.cc
FAIL: libstdc++-xmethods/deque.cc
FAIL: libstdc++-xmethods/forwardlist.cc
FAIL: libstdc++-xmethods/list.cc
FAIL: libstdc++-xmethods/shared_ptr.cc
FAIL: libstdc++-xmethods/unique_ptr.cc
FAIL: libstdc++-xmethods/vector.cc
=== libstdc++ Summary ===
# of expected passes 9954
# of unexpected failures 25
# of expected failures 66
# of unsupported tests 1016
Compiler version: 7.0.1 20170321 (experimental) [trunk revision 246324] (GCC)
Platform: hppa2.0w-hp-hpux11.11
configure flags:Test Run By dave on Tue Mar 21 21:50:00 2017